12-01 06:21:59.731 30442 30442 D TextView: setTypeface with style : 0
12-01 06:21:59.735 30442 30442 D MainActivity: onEvent(de.danoeh.antennapod.event.MessageEvent@9e0536b)
12-01 06:21:59.736 30442 30470 I WM-WorkerWrapper: Worker result FAILURE for Work [ id=36086bec-a73e-4f40-91aa-8e0457e6c975, tags={ de.danoeh.antennapod.net.download.service.episode.EpisodeDownloadWorker, episodeUrl:https://feeds.wdjh.org/podcasts/the_steve_matthes_show_on_racerx/20251130_251129_wsx_pulpcasts.mp3, episodeDownload } ]
12-01 06:21:59.737 30442 30442 D TextView: setTypeface with style : 0
12-01 06:21:59.740 30442 30442 D TextView: setTypeface with style : 0
12-01 06:21:59.741 30442 30453 I art : Background partial concurrent mark sweep GC freed 161319(9MB) AllocSpace objects, 18(16MB) LOS objects, 22% free, 55MB/71MB, paused 2.159ms total 113.326ms
12-01 06:21:59.782 30442 30442 D ItemDescriptionFragment: Saving preferences
12-01 06:21:59.782 30442 30442 D ItemDescriptionFragment: Saving scroll position: 0
12-01 06:21:59.810 30442 30496 I WM-WorkerWrapper: Worker result FAILURE for Work [ id=55095256-ef23-40d9-9395-5d98c5797660, tags={ de.danoeh.antennapod.net.download.service.episode.EpisodeDownloadWorker, episodeUrl:https://feeds.wdjh.org/podcasts/sbs_french__sbs_en_franais/20251129_20251129140016-french-5f122eb7-3ad2-4c02-bdd1-ef71284f277e.mp3, episodeDownload } ]
12-01 06:21:59.923 30442 30496 I WM-WorkerWrapper: Worker result FAILURE for Work [ id=8440b627-533b-4038-97bf-dc98d781c6ac, tags={ episodeUrl:https://feeds.wdjh.org/podcasts/politics_now/20251129_n6.mp3, de.danoeh.antennapod.net.download.service.episode.EpisodeDownloadWorker, episodeDownload } ]
12-01 06:22:00.038 30442 30459 I WM-WorkerWrapper: Worker result FAILURE for Work [ id=f8c39169-2a48-492a-9e6f-6e201c7a2047, tags={ de.danoeh.antennapod.net.download.service.episode.EpisodeDownloadWorker, episodeUrl:https://feeds.wdjh.org/podcasts/sbs_french__sbs_en_franais/20251129_20251129080514-french-20de8e09-e60d-483d-a5ae-543038947af9.mp3, episodeDownload } ]
12-01 06:22:00.099 30442 30442 D MainActivity: onEvent(de.danoeh.antennapod.event.MessageEvent@6dc6a6e)
12-01 06:22:00.101 30442 30442 D TextView: setTypeface with style : 0
12-01 06:22:00.102 30442 30442 D TextView: setTypeface with style : 0
12-01 06:22:00.106 30442 30442 D MainActivity: onEvent(de.danoeh.antennapod.event.MessageEvent@70fae5d)
12-01 06:22:00.107 30442 30442 D TextView: setTypeface with style : 0
12-01 06:22:00.108 30442 30442 D TextView: setTypeface with style : 0
12-01 06:22:00.113 30442 30442 D ItemDescriptionFragment: Saving preferences
12-01 06:22:00.113 30442 30442 D ItemDescriptionFragment: Saving scroll position: 0
12-01 06:22:00.148 30442 30459 I WM-WorkerWrapper: Worker result FAILURE for Work [ id=caa09a67-5b00-4dc0-a491-80701a2ad820, tags={ episodeUrl:https://feeds.wdjh.org/podcasts/the_racer_x_podcast_network/20251128_WeegeshowWednesdayAus_1.mp3, de.danoeh.antennapod.net.download.service.episode.EpisodeDownloadWorker, episodeDownload } ]
12-01 06:22:00.193 30442 30459 I WM-WorkerWrapper: Worker result FAILURE for Work [ id=53fdd9eb-9ae2-47c7-9038-cadbac5a24d4, tags={ episodeUrl:https://feeds.wdjh.org/podcasts/rc_plane_lab/20251128_EP199.mp3, de.danoeh.antennapod.net.download.service.episode.EpisodeDownloadWorker, episodeDownload } ]
12-01 06:22:00.224 30442 30496 I WM-WorkerWrapper: Worker result FAILURE for Work [ id=35ebb453-97aa-4aa1-b458-c28407960556, tags={ de.danoeh.antennapod.net.download.service.episode.EpisodeDownloadWorker, episodeUrl:https://feeds.wdjh.org/podcasts/boonta_vista/20251129_2220966239-boontavista-episode-424.mp3, episodeDownload } ]
12-01 06:22:00.235 30442 30496 I WM-WorkerWrapper: Worker result FAILURE for Work [ id=cdcd1482-9525-43c0-957f-187c9f028b44, tags={ episodeUrl:https://feeds.wdjh.org/podcasts/all_in_the_mind/20251130_1u.mp3, de.danoeh.antennapod.net.download.service.episode.EpisodeDownloadWorker, episodeDownload } ]
12-01 06:22:00.237 30442 30442 D MainActivity: onEvent(de.danoeh.antennapod.event.MessageEvent@62a9ff6)
12-01 06:22:00.238 30442 30442 D TextView: setTypeface with style : 0
12-01 06:22:00.239 30442 30442 D TextView: setTypeface with style : 0
12-01 06:22:00.243 30442 30442 D MainActivity: onEvent(de.danoeh.antennapod.event.MessageEvent@a5c6485)
12-01 06:22:00.244 30442 30496 I WM-WorkerWrapper: Worker result FAILURE for Work [ id=4532a85a-1c21-421a-a203-601716ca4a2d, tags={ episodeUrl:https://feeds.wdjh.org/podcasts/abc_rewind/20251129_06.mp3, de.danoeh.antennapod.net.download.service.episode.EpisodeDownloadWorker, episodeDownload } ]
12-01 06:22:00.244 30442 30442 D TextView: setTypeface with style : 0
12-01 06:22:00.247 30442 30442 D TextView: setTypeface with style : 0
12-01 06:22:00.252 30442 30442 D ItemDescriptionFragment: Saving preferences
12-01 06:22:00.252 30442 30442 D ItemDescriptionFragment: Saving scroll position: 0
12-01 06:22:00.269 30442 30442 D MainActivity: onEvent(de.danoeh.antennapod.event.MessageEvent@a018a00)
12-01 06:22:00.271 30442 30442 D TextView: setTypeface with style : 0
12-01 06:22:00.272 30442 30442 D TextView: setTypeface with style : 0
12-01 06:22:00.275 30442 30442 D MainActivity: onEvent(de.danoeh.antennapod.event.MessageEvent@f5405d7)
12-01 06:22:00.277 30442 30442 D TextView: setTypeface with style : 0
12-01 06:22:00.278 30442 30442 D TextView: setTypeface with style : 0
12-01 06:22:00.282 30442 30470 I WM-WorkerWrapper: Worker result FAILURE for Work [ id=399fb7ee-7de7-4633-8efb-422447950f3b, tags={ episodeUrl:https://feeds.wdjh.org/podcasts/sbs_french__sbs_en_franais/20251130_20251130080108-french-2835b984-fba8-4c0b-ae17-ad98ca62e21b.mp3, de.danoeh.antennapod.net.download.service.episode.EpisodeDownloadWorker, episodeDownload } ]
12-01 06:22:00.286 30442 30442 D ItemDescriptionFragment: Saving preferences
12-01 06:22:00.286 30442 30442 D ItemDescriptionFragment: Saving scroll position: 0
12-01 06:22:00.298 30442 30442 D MainActivity: onEvent(de.danoeh.antennapod.event.MessageEvent@227763a)
12-01 06:22:00.300 30442 30442 D TextView: setTypeface with style : 0
12-01 06:22:00.301 30442 30442 D TextView: setTypeface with style : 0
12-01 06:22:00.305 30442 30442 D MainActivity: onEvent(de.danoeh.antennapod.event.MessageEvent@d030119)
12-01 06:22:00.306 30442 30442 D TextView: setTypeface with style : 0
12-01 06:22:00.307 30442 30442 D TextView: setTypeface with style : 0
12-01 06:22:00.312 30442 30442 D ItemDescriptionFragment: Saving preferences
12-01 06:22:00.312 30442 30442 D ItemDescriptionFragment: Saving scroll position: 0
12-01 06:22:00.317 30442 30442 D MainActivity: onEvent(de.danoeh.antennapod.event.MessageEvent@76faa8d)
12-01 06:22:00.318 30442 30442 D TextView: setTypeface with style : 0
12-01 06:22:00.320 30442 30442 D TextView: setTypeface with style : 0
12-01 06:22:00.323 30442 30442 D MainActivity: onEvent(de.danoeh.antennapod.event.MessageEvent@19bbaa8)
12-01 06:22:00.324 30442 30442 D TextView: setTypeface with style : 0
12-01 06:22:00.326 30442 30442 D TextView: setTypeface with style : 0
12-01 06:22:00.326 30442 30470 I WM-WorkerWrapper: Worker result FAILURE for Work [ id=1f63745b-1903-4167-b6e1-50c927c03e5a, tags={ de.danoeh.antennapod.net.download.service.episode.EpisodeDownloadWorker, episodeUrl:https://feeds.wdjh.org/podcasts/sbs_french__sbs_en_franais/20251130_20251130140019-french-e8af9bb9-bb18-4889-acc8-784690a32aa9.mp3, episodeDownload } ]
12-01 06:22:00.330 30442 30442 D ItemDescriptionFragment: Saving preferences
12-01 06:22:00.330 30442 30442 D ItemDescriptionFragment: Saving scroll position: 0
12-01 06:22:00.336 30442 30442 D ItemDescriptionFragment: Saving preferences
12-01 06:22:00.336 30442 30442 D ItemDescriptionFragment: Saving scroll position: 0
12-01 06:22:00.351 30442 30470 I WM-WorkerWrapper: Worker result FAILURE for Work [ id=6dd6cf41-32d4-4a09-ba89-5a4f088f8884, tags={ de.danoeh.antennapod.net.download.service.episode.EpisodeDownloadWorker, episodeUrl:https://feeds.wdjh.org/podcasts/unravel/20251127_9v.mp3, episodeDownload } ]
12-01 06:22:00.354 30442 30442 D ItemDescriptionFragment: Saving preferences
12-01 06:22:00.354 30442 30442 D ItemDescriptionFragment: Saving scroll position: 0
12-01 06:22:00.369 30442 30442 D ItemDescriptionFragment: Saving preferences
12-01 06:22:00.369 30442 30442 D ItemDescriptionFragment: Saving scroll position: 0
12-01 06:22:00.456 30442 30442 D ConnectivityManager: unregisterNetworkCallback; CallingUid : 10275, CallingPid : 30442
12-01 06:22:00.458 30442 30497 E ConnectivityManager.CallbackHandler: callback not found for RELEASED message
12-01 06:22:01.311 30442 30442 D ViewRootImpl@eec2d68[MainActivity]: ViewPostImeInputStage processPointer 0
12-01 06:22:01.396 30442 30442 D TextView: setTypeface with style : 0
12-01 06:22:01.398 30442 30442 D TextView: setTypeface with style : 0
12-01 06:22:01.400 30442 30442 D TextView: setTypeface with style : 0
12-01 06:22:01.416 30442 30442 D TextView: setTypeface with style : 0
12-01 06:22:01.441 30442 30442 D TextView: setTypeface with style : 0
12-01 06:22:01.442 30442 30442 D TextView: setTypeface with style : 0
12-01 06:22:01.444 30442 30442 D TextView: setTypeface with style : 0
12-01 06:22:01.446 30442 30442 D TextView: setTypeface with style : 0
12-01 06:22:01.514 30442 30442 D ViewRootImpl@eec2d68[MainActivity]: ViewPostImeInputStage processPointer 1
12-01 06:22:01.574 30442 30442 D TextView: setTypeface with style : 0
12-01 06:22:01.575 30442 30442 D TextView: setTypeface with style : 0
12-01 06:22:01.577 30442 30442 D TextView: setTypeface with style : 0
12-01 06:22:01.579 30442 30442 D TextView: setTypeface with style : 0
12-01 06:22:01.585 30442 30442 D TextView: setTypeface with style : 0
12-01 06:22:01.586 30442 30442 D TextView: setTypeface with style : 0
12-01 06:22:01.588 30442 30442 D TextView: setTypeface with style : 0
12-01 06:22:01.591 30442 30442 D TextView: setTypeface with style : 0
12-01 06:22:01.597 30442 30442 D TextView: setTypeface with style : 0
12-01 06:22:01.599 30442 30442 D TextView: setTypeface with style : 0
12-01 06:22:01.600 30442 30442 D TextView: setTypeface with style : 0
12-01 06:22:01.603 30442 30442 D TextView: setTypeface with style : 0
12-01 06:22:01.993 30442 30442 D ViewRootImpl@eec2d68[MainActivity]: ViewPostImeInputStage processPointer 0
12-01 06:22:02.206 30442 30442 D ViewRootImpl@eec2d68[MainActivity]: ViewPostImeInputStage processPointer 1
12-01 06:22:02.674 30442 30442 D ViewRootImpl@eec2d68[MainActivity]: ViewPostImeInputStage processPointer 0
12-01 06:22:02.878 30442 30442 D ViewRootImpl@eec2d68[MainActivity]: ViewPostImeInputStage processPointer 1
12-01 06:22:03.393 30442 30442 D ViewRootImpl@eec2d68[MainActivity]: ViewPostImeInputStage processPointer 0
12-01 06:22:03.533 30442 30442 D ViewRootImpl@eec2d68[MainActivity]: ViewPostImeInputStage processPointer 1
12-01 06:22:04.373 30442 30442 D ViewRootImpl@eec2d68[MainActivity]: ViewPostImeInputStage processPointer 0
12-01 06:22:04.491 30442 30442 D ViewRootImpl@eec2d68[MainActivity]: ViewPostImeInputStage processPointer 1
12-01 06:22:04.700 30442 30442 D TextView: setTypeface with style : 0
12-01 06:22:04.702 30442 30442 D TextView: setTypeface with style : 0
12-01 06:22:04.705 30442 30442 D TextView: setTypeface with style : 0
12-01 06:22:04.708 30442 30442 D TextView: setTypeface with style : 0
12-01 06:22:04.851 30442 30442 D TextView: setTypeface with style : 0
12-01 06:22:04.853 30442 30442 D TextView: setTypeface with style : 0
12-01 06:22:04.856 30442 30442 D TextView: setTypeface with style : 0
12-01 06:22:04.861 30442 30442 D TextView: setTypeface with style : 0
12-01 06:22:06.258 30442 30442 D ViewRootImpl@eec2d68[MainActivity]: ViewPostImeInputStage processPointer 0
12-01 06:22:06.585 30442 30442 D ViewRootImpl@eec2d68[MainActivity]: ViewPostImeInputStage processPointer 1
12-01 06:22:07.306 30442 30442 D ViewRootImpl@eec2d68[MainActivity]: ViewPostImeInputStage processPointer 0
12-01 06:22:07.623 30442 30442 D ViewRootImpl@eec2d68[MainActivity]: ViewPostImeInputStage processPointer 1
12-01 06:22:08.767 30442 30442 D ViewRootImpl@eec2d68[MainActivity]: ViewPostImeInputStage processPointer 0
12-01 06:22:08.872 30442 30442 D ViewRootImpl@eec2d68[MainActivity]: ViewPostImeInputStage processPointer 1
12-01 06:22:08.887 30442 30442 D TextView: setTypeface with style : 0
12-01 06:22:08.899 30442 30442 D TextView: setTypeface with style : 0
12-01 06:22:08.900 30442 30442 D TextView: setTypeface with style : 0
12-01 06:22:08.903 30442 30442 D TextView: setTypeface with style : 0
12-01 06:22:08.904 30442 30442 D TextView: setTypeface with style : 0
12-01 06:22:08.905 30442 30442 D TextView: setTypeface with style : 0
12-01 06:22:08.907 30442 30442 D TextView: setTypeface with style : 0
12-01 06:22:08.909 30442 30442 D TextView: setTypeface with style : 0
12-01 06:22:08.910 30442 30442 D TextView: setTypeface with style : 0
12-01 06:22:08.911 30442 30442 D TextView: setTypeface with style : 0
12-01 06:22:08.921 30442 30442 D TextView: setTypeface with style : 0
12-01 06:22:08.927 30442 30442 D TextView: setTypeface with style : 0
12-01 06:22:08.929 30442 30442 D TextView: setTypeface with style : 0
12-01 06:22:08.934 30442 543 D DBReader: getFeed() called with: feedId = [48]
12-01 06:22:08.937 30442 30442 D TextView: setTypeface with style : 0
12-01 06:22:08.937 30442 543 D DBReader: getFeedItemList() called with: feed = [de.danoeh.antennapod.model.feed.Feed@4f]
12-01 06:22:08.939 30442 30442 D TextView: setTypeface with style : 0
12-01 06:22:08.940 30442 543 D DBReader: getFavoriteIDList() called
12-01 06:22:08.941 30442 30442 D TextView: setTypeface with style : 0
12-01 06:22:08.941 30442 543 D DBReader: getQueueIDList() called
12-01 06:22:08.944 30442 30442 D TextView: setTypeface with style : 0
12-01 06:22:08.946 30442 30442 D TextView: setTypeface with style : 0
12-01 06:22:08.950 30442 30442 D TextView: setTypeface with style : 0
12-01 06:22:08.951 30442 30442 D TextView: setTypeface with style : 0
12-01 06:22:08.960 30442 30442 D ItemDescriptionFragment: Saving preferences
12-01 06:22:08.960 30442 30442 D ItemDescriptionFragment: Saving scroll position: 0
12-01 06:22:08.972 30442 30442 D TextView: setTypeface with style : 0
12-01 06:22:08.974 30442 30442 D TextView: setTypeface with style : 0
12-01 06:22:08.975 30442 30442 D TextView: setTypeface with style : 0
12-01 06:22:08.977 30442 30442 D TextView: setTypeface with style : 0
12-01 06:22:08.980 30442 30442 D TextView: setTypeface with style : 0
12-01 06:22:08.981 30442 30442 D TextView: setTypeface with style : 0
12-01 06:22:08.982 30442 30442 D TextView: setTypeface with style : 0
12-01 06:22:08.984 30442 30442 D TextView: setTypeface with style : 0
12-01 06:22:08.985 30442 30442 D ItemDescriptionFragment: Saving preferences
12-01 06:22:08.985 30442 30442 D ItemDescriptionFragment: Saving scroll position: 0
12-01 06:22:08.999 30442 30442 D TextView: setTypeface with style : 0
12-01 06:22:09.001 30442 30442 D TextView: setTypeface with style : 0
12-01 06:22:09.002 30442 30442 D TextView: setTypeface with style : 0
12-01 06:22:09.003 30442 30442 D TextView: setTypeface with style : 0
12-01 06:22:09.004 30442 30442 D TextView: setTypeface with style : 0
12-01 06:22:09.004 30442 30442 D TextView: setTypeface with style : 0
12-01 06:22:09.005 30442 30442 D TextView: setTypeface with style : 0
12-01 06:22:09.007 30442 30442 D TextView: setTypeface with style : 0
12-01 06:22:14.962 30442 30442 D ViewRootImpl@eec2d68[MainActivity]: ViewPostImeInputStage processPointer 0
12-01 06:22:15.270 30442 30442 D TextView: setTypeface with style : 0
12-01 06:22:15.271 30442 30442 D TextView: setTypeface with style : 0
12-01 06:22:15.505 30442 30442 D ViewRootImpl@eec2d68[MainActivity]: ViewPostImeInputStage processPointer 1
12-01 06:22:18.220 30442 30442 D ViewRootImpl@eec2d68[MainActivity]: ViewPostImeInputStage processPointer 0
12-01 06:22:18.673 30442 30442 D ViewRootImpl@eec2d68[MainActivity]: ViewPostImeInputStage processPointer 1
12-01 06:22:33.398 30442 30442 D ViewRootImpl@eec2d68[MainActivity]: ViewPostImeInputStage processPointer 0
12-01 06:22:33.461 30442 30442 D ViewRootImpl@eec2d68[MainActivity]: ViewPostImeInputStage processPointer 1
12-01 06:22:33.483 30442 30796 D DBReader: getQueue() called
12-01 06:22:33.491 30442 30796 D DBReader: getFavoriteIDList() called
12-01 06:22:33.492 30442 30796 D DBReader: getQueueIDList() called
12-01 06:22:33.493 30442 30796 D DBReader: Extracting Feedlist
12-01 06:22:33.504 30442 30796 D DBReader: getFavoriteIDList() called
12-01 06:22:33.505 30442 30796 D DBReader: getQueueIDList() called
12-01 06:22:33.506 30442 30796 D DBReader: Extracting Feedlist
12-01 06:22:33.529 30442 30459 D ConnectivityManager: requestNetwork; CallingUid : 10275, CallingPid : 30442
12-01 06:22:33.553 30442 30796 D AutoDownloadManager: autodownloadUndownloadedItems
12-01 06:22:33.554 30442 30442 D NavDrawerFragment: onQueueChanged(de.danoeh.antennapod.event.QueueEvent@b5486a4)
12-01 06:22:33.555 30442 30442 D ItemlistFragment: onEventMainThread() called with: event = [de.danoeh.antennapod.event.FeedItemEvent@abbc9d3]
12-01 06:22:33.555 30442 1021 D DBReader: getFeed() called with: feedId = [48]
12-01 06:22:33.559 30442 519 D DBReader: Extracting Feedlist
12-01 06:22:33.560 30442 1021 D DBReader: getFeedItemList() called with: feed = [de.danoeh.antennapod.model.feed.Feed@4f]
12-01 06:22:33.562 30442 30537 D DownloadAlgorithm: Performing auto-dl of undownloaded episodes
12-01 06:22:33.562 30442 30498 I WM-Processor: Moving WorkSpec (4476d768-6883-4977-9070-136c404c041b) to the foreground
12-01 06:22:33.562 30442 30537 D DBReader: getRecentlyPublishedEpisodes() called with: offset=0, limit=2147483647
12-01 06:22:33.566 30442 1021 D DBReader: getFavoriteIDList() called
12-01 06:22:33.569 30442 1021 D DBReader: getQueueIDList() called
12-01 06:22:33.577 30442 30537 D DBReader: getFavoriteIDList() called
12-01 06:22:33.583 30442 30537 D DBReader: getQueueIDList() called
12-01 06:22:33.585 30442 30537 D DBReader: Extracting Feedlist
12-01 06:22:33.588 30442 30442 I WM-SystemFgDispatcher: Started foreground service Intent { act=ACTION_START_FOREGROUND cmp=de.danoeh.antennapod/androidx.work.impl.foreground.SystemForegroundService launchParam=MultiScreenLaunchParams { mDisplayId=0 mFlags=0 } (has extras) }
12-01 06:22:33.597 30442 30442 D TextView: setTypeface with style : 0
12-01 06:22:33.601 30442 30442 D TextView: setTypeface with style : 0
12-01 06:22:33.603 30442 30442 D TextView: setTypeface with style : 0
12-01 06:22:33.604 30442 30442 D TextView: setTypeface with style : 0
12-01 06:22:33.605 30442 30537 D DBReader: getQueue() called
12-01 06:22:33.606 30442 30442 D TextView: setTypeface with style : 0
12-01 06:22:33.607 30442 30442 D TextView: setTypeface with style : 0
12-01 06:22:33.609 30442 30442 D TextView: setTypeface with style : 0
12-01 06:22:33.614 30442 30800 D DBReader: getFavoriteIDList() called
12-01 06:22:33.615 30442 30537 D DBReader: getFavoriteIDList() called
12-01 06:22:33.615 30442 30800 D DBReader: getQueueIDList() called
12-01 06:22:33.616 30442 30537 D DBReader: getQueueIDList() called
12-01 06:22:33.616 30442 30537 D DBReader: Extracting Feedlist
12-01 06:22:33.617 30442 30800 D DBReader: Extracting Feedlist
12-01 06:22:33.628 30442 30800 D UserPreferences: User data folder not writable or not set. Trying default.
12-01 06:22:33.646 30442 30537 I APNullCleanupAlgorithm: performCleanup: Not removing anything
12-01 06:22:33.646 30442 30537 D DownloadAlgorithm: Enqueueing 26 items for download
12-01 06:22:33.647 30442 30800 D DownloadRequestCreat: Requesting download of url https://feeds.wdjh.org/podcasts/moms_behind_moto/20250811_We_are_Back9dpqj.mp3
12-01 06:22:33.666 30442 30800 D HttpDownloader: addHeader("Accept-Encoding", "identity")
12-01 06:22:33.700 30442 30800 D HttpDownloader: Response code is 200
12-01 06:22:33.700 30442 30800 D HttpDownloader: content length: 21794290
12-01 06:22:33.700 30442 30800 D HttpDownloader: content type: audio/mpeg
12-01 06:22:33.702 30442 30800 D HttpDownloader: Getting size of download
12-01 06:22:33.702 30442 30800 D HttpDownloader: Size is 21794290
12-01 06:22:33.702 30442 30800 D UserPreferences: User data folder not writable or not set. Trying default.
12-01 06:22:33.705 30442 30800 D HttpDownloader: Free space is 6039523328
12-01 06:22:33.705 30442 30800 D HttpDownloader: Starting download
12-01 06:22:34.021 30442 30453 I art : Background partial concurrent mark sweep GC freed 189979(11MB) AllocSpace objects, 16(3MB) LOS objects, 21% free, 58MB/74MB, paused 1.180ms total 109.322ms
12-01 06:22:34.942 30442 30543 D DBReader: getFavoriteIDList() called
12-01 06:22:34.942 30442 30543 D DBReader: getQueueIDList() called
12-01 06:22:34.942 30442 30543 D DBReader: Extracting Feedlist
12-01 06:22:34.946 30442 30536 D DBReader: getFavoriteIDList() called
12-01 06:22:34.946 30442 30536 D DBReader: getQueueIDList() called
12-01 06:22:34.947 30442 30536 D DBReader: Extracting Feedlist
12-01 06:22:34.947 30442 30543 D UserPreferences: User data folder not writable or not set. Trying default.
12-01 06:22:34.951 30442 30543 D DownloadRequestCreat: Requesting download of url https://feeds.wdjh.org/podcasts/abc_news_daily/20251128_89.mp3
12-01 06:22:34.955 30442 30536 D UserPreferences: User data folder not writable or not set. Trying default.
12-01 06:22:34.957 30442 30536 D DownloadRequestCreat: Requesting download of url https://feeds.wdjh.org/podcasts/full_story/20251127_27-20897-FS_HANSON.mp3
12-01 06:22:34.969 30442 30543 D HttpDownloader: addHeader("Accept-Encoding", "identity")
12-01 06:22:34.978 30442 30790 D DBReader: getFavoriteIDList() called
12-01 06:22:34.979 30442 30790 D DBReader: getQueueIDList() called
12-01 06:22:34.980 30442 30536 D HttpDownloader: addHeader("Accept-Encoding", "identity")
12-01 06:22:34.982 30442 30790 D DBReader: Extracting Feedlist
12-01 06:22:34.988 30442 30790 D UserPreferences: User data folder not writable or not set. Trying default.
12-01 06:22:34.991 30442 30790 D DownloadRequestCreat: Requesting download of url https://feeds.wdjh.org/podcasts/all_things_considered/20251127_20251127_atc_pope_leo_is_traveling_to_turkey_and_lebanon_on_the_first_foreign_trip_of_his_papacy.mp3
12-01 06:22:35.000 30442 30790 D HttpDownloader: addHeader("Accept-Encoding", "identity")
12-01 06:22:35.669 30442 30790 D HttpDownloader: Response code is 404
12-01 06:22:35.669 30442 30790 D HttpDownloader: onFail() called with: reason = [ERROR_NOT_FOUND], reasonDetailed = [404]
12-01 06:22:35.669 30442 30536 D HttpDownloader: Response code is 404
12-01 06:22:35.669 30442 30536 D HttpDownloader: onFail() called with: reason = [ERROR_NOT_FOUND], reasonDetailed = [404]
12-01 06:22:35.670 30442 30543 D HttpDownloader: Response code is 404
12-01 06:22:35.670 30442 30543 D HttpDownloader: onFail() called with: reason = [ERROR_NOT_FOUND], reasonDetailed = [404]
12-01 06:22:35.672 30442 30790 E EpisodeDownloadWorker: Download failed
12-01 06:22:35.675 30442 30543 E EpisodeDownloadWorker: Download failed
12-01 06:22:35.675 30442 30536 E EpisodeDownloadWorker: Download failed
12-01 06:22:35.677 30442 30790 D EpisodeDownloadWorker: Worker for https://feeds.wdjh.org/podcasts/all_things_considered/20251127_20251127_atc_pope_leo_is_traveling_to_turkey_and_lebanon_on_the_first_foreign_trip_of_his_papacy.mp3 returned.
12-01 06:22:35.677 30442 30543 D EpisodeDownloadWorker: Worker for https://feeds.wdjh.org/podcasts/abc_news_daily/20251128_89.mp3 returned.
12-01 06:22:35.679 30442 30442 D MainActivity: onEvent(de.danoeh.antennapod.event.MessageEvent@f07c14d)
12-01 06:22:35.680 30442 30536 D EpisodeDownloadWorker: Worker for https://feeds.wdjh.org/podcasts/full_story/20251127_27-20897-FS_HANSON.mp3 returned.
12-01 06:22:35.680 30442 30459 I WM-WorkerWrapper: Worker result FAILURE for Work [ id=287f7df1-8cc6-4efc-93bf-51a17ec4380b, tags={ de.danoeh.antennapod.net.download.service.episode.EpisodeDownloadWorker, episodeUrl:https://feeds.wdjh.org/podcasts/abc_news_daily/20251128_89.mp3, episodeDownload } ]
12-01 06:22:35.685 30442 30442 D TextView: setTypeface with style : 0
12-01 06:22:35.693 30442 30442 D TextView: setTypeface with style : 0
12-01 06:22:35.718 30442 30442 D MainActivity: onEvent(de.danoeh.antennapod.event.MessageEvent@1897bd)
12-01 06:22:35.721 30442 30442 D TextView: setTypeface with style : 0
12-01 06:22:35.723 30442 30442 D TextView: setTypeface with style : 0
12-01 06:22:35.736 30442 30442 D ItemDescriptionFragment: Saving preferences
12-01 06:22:35.736 30442 30442 D ItemDescriptionFragment: Saving scroll position: 0
12-01 06:22:35.745 30442 30442 D MainActivity: onEvent(de.danoeh.antennapod.event.MessageEvent@d7c3ff1)
12-01 06:22:35.748 30442 30442 D TextView: setTypeface with style : 0
12-01 06:22:35.750 30442 30442 D TextView: setTypeface with style : 0
12-01 06:22:35.755 30442 30442 D ItemDescriptionFragment: Saving preferences
12-01 06:22:35.755 30442 30442 D ItemDescriptionFragment: Saving scroll position: 0
12-01 06:22:35.774 30442 30442 D ItemDescriptionFragment: Saving preferences
12-01 06:22:35.774 30442 30442 D ItemDescriptionFragment: Saving scroll position: 0
12-01 06:22:35.792 30442 30442 D ItemDescriptionFragment: Saving preferences
12-01 06:22:35.792 30442 30442 D ItemDescriptionFragment: Saving scroll position: 0
12-01 06:22:35.806 30442 30442 D ItemDescriptionFragment: Saving preferences
12-01 06:22:35.806 30442 30442 D ItemDescriptionFragment: Saving scroll position: 0
12-01 06:22:35.876 30442 30459 I WM-WorkerWrapper: Worker result FAILURE for Work [ id=21dd8bbc-2e08-466d-82b9-3abf68e877b7, tags={ episodeUrl:https://feeds.wdjh.org/podcasts/all_things_considered/20251127_20251127_atc_pope_leo_is_traveling_to_turkey_and_lebanon_on_the_first_foreign_trip_of_his_papacy.mp3, de.danoeh.antennapod.net.download.service.episode.EpisodeDownloadWorker, episodeDownload } ]
12-01 06:22:36.080 30442 30498 I WM-WorkerWrapper: Worker result FAILURE for Work [ id=7eac4ff6-14b7-4a76-ba9c-73364cd46f68, tags={ episodeUrl:https://feeds.wdjh.org/podcasts/full_story/20251127_27-20897-FS_HANSON.mp3, de.danoeh.antennapod.net.download.service.episode.EpisodeDownloadWorker, episodeDownload } ]
12-01 06:22:36.126 30442 30790 D DBReader: getFavoriteIDList() called
12-01 06:22:36.129 30442 30543 D DBReader: getFavoriteIDList() called
12-01 06:22:36.132 30442 30536 D DBReader: getFavoriteIDList() called
12-01 06:22:36.216 30442 30543 D DBReader: getQueueIDList() called
12-01 06:22:36.216 30442 30790 D DBReader: getQueueIDList() called
12-01 06:22:36.262 30442 30536 D DBReader: getQueueIDList() called
12-01 06:22:36.265 30442 30543 D DBReader: Extracting Feedlist
12-01 06:22:36.267 30442 30790 D DBReader: Extracting Feedlist
12-01 06:22:36.268 30442 30536 D DBReader: Extracting Feedlist
12-01 06:22:36.288 30442 30536 D UserPreferences: User data folder not writable or not set. Trying default.
12-01 06:22:36.290 30442 30790 D UserPreferences: User data folder not writable or not set. Trying default.
12-01 06:22:36.293 30442 30543 D UserPreferences: User data folder not writable or not set. Trying default.
12-01 06:22:36.299 30442 30536 D DownloadRequestCreat: Requesting download of url https://feeds.wdjh.org/podcasts/sbs_french__sbs_en_franais/20251128_20251128082014-french-3218b267-e5d8-4373-9653-ed6f03af0dd5.mp3
12-01 06:22:36.304 30442 30543 D DownloadRequestCreat: Requesting download of url https://feeds.wdjh.org/podcasts/all_things_considered/20251127_20251127_atc_the_afghan_resettlement_effort_faces_a_defining_test_after_the_dc_shooting.mp3
12-01 06:22:36.304 30442 30790 D DownloadRequestCreat: Requesting download of url https://feeds.wdjh.org/podcasts/all_things_considered/20251127_20251127_atc_there_s_reason_to_be_optimistic_about_the_the_movies_coming_this_holiday_season.mp3
12-01 06:22:36.322 30442 30536 D HttpDownloader: addHeader("Accept-Encoding", "identity")
12-01 06:22:36.331 30442 30790 D HttpDownloader: addHeader("Accept-Encoding", "identity")
12-01 06:22:36.341 30442 30543 D HttpDownloader: addHeader("Accept-Encoding", "identity")
12-01 06:22:36.429 30442 30543 D HttpDownloader: Response code is 404
12-01 06:22:36.429 30442 30543 D HttpDownloader: onFail() called with: reason = [ERROR_NOT_FOUND], reasonDetailed = [404]
12-01 06:22:36.430 30442 30790 D HttpDownloader: Response code is 404
12-01 06:22:36.431 30442 30790 D HttpDownloader: onFail() called with: reason = [ERROR_NOT_FOUND], reasonDetailed = [404]
12-01 06:22:36.431 30442 30536 D HttpDownloader: Response code is 404
12-01 06:22:36.431 30442 30536 D HttpDownloader: onFail() called with: reason = [ERROR_NOT_FOUND], reasonDetailed = [404]
12-01 06:22:36.436 30442 30543 E EpisodeDownloadWorker: Download failed
12-01 06:22:36.436 30442 30442 D MainActivity: onEvent(de.danoeh.antennapod.event.MessageEvent@adca112)
12-01 06:22:36.438 30442 30543 D EpisodeDownloadWorker: Worker for https://feeds.wdjh.org/podcasts/all_things_considered/20251127_20251127_atc_the_afghan_resettlement_effort_faces_a_defining_test_after_the_dc_shooting.mp3 returned.
12-01 06:22:36.438 30442 30790 E EpisodeDownloadWorker: Download failed
12-01 06:22:36.439 30442 30536 E EpisodeDownloadWorker: Download failed
12-01 06:22:36.439 30442 30442 D TextView: setTypeface with style : 0
12-01 06:22:36.440 30442 30790 D EpisodeDownloadWorker: Worker for https://feeds.wdjh.org/podcasts/all_things_considered/20251127_20251127_atc_there_s_reason_to_be_optimistic_about_the_the_movies_coming_this_holiday_season.mp3 returned.
12-01 06:22:36.440 30442 30536 D EpisodeDownloadWorker: Worker for https://feeds.wdjh.org/podcasts/sbs_french__sbs_en_franais/20251128_20251128082014-french-3218b267-e5d8-4373-9653-ed6f03af0dd5.mp3 returned.
12-01 06:22:36.443 30442 30442 D TextView: setTypeface with style : 0
12-01 06:22:36.450 30442 30442 D MainActivity: onEvent(de.danoeh.antennapod.event.MessageEvent@2b0f936)
12-01 06:22:36.452 30442 30498 I WM-WorkerWrapper: Worker result FAILURE for Work [ id=063d6a60-9eba-41cc-b75c-a46f82ab07e1, tags={ de.danoeh.antennapod.net.download.service.episode.EpisodeDownloadWorker, episodeUrl:https://feeds.wdjh.org/podcasts/all_things_considered/20251127_20251127_atc_the_afghan_resettlement_effort_faces_a_defining_test_after_the_dc_shooting.mp3, episodeDownload } ]
12-01 06:22:36.453 30442 30442 D TextView: setTypeface with style : 0
12-01 06:22:36.455 30442 30442 D TextView: setTypeface with style : 0
12-01 06:22:36.463 30442 30498 I WM-WorkerWrapper: Worker result FAILURE for Work [ id=bae713a6-9f7f-4cdb-9d88-7119149a7335, tags={ de.danoeh.antennapod.net.download.service.episode.EpisodeDownloadWorker, episodeUrl:https://feeds.wdjh.org/podcasts/all_things_considered/20251127_20251127_atc_there_s_reason_to_be_optimistic_about_the_the_movies_coming_this_holiday_season.mp3, episodeDownload } ]
12-01 06:22:36.467 30442 30442 D MainActivity: onEvent(de.danoeh.antennapod.event.MessageEvent@a1cdf4b)
12-01 06:22:36.469 30442 30442 D TextView: setTypeface with style : 0
12-01 06:22:36.470 30442 30442 D TextView: setTypeface with style : 0
12-01 06:22:36.471 30442 30543 D DBReader: getFavoriteIDList() called
12-01 06:22:36.473 30442 30498 I WM-WorkerWrapper: Worker result FAILURE for Work [ id=10789a74-44ea-415f-9336-5c0b53bf2daa, tags={ episodeUrl:https://feeds.wdjh.org/podcasts/sbs_french__sbs_en_franais/20251128_20251128082014-french-3218b267-e5d8-4373-9653-ed6f03af0dd5.mp3, de.danoeh.antennapod.net.download.service.episode.EpisodeDownloadWorker, episodeDownload } ]
12-01 06:22:36.473 30442 30536 D DBReader: getFavoriteIDList() called
12-01 06:22:36.481 30442 30790 D DBReader: getFavoriteIDList() called
12-01 06:22:36.483 30442 30543 D DBReader: getQueueIDList() called
12-01 06:22:36.484 30442 30536 D DBReader: getQueueIDList() called
12-01 06:22:36.490 30442 30790 D DBReader: getQueueIDList() called
12-01 06:22:36.491 30442 30536 D DBReader: Extracting Feedlist
12-01 06:22:36.492 30442 30543 D DBReader: Extracting Feedlist
12-01 06:22:36.493 30442 30790 D DBReader: Extracting Feedlist
12-01 06:22:36.501 30442 30536 D UserPreferences: User data folder not writable or not set. Trying default.
12-01 06:22:36.503 30442 30543 D UserPreferences: User data folder not writable or not set. Trying default.
12-01 06:22:36.505 30442 30536 D DownloadRequestCreat: Requesting download of url https://feeds.wdjh.org/podcasts/abc_rewind/20251128_61.mp3
12-01 06:22:36.506 30442 30790 D UserPreferences: User data folder not writable or not set. Trying default.
12-01 06:22:36.508 30442 30543 D DownloadRequestCreat: Requesting download of url https://feeds.wdjh.org/podcasts/sbs_french__sbs_en_franais/20251128_20251128075814-french-8656a917-6e99-460e-8e3d-5426b1ebf6b6.mp3
12-01 06:22:36.509 30442 30790 D DownloadRequestCreat: Requesting download of url https://feeds.wdjh.org/podcasts/abc_rewind/20251128_63.mp3
12-01 06:22:36.526 30442 30536 D HttpDownloader: addHeader("Accept-Encoding", "identity")
12-01 06:22:36.543 30442 30543 D HttpDownloader: addHeader("Accept-Encoding", "identity")
12-01 06:22:36.554 30442 30790 D HttpDownloader: addHeader("Accept-Encoding", "identity")
12-01 06:22:36.603 30442 30536 D HttpDownloader: Response code is 404
12-01 06:22:36.603 30442 30536 D HttpDownloader: onFail() called with: reason = [ERROR_NOT_FOUND], reasonDetailed = [404]
12-01 06:22:36.662 30442 30536 E EpisodeDownloadWorker: Download failed
12-01 06:22:36.664 30442 30536 D EpisodeDownloadWorker: Worker for https://feeds.wdjh.org/podcasts/abc_rewind/20251128_61.mp3 returned.
12-01 06:22:36.690 30442 30536 D DBReader: getFavoriteIDList() called
12-01 06:22:36.692 30442 30536 D DBReader: getQueueIDList() called
12-01 06:22:36.693 30442 30536 D DBReader: Extracting Feedlist
12-01 06:22:36.694 30442 30790 D HttpDownloader: Response code is 404
12-01 06:22:36.694 30442 30790 D HttpDownloader: onFail() called with: reason = [ERROR_NOT_FOUND], reasonDetailed = [404]
12-01 06:22:36.694 30442 30470 I WM-WorkerWrapper: Worker result FAILURE for Work [ id=1028042f-e1ea-45f8-a61b-1883d4b23769, tags={ de.danoeh.antennapod.net.download.service.episode.EpisodeDownloadWorker, episodeUrl:https://feeds.wdjh.org/podcasts/abc_rewind/20251128_61.mp3, episodeDownload } ]
12-01 06:22:36.695 30442 30543 D HttpDownloader: Response code is 404
12-01 06:22:36.695 30442 30543 D HttpDownloader: onFail() called with: reason = [ERROR_NOT_FOUND], reasonDetailed = [404]
12-01 06:22:36.704 30442 30536 D UserPreferences: User data folder not writable or not set. Trying default.
12-01 06:22:36.720 30442 30442 D MainActivity: onEvent(de.danoeh.antennapod.event.MessageEvent@2ebc5b1)
12-01 06:22:36.723 30442 30442 D TextView: setTypeface with style : 0
12-01 06:22:36.726 30442 30536 D DownloadRequestCreat: Requesting download of url https://feeds.wdjh.org/podcasts/knowledge_fight/20251128_Nov15-2025.mp3
12-01 06:22:36.727 30442 30442 D TextView: setTypeface with style : 0
12-01 06:22:36.741 30442 30536 D HttpDownloader: addHeader("Accept-Encoding", "identity")
12-01 06:22:36.764 30442 30543 E EpisodeDownloadWorker: Download failed
12-01 06:22:36.767 30442 30543 D EpisodeDownloadWorker: Worker for https://feeds.wdjh.org/podcasts/sbs_french__sbs_en_franais/20251128_20251128075814-french-8656a917-6e99-460e-8e3d-5426b1ebf6b6.mp3 returned.
12-01 06:22:36.768 30442 30790 E EpisodeDownloadWorker: Download failed
12-01 06:22:36.779 30442 30790 D EpisodeDownloadWorker: Worker for https://feeds.wdjh.org/podcasts/abc_rewind/20251128_63.mp3 returned.
12-01 06:22:36.801 30442 30442 D ItemDescriptionFragment: Saving preferences
12-01 06:22:36.801 30442 30442 D ItemDescriptionFragment: Saving scroll position: 0
12-01 06:22:36.806 30442 30442 D MainActivity: onEvent(de.danoeh.antennapod.event.MessageEvent@c85dc34)
12-01 06:22:36.808 30442 30543 D DBReader: getFavoriteIDList() called
12-01 06:22:36.808 30442 30442 D TextView: setTypeface with style : 0
12-01 06:22:36.809 30442 30442 D TextView: setTypeface with style : 0
12-01 06:22:36.810 30442 30790 D DBReader: getFavoriteIDList() called
12-01 06:22:36.813 30442 30442 D MainActivity: onEvent(de.danoeh.antennapod.event.MessageEvent@7ee91b)
12-01 06:22:36.814 30442 30442 D TextView: setTypeface with style : 0
12-01 06:22:36.815 30442 30442 D TextView: setTypeface with style : 0
12-01 06:22:36.820 30442 30790 D DBReader: getQueueIDList() called
12-01 06:22:36.820 30442 30543 D DBReader: getQueueIDList() called
12-01 06:22:36.821 30442 30790 D DBReader: Extracting Feedlist
12-01 06:22:36.822 30442 30543 D DBReader: Extracting Feedlist
12-01 06:22:36.828 30442 30459 I WM-WorkerWrapper: Worker result FAILURE for Work [ id=8836ffe3-91d0-4c93-933c-8443bcc0de56, tags={ de.danoeh.antennapod.net.download.service.episode.EpisodeDownloadWorker, episodeUrl:https://feeds.wdjh.org/podcasts/sbs_french__sbs_en_franais/20251128_20251128075814-french-8656a917-6e99-460e-8e3d-5426b1ebf6b6.mp3, episodeDownload } ]
12-01 06:22:36.833 30442 30543 D UserPreferences: User data folder not writable or not set. Trying default.
12-01 06:22:36.833 30442 30790 D UserPreferences: User data folder not writable or not set. Trying default.
12-01 06:22:36.836 30442 30543 D DownloadRequestCreat: Requesting download of url https://feeds.wdjh.org/podcasts/the_conditional_release_program/20251128_stream.mp3
12-01 06:22:36.838 30442 30790 D DownloadRequestCreat: Requesting download of url https://feeds.wdjh.org/podcasts/mushroom_case_daily/20251128_b8.mp3
12-01 06:22:36.846 30442 30543 D HttpDownloader: addHeader("Accept-Encoding", "identity")
12-01 06:22:36.852 30442 30790 D HttpDownloader: addHeader("Accept-Encoding", "identity")
12-01 06:22:36.869 30442 30442 D ItemDescriptionFragment: Saving preferences
12-01 06:22:36.869 30442 30442 D ItemDescriptionFragment: Saving scroll position: 0
12-01 06:22:36.875 30442 30459 I WM-WorkerWrapper: Worker result FAILURE for Work [ id=cd70ac70-5262-4e92-b25a-fba8fe5078f6, tags={ episodeUrl:https://feeds.wdjh.org/podcasts/abc_rewind/20251128_63.mp3, de.danoeh.antennapod.net.download.service.episode.EpisodeDownloadWorker, episodeDownload } ]
12-01 06:22:36.893 30442 30536 D HttpDownloader: Response code is 404
12-01 06:22:36.893 30442 30536 D HttpDownloader: onFail() called with: reason = [ERROR_NOT_FOUND], reasonDetailed = [404]
12-01 06:22:36.897 30442 30536 E EpisodeDownloadWorker: Download failed
12-01 06:22:36.899 30442 30536 D EpisodeDownloadWorker: Worker for https://feeds.wdjh.org/podcasts/knowledge_fight/20251128_Nov15-2025.mp3 returned.
12-01 06:22:36.920 30442 30536 D DBReader: getFavoriteIDList() called
12-01 06:22:36.921 30442 30543 D HttpDownloader: Response code is 404
12-01 06:22:36.921 30442 30543 D HttpDownloader: onFail() called with: reason = [ERROR_NOT_FOUND], reasonDetailed = [404]
12-01 06:22:36.921 30442 30536 D DBReader: getQueueIDList() called
12-01 06:22:36.922 30442 30536 D DBReader: Extracting Feedlist
12-01 06:22:36.926 30442 30543 E EpisodeDownloadWorker: Download failed
12-01 06:22:36.928 30442 30543 D EpisodeDownloadWorker: Worker for https://feeds.wdjh.org/podcasts/the_conditional_release_program/20251128_stream.mp3 returned.
12-01 06:22:36.933 30442 30536 D UserPreferences: User data folder not writable or not set. Trying default.
12-01 06:22:36.936 30442 30536 D DownloadRequestCreat: Requesting download of url https://feeds.wdjh.org/podcasts/background_briefing/20251129_ph.mp3
12-01 06:22:36.949 30442 30442 D MainActivity: onEvent(de.danoeh.antennapod.event.MessageEvent@9a72001)
12-01 06:22:36.950 30442 30543 D DBReader: getFavoriteIDList() called
12-01 06:22:36.951 30442 30536 D HttpDownloader: addHeader("Accept-Encoding", "identity")
12-01 06:22:36.952 30442 30442 D TextView: setTypeface with style : 0
12-01 06:22:36.954 30442 30543 D DBReader: getQueueIDList() called
12-01 06:22:36.955 30442 30442 D TextView: setTypeface with style : 0
12-01 06:22:36.960 30442 30543 D DBReader: Extracting Feedlist
12-01 06:22:36.976 30442 30790 D HttpDownloader: Response code is 404
12-01 06:22:36.976 30442 30790 D HttpDownloader: onFail() called with: reason = [ERROR_NOT_FOUND], reasonDetailed = [404]
12-01 06:22:36.980 30442 30790 E EpisodeDownloadWorker: Download failed
12-01 06:22:36.982 30442 30790 D EpisodeDownloadWorker: Worker for https://feeds.wdjh.org/podcasts/mushroom_case_daily/20251128_b8.mp3 returned.
12-01 06:22:36.983 30442 30543 D UserPreferences: User data folder not writable or not set. Trying default.
12-01 06:22:36.986 30442 30543 D DownloadRequestCreat: Requesting download of url https://feeds.wdjh.org/podcasts/the_steve_matthes_show_on_racerx/20251130_251129_wsx_pulpcasts.mp3
12-01 06:22:37.003 30442 30442 D MainActivity: onEvent(de.danoeh.antennapod.event.MessageEvent@502c28a)
12-01 06:22:37.005 30442 30442 D TextView: setTypeface with style : 0
12-01 06:22:37.008 30442 30442 D TextView: setTypeface with style : 0
12-01 06:22:37.014 30442 30790 D DBReader: getFavoriteIDList() called
12-01 06:22:37.021 30442 30790 D DBReader: getQueueIDList() called
12-01 06:22:37.022 30442 30790 D DBReader: Extracting Feedlist
12-01 06:22:37.022 30442 30543 D HttpDownloader: addHeader("Accept-Encoding", "identity")
12-01 06:22:37.022 30442 30470 I WM-WorkerWrapper: Worker result FAILURE for Work [ id=fdaf75a7-5331-4dcf-8cd6-43851ea7b959, tags={ episodeUrl:https://feeds.wdjh.org/podcasts/knowledge_fight/20251128_Nov15-2025.mp3, de.danoeh.antennapod.net.download.service.episode.EpisodeDownloadWorker, episodeDownload } ]
12-01 06:22:37.031 30442 30442 D MainActivity: onEvent(de.danoeh.antennapod.event.MessageEvent@9df14cf)
12-01 06:22:37.031 30442 30470 I WM-WorkerWrapper: Worker result FAILURE for Work [ id=cbd3315e-7717-4f99-95cf-a2d0880080b8, tags={ de.danoeh.antennapod.net.download.service.episode.EpisodeDownloadWorker, episodeUrl:https://feeds.wdjh.org/podcasts/the_conditional_release_program/20251128_stream.mp3, episodeDownload } ]
12-01 06:22:37.032 30442 30442 D TextView: setTypeface with style : 0
12-01 06:22:37.032 30442 30790 D UserPreferences: User data folder not writable or not set. Trying default.
12-01 06:22:37.033 30442 30442 D TextView: setTypeface with style : 0
12-01 06:22:37.036 30442 30790 D DownloadRequestCreat: Requesting download of url https://feeds.wdjh.org/podcasts/politics_now/20251129_n6.mp3
12-01 06:22:37.045 30442 30536 D HttpDownloader: Response code is 404
12-01 06:22:37.046 30442 30536 D HttpDownloader: onFail() called with: reason = [ERROR_NOT_FOUND], reasonDetailed = [404]
12-01 06:22:37.048 30442 30536 E EpisodeDownloadWorker: Download failed
12-01 06:22:37.050 30442 30536 D EpisodeDownloadWorker: Worker for https://feeds.wdjh.org/podcasts/background_briefing/20251129_ph.mp3 returned.
12-01 06:22:37.056 30442 30790 D HttpDownloader: addHeader("Accept-Encoding", "identity")
12-01 06:22:37.059 30442 30470 I WM-WorkerWrapper: Worker result FAILURE for Work [ id=3e4856e5-6801-4796-b51f-7aa30b1de763, tags={ episodeUrl:https://feeds.wdjh.org/podcasts/mushroom_case_daily/20251128_b8.mp3, de.danoeh.antennapod.net.download.service.episode.EpisodeDownloadWorker, episodeDownload } ]
12-01 06:22:37.062 30442 30536 D DBReader: getFavoriteIDList() called
12-01 06:22:37.074 30442 30536 D DBReader: getQueueIDList() called
12-01 06:22:37.076 30442 30536 D DBReader: Extracting Feedlist
12-01 06:22:37.085 30442 30536 D UserPreferences: User data folder not writable or not set. Trying default.
12-01 06:22:37.089 30442 30536 D DownloadRequestCreat: Requesting download of url https://feeds.wdjh.org/podcasts/sbs_french__sbs_en_franais/20251129_20251129140016-french-5f122eb7-3ad2-4c02-bdd1-ef71284f277e.mp3
12-01 06:22:37.106 30442 30536 D HttpDownloader: addHeader("Accept-Encoding", "identity")
12-01 06:22:37.111 30442 30442 D MainActivity: onEvent(de.danoeh.antennapod.event.MessageEvent@394d460)
12-01 06:22:37.113 30442 30442 D TextView: setTypeface with style : 0
12-01 06:22:37.119 30442 30442 D TextView: setTypeface with style : 0
12-01 06:22:37.121 30442 30790 D HttpDownloader: Response code is 404
12-01 06:22:37.121 30442 30790 D HttpDownloader: onFail() called with: reason = [ERROR_NOT_FOUND], reasonDetailed = [404]
12-01 06:22:37.122 30442 30543 D HttpDownloader: Response code is 404
12-01 06:22:37.122 30442 30543 D HttpDownloader: onFail() called with: reason = [ERROR_NOT_FOUND], reasonDetailed = [404]
12-01 06:22:37.125 30442 30543 E EpisodeDownloadWorker: Download failed
12-01 06:22:37.126 30442 30790 E EpisodeDownloadWorker: Download failed
12-01 06:22:37.128 30442 30790 D EpisodeDownloadWorker: Worker for https://feeds.wdjh.org/podcasts/politics_now/20251129_n6.mp3 returned.
12-01 06:22:37.131 30442 30543 D EpisodeDownloadWorker: Worker for https://feeds.wdjh.org/podcasts/the_steve_matthes_show_on_racerx/20251130_251129_wsx_pulpcasts.mp3 returned.
12-01 06:22:37.159 30442 30790 D DBReader: getFavoriteIDList() called
12-01 06:22:37.168 30442 30442 D MainActivity: onEvent(de.danoeh.antennapod.event.MessageEvent@7a6f7b7)
12-01 06:22:37.169 30442 30543 D DBReader: getFavoriteIDList() called
12-01 06:22:37.169 30442 30790 D DBReader: getQueueIDList() called
12-01 06:22:37.171 30442 30790 D DBReader: Extracting Feedlist
12-01 06:22:37.171 30442 30543 D DBReader: getQueueIDList() called
12-01 06:22:37.171 30442 30442 D TextView: setTypeface with style : 0
12-01 06:22:37.173 30442 30442 D TextView: setTypeface with style : 0
12-01 06:22:37.177 30442 30442 D MainActivity: onEvent(de.danoeh.antennapod.event.MessageEvent@4fd35c1)
12-01 06:22:37.178 30442 30543 D DBReader: Extracting Feedlist
12-01 06:22:37.178 30442 30442 D TextView: setTypeface with style : 0
12-01 06:22:37.180 30442 30442 D TextView: setTypeface with style : 0
12-01 06:22:37.186 30442 30442 D ItemDescriptionFragment: Saving preferences
12-01 06:22:37.186 30442 30442 D ItemDescriptionFragment: Saving scroll position: 0
12-01 06:22:37.187 30442 30543 D UserPreferences: User data folder not writable or not set. Trying default.
12-01 06:22:37.187 30442 30790 D UserPreferences: User data folder not writable or not set. Trying default.
12-01 06:22:37.191 30442 30790 D DownloadRequestCreat: Requesting download of url https://feeds.wdjh.org/podcasts/sbs_french__sbs_en_franais/20251129_20251129080514-french-20de8e09-e60d-483d-a5ae-543038947af9.mp3
12-01 06:22:37.192 30442 30442 D ItemDescriptionFragment: Saving preferences
12-01 06:22:37.192 30442 30442 D ItemDescriptionFragment: Saving scroll position: 0
12-01 06:22:37.194 30442 30543 D DownloadRequestCreat: Requesting download of url https://feeds.wdjh.org/podcasts/the_racer_x_podcast_network/20251128_WeegeshowWednesdayAus_1.mp3
12-01 06:22:37.205 30442 30790 D HttpDownloader: addHeader("Accept-Encoding", "identity")
12-01 06:22:37.213 30442 30442 D ItemDescriptionFragment: Saving preferences
12-01 06:22:37.213 30442 30442 D ItemDescriptionFragment: Saving scroll position: 0
12-01 06:22:37.213 30442 30543 D HttpDownloader: addHeader("Accept-Encoding", "identity")
12-01 06:22:37.217 30442 30459 I WM-WorkerWrapper: Worker result FAILURE for Work [ id=0010d4b8-1070-4668-a2b0-59e117bf18a8, tags={ de.danoeh.antennapod.net.download.service.episode.EpisodeDownloadWorker, episodeUrl:https://feeds.wdjh.org/podcasts/background_briefing/20251129_ph.mp3, episodeDownload } ]
12-01 06:22:37.225 30442 30442 D ItemDescriptionFragment: Saving preferences
12-01 06:22:37.225 30442 30442 D ItemDescriptionFragment: Saving scroll position: 0
12-01 06:22:37.235 30442 30536 D HttpDownloader: Response code is 404
12-01 06:22:37.235 30442 30536 D HttpDownloader: onFail() called with: reason = [ERROR_NOT_FOUND], reasonDetailed = [404]
12-01 06:22:37.237 30442 30536 E EpisodeDownloadWorker: Download failed
12-01 06:22:37.238 30442 30536 D EpisodeDownloadWorker: Worker for https://feeds.wdjh.org/podcasts/sbs_french__sbs_en_franais/20251129_20251129140016-french-5f122eb7-3ad2-4c02-bdd1-ef71284f277e.mp3 returned.
12-01 06:22:37.261 30442 30536 D DBReader: getFavoriteIDList() called
12-01 06:22:37.262 30442 30536 D DBReader: getQueueIDList() called
12-01 06:22:37.263 30442 30442 D MainActivity: onEvent(de.danoeh.antennapod.event.MessageEvent@1517c33)
12-01 06:22:37.264 30442 30442 D TextView: setTypeface with style : 0
12-01 06:22:37.264 30442 30536 D DBReader: Extracting Feedlist
12-01 06:22:37.266 30442 30442 D TextView: setTypeface with style : 0
12-01 06:22:37.274 30442 30536 D UserPreferences: User data folder not writable or not set. Trying default.
12-01 06:22:37.278 30442 30459 I WM-WorkerWrapper: Worker result FAILURE for Work [ id=b93deebd-1f98-40bb-94c1-929a0b705e06, tags={ episodeUrl:https://feeds.wdjh.org/podcasts/politics_now/20251129_n6.mp3, de.danoeh.antennapod.net.download.service.episode.EpisodeDownloadWorker, episodeDownload } ]
12-01 06:22:37.279 30442 30536 D DownloadRequestCreat: Requesting download of url https://feeds.wdjh.org/podcasts/boonta_vista/20251129_2220966239-boontavista-episode-424.mp3
12-01 06:22:37.291 30442 30459 I WM-WorkerWrapper: Worker result FAILURE for Work [ id=375cfe18-6cd1-48db-9fd0-01a53c33632f, tags={ de.danoeh.antennapod.net.download.service.episode.EpisodeDownloadWorker, episodeUrl:https://feeds.wdjh.org/podcasts/the_steve_matthes_show_on_racerx/20251130_251129_wsx_pulpcasts.mp3, episodeDownload } ]
12-01 06:22:37.294 30442 30536 D HttpDownloader: addHeader("Accept-Encoding", "identity")
12-01 06:22:37.304 30442 30790 D HttpDownloader: Response code is 404
12-01 06:22:37.304 30442 30790 D HttpDownloader: onFail() called with: reason = [ERROR_NOT_FOUND], reasonDetailed = [404]
12-01 06:22:37.306 30442 30790 E EpisodeDownloadWorker: Download failed
12-01 06:22:37.307 30442 30790 D EpisodeDownloadWorker: Worker for https://feeds.wdjh.org/podcasts/sbs_french__sbs_en_franais/20251129_20251129080514-french-20de8e09-e60d-483d-a5ae-543038947af9.mp3 returned.
12-01 06:22:37.313 30442 30543 D HttpDownloader: Response code is 404
