12-01 06:22:37.313 30442 30543 D HttpDownloader: onFail() called with: reason = [ERROR_NOT_FOUND], reasonDetailed = [404]
12-01 06:22:37.317 30442 30543 E EpisodeDownloadWorker: Download failed
12-01 06:22:37.327 30442 30543 D EpisodeDownloadWorker: Worker for https://feeds.wdjh.org/podcasts/the_racer_x_podcast_network/20251128_WeegeshowWednesdayAus_1.mp3 returned.
12-01 06:22:37.345 30442 30790 D DBReader: getFavoriteIDList() called
12-01 06:22:37.355 30442 30543 D DBReader: getFavoriteIDList() called
12-01 06:22:37.356 30442 30543 D DBReader: getQueueIDList() called
12-01 06:22:37.358 30442 30790 D DBReader: getQueueIDList() called
12-01 06:22:37.359 30442 30543 D DBReader: Extracting Feedlist
12-01 06:22:37.360 30442 30790 D DBReader: Extracting Feedlist
12-01 06:22:37.372 30442 30543 D UserPreferences: User data folder not writable or not set. Trying default.
12-01 06:22:37.376 30442 30442 D MainActivity: onEvent(de.danoeh.antennapod.event.MessageEvent@ce29db4)
12-01 06:22:37.377 30442 30543 D DownloadRequestCreat: Requesting download of url https://feeds.wdjh.org/podcasts/abc_rewind/20251129_06.mp3
12-01 06:22:37.380 30442 30442 D TextView: setTypeface with style : 0
12-01 06:22:37.382 30442 30790 D UserPreferences: User data folder not writable or not set. Trying default.
12-01 06:22:37.383 30442 30442 D TextView: setTypeface with style : 0
12-01 06:22:37.386 30442 30790 D DownloadRequestCreat: Requesting download of url https://feeds.wdjh.org/podcasts/rc_plane_lab/20251128_EP199.mp3
12-01 06:22:37.391 30442 30536 D HttpDownloader: Response code is 404
12-01 06:22:37.392 30442 30536 D HttpDownloader: onFail() called with: reason = [ERROR_NOT_FOUND], reasonDetailed = [404]
12-01 06:22:37.397 30442 30536 E EpisodeDownloadWorker: Download failed
12-01 06:22:37.399 30442 30536 D EpisodeDownloadWorker: Worker for https://feeds.wdjh.org/podcasts/boonta_vista/20251129_2220966239-boontavista-episode-424.mp3 returned.
12-01 06:22:37.401 30442 30442 D MainActivity: onEvent(de.danoeh.antennapod.event.MessageEvent@97ab438)
12-01 06:22:37.408 30442 30442 D TextView: setTypeface with style : 0
12-01 06:22:37.410 30442 30442 D TextView: setTypeface with style : 0
12-01 06:22:37.418 30442 30442 D MainActivity: onEvent(de.danoeh.antennapod.event.MessageEvent@31bc37c)
12-01 06:22:37.420 30442 30442 D TextView: setTypeface with style : 0
12-01 06:22:37.421 30442 30442 D TextView: setTypeface with style : 0
12-01 06:22:37.430 30442 30496 I WM-WorkerWrapper: Worker result FAILURE for Work [ id=560cbd4a-82a4-4a88-bab1-140aa2c15058, tags={ de.danoeh.antennapod.net.download.service.episode.EpisodeDownloadWorker, episodeUrl:https://feeds.wdjh.org/podcasts/sbs_french__sbs_en_franais/20251129_20251129140016-french-5f122eb7-3ad2-4c02-bdd1-ef71284f277e.mp3, episodeDownload } ]
12-01 06:22:37.454 30442 30800 D HttpDownloader: Download was successful
12-01 06:22:37.552 30442 30442 D ItemDescriptionFragment: Saving preferences
12-01 06:22:37.553 30442 30442 D ItemDescriptionFragment: Saving scroll position: 0
12-01 06:22:37.566 30442 30536 D DBReader: getFavoriteIDList() called
12-01 06:22:37.579 30442 30470 I WM-WorkerWrapper: Worker result FAILURE for Work [ id=e1edea05-62bb-4f49-ac6e-5894ab5dcc94, tags={ de.danoeh.antennapod.net.download.service.episode.EpisodeDownloadWorker, episodeUrl:https://feeds.wdjh.org/podcasts/sbs_french__sbs_en_franais/20251129_20251129080514-french-20de8e09-e60d-483d-a5ae-543038947af9.mp3, episodeDownload } ]
12-01 06:22:37.580 30442 30800 D DBReader: getFavoriteIDList() called
12-01 06:22:37.582 30442 30800 D DBReader: getQueueIDList() called
12-01 06:22:37.584 30442 30536 D DBReader: getQueueIDList() called
12-01 06:22:37.586 30442 30536 D DBReader: Extracting Feedlist
12-01 06:22:37.586 30442 30543 D HttpDownloader: addHeader("Accept-Encoding", "identity")
12-01 06:22:37.591 30442 30800 D DBReader: Extracting Feedlist
12-01 06:22:37.592 30442 30442 D ItemDescriptionFragment: Saving preferences
12-01 06:22:37.592 30442 30442 D ItemDescriptionFragment: Saving scroll position: 0
12-01 06:22:37.599 30442 30536 D UserPreferences: User data folder not writable or not set. Trying default.
12-01 06:22:37.603 30442 30536 D DownloadRequestCreat: Requesting download of url https://feeds.wdjh.org/podcasts/all_in_the_mind/20251130_1u.mp3
12-01 06:22:37.683 30442 30470 I WM-WorkerWrapper: Worker result FAILURE for Work [ id=4fdbdff9-f7f0-46de-ae83-381755d3001f, tags={ episodeUrl:https://feeds.wdjh.org/podcasts/the_racer_x_podcast_network/20251128_WeegeshowWednesdayAus_1.mp3, de.danoeh.antennapod.net.download.service.episode.EpisodeDownloadWorker, episodeDownload } ]
12-01 06:22:38.128 30442 30496 I WM-WorkerWrapper: Worker result FAILURE for Work [ id=8df3c4a9-7abc-44c0-9f97-deb6a2440324, tags={ de.danoeh.antennapod.net.download.service.episode.EpisodeDownloadWorker, episodeUrl:https://feeds.wdjh.org/podcasts/boonta_vista/20251129_2220966239-boontavista-episode-424.mp3, episodeDownload } ]
12-01 06:22:38.200 30442 30543 D HttpDownloader: Response code is 404
12-01 06:22:38.200 30442 30543 D HttpDownloader: onFail() called with: reason = [ERROR_NOT_FOUND], reasonDetailed = [404]
12-01 06:22:38.203 30442 30543 E EpisodeDownloadWorker: Download failed
12-01 06:22:38.204 30442 30442 D MainActivity: onEvent(de.danoeh.antennapod.event.MessageEvent@b24ae98)
12-01 06:22:38.206 30442 30543 D EpisodeDownloadWorker: Worker for https://feeds.wdjh.org/podcasts/abc_rewind/20251129_06.mp3 returned.
12-01 06:22:38.207 30442 30442 D TextView: setTypeface with style : 0
12-01 06:22:38.212 30442 30442 D TextView: setTypeface with style : 0
12-01 06:22:38.332 30442 30498 I WM-WorkerWrapper: Worker result FAILURE for Work [ id=89344295-9058-41bb-a612-baa3fe3bfefd, tags={ episodeUrl:https://feeds.wdjh.org/podcasts/abc_rewind/20251129_06.mp3, de.danoeh.antennapod.net.download.service.episode.EpisodeDownloadWorker, episodeDownload } ]
12-01 06:22:38.735 30442 30790 D HttpDownloader: addHeader("Accept-Encoding", "identity")
12-01 06:22:38.753 30442 30790 D HttpDownloader: Response code is 404
12-01 06:22:38.753 30442 30790 D HttpDownloader: onFail() called with: reason = [ERROR_NOT_FOUND], reasonDetailed = [404]
12-01 06:22:38.756 30442 30790 E EpisodeDownloadWorker: Download failed
12-01 06:22:38.757 30442 30790 D EpisodeDownloadWorker: Worker for https://feeds.wdjh.org/podcasts/rc_plane_lab/20251128_EP199.mp3 returned.
12-01 06:22:38.760 30442 30496 I WM-WorkerWrapper: Worker result FAILURE for Work [ id=9b6d1b65-0a45-4f29-b49f-a47cd1e51498, tags={ episodeUrl:https://feeds.wdjh.org/podcasts/rc_plane_lab/20251128_EP199.mp3, de.danoeh.antennapod.net.download.service.episode.EpisodeDownloadWorker, episodeDownload } ]
12-01 06:22:38.765 30442 30442 D MainActivity: onEvent(de.danoeh.antennapod.event.MessageEvent@dcf2647)
12-01 06:22:38.769 30442 30442 D TextView: setTypeface with style : 0
12-01 06:22:38.773 30442 30442 D TextView: setTypeface with style : 0
12-01 06:22:38.799 30442 30442 D ItemDescriptionFragment: Saving preferences
12-01 06:22:38.800 30442 30442 D ItemDescriptionFragment: Saving scroll position: 0
12-01 06:22:38.812 30442 30442 D ItemDescriptionFragment: Saving preferences
12-01 06:22:38.812 30442 30442 D ItemDescriptionFragment: Saving scroll position: 0
12-01 06:22:38.919 30442 30800 E MediaMetadataRetrieverJNI: getEmbeddedPicture: Call to getEmbeddedPicture failed.
12-01 06:22:38.922 30442 30800 D ID3Reader: Skipping frame: TSSE, size: 15
12-01 06:22:38.923 30442 30800 D ID3Reader: Stopping because of invalid frame: Header [id=, size=0]
12-01 06:22:38.923 30442 30800 E ChapterUtils: Chapter data was invalid
12-01 06:22:38.923 30442 30800 D VorbisCommentReader: Vorbis parser: Invalid page header
12-01 06:22:38.924 30442 30800 D M4AChapterReader: ERROR: Not an M4A file
12-01 06:22:38.932 30442 30800 D MediaDownloadedHandler: Duration of file is 2724226
12-01 06:22:38.938 30442 30543 D DBReader: getFavoriteIDList() called
12-01 06:22:38.942 30442 30790 D DBReader: getFavoriteIDList() called
12-01 06:22:38.958 30442 30543 D DBReader: getQueueIDList() called
12-01 06:22:38.959 30442 30790 D DBReader: getQueueIDList() called
12-01 06:22:38.960 30442 30543 D DBReader: Extracting Feedlist
12-01 06:22:38.961 30442 30536 D HttpDownloader: addHeader("Accept-Encoding", "identity")
12-01 06:22:38.974 30442 30536 D HttpDownloader: Response code is 404
12-01 06:22:38.974 30442 30536 D HttpDownloader: onFail() called with: reason = [ERROR_NOT_FOUND], reasonDetailed = [404]
12-01 06:22:38.974 30442 30790 D DBReader: Extracting Feedlist
12-01 06:22:38.978 30442 30536 E EpisodeDownloadWorker: Download failed
12-01 06:22:38.982 30442 30536 D EpisodeDownloadWorker: Worker for https://feeds.wdjh.org/podcasts/all_in_the_mind/20251130_1u.mp3 returned.
12-01 06:22:38.983 30442 30442 D MainActivity: onEvent(de.danoeh.antennapod.event.MessageEvent@fbc4f10)
12-01 06:22:38.986 30442 30498 I WM-WorkerWrapper: Worker result FAILURE for Work [ id=38e2c613-510c-423d-9e04-48744c32832f, tags={ episodeUrl:https://feeds.wdjh.org/podcasts/all_in_the_mind/20251130_1u.mp3, de.danoeh.antennapod.net.download.service.episode.EpisodeDownloadWorker, episodeDownload } ]
12-01 06:22:38.988 30442 30442 D TextView: setTypeface with style : 0
12-01 06:22:38.989 30442 30790 D UserPreferences: User data folder not writable or not set. Trying default.
12-01 06:22:38.992 30442 30442 D TextView: setTypeface with style : 0
12-01 06:22:38.993 30442 30790 D DownloadRequestCreat: Requesting download of url https://feeds.wdjh.org/podcasts/sbs_french__sbs_en_franais/20251130_20251130140019-french-e8af9bb9-bb18-4889-acc8-784690a32aa9.mp3
12-01 06:22:38.994 30442 30543 D UserPreferences: User data folder not writable or not set. Trying default.
12-01 06:22:39.000 30442 30543 D DownloadRequestCreat: Requesting download of url https://feeds.wdjh.org/podcasts/sbs_french__sbs_en_franais/20251130_20251130080108-french-2835b984-fba8-4c0b-ae17-ad98ca62e21b.mp3
12-01 06:22:39.005 30442 30536 D DBReader: getFavoriteIDList() called
12-01 06:22:39.025 30442 30536 D DBReader: getQueueIDList() called
12-01 06:22:39.034 30442 30790 D HttpDownloader: addHeader("Accept-Encoding", "identity")
12-01 06:22:39.043 30442 30536 D DBReader: Extracting Feedlist
12-01 06:22:39.043 30442 30796 D de.danoeh.antennapod.storage.database.PodDBAdapter@f5e76c0: Updating existing Feed in db
12-01 06:22:39.044 30442 30543 D HttpDownloader: addHeader("Accept-Encoding", "identity")
12-01 06:22:39.048 30442 30790 D HttpDownloader: Response code is 404
12-01 06:22:39.048 30442 30790 D HttpDownloader: onFail() called with: reason = [ERROR_NOT_FOUND], reasonDetailed = [404]
12-01 06:22:39.050 30442 30790 E EpisodeDownloadWorker: Download failed
12-01 06:22:39.054 30442 30790 D EpisodeDownloadWorker: Worker for https://feeds.wdjh.org/podcasts/sbs_french__sbs_en_franais/20251130_20251130140019-french-e8af9bb9-bb18-4889-acc8-784690a32aa9.mp3 returned.
12-01 06:22:39.054 30442 30543 D HttpDownloader: Response code is 404
12-01 06:22:39.054 30442 30543 D HttpDownloader: onFail() called with: reason = [ERROR_NOT_FOUND], reasonDetailed = [404]
12-01 06:22:39.055 30442 30800 D EpisodeDownloadWorker: Worker for https://feeds.wdjh.org/podcasts/moms_behind_moto/20250811_We_are_Back9dpqj.mp3 returned.
12-01 06:22:39.056 30442 30543 E EpisodeDownloadWorker: Download failed
12-01 06:22:39.059 30442 30543 D EpisodeDownloadWorker: Worker for https://feeds.wdjh.org/podcasts/sbs_french__sbs_en_franais/20251130_20251130080108-french-2835b984-fba8-4c0b-ae17-ad98ca62e21b.mp3 returned.
12-01 06:22:39.065 30442 30442 D ItemlistFragment: onEventMainThread() called with: event = [de.danoeh.antennapod.event.FeedItemEvent@9310bc3]
12-01 06:22:39.065 30442 30442 D MainActivity: onEvent(de.danoeh.antennapod.event.MessageEvent@7499c40)
12-01 06:22:39.068 30442 30442 D TextView: setTypeface with style : 0
12-01 06:22:39.070 30442 30536 D UserPreferences: User data folder not writable or not set. Trying default.
12-01 06:22:39.071 30442 30442 D TextView: setTypeface with style : 0
12-01 06:22:39.074 30442 30536 D DownloadRequestCreat: Requesting download of url https://feeds.wdjh.org/podcasts/unravel/20251127_9v.mp3
12-01 06:22:39.088 30442 30536 D HttpDownloader: addHeader("Accept-Encoding", "identity")
12-01 06:22:39.093 30442 30442 D MainActivity: onEvent(de.danoeh.antennapod.event.MessageEvent@3c12ed)
12-01 06:22:39.094 30442 30442 D TextView: setTypeface with style : 0
12-01 06:22:39.096 30442 30442 D TextView: setTypeface with style : 0
12-01 06:22:39.105 30442 30536 D HttpDownloader: Response code is 404
12-01 06:22:39.105 30442 30536 D HttpDownloader: onFail() called with: reason = [ERROR_NOT_FOUND], reasonDetailed = [404]
12-01 06:22:39.108 30442 30536 E EpisodeDownloadWorker: Download failed
12-01 06:22:39.109 30442 30442 D MainActivity: onEvent(de.danoeh.antennapod.event.MessageEvent@7b7f207)
12-01 06:22:39.110 30442 30442 D TextView: setTypeface with style : 0
12-01 06:22:39.111 30442 30536 D EpisodeDownloadWorker: Worker for https://feeds.wdjh.org/podcasts/unravel/20251127_9v.mp3 returned.
12-01 06:22:39.112 30442 30442 D TextView: setTypeface with style : 0
12-01 06:22:39.130 30442 30496 I WM-WorkerWrapper: Worker result FAILURE for Work [ id=2ab9f9e3-12f4-44cb-a093-f1f4d93a9b8a, tags={ de.danoeh.antennapod.net.download.service.episode.EpisodeDownloadWorker, episodeUrl:https://feeds.wdjh.org/podcasts/sbs_french__sbs_en_franais/20251130_20251130140019-french-e8af9bb9-bb18-4889-acc8-784690a32aa9.mp3, episodeDownload } ]
12-01 06:22:39.162 30442 30496 I WM-WorkerWrapper: Worker result SUCCESS for Work [ id=4476d768-6883-4977-9070-136c404c041b, tags={ episodeUrl:https://feeds.wdjh.org/podcasts/moms_behind_moto/20250811_We_are_Back9dpqj.mp3, de.danoeh.antennapod.net.download.service.episode.EpisodeDownloadWorker, was_queued, episodeDownload } ]
12-01 06:22:39.165 30442 30442 I WM-SystemFgDispatcher: Stopping foreground service
12-01 06:22:39.177 30442 30496 I WM-WorkerWrapper: Worker result FAILURE for Work [ id=9105dc57-1e70-43da-a477-c2e4cfca54f4, tags={ episodeUrl:https://feeds.wdjh.org/podcasts/sbs_french__sbs_en_franais/20251130_20251130080108-french-2835b984-fba8-4c0b-ae17-ad98ca62e21b.mp3, de.danoeh.antennapod.net.download.service.episode.EpisodeDownloadWorker, episodeDownload } ]
12-01 06:22:39.194 30442 30496 I WM-WorkerWrapper: Worker result FAILURE for Work [ id=8fdb38c6-6d6f-4d40-b972-a0658fffb518, tags={ de.danoeh.antennapod.net.download.service.episode.EpisodeDownloadWorker, episodeUrl:https://feeds.wdjh.org/podcasts/unravel/20251127_9v.mp3, episodeDownload } ]
12-01 06:22:39.208 30442 30442 D ConnectivityManager: unregisterNetworkCallback; CallingUid : 10275, CallingPid : 30442
12-01 06:22:39.212 30442 30497 E ConnectivityManager.CallbackHandler: callback not found for RELEASED message
12-01 06:22:39.284 30442 30442 D ItemDescriptionFragment: Saving preferences
12-01 06:22:39.284 30442 30442 D ItemDescriptionFragment: Saving scroll position: 0
12-01 06:22:39.297 30442 30442 D ItemDescriptionFragment: Saving preferences
12-01 06:22:39.297 30442 30442 D ItemDescriptionFragment: Saving scroll position: 0
12-01 06:22:42.241 30442 30442 D ViewRootImpl@eec2d68[MainActivity]: ViewPostImeInputStage processKey 0
12-01 06:22:42.282 30442 30442 D ViewRootImpl@eec2d68[MainActivity]: ViewPostImeInputStage processKey 1
12-01 06:22:43.714 30442 30442 D ViewRootImpl@eec2d68[MainActivity]: ViewPostImeInputStage processPointer 0
12-01 06:22:43.843 30442 30442 D ViewRootImpl@eec2d68[MainActivity]: ViewPostImeInputStage processPointer 1
12-01 06:22:43.857 30442 30442 D AbsListView: Get MotionRecognitionManager
12-01 06:22:43.863 30442 30442 D TextView: setTypeface with style : 0
12-01 06:22:43.886 30442 30442 D ViewRootImpl@1a7f306[PopupWindow:32709e1]: ThreadedRenderer.create() translucent=true
12-01 06:22:43.894 30442 30442 D InputTransport: Input channel constructed: fd=105
12-01 06:22:43.894 30442 30442 D ViewRootImpl@1a7f306[PopupWindow:32709e1]: setView = android.widget.PopupWindow$PopupDecorView{d327dc7 V.E...... ......I. 0,0-0,0} touchMode=true
12-01 06:22:43.896 30442 30442 D ViewRootImpl@1a7f306[PopupWindow:32709e1]: dispatchAttachedToWindow
12-01 06:22:43.930 30442 30442 D ViewRootImpl@1a7f306[PopupWindow:32709e1]: Relayout returned: oldFrame=[0,0][0,0] newFrame=[330,819][1080,1731] result=0x27 surface={isValid=true 501233169920} surfaceGenerationChanged=true
12-01 06:22:43.930 30442 30442 D ViewRootImpl@1a7f306[PopupWindow:32709e1]: mHardwareRenderer.initialize() mSurface={isValid=true 501233169920} hwInitialized=true
12-01 06:22:43.936 30442 30480 D mali_winsys: EGLint new_window_surface(egl_winsys_display*, void*, EGLSurface, EGLConfig, egl_winsys_surface**, egl_color_buffer_format*, EGLBoolean) returns 0x3000, [786x948]-format:1
12-01 06:22:43.940 30442 30442 D TextView: setTypeface with style : 0
12-01 06:22:43.944 30442 30442 D TextView: setTypeface with style : 0
12-01 06:22:43.948 30442 30442 D TextView: setTypeface with style : 0
12-01 06:22:43.952 30442 30442 D TextView: setTypeface with style : 0
12-01 06:22:43.956 30442 30442 D TextView: setTypeface with style : 0
12-01 06:22:43.960 30442 30442 D TextView: setTypeface with style : 0
12-01 06:22:43.962 30442 30442 D AbsListView: onsize change
12-01 06:22:43.976 30442 30442 D ViewRootImpl@1a7f306[PopupWindow:32709e1]: MSG_WINDOW_FOCUS_CHANGED 1
12-01 06:22:43.977 30442 30442 D ViewRootImpl@1a7f306[PopupWindow:32709e1]: mHardwareRenderer.initializeIfNeeded()#2 mSurface={isValid=true 501233169920}
12-01 06:22:43.978 30442 30442 V InputMethodManager: Starting input: tba=android.view.inputmethod.EditorInfo@2d929b6 nm : de.danoeh.antennapod ic=null
12-01 06:22:43.978 30442 30442 I InputMethodManager: [IMM] startInputInner - mService.startInputOrWindowGainedFocus
12-01 06:22:43.980 30442 30442 D InputTransport: Input channel constructed: fd=192
12-01 06:22:43.980 30442 30442 D InputTransport: Input channel destroyed: fd=110
12-01 06:22:44.013 30442 30442 D ViewRootImpl@1a7f306[PopupWindow:32709e1]: MSG_RESIZED_REPORT: ci=Rect(0, 0 - 0, 0) vi=Rect(0, 0 - 0, 0) or=1
12-01 06:22:44.059 30442 30442 D ViewRootImpl@eec2d68[MainActivity]: MSG_WINDOW_FOCUS_CHANGED 0
12-01 06:22:45.417 30442 30442 D ViewRootImpl@1a7f306[PopupWindow:32709e1]: ViewPostImeInputStage processPointer 0
12-01 06:22:45.534 30442 30442 D ViewRootImpl@1a7f306[PopupWindow:32709e1]: ViewPostImeInputStage processPointer 1
12-01 06:22:45.534 30442 30442 D AbsListView: onTouchUp() mTouchMode : 2
12-01 06:22:45.556 30442 30442 D ViewRootImpl@1a7f306[PopupWindow:32709e1]: MSG_WINDOW_FOCUS_CHANGED 0
12-01 06:22:45.560 30442 30442 D ViewRootImpl@1a7f306[PopupWindow:32709e1]: Relayout returned: oldFrame=[330,819][1080,1731] newFrame=[330,819][1080,1731] result=0x1 surface={isValid=true 501233169920} surfaceGenerationChanged=false
12-01 06:22:45.585 30442 30442 E ResourceType: Style contains key with bad entry: 0x01010605
12-01 06:22:45.599 30442 30442 D TextView: setTypeface with style : 0
12-01 06:22:45.599 30442 30442 D TextView: setTypeface with style : 0
12-01 06:22:45.618 30442 30442 D TextView: setTypeface with style : 0
12-01 06:22:45.628 30442 30442 D ViewRootImpl@7be281[PreferenceActivity]: ThreadedRenderer.create() translucent=false
12-01 06:22:45.630 30442 30442 D InputTransport: Input channel constructed: fd=216
12-01 06:22:45.631 30442 30442 D ViewRootImpl@7be281[PreferenceActivity]: setView = DecorView@64a1349[PreferenceActivity] touchMode=true
12-01 06:22:45.632 30442 30442 D ViewRootImpl@7be281[PreferenceActivity]: dispatchAttachedToWindow
12-01 06:22:45.662 30442 30442 D ViewRootImpl@7be281[PreferenceActivity]: Relayout returned: oldFrame=[0,0][0,0] newFrame=[0,0][1080,1920] result=0x27 surface={isValid=true 501233173504} surfaceGenerationChanged=true
12-01 06:22:45.662 30442 30442 D ViewRootImpl@7be281[PreferenceActivity]: mHardwareRenderer.initialize() mSurface={isValid=true 501233173504} hwInitialized=true
12-01 06:22:45.663 30442 30480 D mali_winsys: EGLint new_window_surface(egl_winsys_display*, void*, EGLSurface, EGLConfig, egl_winsys_surface**, egl_color_buffer_format*, EGLBoolean) returns 0x3000, [1080x1920]-format:1
12-01 06:22:45.672 30442 30442 D TextView: setTypeface with style : 0
12-01 06:22:45.681 30442 30442 D TextView: setTypeface with style : 0
12-01 06:22:45.683 30442 30442 D TextView: setTypeface with style : 0
12-01 06:22:45.689 30442 30442 D TextView: setTypeface with style : 0
12-01 06:22:45.690 30442 30442 D TextView: setTypeface with style : 0
12-01 06:22:45.696 30442 30442 D TextView: setTypeface with style : 0
12-01 06:22:45.698 30442 30442 D TextView: setTypeface with style : 0
12-01 06:22:45.704 30442 30442 D TextView: setTypeface with style : 0
12-01 06:22:45.706 30442 30442 D TextView: setTypeface with style : 0
12-01 06:22:45.712 30442 30442 D TextView: setTypeface with style : 0
12-01 06:22:45.713 30442 30442 D TextView: setTypeface with style : 0
12-01 06:22:45.745 30442 30442 D ViewRootImpl@7be281[PreferenceActivity]: MSG_RESIZED_REPORT: ci=Rect(0, 72 - 0, 0) vi=Rect(0, 72 - 0, 0) or=1
12-01 06:22:45.745 30442 30442 D ViewRootImpl@7be281[PreferenceActivity]: MSG_WINDOW_FOCUS_CHANGED 1
12-01 06:22:45.745 30442 30442 D ViewRootImpl@7be281[PreferenceActivity]: mHardwareRenderer.initializeIfNeeded()#2 mSurface={isValid=true 501233173504}
12-01 06:22:45.748 30442 30442 D SEM_CLIP_SemClipboardManager: isCocktailBarDisplayed : false
12-01 06:22:45.749 30442 30442 V InputMethodManager: Starting input: tba=android.view.inputmethod.EditorInfo@6596bf8 nm : de.danoeh.antennapod ic=null
12-01 06:22:45.749 30442 30442 I InputMethodManager: [IMM] startInputInner - mService.startInputOrWindowGainedFocus
12-01 06:22:45.752 30442 30442 D InputTransport: Input channel constructed: fd=225
12-01 06:22:45.752 30442 30442 D InputTransport: Input channel destroyed: fd=192
12-01 06:22:45.775 30442 30442 D ViewRootImpl@eec2d68[MainActivity]: mHardwareRenderer.destroy()#1
12-01 06:22:45.779 30442 30442 D ViewRootImpl@eec2d68[MainActivity]: Relayout returned: oldFrame=[0,0][1080,1920] newFrame=[0,0][1080,1920] result=0x5 surface={isValid=false 0} surfaceGenerationChanged=true
12-01 06:22:45.784 30442 30480 D OpenGLRenderer: endAllActiveAnimators on 0x75042df000 (DropDownListView) with handle 0x74b44fa520
12-01 06:22:45.785 30442 30442 D ViewRootImpl@1a7f306[PopupWindow:32709e1]: mHardwareRenderer.destroy()#1
12-01 06:22:45.788 30442 30442 D ViewRootImpl@1a7f306[PopupWindow:32709e1]: Relayout returned: oldFrame=[330,819][1080,1731] newFrame=[330,819][1080,1731] result=0x5 surface={isValid=false 0} surfaceGenerationChanged=true
12-01 06:22:45.860 30442 30442 D ViewRootImpl@1a7f306[PopupWindow:32709e1]: mHardwareRenderer.destroy()#4
12-01 06:22:45.860 30442 30442 D ViewRootImpl@1a7f306[PopupWindow:32709e1]: dispatchDetachedFromWindow
12-01 06:22:45.864 30442 30442 D InputTransport: Input channel destroyed: fd=105
12-01 06:22:46.175 30442 30442 D PlaybackController: Releasing PlaybackController
12-01 06:22:46.178 30442 30442 D PlaybackController: Releasing PlaybackController
12-01 06:22:46.180 30442 30442 D PlaybackController: Releasing PlaybackController
12-01 06:22:46.181 30442 30442 D PlaybackController: Releasing PlaybackController
12-01 06:22:46.198 30442 30442 D ViewRootImpl@eec2d68[MainActivity]: Relayout returned: oldFrame=[0,0][1080,1920] newFrame=[0,0][1080,1920] result=0x5 surface={isValid=false 0} surfaceGenerationChanged=false
12-01 06:22:47.048 30442 30442 D ViewRootImpl@7be281[PreferenceActivity]: ViewPostImeInputStage processPointer 0
12-01 06:22:47.131 30442 30442 D TextView: setTypeface with style : 0
12-01 06:22:47.133 30442 30442 D TextView: setTypeface with style : 0
12-01 06:22:47.149 30442 30442 D TextView: setTypeface with style : 0
12-01 06:22:47.151 30442 30442 D TextView: setTypeface with style : 0
12-01 06:22:47.197 30442 30442 D TextView: setTypeface with style : 0
12-01 06:22:47.201 30442 30442 D TextView: setTypeface with style : 0
12-01 06:22:47.312 30442 30442 D TextView: setTypeface with style : 0
12-01 06:22:47.318 30442 30442 D TextView: setTypeface with style : 0
12-01 06:22:47.467 30442 30442 D TextView: setTypeface with style : 0
12-01 06:22:47.470 30442 30442 D TextView: setTypeface with style : 0
12-01 06:22:47.576 30442 30442 D ViewRootImpl@7be281[PreferenceActivity]: ViewPostImeInputStage processPointer 1
12-01 06:22:47.606 30442 30442 D TextView: setTypeface with style : 0
12-01 06:22:47.608 30442 30442 D TextView: setTypeface with style : 0
12-01 06:22:47.623 30442 30442 D TextView: setTypeface with style : 0
12-01 06:22:47.625 30442 30442 D TextView: setTypeface with style : 0
12-01 06:22:49.255 30442 30442 D ViewRootImpl@7be281[PreferenceActivity]: ViewPostImeInputStage processPointer 0
12-01 06:22:49.656 30442 30442 D ViewRootImpl@7be281[PreferenceActivity]: ViewPostImeInputStage processPointer 1
12-01 06:22:53.832 30442 30442 D ViewRootImpl@7be281[PreferenceActivity]: ViewPostImeInputStage processPointer 0
12-01 06:22:54.241 30442 30442 D ViewRootImpl@7be281[PreferenceActivity]: ViewPostImeInputStage processPointer 1
12-01 06:22:55.028 30442 30442 D ViewRootImpl@7be281[PreferenceActivity]: ViewPostImeInputStage processPointer 0
12-01 06:22:55.396 30442 30442 D ViewRootImpl@7be281[PreferenceActivity]: ViewPostImeInputStage processPointer 1
12-01 06:22:59.110 30442 30442 D ConnectivityManager: requestNetwork; CallingUid : 10275, CallingPid : 30442
12-01 06:22:59.276 30442 30790 D SyncService: Downloaded subscription changes: SubscriptionChange [added=[], removed=[], timestamp=1764530574]
12-01 06:22:59.277 30442 30790 D SyncService: No feeds to add or remove from server
12-01 06:22:59.278 30442 30790 D DBReader: Extracting Feedlist
12-01 06:22:59.395 30442 30790 D SyncService: Processing 0 actions
12-01 06:22:59.397 30442 30790 D SyncService: Uploading 1 actions: EpisodeAction{podcast='https://feeds.wdjh.org/podcasts/moms_behind_moto.rss', episode='https://feeds.wdjh.org/podcasts/moms_behind_moto/20250811_We_are_Back9dpqj.mp3', guid='Momsbehindmoto.podbean.com/a8484d55-b93b-33c9-98e2-1fb4673b83e9', action=DOWNLOAD, timestamp=Mon Dec 01 06:22:39 GMT+11:00 2025, started=-1, position=-1, total=-1}
12-01 06:22:59.510 30442 30790 D SyncService: Upload episode response: de.danoeh.antennapod.net.sync.nextcloud.NextcloudSyncService$NextcloudGpodderEpisodeActionPostResponse@b1cb9ce
12-01 06:22:59.531 30442 30496 I WM-WorkerWrapper: Worker result SUCCESS for Work [ id=3807ba27-6a21-4b5a-94d7-fd93a3cddab5, tags={ de.danoeh.antennapod.net.sync.service.SyncService } ]
12-01 06:22:59.540 30442 30442 D ConnectivityManager: unregisterNetworkCallback; CallingUid : 10275, CallingPid : 30442
12-01 06:22:59.556 30442 30497 E ConnectivityManager.CallbackHandler: callback not found for RELEASED message
12-01 06:23:00.074 30442 30442 D ViewRootImpl@7be281[PreferenceActivity]: ViewPostImeInputStage processPointer 0
12-01 06:23:00.551 30442 30442 D ViewRootImpl@7be281[PreferenceActivity]: ViewPostImeInputStage processPointer 1
12-01 06:23:01.314 30442 30442 D ViewRootImpl@7be281[PreferenceActivity]: ViewPostImeInputStage processPointer 0
12-01 06:23:02.050 30442 30442 D ViewRootImpl@7be281[PreferenceActivity]: ViewPostImeInputStage processPointer 1
12-01 06:23:02.605 30442 30442 D ViewRootImpl@7be281[PreferenceActivity]: ViewPostImeInputStage processPointer 0
12-01 06:23:02.956 30442 30442 D ViewRootImpl@7be281[PreferenceActivity]: ViewPostImeInputStage processPointer 1
12-01 06:23:05.679 30442 30442 D ViewRootImpl@7be281[PreferenceActivity]: ViewPostImeInputStage processPointer 0
12-01 06:23:05.861 30442 30442 D ViewRootImpl@7be281[PreferenceActivity]: ViewPostImeInputStage processPointer 1
12-01 06:23:08.273 30442 30442 D ViewRootImpl@7be281[PreferenceActivity]: ViewPostImeInputStage processPointer 0
12-01 06:23:08.401 30442 30442 D ViewRootImpl@7be281[PreferenceActivity]: ViewPostImeInputStage processPointer 1
12-01 06:23:08.440 30442 30442 D PlaybackController: Trying to connect to service
12-01 06:23:08.443 30442 30442 D PlaybackController: Result for service binding: true
12-01 06:23:08.448 30442 1020 D DBReader: getFavoriteIDList() called
12-01 06:23:08.449 30442 1019 D DBReader: getFavoriteIDList() called
12-01 06:23:08.451 30442 1019 D DBReader: getQueueIDList() called
12-01 06:23:08.451 30442 1020 D DBReader: getQueueIDList() called
12-01 06:23:08.451 30442 1019 D DBReader: Extracting Feedlist
12-01 06:23:08.452 30442 1020 D DBReader: Extracting Feedlist
12-01 06:23:08.452 30442 30442 D PlaybackController: Trying to connect to service
12-01 06:23:08.456 30442 30442 D PlaybackController: Result for service binding: true
12-01 06:23:08.456 30442 30442 D ExternalPlayerFragment: Loading media info
12-01 06:23:08.456 30442 30442 D ExternalPlayerFragment: Loading media info
12-01 06:23:08.460 30442 547 D DBReader: getFavoriteIDList() called
12-01 06:23:08.461 30442 547 D DBReader: getQueueIDList() called
12-01 06:23:08.462 30442 547 D DBReader: Extracting Feedlist
12-01 06:23:08.465 30442 30442 D PlaybackController: Trying to connect to service
12-01 06:23:08.468 30442 30442 D PlaybackController: Result for service binding: true
12-01 06:23:08.471 30442 1030 D DBReader: getFavoriteIDList() called
12-01 06:23:08.473 30442 543 D DBReader: getFavoriteIDList() called
12-01 06:23:08.474 30442 1030 D DBReader: getQueueIDList() called
12-01 06:23:08.474 30442 1030 D DBReader: Extracting Feedlist
12-01 06:23:08.475 30442 30442 D PlaybackController: Trying to connect to service
12-01 06:23:08.475 30442 543 D DBReader: getQueueIDList() called
12-01 06:23:08.478 30442 543 D DBReader: Extracting Feedlist
12-01 06:23:08.478 30442 30442 D PlaybackController: Result for service binding: true
12-01 06:23:08.479 30442 30442 D ItemDescriptionFragment: load()
12-01 06:23:08.479 30442 30442 D ItemDescriptionFragment: load()
12-01 06:23:08.483 30442 1021 D DBReader: getFavoriteIDList() called
12-01 06:23:08.483 30442 30442 D MainActivity: handleNavIntent()
12-01 06:23:08.489 30442 519 D DBReader: getFavoriteIDList() called
12-01 06:23:08.493 30442 519 D DBReader: getQueueIDList() called
12-01 06:23:08.493 30442 1020 D DBReader: Extracting Feedlist
12-01 06:23:08.497 30442 545 D DBReader: Extracting Feedlist
12-01 06:23:08.499 30442 1021 D DBReader: getQueueIDList() called
12-01 06:23:08.501 30442 519 D DBReader: Extracting Feedlist
12-01 06:23:08.505 30442 1021 D DBReader: Extracting Feedlist
12-01 06:23:08.515 30442 30442 D ViewRootImpl@eec2d68[MainActivity]: Relayout returned: oldFrame=[0,0][1080,1920] newFrame=[0,0][1080,1920] result=0x7 surface={isValid=true 501233169920} surfaceGenerationChanged=true
12-01 06:23:08.516 30442 30442 D ViewRootImpl@eec2d68[MainActivity]: mHardwareRenderer.initialize() mSurface={isValid=true 501233169920} hwInitialized=true
12-01 06:23:08.520 30442 30480 D mali_winsys: EGLint new_window_surface(egl_winsys_display*, void*, EGLSurface, EGLConfig, egl_winsys_surface**, egl_color_buffer_format*, EGLBoolean) returns 0x3000, [1080x1920]-format:1
12-01 06:23:08.521 30442 30442 D PlaybackController: Querying service info
12-01 06:23:08.521 30442 30442 D PlaybackController: status: PAUSED
12-01 06:23:08.521 30442 30442 D PlaybackController: Connection to Service established
12-01 06:23:08.521 30442 30442 D PlaybackController: Querying service info
12-01 06:23:08.521 30442 30442 D PlaybackController: status: PAUSED
12-01 06:23:08.521 30442 30442 D ExternalPlayerFragment: Loading media info
12-01 06:23:08.522 30442 30442 D PlaybackController: Connection to Service established
12-01 06:23:08.522 30442 30442 D PlaybackController: Querying service info
12-01 06:23:08.522 30442 30442 D PlaybackController: status: PAUSED
12-01 06:23:08.522 30442 30442 D PlaybackController: Connection to Service established
12-01 06:23:08.522 30442 30442 D PlaybackController: Querying service info
12-01 06:23:08.522 30442 30442 D PlaybackController: status: PAUSED
12-01 06:23:08.522 30442 30442 D ItemDescriptionFragment: load()
12-01 06:23:08.522 30442 30442 D PlaybackController: Connection to Service established
12-01 06:23:08.522 30442 519 D DBReader: loadDescriptionOfFeedItem() called with: item = [FeedItem [id=592, title=Pope Leo is traveling to Turkey and Lebanon on the first foreign trip of his papacy, feedId=6, pubDate=Fri Nov 28 08:05:13 GMT+11:00 2025]]
12-01 06:23:08.522 30442 1021 D DBReader: loadDescriptionOfFeedItem() called with: item = [FeedItem [id=592, title=Pope Leo is traveling to Turkey and Lebanon on the first foreign trip of his papacy, feedId=6, pubDate=Fri Nov 28 08:05:13 GMT+11:00 2025]]
12-01 06:23:08.530 30442 1021 D Timeline: Recognized 0 timecodes
12-01 06:23:08.531 30442 1021 D DBReader: loadDescriptionOfFeedItem() called with: item = [FeedItem [id=592, title=Pope Leo is traveling to Turkey and Lebanon on the first foreign trip of his papacy, feedId=6, pubDate=Fri Nov 28 08:05:13 GMT+11:00 2025]]
12-01 06:23:08.534 30442 519 D Timeline: Recognized 0 timecodes
12-01 06:23:08.534 30442 1021 D Timeline: Recognized 0 timecodes
12-01 06:23:08.553 30442 30442 D ViewRootImpl@eec2d68[MainActivity]: MSG_WINDOW_FOCUS_CHANGED 1
12-01 06:23:08.553 30442 30442 D ViewRootImpl@eec2d68[MainActivity]: mHardwareRenderer.initializeIfNeeded()#2 mSurface={isValid=true 501233169920}
12-01 06:23:08.555 30442 30442 V InputMethodManager: Starting input: tba=android.view.inputmethod.EditorInfo@43d3f31 nm : de.danoeh.antennapod ic=null
12-01 06:23:08.556 30442 30442 I InputMethodManager: [IMM] startInputInner - mService.startInputOrWindowGainedFocus
12-01 06:23:08.564 30442 30442 D InputTransport: Input channel constructed: fd=192
12-01 06:23:08.564 30442 30442 D InputTransport: Input channel destroyed: fd=225
12-01 06:23:08.565 30442 30442 D AudioPlayerFragment: currentPosition 00:00:00
12-01 06:23:08.566 30442 30442 D ItemDescriptionFragment: Saving preferences
12-01 06:23:08.566 30442 30442 D ItemDescriptionFragment: Saving scroll position: 0
12-01 06:23:08.570 30442 30442 D ItemDescriptionFragment: Webview loaded
12-01 06:23:08.593 30442 30442 D ViewRootImpl@7be281[PreferenceActivity]: MSG_WINDOW_FOCUS_CHANGED 0
12-01 06:23:08.594 30442 30442 D SEM_CLIP_SemClipboardManager: isCocktailBarDisplayed : false
12-01 06:23:08.607 30442 30480 D OpenGLRenderer: endAllActiveAnimators on 0x7503fa3800 (RippleDrawable) with handle 0x7503e50820
12-01 06:23:08.609 30442 30442 D ViewRootImpl@7be281[PreferenceActivity]: mHardwareRenderer.destroy()#1
12-01 06:23:08.613 30442 30442 D ViewRootImpl@7be281[PreferenceActivity]: Relayout returned: oldFrame=[0,0][1080,1920] newFrame=[0,0][1080,1920] result=0x5 surface={isValid=false 0} surfaceGenerationChanged=true
12-01 06:23:08.618 30442 30442 D ShownotesWebView: Page finished
12-01 06:23:08.668 30442 30442 D ItemDescriptionFragment: Restoring from preferences
12-01 06:23:08.669 30442 30442 D ItemDescriptionFragment: Restored scroll Position: 0
12-01 06:23:08.993 30442 30442 D Graph : removeVertex() : insertDummyVertex, because there is no ancestor.
12-01 06:23:08.998 30442 30442 D ViewRootImpl@7be281[PreferenceActivity]: mHardwareRenderer.destroy()#4
12-01 06:23:08.998 30442 30442 D ViewRootImpl@7be281[PreferenceActivity]: dispatchDetachedFromWindow
12-01 06:23:09.012 30442 30442 D InputTransport: Input channel destroyed: fd=216
12-01 06:23:13.538 30442 30442 D ViewRootImpl@eec2d68[MainActivity]: ViewPostImeInputStage processPointer 0
12-01 06:23:13.659 30442 30442 D ViewRootImpl@eec2d68[MainActivity]: ViewPostImeInputStage processPointer 1
12-01 06:23:13.668 30442 30442 D TextView: setTypeface with style : 0
12-01 06:23:13.671 30442 30442 D TextView: setTypeface with style : 0
12-01 06:23:13.679 30442 30442 D TextView: setTypeface with style : 0
12-01 06:23:13.681 30442 30442 D TextView: setTypeface with style : 0
12-01 06:23:13.711 30442 30442 D TextView: setTypeface with style : 0
12-01 06:23:13.737 30442 30442 D AbsListView: Get MotionRecognitionManager
12-01 06:23:13.743 30442 30442 D ViewRootImpl@2383bcb[PopupWindow:b3d969a]: ThreadedRenderer.create() translucent=true
12-01 06:23:13.749 30442 30442 D InputTransport: Input channel constructed: fd=190
12-01 06:23:13.749 30442 30442 D ViewRootImpl@2383bcb[PopupWindow:b3d969a]: setView = android.widget.PopupWindow$PopupDecorView{e2b7fa8 V.E...... ......I. 0,0-0,0} touchMode=true
12-01 06:23:13.753 30442 30442 D TextView: setTypeface with style : 0
12-01 06:23:13.754 30442 30442 D TextView: setTypeface with style : 0
12-01 06:23:13.758 30442 30442 D TextView: setTypeface with style : 0
12-01 06:23:13.768 30442 30442 D ViewRootImpl@2383bcb[PopupWindow:b3d969a]: dispatchAttachedToWindow
12-01 06:23:13.809 30442 30442 D ViewRootImpl@2383bcb[PopupWindow:b3d969a]: Relayout returned: oldFrame=[0,0][0,0] newFrame=[377,97][1068,865] result=0x27 surface={isValid=true 501233173504} surfaceGenerationChanged=true
12-01 06:23:13.809 30442 30442 D ViewRootImpl@2383bcb[PopupWindow:b3d969a]: mHardwareRenderer.initialize() mSurface={isValid=true 501233173504} hwInitialized=true
12-01 06:23:13.813 30442 30480 D mali_winsys: EGLint new_window_surface(egl_winsys_display*, void*, EGLSurface, EGLConfig, egl_winsys_surface**, egl_color_buffer_format*, EGLBoolean) returns 0x3000, [727x804]-format:1
12-01 06:23:13.814 30442 30442 D TextView: setTypeface with style : 0
12-01 06:23:13.815 30442 30442 D TextView: setTypeface with style : 0
12-01 06:23:13.819 30442 30442 D TextView: setTypeface with style : 0
12-01 06:23:13.820 30442 30442 D TextView: setTypeface with style : 0
12-01 06:23:13.825 30442 30442 D TextView: setTypeface with style : 0
12-01 06:23:13.826 30442 30442 D TextView: setTypeface with style : 0
12-01 06:23:13.831 30442 30442 D TextView: setTypeface with style : 0
12-01 06:23:13.832 30442 30442 D TextView: setTypeface with style : 0
12-01 06:23:13.835 30442 30442 D TextView: setTypeface with style : 0
12-01 06:23:13.841 30442 30442 D TextView: setTypeface with style : 0
12-01 06:23:13.842 30442 30442 D TextView: setTypeface with style : 0
12-01 06:23:13.844 30442 30442 D AbsListView: onsize change
12-01 06:23:13.847 30442 30442 D ViewRootImpl@2383bcb[PopupWindow:b3d969a]: MSG_WINDOW_FOCUS_CHANGED 1
12-01 06:23:13.848 30442 30442 D ViewRootImpl@2383bcb[PopupWindow:b3d969a]: mHardwareRenderer.initializeIfNeeded()#2 mSurface={isValid=true 501233173504}
12-01 06:23:13.880 30442 30442 D ViewRootImpl@2383bcb[PopupWindow:b3d969a]: MSG_RESIZED_REPORT: ci=Rect(0, 0 - 0, 0) vi=Rect(0, 0 - 0, 0) or=1
12-01 06:23:13.912 30442 30442 D ViewRootImpl@eec2d68[MainActivity]: MSG_WINDOW_FOCUS_CHANGED 0
12-01 06:23:16.220 30442 30442 D ViewRootImpl@2383bcb[PopupWindow:b3d969a]: ViewPostImeInputStage processKey 0
12-01 06:23:16.329 30442 30442 D ViewRootImpl@2383bcb[PopupWindow:b3d969a]: ViewPostImeInputStage processKey 1
12-01 06:23:16.348 30442 30442 D ViewRootImpl@2383bcb[PopupWindow:b3d969a]: Relayout returned: oldFrame=[377,97][1068,865] newFrame=[377,97][1068,865] result=0x1 surface={isValid=true 501233173504} surfaceGenerationChanged=false
12-01 06:23:16.350 30442 30442 D ViewRootImpl@eec2d68[MainActivity]: MSG_WINDOW_FOCUS_CHANGED 1
12-01 06:23:16.350 30442 30442 D ViewRootImpl@eec2d68[MainActivity]: mHardwareRenderer.initializeIfNeeded()#2 mSurface={isValid=true 501233169920}
12-01 06:23:16.365 30442 30442 D ViewRootImpl@2383bcb[PopupWindow:b3d969a]: MSG_WINDOW_FOCUS_CHANGED 0
12-01 06:23:16.678 30442 30442 D ViewRootImpl@2383bcb[PopupWindow:b3d969a]: mHardwareRenderer.destroy()#4
12-01 06:23:16.678 30442 30442 D ViewRootImpl@2383bcb[PopupWindow:b3d969a]: dispatchDetachedFromWindow
12-01 06:23:16.702 30442 30442 D InputTransport: Input channel destroyed: fd=190
12-01 06:23:17.680 30442 30442 D ViewRootImpl@eec2d68[MainActivity]: ViewPostImeInputStage processPointer 0
12-01 06:23:17.807 30442 30442 D ViewRootImpl@eec2d68[MainActivity]: ViewPostImeInputStage processPointer 1
12-01 06:23:17.809 30442 30442 D NavDrawerFragment: saveLastNavFragment(tag: HomeFragment)
12-01 06:23:17.826 30442 30442 D MainActivity: loadFragment(tag: HomeFragment, args: null)
12-01 06:23:17.862 30442 30442 D TextView: setTypeface with style : 0
12-01 06:23:17.862 30442 30442 D TextView: setTypeface with style : 0
12-01 06:23:17.870 30442 30442 D TextView: setTypeface with style : 0
12-01 06:23:17.871 30442 30442 D TextView: setTypeface with style : 0
12-01 06:23:17.877 30442 30442 D TextView: setTypeface with style : 0
12-01 06:23:17.879 30442 30442 D TextView: setTypeface with style : 0
12-01 06:23:17.886 30442 30442 D TextView: setTypeface with style : 0
12-01 06:23:17.886 30442 30442 E ConstraintLayout: layout_constraintWidth_default="wrap" is deprecated.
12-01 06:23:17.886 30442 30442 E ConstraintLayout: Use layout_width="WRAP_CONTENT" and layout_constrainedWidth="true" instead.
12-01 06:23:17.890 30442 30442 D TextView: setTypeface with style : 0
12-01 06:23:17.893 30442 30442 D TextView: setTypeface with style : 0
12-01 06:23:17.898 30442 30442 D TextView: setTypeface with style : 0
12-01 06:23:17.905 30442 30442 D TextView: setTypeface with style : 0
12-01 06:23:17.905 30442 30442 E ConstraintLayout: layout_constraintWidth_default="wrap" is deprecated.
12-01 06:23:17.905 30442 30442 E ConstraintLayout: Use layout_width="WRAP_CONTENT" and layout_constrainedWidth="true" instead.
12-01 06:23:17.907 30442 30442 D TextView: setTypeface with style : 0
12-01 06:23:17.909 30442 30442 D TextView: setTypeface with style : 0
12-01 06:23:17.914 30442 30442 D TextView: setTypeface with style : 0
12-01 06:23:17.919 30442 30442 D TextView: setTypeface with style : 0
12-01 06:23:17.920 30442 30442 E ConstraintLayout: layout_constraintWidth_default="wrap" is deprecated.
12-01 06:23:17.920 30442 30442 E ConstraintLayout: Use layout_width="WRAP_CONTENT" and layout_constrainedWidth="true" instead.
12-01 06:23:17.922 30442 30442 D TextView: setTypeface with style : 0
12-01 06:23:17.923 30442 30442 D TextView: setTypeface with style : 0
12-01 06:23:17.929 30442 30442 D TextView: setTypeface with style : 0
12-01 06:23:17.933 30442 30442 D TextView: setTypeface with style : 0
12-01 06:23:17.933 30442 30442 E ConstraintLayout: layout_constraintWidth_default="wrap" is deprecated.
12-01 06:23:17.933 30442 30442 E ConstraintLayout: Use layout_width="WRAP_CONTENT" and layout_constrainedWidth="true" instead.
12-01 06:23:17.935 30442 30442 D TextView: setTypeface with style : 0
12-01 06:23:17.937 30442 30442 D TextView: setTypeface with style : 0
12-01 06:23:17.942 30442 30442 D TextView: setTypeface with style : 0
12-01 06:23:17.946 30442 30442 D TextView: setTypeface with style : 0
12-01 06:23:17.947 30442 30442 E ConstraintLayout: layout_constraintWidth_default="wrap" is deprecated.
12-01 06:23:17.947 30442 30442 E ConstraintLayout: Use layout_width="WRAP_CONTENT" and layout_constrainedWidth="true" instead.
12-01 06:23:17.948 30442 30442 D TextView: setTypeface with style : 0
12-01 06:23:17.950 30442 30442 D TextView: setTypeface with style : 0
12-01 06:23:17.954 30442 30442 D TextView: setTypeface with style : 0
12-01 06:23:17.960 30442 1030 D DBReader: getRecentlyPublishedEpisodes() called with: offset=0, limit=2
12-01 06:23:17.960 30442 1020 D DBReader: getRecentlyPublishedEpisodes() called with: offset=0, limit=2
12-01 06:23:17.969 30442 1019 D DBReader: getFavoriteIDList() called
12-01 06:23:17.974 30442 30442 D TextView: setTypeface with style : 0
12-01 06:23:17.975 30442 30442 D TextView: setTypeface with style : 0
12-01 06:23:17.978 30442 519 D DBReader: getFavoriteIDList() called
12-01 06:23:17.979 30442 1030 D DBReader: getFavoriteIDList() called
12-01 06:23:17.980 30442 1020 D DBReader: getFavoriteIDList() called
12-01 06:23:17.983 30442 30442 D TextView: setTypeface with style : 0
12-01 06:23:17.984 30442 30442 D TextView: setTypeface with style : 0
12-01 06:23:17.992 30442 30442 D TextView: setTypeface with style : 0
12-01 06:23:17.993 30442 30442 D TextView: setTypeface with style : 0
12-01 06:23:18.004 30442 1019 D DBReader: getQueueIDList() called
12-01 06:23:18.004 30442 519 D DBReader: getQueueIDList() called
12-01 06:23:18.005 30442 1030 D DBReader: getQueueIDList() called
12-01 06:23:18.005 30442 1020 D DBReader: getQueueIDList() called
12-01 06:23:18.006 30442 1019 D DBReader: Extracting Feedlist
12-01 06:23:18.007 30442 519 D DBReader: Extracting Feedlist
12-01 06:23:18.007 30442 30442 D TextView: setTypeface with style : 0
12-01 06:23:18.007 30442 1030 D DBReader: Extracting Feedlist
12-01 06:23:18.007 30442 30442 D TextView: setTypeface with style : 0
12-01 06:23:18.008 30442 1020 D DBReader: Extracting Feedlist
12-01 06:23:18.013 30442 30442 D TextView: setTypeface with style : 0
12-01 06:23:18.014 30442 30442 D TextView: setTypeface with style : 0
12-01 06:23:18.021 30442 30442 D TextView: setTypeface with style : 0
12-01 06:23:18.022 30442 30442 D TextView: setTypeface with style : 0
12-01 06:23:18.027 30442 30442 D TextView: setTypeface with style : 0
12-01 06:23:18.032 30442 30442 D TextView: setTypeface with style : 0
12-01 06:23:18.037 30442 30442 D TextView: setTypeface with style : 0
12-01 06:23:18.041 30442 30442 D TextView: setTypeface with style : 0
12-01 06:23:18.048 30442 30442 D ItemDescriptionFragment: Saving preferences
12-01 06:23:18.048 30442 30442 D ItemDescriptionFragment: Saving scroll position: 0
12-01 06:23:18.080 30442 30442 D ItemDescriptionFragment: Saving preferences
12-01 06:23:18.081 30442 30442 D ItemDescriptionFragment: Saving scroll position: 0
12-01 06:23:18.108 30442 30442 D TextView: setTypeface with style : 0
12-01 06:23:18.109 30442 30442 D TextView: setTypeface with style : 0
12-01 06:23:18.117 30442 30442 D TextView: setTypeface with style : 0
12-01 06:23:18.118 30442 30442 D TextView: setTypeface with style : 0
12-01 06:23:18.124 30442 30442 D TextView: setTypeface with style : 0
12-01 06:23:18.125 30442 30442 D TextView: setTypeface with style : 0
12-01 06:23:18.135 30442 30442 D TextView: setTypeface with style : 0
12-01 06:23:18.136 30442 30442 D TextView: setTypeface with style : 0
12-01 06:23:18.142 30442 30442 D TextView: setTypeface with style : 0
12-01 06:23:18.143 30442 30442 D TextView: setTypeface with style : 0
12-01 06:23:18.150 30442 30442 D TextView: setTypeface with style : 0
12-01 06:23:18.151 30442 30442 D TextView: setTypeface with style : 0
12-01 06:23:18.163 30442 30442 D TextView: setTypeface with style : 0
12-01 06:23:18.166 30442 30442 D TextView: setTypeface with style : 0
12-01 06:23:18.167 30442 30442 D TextView: setTypeface with style : 0
12-01 06:23:18.168 30442 30442 D TextView: setTypeface with style : 0
12-01 06:23:18.168 30442 30442 D TextView: setTypeface with style : 0
12-01 06:23:18.169 30442 30442 D TextView: setTypeface with style : 0
12-01 06:23:18.170 30442 30442 D TextView: setTypeface with style : 0
12-01 06:23:18.172 30442 30442 D TextView: setTypeface with style : 0
12-01 06:23:20.527 30442 30442 D ViewRootImpl@eec2d68[MainActivity]: ViewPostImeInputStage processPointer 0
12-01 06:23:20.893 30442 30442 D ViewRootImpl@eec2d68[MainActivity]: ViewPostImeInputStage processPointer 1
12-01 06:23:21.552 30442 30442 D ViewRootImpl@eec2d68[MainActivity]: ViewPostImeInputStage processPointer 0
12-01 06:23:21.790 30442 30442 D ViewRootImpl@eec2d68[MainActivity]: ViewPostImeInputStage processPointer 1
12-01 06:23:23.071 30442 30442 D ViewRootImpl@eec2d68[MainActivity]: ViewPostImeInputStage processPointer 0
12-01 06:23:23.190 30442 30442 D ViewRootImpl@eec2d68[MainActivity]: ViewPostImeInputStage processPointer 1
12-01 06:23:24.843 30442 30442 D ViewRootImpl@eec2d68[MainActivity]: ViewPostImeInputStage processPointer 0
12-01 06:23:24.938 30442 30442 D ViewRootImpl@eec2d68[MainActivity]: ViewPostImeInputStage processPointer 1
12-01 06:23:24.947 30442 30442 D TextView: setTypeface with style : 0
12-01 06:23:24.951 30442 30442 D TextView: setTypeface with style : 0
12-01 06:23:24.952 30442 30442 D TextView: setTypeface with style : 0
12-01 06:23:24.960 30442 30442 D AbsListView: Get MotionRecognitionManager
12-01 06:23:24.965 30442 30442 D ViewRootImpl@56f7b3c[PopupWindow:def592f]: ThreadedRenderer.create() translucent=true
12-01 06:23:24.971 30442 30442 D InputTransport: Input channel constructed: fd=91
12-01 06:23:24.971 30442 30442 D ViewRootImpl@56f7b3c[PopupWindow:def592f]: setView = android.widget.PopupWindow$PopupDecorView{46bf0c5 V.E...... ......I. 0,0-0,0} touchMode=true
12-01 06:23:24.976 30442 30442 D TextView: setTypeface with style : 0
12-01 06:23:24.977 30442 30442 D TextView: setTypeface with style : 0
12-01 06:23:24.982 30442 30442 D ViewRootImpl@56f7b3c[PopupWindow:def592f]: dispatchAttachedToWindow
12-01 06:23:25.016 30442 30442 D ViewRootImpl@56f7b3c[PopupWindow:def592f]: Relayout returned: oldFrame=[0,0][0,0] newFrame=[370,97][1068,433] result=0x27 surface={isValid=true 501233173504} surfaceGenerationChanged=true
12-01 06:23:25.016 30442 30442 D ViewRootImpl@56f7b3c[PopupWindow:def592f]: mHardwareRenderer.initialize() mSurface={isValid=true 501233173504} hwInitialized=true
12-01 06:23:25.020 30442 30480 D mali_winsys: EGLint new_window_surface(egl_winsys_display*, void*, EGLSurface, EGLConfig, egl_winsys_surface**, egl_color_buffer_format*, EGLBoolean) returns 0x3000, [734x372]-format:1
12-01 06:23:25.023 30442 30442 D TextView: setTypeface with style : 0
12-01 06:23:25.025 30442 30442 D TextView: setTypeface with style : 0
12-01 06:23:25.033 30442 30442 D TextView: setTypeface with style : 0
12-01 06:23:25.034 30442 30442 D TextView: setTypeface with style : 0
12-01 06:23:25.038 30442 30442 D AbsListView: onsize change
12-01 06:23:25.054 30442 30442 D ViewRootImpl@56f7b3c[PopupWindow:def592f]: MSG_WINDOW_FOCUS_CHANGED 1
12-01 06:23:25.055 30442 30442 D ViewRootImpl@56f7b3c[PopupWindow:def592f]: mHardwareRenderer.initializeIfNeeded()#2 mSurface={isValid=true 501233173504}
