12-01 06:15:39.303 30442 30536 D HttpDownloader: onFail() called with: reason = [ERROR_NOT_FOUND], reasonDetailed = [404]
12-01 06:15:39.305 30442 30536 E EpisodeDownloadWorker: Download failed
12-01 06:15:39.308 30442 30536 D EpisodeDownloadWorker: Worker for https://feeds.wdjh.org/podcasts/unravel/20251127_9v.mp3 returned.
12-01 06:15:39.362 30442 30442 D ItemDescriptionFragment: Saving preferences
12-01 06:15:39.363 30442 30442 D ItemDescriptionFragment: Saving scroll position: 0
12-01 06:15:39.372 30442 30459 I WM-WorkerWrapper: Worker result FAILURE for Work [ id=813e53f5-6e60-433b-9a30-9d2ea3c5320c, tags={ episodeUrl:https://feeds.wdjh.org/podcasts/knowledge_fight/20251128_Nov15-2025.mp3, de.danoeh.antennapod.net.download.service.episode.EpisodeDownloadWorker, episodeDownload } ]
12-01 06:15:39.406 30442 30442 D MainActivity: onEvent(de.danoeh.antennapod.event.MessageEvent@d1e19e6)
12-01 06:15:39.410 30442 30442 D TextView: setTypeface with style : 0
12-01 06:15:39.412 30442 30442 D TextView: setTypeface with style : 0
12-01 06:15:39.418 30442 30442 D ItemDescriptionFragment: Saving preferences
12-01 06:15:39.418 30442 30442 D ItemDescriptionFragment: Saving scroll position: 0
12-01 06:15:39.481 30442 30537 I APNullCleanupAlgorithm: performCleanup: Not removing anything
12-01 06:15:39.481 30442 30537 D DownloadAlgorithm: Enqueueing 25 items for download
12-01 06:15:39.493 30442 30496 I WM-WorkerWrapper: Worker result FAILURE for Work [ id=31b80d99-9d45-4e92-9310-5a299833bbd5, tags={ de.danoeh.antennapod.net.download.service.episode.EpisodeDownloadWorker, episodeUrl:https://feeds.wdjh.org/podcasts/the_conditional_release_program/20251128_stream.mp3, episodeDownload } ]
12-01 06:15:39.503 30442 30442 D ViewRootImpl@fa41c15[MainActivity]: ViewPostImeInputStage processPointer 0
12-01 06:15:39.585 30442 30442 D MainActivity: onEvent(de.danoeh.antennapod.event.MessageEvent@b2da559)
12-01 06:15:39.587 30442 30442 D TextView: setTypeface with style : 0
12-01 06:15:39.589 30442 30442 D TextView: setTypeface with style : 0
12-01 06:15:39.593 30442 30442 D MainActivity: onEvent(de.danoeh.antennapod.event.MessageEvent@7da6864)
12-01 06:15:39.594 30442 30442 D TextView: setTypeface with style : 0
12-01 06:15:39.595 30442 30442 D TextView: setTypeface with style : 0
12-01 06:15:39.601 30442 30470 I WM-WorkerWrapper: Worker result FAILURE for Work [ id=06438530-80a3-4a96-9449-b445d7ec90e6, tags={ episodeUrl:https://feeds.wdjh.org/podcasts/mushroom_case_daily/20251128_b8.mp3, de.danoeh.antennapod.net.download.service.episode.EpisodeDownloadWorker, episodeDownload } ]
12-01 06:15:39.603 30442 30442 D ItemDescriptionFragment: Saving preferences
12-01 06:15:39.604 30442 30442 D ItemDescriptionFragment: Saving scroll position: 0
12-01 06:15:39.631 30442 30442 D MainActivity: onEvent(de.danoeh.antennapod.event.MessageEvent@a6ecd30)
12-01 06:15:39.632 30442 30470 I WM-WorkerWrapper: Worker result FAILURE for Work [ id=fd4bea32-7b2e-4978-a4a7-73180c4ea4a2, tags={ de.danoeh.antennapod.net.download.service.episode.EpisodeDownloadWorker, episodeUrl:https://feeds.wdjh.org/podcasts/background_briefing/20251129_ph.mp3, episodeDownload } ]
12-01 06:15:39.633 30442 30442 D TextView: setTypeface with style : 0
12-01 06:15:39.635 30442 30442 D TextView: setTypeface with style : 0
12-01 06:15:39.646 30442 30442 D ItemDescriptionFragment: Saving preferences
12-01 06:15:39.647 30442 30442 D ItemDescriptionFragment: Saving scroll position: 0
12-01 06:15:39.716 30442 30442 D MainActivity: onEvent(de.danoeh.antennapod.event.MessageEvent@feb0af4)
12-01 06:15:39.720 30442 30442 D TextView: setTypeface with style : 0
12-01 06:15:39.724 30442 30442 D TextView: setTypeface with style : 0
12-01 06:15:39.734 30442 30442 D AudioPlayerFragment: currentPosition 00:08:21
12-01 06:15:39.767 30442 30442 D ItemDescriptionFragment: Saving preferences
12-01 06:15:39.767 30442 30442 D ItemDescriptionFragment: Saving scroll position: 0
12-01 06:15:39.809 30442 30496 I WM-WorkerWrapper: Worker result FAILURE for Work [ id=e1739ab0-13c3-4d7f-83ef-221377d39956, tags={ de.danoeh.antennapod.net.download.service.episode.EpisodeDownloadWorker, episodeUrl:https://feeds.wdjh.org/podcasts/the_steve_matthes_show_on_racerx/20251130_251129_wsx_pulpcasts.mp3, episodeDownload } ]
12-01 06:15:39.818 30442 30442 D ItemDescriptionFragment: Saving preferences
12-01 06:15:39.818 30442 30442 D ItemDescriptionFragment: Saving scroll position: 0
12-01 06:15:39.844 30442 30442 D ItemDescriptionFragment: Saving preferences
12-01 06:15:39.844 30442 30442 D ItemDescriptionFragment: Saving scroll position: 0
12-01 06:15:39.851 30442 30442 D ItemDescriptionFragment: Saving preferences
12-01 06:15:39.851 30442 30442 D ItemDescriptionFragment: Saving scroll position: 0
12-01 06:15:39.865 30442 30498 I WM-WorkerWrapper: Worker result FAILURE for Work [ id=0a416882-e008-4493-8d88-c5782e41b3b7, tags={ episodeUrl:https://feeds.wdjh.org/podcasts/politics_now/20251129_n6.mp3, de.danoeh.antennapod.net.download.service.episode.EpisodeDownloadWorker, episodeDownload } ]
12-01 06:15:39.903 30442 30496 I WM-WorkerWrapper: Worker result FAILURE for Work [ id=2433e181-9997-4c55-8699-4510cecd577f, tags={ de.danoeh.antennapod.net.download.service.episode.EpisodeDownloadWorker, episodeUrl:https://feeds.wdjh.org/podcasts/sbs_french__sbs_en_franais/20251129_20251129140016-french-5f122eb7-3ad2-4c02-bdd1-ef71284f277e.mp3, episodeDownload } ]
12-01 06:15:39.920 30442 30442 D ViewRootImpl@fa41c15[MainActivity]: ViewPostImeInputStage processPointer 1
12-01 06:15:39.934 30442 30496 I WM-WorkerWrapper: Worker result FAILURE for Work [ id=3aaccb47-ffec-42dc-89c9-f2ab7e3a0fd2, tags={ de.danoeh.antennapod.net.download.service.episode.EpisodeDownloadWorker, episodeUrl:https://feeds.wdjh.org/podcasts/sbs_french__sbs_en_franais/20251129_20251129080514-french-20de8e09-e60d-483d-a5ae-543038947af9.mp3, episodeDownload } ]
12-01 06:15:39.972 30442 30496 I WM-WorkerWrapper: Worker result FAILURE for Work [ id=f6d2bf49-97dc-4bb8-a408-0ab9791a2f92, tags={ episodeUrl:https://feeds.wdjh.org/podcasts/the_racer_x_podcast_network/20251128_WeegeshowWednesdayAus_1.mp3, de.danoeh.antennapod.net.download.service.episode.EpisodeDownloadWorker, episodeDownload } ]
12-01 06:15:39.986 30442 30496 I WM-WorkerWrapper: Worker result FAILURE for Work [ id=9870b7f8-d220-4a8d-82b8-90f1413cc6cc, tags={ de.danoeh.antennapod.net.download.service.episode.EpisodeDownloadWorker, episodeUrl:https://feeds.wdjh.org/podcasts/boonta_vista/20251129_2220966239-boontavista-episode-424.mp3, episodeDownload } ]
12-01 06:15:40.036 30442 30459 I WM-WorkerWrapper: Worker result FAILURE for Work [ id=3290d8f6-7348-4f94-bfff-82258123ae70, tags={ episodeUrl:https://feeds.wdjh.org/podcasts/rc_plane_lab/20251128_EP199.mp3, de.danoeh.antennapod.net.download.service.episode.EpisodeDownloadWorker, episodeDownload } ]
12-01 06:15:40.045 30442 30796 D DBReader: getQueue() called
12-01 06:15:40.049 30442 30796 D DBReader: getFavoriteIDList() called
12-01 06:15:40.049 30442 30796 D DBReader: getQueueIDList() called
12-01 06:15:40.050 30442 30796 D DBReader: Extracting Feedlist
12-01 06:15:40.055 30442 30459 I WM-WorkerWrapper: Worker result FAILURE for Work [ id=8b688557-70f0-4cc0-9592-dbb7fd88843f, tags={ episodeUrl:https://feeds.wdjh.org/podcasts/abc_rewind/20251129_06.mp3, de.danoeh.antennapod.net.download.service.episode.EpisodeDownloadWorker, episodeDownload } ]
12-01 06:15:40.056 30442 30796 D DBReader: getFavoriteIDList() called
12-01 06:15:40.056 30442 30796 D DBReader: getQueueIDList() called
12-01 06:15:40.057 30442 30796 D DBReader: Extracting Feedlist
12-01 06:15:40.061 30442 30459 I WM-WorkerWrapper: Worker result FAILURE for Work [ id=88eb6ccf-dbb7-4a33-a3f1-91b344beccb2, tags={ episodeUrl:https://feeds.wdjh.org/podcasts/all_in_the_mind/20251130_1u.mp3, de.danoeh.antennapod.net.download.service.episode.EpisodeDownloadWorker, episodeDownload } ]
12-01 06:15:40.072 30442 30796 D AutoDownloadManager: autodownloadUndownloadedItems
12-01 06:15:40.072 30442 30442 D NavDrawerFragment: onQueueChanged(de.danoeh.antennapod.event.QueueEvent@c355e53)
12-01 06:15:40.072 30442 30442 D EpisodesListFragment: onEventMainThread() called with: event = [de.danoeh.antennapod.event.FeedItemEvent@703b489]
12-01 06:15:40.074 30442 31924 D DBReader: Extracting Feedlist
12-01 06:15:40.076 30442 30537 D DownloadAlgorithm: Performing auto-dl of undownloaded episodes
12-01 06:15:40.076 30442 30537 D DBReader: getRecentlyPublishedEpisodes() called with: offset=0, limit=2147483647
12-01 06:15:40.079 30442 30459 I WM-WorkerWrapper: Worker result FAILURE for Work [ id=f96b068b-4870-49a8-9076-1e848f0dee5c, tags={ episodeUrl:https://feeds.wdjh.org/podcasts/sbs_french__sbs_en_franais/20251130_20251130080108-french-2835b984-fba8-4c0b-ae17-ad98ca62e21b.mp3, de.danoeh.antennapod.net.download.service.episode.EpisodeDownloadWorker, episodeDownload } ]
12-01 06:15:40.082 30442 30537 D DBReader: getFavoriteIDList() called
12-01 06:15:40.083 30442 30537 D DBReader: getQueueIDList() called
12-01 06:15:40.083 30442 30537 D DBReader: Extracting Feedlist
12-01 06:15:40.087 30442 30537 D DBReader: getQueue() called
12-01 06:15:40.093 30442 30537 D DBReader: getFavoriteIDList() called
12-01 06:15:40.097 30442 30537 D DBReader: getQueueIDList() called
12-01 06:15:40.097 30442 30537 D DBReader: Extracting Feedlist
12-01 06:15:40.113 30442 30459 I WM-WorkerWrapper: Worker result FAILURE for Work [ id=4638a71c-06a7-41d5-9e31-fd396aad7d0f, tags={ de.danoeh.antennapod.net.download.service.episode.EpisodeDownloadWorker, episodeUrl:https://feeds.wdjh.org/podcasts/sbs_french__sbs_en_franais/20251130_20251130140019-french-e8af9bb9-bb18-4889-acc8-784690a32aa9.mp3, episodeDownload } ]
12-01 06:15:40.119 30442 30459 I WM-WorkerWrapper: Worker result FAILURE for Work [ id=533f4d78-25d2-40f7-8a46-3ae56882e8bf, tags={ de.danoeh.antennapod.net.download.service.episode.EpisodeDownloadWorker, episodeUrl:https://feeds.wdjh.org/podcasts/unravel/20251127_9v.mp3, episodeDownload } ]
12-01 06:15:40.644 30442 30442 D AudioPlayerFragment: currentPosition 00:08:22
12-01 06:15:41.644 30442 30496 E WM-WorkerWrapper: Didn't find WorkSpec for id 610307fb-9532-4fb6-a308-53b3e14b0990
12-01 06:15:41.645 30442 30442 D AudioPlayerFragment: currentPosition 00:08:23
12-01 06:15:41.665 30442 30470 E WM-WorkerWrapper: Didn't find WorkSpec for id 81fa9b54-4fbf-4850-9c33-33ac19069de7
12-01 06:15:41.746 30442 30459 E WM-WorkerWrapper: Didn't find WorkSpec for id 610307fb-9532-4fb6-a308-53b3e14b0990
12-01 06:15:41.883 30442 30459 E WM-WorkerWrapper: Didn't find WorkSpec for id 1d890262-376f-4d67-a87f-4badda2f1a61
12-01 06:15:41.967 30442 30496 E WM-WorkerWrapper: Didn't find WorkSpec for id 313c0f42-ac92-4b69-b971-d35680748d73
12-01 06:15:41.989 30442 30496 E WM-WorkerWrapper: Didn't find WorkSpec for id 044f54a0-beb1-4c35-874e-9e917b0a8870
12-01 06:15:42.039 30442 30537 I APNullCleanupAlgorithm: performCleanup: Not removing anything
12-01 06:15:42.040 30442 30537 D DownloadAlgorithm: Enqueueing 25 items for download
12-01 06:15:42.052 30442 30470 E WM-WorkerWrapper: Didn't find WorkSpec for id f657517e-eaa0-4c1a-aae2-381e447f9e72
12-01 06:15:42.055 30442 30470 E WM-WorkerWrapper: Didn't find WorkSpec for id 2ef1b657-b756-4d0f-96f4-e528c8dac474
12-01 06:15:42.061 30442 30470 E WM-WorkerWrapper: Didn't find WorkSpec for id 044f54a0-beb1-4c35-874e-9e917b0a8870
12-01 06:15:42.065 30442 30470 E WM-WorkerWrapper: Didn't find WorkSpec for id f657517e-eaa0-4c1a-aae2-381e447f9e72
12-01 06:15:42.231 30442 30459 E WM-WorkerWrapper: Didn't find WorkSpec for id 813e53f5-6e60-433b-9a30-9d2ea3c5320c
12-01 06:15:42.239 30442 30459 E WM-WorkerWrapper: Didn't find WorkSpec for id 31b80d99-9d45-4e92-9310-5a299833bbd5
12-01 06:15:42.241 30442 30459 E WM-WorkerWrapper: Didn't find WorkSpec for id 06438530-80a3-4a96-9449-b445d7ec90e6
12-01 06:15:42.247 30442 30459 E WM-WorkerWrapper: Didn't find WorkSpec for id e1739ab0-13c3-4d7f-83ef-221377d39956
12-01 06:15:42.255 30442 30459 E WM-WorkerWrapper: Didn't find WorkSpec for id fd4bea32-7b2e-4978-a4a7-73180c4ea4a2
12-01 06:15:42.258 30442 30459 E WM-WorkerWrapper: Didn't find WorkSpec for id e1739ab0-13c3-4d7f-83ef-221377d39956
12-01 06:15:42.264 30442 30459 E WM-WorkerWrapper: Didn't find WorkSpec for id 0a416882-e008-4493-8d88-c5782e41b3b7
12-01 06:15:42.277 30442 30496 E WM-WorkerWrapper: Didn't find WorkSpec for id 2433e181-9997-4c55-8699-4510cecd577f
12-01 06:15:42.290 30442 30459 E WM-WorkerWrapper: Didn't find WorkSpec for id 3aaccb47-ffec-42dc-89c9-f2ab7e3a0fd2
12-01 06:15:42.292 30442 30459 E WM-WorkerWrapper: Didn't find WorkSpec for id f6d2bf49-97dc-4bb8-a408-0ab9791a2f92
12-01 06:15:42.306 30442 30459 E WM-WorkerWrapper: Didn't find WorkSpec for id 9870b7f8-d220-4a8d-82b8-90f1413cc6cc
12-01 06:15:42.308 30442 30459 E WM-WorkerWrapper: Didn't find WorkSpec for id 3290d8f6-7348-4f94-bfff-82258123ae70
12-01 06:15:42.369 30442 30442 D ViewRootImpl@fa41c15[MainActivity]: ViewPostImeInputStage processPointer 0
12-01 06:15:42.379 30442 30543 D DBReader: getFavoriteIDList() called
12-01 06:15:42.382 30442 30790 D DBReader: getFavoriteIDList() called
12-01 06:15:42.384 30442 30800 D DBReader: getFavoriteIDList() called
12-01 06:15:42.386 30442 30536 D DBReader: getFavoriteIDList() called
12-01 06:15:42.387 30442 30543 D DBReader: getQueueIDList() called
12-01 06:15:42.388 30442 30790 D DBReader: getQueueIDList() called
12-01 06:15:42.388 30442 30800 D DBReader: getQueueIDList() called
12-01 06:15:42.391 30442 30536 D DBReader: getQueueIDList() called
12-01 06:15:42.392 30442 30543 D DBReader: Extracting Feedlist
12-01 06:15:42.392 30442 30790 D DBReader: Extracting Feedlist
12-01 06:15:42.393 30442 30536 D DBReader: Extracting Feedlist
12-01 06:15:42.393 30442 30800 D DBReader: Extracting Feedlist
12-01 06:15:42.404 30442 30790 D UserPreferences: User data folder not writable or not set. Trying default.
12-01 06:15:42.406 30442 30536 D UserPreferences: User data folder not writable or not set. Trying default.
12-01 06:15:42.406 30442 30543 D UserPreferences: User data folder not writable or not set. Trying default.
12-01 06:15:42.409 30442 30790 D DownloadRequestCreat: Requesting download of url https://feeds.wdjh.org/podcasts/full_story/20251127_27-20897-FS_HANSON.mp3
12-01 06:15:42.409 30442 30800 D UserPreferences: User data folder not writable or not set. Trying default.
12-01 06:15:42.411 30442 30536 D DownloadRequestCreat: Requesting download of url https://feeds.wdjh.org/podcasts/all_things_considered/20251127_20251127_atc_there_s_reason_to_be_optimistic_about_the_the_movies_coming_this_holiday_season.mp3
12-01 06:15:42.417 30442 30543 D DownloadRequestCreat: Requesting download of url https://feeds.wdjh.org/podcasts/abc_news_daily/20251128_89.mp3
12-01 06:15:42.419 30442 30800 D DownloadRequestCreat: Requesting download of url https://feeds.wdjh.org/podcasts/all_things_considered/20251127_20251127_atc_pope_leo_is_traveling_to_turkey_and_lebanon_on_the_first_foreign_trip_of_his_papacy.mp3
12-01 06:15:42.430 30442 30790 D HttpDownloader: addHeader("Accept-Encoding", "identity")
12-01 06:15:42.438 30442 30536 D HttpDownloader: addHeader("Accept-Encoding", "identity")
12-01 06:15:42.445 30442 30543 D HttpDownloader: addHeader("Accept-Encoding", "identity")
12-01 06:15:42.448 30442 30790 D HttpDownloader: Response code is 404
12-01 06:15:42.448 30442 30790 D HttpDownloader: onFail() called with: reason = [ERROR_NOT_FOUND], reasonDetailed = [404]
12-01 06:15:42.450 30442 30790 E EpisodeDownloadWorker: Download failed
12-01 06:15:42.451 30442 30790 D EpisodeDownloadWorker: Worker for https://feeds.wdjh.org/podcasts/full_story/20251127_27-20897-FS_HANSON.mp3 returned.
12-01 06:15:42.452 30442 30442 D MainActivity: onEvent(de.danoeh.antennapod.event.MessageEvent@4b7201e)
12-01 06:15:42.452 30442 30800 D HttpDownloader: addHeader("Accept-Encoding", "identity")
12-01 06:15:42.454 30442 30442 D TextView: setTypeface with style : 0
12-01 06:15:42.456 30442 30442 D TextView: setTypeface with style : 0
12-01 06:15:42.459 30442 30536 D HttpDownloader: Response code is 404
12-01 06:15:42.459 30442 30536 D HttpDownloader: onFail() called with: reason = [ERROR_NOT_FOUND], reasonDetailed = [404]
12-01 06:15:42.462 30442 30536 E EpisodeDownloadWorker: Download failed
12-01 06:15:42.462 30442 30543 D HttpDownloader: Response code is 404
12-01 06:15:42.462 30442 30543 D HttpDownloader: onFail() called with: reason = [ERROR_NOT_FOUND], reasonDetailed = [404]
12-01 06:15:42.462 30442 30442 D MainActivity: onEvent(de.danoeh.antennapod.event.MessageEvent@9648dc9)
12-01 06:15:42.464 30442 30536 D EpisodeDownloadWorker: Worker for https://feeds.wdjh.org/podcasts/all_things_considered/20251127_20251127_atc_there_s_reason_to_be_optimistic_about_the_the_movies_coming_this_holiday_season.mp3 returned.
12-01 06:15:42.464 30442 30442 D TextView: setTypeface with style : 0
12-01 06:15:42.465 30442 30442 D TextView: setTypeface with style : 0
12-01 06:15:42.465 30442 30543 E EpisodeDownloadWorker: Download failed
12-01 06:15:42.468 30442 30543 D EpisodeDownloadWorker: Worker for https://feeds.wdjh.org/podcasts/abc_news_daily/20251128_89.mp3 returned.
12-01 06:15:42.469 30442 30442 D MainActivity: onEvent(de.danoeh.antennapod.event.MessageEvent@78c983d)
12-01 06:15:42.470 30442 30442 D TextView: setTypeface with style : 0
12-01 06:15:42.472 30442 30442 D TextView: setTypeface with style : 0
12-01 06:15:42.472 30442 30800 D HttpDownloader: Response code is 404
12-01 06:15:42.472 30442 30800 D HttpDownloader: onFail() called with: reason = [ERROR_NOT_FOUND], reasonDetailed = [404]
12-01 06:15:42.474 30442 30800 E EpisodeDownloadWorker: Download failed
12-01 06:15:42.477 30442 30800 D EpisodeDownloadWorker: Worker for https://feeds.wdjh.org/podcasts/all_things_considered/20251127_20251127_atc_pope_leo_is_traveling_to_turkey_and_lebanon_on_the_first_foreign_trip_of_his_papacy.mp3 returned.
12-01 06:15:42.479 30442 30790 D DBReader: getFavoriteIDList() called
12-01 06:15:42.481 30442 30442 D MainActivity: onEvent(de.danoeh.antennapod.event.MessageEvent@43e56d7)
12-01 06:15:42.482 30442 30442 D TextView: setTypeface with style : 0
12-01 06:15:42.482 30442 30536 D DBReader: getFavoriteIDList() called
12-01 06:15:42.483 30442 30442 D TextView: setTypeface with style : 0
12-01 06:15:42.509 30442 30543 D DBReader: getFavoriteIDList() called
12-01 06:15:42.511 30442 30790 D DBReader: getQueueIDList() called
12-01 06:15:42.514 30442 30800 D DBReader: getFavoriteIDList() called
12-01 06:15:42.524 30442 30536 D DBReader: getQueueIDList() called
12-01 06:15:42.525 30442 30543 D DBReader: getQueueIDList() called
12-01 06:15:42.527 30442 30790 D DBReader: Extracting Feedlist
12-01 06:15:42.535 30442 30459 I WM-WorkerWrapper: Worker result FAILURE for Work [ id=41e237ec-3be6-44ff-b5b6-62148a4e2003, tags={ episodeUrl:https://feeds.wdjh.org/podcasts/full_story/20251127_27-20897-FS_HANSON.mp3, de.danoeh.antennapod.net.download.service.episode.EpisodeDownloadWorker, episodeDownload } ]
12-01 06:15:42.537 30442 30800 D DBReader: getQueueIDList() called
12-01 06:15:42.538 30442 30536 D DBReader: Extracting Feedlist
12-01 06:15:42.538 30442 30543 D DBReader: Extracting Feedlist
12-01 06:15:42.540 30442 30800 D DBReader: Extracting Feedlist
12-01 06:15:42.549 30442 30790 D UserPreferences: User data folder not writable or not set. Trying default.
12-01 06:15:42.554 30442 30536 D UserPreferences: User data folder not writable or not set. Trying default.
12-01 06:15:42.555 30442 30790 D DownloadRequestCreat: Requesting download of url https://feeds.wdjh.org/podcasts/all_things_considered/20251127_20251127_atc_the_afghan_resettlement_effort_faces_a_defining_test_after_the_dc_shooting.mp3
12-01 06:15:42.560 30442 30536 D DownloadRequestCreat: Requesting download of url https://feeds.wdjh.org/podcasts/sbs_french__sbs_en_franais/20251128_20251128082014-french-3218b267-e5d8-4373-9653-ed6f03af0dd5.mp3
12-01 06:15:42.562 30442 30543 D UserPreferences: User data folder not writable or not set. Trying default.
12-01 06:15:42.569 30442 30800 D UserPreferences: User data folder not writable or not set. Trying default.
12-01 06:15:42.570 30442 30543 D DownloadRequestCreat: Requesting download of url https://feeds.wdjh.org/podcasts/sbs_french__sbs_en_franais/20251128_20251128075814-french-8656a917-6e99-460e-8e3d-5426b1ebf6b6.mp3
12-01 06:15:42.571 30442 30800 D DownloadRequestCreat: Requesting download of url https://feeds.wdjh.org/podcasts/abc_rewind/20251128_63.mp3
12-01 06:15:42.583 30442 30790 D HttpDownloader: addHeader("Accept-Encoding", "identity")
12-01 06:15:42.597 30442 30790 D HttpDownloader: Response code is 404
12-01 06:15:42.597 30442 30790 D HttpDownloader: onFail() called with: reason = [ERROR_NOT_FOUND], reasonDetailed = [404]
12-01 06:15:42.603 30442 30536 D HttpDownloader: addHeader("Accept-Encoding", "identity")
12-01 06:15:42.604 30442 30790 E EpisodeDownloadWorker: Download failed
12-01 06:15:42.605 30442 30442 D MainActivity: onEvent(de.danoeh.antennapod.event.MessageEvent@9c49560)
12-01 06:15:42.607 30442 30790 D EpisodeDownloadWorker: Worker for https://feeds.wdjh.org/podcasts/all_things_considered/20251127_20251127_atc_the_afghan_resettlement_effort_faces_a_defining_test_after_the_dc_shooting.mp3 returned.
12-01 06:15:42.610 30442 30442 D TextView: setTypeface with style : 0
12-01 06:15:42.613 30442 30442 D TextView: setTypeface with style : 0
12-01 06:15:42.621 30442 30536 D HttpDownloader: Response code is 404
12-01 06:15:42.621 30442 30536 D HttpDownloader: onFail() called with: reason = [ERROR_NOT_FOUND], reasonDetailed = [404]
12-01 06:15:42.624 30442 30536 E EpisodeDownloadWorker: Download failed
12-01 06:15:42.625 30442 30536 D EpisodeDownloadWorker: Worker for https://feeds.wdjh.org/podcasts/sbs_french__sbs_en_franais/20251128_20251128082014-french-3218b267-e5d8-4373-9653-ed6f03af0dd5.mp3 returned.
12-01 06:15:42.626 30442 30442 D MainActivity: onEvent(de.danoeh.antennapod.event.MessageEvent@e000cb7)
12-01 06:15:42.628 30442 30442 D TextView: setTypeface with style : 0
12-01 06:15:42.630 30442 30800 D HttpDownloader: addHeader("Accept-Encoding", "identity")
12-01 06:15:42.630 30442 30442 D TextView: setTypeface with style : 0
12-01 06:15:42.636 30442 30790 D DBReader: getFavoriteIDList() called
12-01 06:15:42.644 30442 30442 D AudioPlayerFragment: currentPosition 00:08:24
12-01 06:15:42.656 30442 30800 D HttpDownloader: Response code is 404
12-01 06:15:42.656 30442 30800 D HttpDownloader: onFail() called with: reason = [ERROR_NOT_FOUND], reasonDetailed = [404]
12-01 06:15:42.661 30442 30800 E EpisodeDownloadWorker: Download failed
12-01 06:15:42.663 30442 30800 D EpisodeDownloadWorker: Worker for https://feeds.wdjh.org/podcasts/abc_rewind/20251128_63.mp3 returned.
12-01 06:15:42.667 30442 30543 D HttpDownloader: addHeader("Accept-Encoding", "identity")
12-01 06:15:42.668 30442 30536 D DBReader: getFavoriteIDList() called
12-01 06:15:42.671 30442 30790 D DBReader: getQueueIDList() called
12-01 06:15:42.672 30442 30459 I WM-WorkerWrapper: Worker result FAILURE for Work [ id=4088552f-1e4d-4dd9-ba86-a992dc459259, tags={ de.danoeh.antennapod.net.download.service.episode.EpisodeDownloadWorker, episodeUrl:https://feeds.wdjh.org/podcasts/all_things_considered/20251127_20251127_atc_there_s_reason_to_be_optimistic_about_the_the_movies_coming_this_holiday_season.mp3, episodeDownload } ]
12-01 06:15:42.673 30442 30442 D MainActivity: onEvent(de.danoeh.antennapod.event.MessageEvent@17027a8)
12-01 06:15:42.674 30442 30442 D TextView: setTypeface with style : 0
12-01 06:15:42.676 30442 30442 D TextView: setTypeface with style : 0
12-01 06:15:42.685 30442 30543 D HttpDownloader: Response code is 404
12-01 06:15:42.686 30442 30543 D HttpDownloader: onFail() called with: reason = [ERROR_NOT_FOUND], reasonDetailed = [404]
12-01 06:15:42.690 30442 30543 E EpisodeDownloadWorker: Download failed
12-01 06:15:42.691 30442 30442 D MainActivity: onEvent(de.danoeh.antennapod.event.MessageEvent@e0bdbec)
12-01 06:15:42.695 30442 30543 D EpisodeDownloadWorker: Worker for https://feeds.wdjh.org/podcasts/sbs_french__sbs_en_franais/20251128_20251128075814-french-8656a917-6e99-460e-8e3d-5426b1ebf6b6.mp3 returned.
12-01 06:15:42.697 30442 30442 D TextView: setTypeface with style : 0
12-01 06:15:42.698 30442 30442 D TextView: setTypeface with style : 0
12-01 06:15:42.726 30442 30536 D DBReader: getQueueIDList() called
12-01 06:15:42.728 30442 30800 D DBReader: getFavoriteIDList() called
12-01 06:15:42.731 30442 30790 D DBReader: Extracting Feedlist
12-01 06:15:42.734 30442 30543 D DBReader: getFavoriteIDList() called
12-01 06:15:42.747 30442 30536 D DBReader: Extracting Feedlist
12-01 06:15:42.748 30442 30800 D DBReader: getQueueIDList() called
12-01 06:15:42.750 30442 30442 D ItemDescriptionFragment: Saving preferences
12-01 06:15:42.750 30442 30442 D ItemDescriptionFragment: Saving scroll position: 0
12-01 06:15:42.754 30442 30543 D DBReader: getQueueIDList() called
12-01 06:15:42.755 30442 30442 D PlaybackService: Saving current position to 504916
12-01 06:15:42.762 30442 30790 D UserPreferences: User data folder not writable or not set. Trying default.
12-01 06:15:42.765 30442 30800 D DBReader: Extracting Feedlist
12-01 06:15:42.766 30442 30442 D ItemDescriptionFragment: Saving preferences
12-01 06:15:42.766 30442 30442 D ItemDescriptionFragment: Saving scroll position: 0
12-01 06:15:42.768 30442 30790 D DownloadRequestCreat: Requesting download of url https://feeds.wdjh.org/podcasts/abc_rewind/20251128_61.mp3
12-01 06:15:42.769 30442 30543 D DBReader: Extracting Feedlist
12-01 06:15:42.775 30442 30536 D UserPreferences: User data folder not writable or not set. Trying default.
12-01 06:15:42.776 30442 30459 I WM-WorkerWrapper: Worker result FAILURE for Work [ id=5835dc5f-36ee-4856-a9f8-35de417bb436, tags={ de.danoeh.antennapod.net.download.service.episode.EpisodeDownloadWorker, episodeUrl:https://feeds.wdjh.org/podcasts/abc_news_daily/20251128_89.mp3, episodeDownload } ]
12-01 06:15:42.778 30442 30536 D DownloadRequestCreat: Requesting download of url https://feeds.wdjh.org/podcasts/knowledge_fight/20251128_Nov15-2025.mp3
12-01 06:15:42.792 30442 30800 D UserPreferences: User data folder not writable or not set. Trying default.
12-01 06:15:42.794 30442 30543 D UserPreferences: User data folder not writable or not set. Trying default.
12-01 06:15:42.796 30442 30800 D DownloadRequestCreat: Requesting download of url https://feeds.wdjh.org/podcasts/the_conditional_release_program/20251128_stream.mp3
12-01 06:15:42.799 30442 30543 D DownloadRequestCreat: Requesting download of url https://feeds.wdjh.org/podcasts/mushroom_case_daily/20251128_b8.mp3
12-01 06:15:42.799 30442 30790 D HttpDownloader: addHeader("Accept-Encoding", "identity")
12-01 06:15:42.805 30442 30459 I WM-WorkerWrapper: Worker result FAILURE for Work [ id=7745654d-3eb5-4506-8f55-9dbb79a22e2f, tags={ episodeUrl:https://feeds.wdjh.org/podcasts/all_things_considered/20251127_20251127_atc_pope_leo_is_traveling_to_turkey_and_lebanon_on_the_first_foreign_trip_of_his_papacy.mp3, de.danoeh.antennapod.net.download.service.episode.EpisodeDownloadWorker, episodeDownload } ]
12-01 06:15:42.814 30442 30536 D HttpDownloader: addHeader("Accept-Encoding", "identity")
12-01 06:15:42.815 30442 30790 D HttpDownloader: Response code is 404
12-01 06:15:42.815 30442 30790 D HttpDownloader: onFail() called with: reason = [ERROR_NOT_FOUND], reasonDetailed = [404]
12-01 06:15:42.818 30442 30790 E EpisodeDownloadWorker: Download failed
12-01 06:15:42.819 30442 30790 D EpisodeDownloadWorker: Worker for https://feeds.wdjh.org/podcasts/abc_rewind/20251128_61.mp3 returned.
12-01 06:15:42.833 30442 30800 D HttpDownloader: addHeader("Accept-Encoding", "identity")
12-01 06:15:42.839 30442 30536 D HttpDownloader: Response code is 404
12-01 06:15:42.839 30442 30536 D HttpDownloader: onFail() called with: reason = [ERROR_NOT_FOUND], reasonDetailed = [404]
12-01 06:15:42.841 30442 30536 E EpisodeDownloadWorker: Download failed
12-01 06:15:42.842 30442 30536 D EpisodeDownloadWorker: Worker for https://feeds.wdjh.org/podcasts/knowledge_fight/20251128_Nov15-2025.mp3 returned.
12-01 06:15:42.846 30442 30800 D HttpDownloader: Response code is 404
12-01 06:15:42.846 30442 30800 D HttpDownloader: onFail() called with: reason = [ERROR_NOT_FOUND], reasonDetailed = [404]
12-01 06:15:42.850 30442 30790 D DBReader: getFavoriteIDList() called
12-01 06:15:42.850 30442 30543 D HttpDownloader: addHeader("Accept-Encoding", "identity")
12-01 06:15:42.855 30442 30800 E EpisodeDownloadWorker: Download failed
12-01 06:15:42.857 30442 30800 D EpisodeDownloadWorker: Worker for https://feeds.wdjh.org/podcasts/the_conditional_release_program/20251128_stream.mp3 returned.
12-01 06:15:42.861 30442 30543 D HttpDownloader: Response code is 404
12-01 06:15:42.861 30442 30543 D HttpDownloader: onFail() called with: reason = [ERROR_NOT_FOUND], reasonDetailed = [404]
12-01 06:15:42.863 30442 30543 E EpisodeDownloadWorker: Download failed
12-01 06:15:42.876 30442 30543 D EpisodeDownloadWorker: Worker for https://feeds.wdjh.org/podcasts/mushroom_case_daily/20251128_b8.mp3 returned.
12-01 06:15:42.883 30442 30790 D DBReader: getQueueIDList() called
12-01 06:15:42.885 30442 30442 D MainActivity: onEvent(de.danoeh.antennapod.event.MessageEvent@6b4181c)
12-01 06:15:42.886 30442 30536 D DBReader: getFavoriteIDList() called
12-01 06:15:42.889 30442 30442 D TextView: setTypeface with style : 0
12-01 06:15:42.894 30442 30800 D DBReader: getFavoriteIDList() called
12-01 06:15:42.894 30442 30442 D TextView: setTypeface with style : 0
12-01 06:15:42.896 30442 30543 D DBReader: getFavoriteIDList() called
12-01 06:15:42.897 30442 30790 D DBReader: Extracting Feedlist
12-01 06:15:42.912 30442 30442 D MainActivity: onEvent(de.danoeh.antennapod.event.MessageEvent@8d0f7d9)
12-01 06:15:42.916 30442 30442 D TextView: setTypeface with style : 0
12-01 06:15:42.918 30442 30442 D TextView: setTypeface with style : 0
12-01 06:15:42.922 30442 30442 D MainActivity: onEvent(de.danoeh.antennapod.event.MessageEvent@46fcce4)
12-01 06:15:42.923 30442 30536 D DBReader: getQueueIDList() called
12-01 06:15:42.923 30442 30442 D TextView: setTypeface with style : 0
12-01 06:15:42.924 30442 30442 D TextView: setTypeface with style : 0
12-01 06:15:42.924 30442 30800 D DBReader: getQueueIDList() called
12-01 06:15:42.925 30442 30543 D DBReader: getQueueIDList() called
12-01 06:15:42.931 30442 30442 D MainActivity: onEvent(de.danoeh.antennapod.event.MessageEvent@ae9bc68)
12-01 06:15:42.932 30442 30442 D TextView: setTypeface with style : 0
12-01 06:15:42.933 30442 30442 D TextView: setTypeface with style : 0
12-01 06:15:42.937 30442 30790 D UserPreferences: User data folder not writable or not set. Trying default.
12-01 06:15:42.940 30442 30498 I WM-WorkerWrapper: Worker result FAILURE for Work [ id=b81bebb0-33ea-4427-847f-3a896e7a56ea, tags={ de.danoeh.antennapod.net.download.service.episode.EpisodeDownloadWorker, episodeUrl:https://feeds.wdjh.org/podcasts/all_things_considered/20251127_20251127_atc_the_afghan_resettlement_effort_faces_a_defining_test_after_the_dc_shooting.mp3, episodeDownload } ]
12-01 06:15:42.941 30442 30790 D DownloadRequestCreat: Requesting download of url https://feeds.wdjh.org/podcasts/background_briefing/20251129_ph.mp3
12-01 06:15:42.945 30442 30536 D DBReader: Extracting Feedlist
12-01 06:15:42.946 30442 30800 D DBReader: Extracting Feedlist
12-01 06:15:42.947 30442 30543 D DBReader: Extracting Feedlist
12-01 06:15:42.956 30442 30536 D UserPreferences: User data folder not writable or not set. Trying default.
12-01 06:15:42.959 30442 30536 D DownloadRequestCreat: Requesting download of url https://feeds.wdjh.org/podcasts/the_steve_matthes_show_on_racerx/20251130_251129_wsx_pulpcasts.mp3
12-01 06:15:42.960 30442 30800 D UserPreferences: User data folder not writable or not set. Trying default.
12-01 06:15:42.961 30442 30543 D UserPreferences: User data folder not writable or not set. Trying default.
12-01 06:15:42.965 30442 30800 D DownloadRequestCreat: Requesting download of url https://feeds.wdjh.org/podcasts/politics_now/20251129_n6.mp3
12-01 06:15:42.967 30442 30543 D DownloadRequestCreat: Requesting download of url https://feeds.wdjh.org/podcasts/sbs_french__sbs_en_franais/20251129_20251129140016-french-5f122eb7-3ad2-4c02-bdd1-ef71284f277e.mp3
12-01 06:15:42.967 30442 30442 D ViewRootImpl@fa41c15[MainActivity]: ViewPostImeInputStage processPointer 1
12-01 06:15:42.975 30442 30498 I WM-WorkerWrapper: Worker result FAILURE for Work [ id=790c7c13-be1a-4257-9e42-d95d80b50707, tags={ episodeUrl:https://feeds.wdjh.org/podcasts/sbs_french__sbs_en_franais/20251128_20251128082014-french-3218b267-e5d8-4373-9653-ed6f03af0dd5.mp3, de.danoeh.antennapod.net.download.service.episode.EpisodeDownloadWorker, episodeDownload } ]
12-01 06:15:42.980 30442 30790 D HttpDownloader: addHeader("Accept-Encoding", "identity")
12-01 06:15:42.986 30442 30536 D HttpDownloader: addHeader("Accept-Encoding", "identity")
12-01 06:15:42.989 30442 30790 D HttpDownloader: Response code is 404
12-01 06:15:42.989 30442 30790 D HttpDownloader: onFail() called with: reason = [ERROR_NOT_FOUND], reasonDetailed = [404]
12-01 06:15:42.990 30442 30790 E EpisodeDownloadWorker: Download failed
12-01 06:15:42.991 30442 30790 D EpisodeDownloadWorker: Worker for https://feeds.wdjh.org/podcasts/background_briefing/20251129_ph.mp3 returned.
12-01 06:15:42.993 30442 30800 D HttpDownloader: addHeader("Accept-Encoding", "identity")
12-01 06:15:43.001 30442 30536 D HttpDownloader: Response code is 404
12-01 06:15:43.001 30442 30536 D HttpDownloader: onFail() called with: reason = [ERROR_NOT_FOUND], reasonDetailed = [404]
12-01 06:15:43.002 30442 30536 E EpisodeDownloadWorker: Download failed
12-01 06:15:43.002 30442 30800 D HttpDownloader: Response code is 404
12-01 06:15:43.002 30442 30800 D HttpDownloader: onFail() called with: reason = [ERROR_NOT_FOUND], reasonDetailed = [404]
12-01 06:15:43.003 30442 30536 D EpisodeDownloadWorker: Worker for https://feeds.wdjh.org/podcasts/the_steve_matthes_show_on_racerx/20251130_251129_wsx_pulpcasts.mp3 returned.
12-01 06:15:43.004 30442 30800 E EpisodeDownloadWorker: Download failed
12-01 06:15:43.005 30442 30800 D EpisodeDownloadWorker: Worker for https://feeds.wdjh.org/podcasts/politics_now/20251129_n6.mp3 returned.
12-01 06:15:43.010 30442 30790 D DBReader: getFavoriteIDList() called
12-01 06:15:43.010 30442 30543 D HttpDownloader: addHeader("Accept-Encoding", "identity")
12-01 06:15:43.013 30442 30536 D DBReader: getFavoriteIDList() called
12-01 06:15:43.020 30442 30543 D HttpDownloader: Response code is 404
12-01 06:15:43.021 30442 30543 D HttpDownloader: onFail() called with: reason = [ERROR_NOT_FOUND], reasonDetailed = [404]
12-01 06:15:43.022 30442 30543 E EpisodeDownloadWorker: Download failed
12-01 06:15:43.025 30442 30543 D EpisodeDownloadWorker: Worker for https://feeds.wdjh.org/podcasts/sbs_french__sbs_en_franais/20251129_20251129140016-french-5f122eb7-3ad2-4c02-bdd1-ef71284f277e.mp3 returned.
12-01 06:15:43.030 30442 30800 D DBReader: getFavoriteIDList() called
12-01 06:15:43.030 30442 30790 D DBReader: getQueueIDList() called
12-01 06:15:43.033 30442 30543 D DBReader: getFavoriteIDList() called
12-01 06:15:43.034 30442 30800 D DBReader: getQueueIDList() called
12-01 06:15:43.034 30442 30536 D DBReader: getQueueIDList() called
12-01 06:15:43.046 30442 30442 D MainActivity: onEvent(de.danoeh.antennapod.event.MessageEvent@1c3490a)
12-01 06:15:43.049 30442 30442 D TextView: setTypeface with style : 0
12-01 06:15:43.051 30442 30442 D TextView: setTypeface with style : 0
12-01 06:15:43.057 30442 30442 D MainActivity: onEvent(de.danoeh.antennapod.event.MessageEvent@39a6029)
12-01 06:15:43.059 30442 30442 D TextView: setTypeface with style : 0
12-01 06:15:43.060 30442 30442 D TextView: setTypeface with style : 0
12-01 06:15:43.063 30442 30442 D MainActivity: onEvent(de.danoeh.antennapod.event.MessageEvent@9fecf74)
12-01 06:15:43.064 30442 30442 D TextView: setTypeface with style : 0
12-01 06:15:43.064 30442 30790 D DBReader: Extracting Feedlist
12-01 06:15:43.066 30442 30442 D TextView: setTypeface with style : 0
12-01 06:15:43.066 30442 30543 D DBReader: getQueueIDList() called
12-01 06:15:43.067 30442 30800 D DBReader: Extracting Feedlist
12-01 06:15:43.072 30442 30442 D MainActivity: onEvent(de.danoeh.antennapod.event.MessageEvent@e7439f8)
12-01 06:15:43.073 30442 30442 D TextView: setTypeface with style : 0
12-01 06:15:43.075 30442 30442 D TextView: setTypeface with style : 0
12-01 06:15:43.079 30442 30536 D DBReader: Extracting Feedlist
12-01 06:15:43.083 30442 30543 D DBReader: Extracting Feedlist
12-01 06:15:43.084 30442 30790 D UserPreferences: User data folder not writable or not set. Trying default.
12-01 06:15:43.087 30442 30790 D DownloadRequestCreat: Requesting download of url https://feeds.wdjh.org/podcasts/sbs_french__sbs_en_franais/20251129_20251129080514-french-20de8e09-e60d-483d-a5ae-543038947af9.mp3
12-01 06:15:43.091 30442 30800 D UserPreferences: User data folder not writable or not set. Trying default.
12-01 06:15:43.093 30442 30800 D DownloadRequestCreat: Requesting download of url https://feeds.wdjh.org/podcasts/boonta_vista/20251129_2220966239-boontavista-episode-424.mp3
12-01 06:15:43.106 30442 30536 D UserPreferences: User data folder not writable or not set. Trying default.
12-01 06:15:43.108 30442 30536 D DownloadRequestCreat: Requesting download of url https://feeds.wdjh.org/podcasts/the_racer_x_podcast_network/20251128_WeegeshowWednesdayAus_1.mp3
12-01 06:15:43.110 30442 30790 D HttpDownloader: addHeader("Accept-Encoding", "identity")
12-01 06:15:43.113 30442 30543 D UserPreferences: User data folder not writable or not set. Trying default.
12-01 06:15:43.115 30442 30543 D DownloadRequestCreat: Requesting download of url https://feeds.wdjh.org/podcasts/rc_plane_lab/20251128_EP199.mp3
12-01 06:15:43.122 30442 30790 D HttpDownloader: Response code is 404
12-01 06:15:43.122 30442 30790 D HttpDownloader: onFail() called with: reason = [ERROR_NOT_FOUND], reasonDetailed = [404]
12-01 06:15:43.124 30442 30790 E EpisodeDownloadWorker: Download failed
12-01 06:15:43.124 30442 30442 D MainActivity: onEvent(de.danoeh.antennapod.event.MessageEvent@9926c1a)
12-01 06:15:43.125 30442 30790 D EpisodeDownloadWorker: Worker for https://feeds.wdjh.org/podcasts/sbs_french__sbs_en_franais/20251129_20251129080514-french-20de8e09-e60d-483d-a5ae-543038947af9.mp3 returned.
12-01 06:15:43.125 30442 30442 D TextView: setTypeface with style : 0
12-01 06:15:43.127 30442 30442 D TextView: setTypeface with style : 0
12-01 06:15:43.127 30442 30498 I WM-WorkerWrapper: Worker result FAILURE for Work [ id=18a37231-3466-4468-a086-75b1bec2ab00, tags={ episodeUrl:https://feeds.wdjh.org/podcasts/abc_rewind/20251128_63.mp3, de.danoeh.antennapod.net.download.service.episode.EpisodeDownloadWorker, episodeDownload } ]
12-01 06:15:43.128 30442 30790 D DBReader: getFavoriteIDList() called
12-01 06:15:43.128 30442 30800 D HttpDownloader: addHeader("Accept-Encoding", "identity")
12-01 06:15:43.128 30442 30790 D DBReader: getQueueIDList() called
12-01 06:15:43.145 30442 30800 D HttpDownloader: Response code is 404
12-01 06:15:43.145 30442 30800 D HttpDownloader: onFail() called with: reason = [ERROR_NOT_FOUND], reasonDetailed = [404]
12-01 06:15:43.146 30442 30800 E EpisodeDownloadWorker: Download failed
12-01 06:15:43.147 30442 30496 I WM-WorkerWrapper: Worker result FAILURE for Work [ id=00f24935-c6e1-426f-8604-03795773f079, tags={ de.danoeh.antennapod.net.download.service.episode.EpisodeDownloadWorker, episodeUrl:https://feeds.wdjh.org/podcasts/sbs_french__sbs_en_franais/20251128_20251128075814-french-8656a917-6e99-460e-8e3d-5426b1ebf6b6.mp3, episodeDownload } ]
12-01 06:15:43.147 30442 30800 D EpisodeDownloadWorker: Worker for https://feeds.wdjh.org/podcasts/boonta_vista/20251129_2220966239-boontavista-episode-424.mp3 returned.
12-01 06:15:43.152 30442 30790 D DBReader: Extracting Feedlist
12-01 06:15:43.153 30442 30536 D HttpDownloader: addHeader("Accept-Encoding", "identity")
12-01 06:15:43.154 30442 30800 D DBReader: getFavoriteIDList() called
12-01 06:15:43.160 30442 30790 D UserPreferences: User data folder not writable or not set. Trying default.
12-01 06:15:43.161 30442 30790 D DownloadRequestCreat: Requesting download of url https://feeds.wdjh.org/podcasts/abc_rewind/20251129_06.mp3
12-01 06:15:43.167 30442 30536 D HttpDownloader: Response code is 404
12-01 06:15:43.167 30442 30536 D HttpDownloader: onFail() called with: reason = [ERROR_NOT_FOUND], reasonDetailed = [404]
12-01 06:15:43.168 30442 30536 E EpisodeDownloadWorker: Download failed
12-01 06:15:43.169 30442 30536 D EpisodeDownloadWorker: Worker for https://feeds.wdjh.org/podcasts/the_racer_x_podcast_network/20251128_WeegeshowWednesdayAus_1.mp3 returned.
12-01 06:15:43.175 30442 30800 D DBReader: getQueueIDList() called
12-01 06:15:43.176 30442 30536 D DBReader: getFavoriteIDList() called
12-01 06:15:43.176 30442 30543 D HttpDownloader: addHeader("Accept-Encoding", "identity")
12-01 06:15:43.177 30442 30536 D DBReader: getQueueIDList() called
12-01 06:15:43.177 30442 30800 D DBReader: Extracting Feedlist
12-01 06:15:43.178 30442 30536 D DBReader: Extracting Feedlist
12-01 06:15:43.184 30442 30543 D HttpDownloader: Response code is 404
12-01 06:15:43.184 30442 30543 D HttpDownloader: onFail() called with: reason = [ERROR_NOT_FOUND], reasonDetailed = [404]
12-01 06:15:43.188 30442 30543 E EpisodeDownloadWorker: Download failed
12-01 06:15:43.189 30442 30543 D EpisodeDownloadWorker: Worker for https://feeds.wdjh.org/podcasts/rc_plane_lab/20251128_EP199.mp3 returned.
12-01 06:15:43.198 30442 30442 D MainActivity: onEvent(de.danoeh.antennapod.event.MessageEvent@c2655be)
12-01 06:15:43.200 30442 30442 D TextView: setTypeface with style : 0
12-01 06:15:43.201 30442 30442 D TextView: setTypeface with style : 0
12-01 06:15:43.202 30442 30800 D UserPreferences: User data folder not writable or not set. Trying default.
12-01 06:15:43.203 30442 30543 D DBReader: getFavoriteIDList() called
12-01 06:15:43.204 30442 30442 D MainActivity: onEvent(de.danoeh.antennapod.event.MessageEvent@442fed)
12-01 06:15:43.204 30442 30536 D UserPreferences: User data folder not writable or not set. Trying default.
12-01 06:15:43.205 30442 30800 D DownloadRequestCreat: Requesting download of url https://feeds.wdjh.org/podcasts/all_in_the_mind/20251130_1u.mp3
12-01 06:15:43.206 30442 30442 D TextView: setTypeface with style : 0
12-01 06:15:43.207 30442 30536 D DownloadRequestCreat: Requesting download of url https://feeds.wdjh.org/podcasts/sbs_french__sbs_en_franais/20251130_20251130080108-french-2835b984-fba8-4c0b-ae17-ad98ca62e21b.mp3
12-01 06:15:43.207 30442 30442 D TextView: setTypeface with style : 0
12-01 06:15:43.228 30442 30442 D MainActivity: onEvent(de.danoeh.antennapod.event.MessageEvent@214388)
12-01 06:15:43.230 30442 30442 D TextView: setTypeface with style : 0
12-01 06:15:43.231 30442 30442 D TextView: setTypeface with style : 0
12-01 06:15:43.243 30442 30543 D DBReader: getQueueIDList() called
12-01 06:15:43.244 30442 30790 D HttpDownloader: addHeader("Accept-Encoding", "identity")
12-01 06:15:43.254 30442 30790 D HttpDownloader: Response code is 404
12-01 06:15:43.254 30442 30790 D HttpDownloader: onFail() called with: reason = [ERROR_NOT_FOUND], reasonDetailed = [404]
12-01 06:15:43.259 30442 30790 E EpisodeDownloadWorker: Download failed
12-01 06:15:43.261 30442 30790 D EpisodeDownloadWorker: Worker for https://feeds.wdjh.org/podcasts/abc_rewind/20251129_06.mp3 returned.
12-01 06:15:43.268 30442 30496 I WM-WorkerWrapper: Worker result FAILURE for Work [ id=5f9a0362-58ca-46f1-a004-602ac2514153, tags={ de.danoeh.antennapod.net.download.service.episode.EpisodeDownloadWorker, episodeUrl:https://feeds.wdjh.org/podcasts/abc_rewind/20251128_61.mp3, episodeDownload } ]
12-01 06:15:43.271 30442 30543 D DBReader: Extracting Feedlist
12-01 06:15:43.273 30442 30790 D DBReader: getFavoriteIDList() called
12-01 06:15:43.278 30442 30800 D HttpDownloader: addHeader("Accept-Encoding", "identity")
12-01 06:15:43.282 30442 30790 D DBReader: getQueueIDList() called
12-01 06:15:43.283 30442 30543 D UserPreferences: User data folder not writable or not set. Trying default.
12-01 06:15:43.285 30442 30543 D DownloadRequestCreat: Requesting download of url https://feeds.wdjh.org/podcasts/sbs_french__sbs_en_franais/20251130_20251130140019-french-e8af9bb9-bb18-4889-acc8-784690a32aa9.mp3
12-01 06:15:43.286 30442 30800 D HttpDownloader: Response code is 404
12-01 06:15:43.286 30442 30800 D HttpDownloader: onFail() called with: reason = [ERROR_NOT_FOUND], reasonDetailed = [404]
12-01 06:15:43.288 30442 30800 E EpisodeDownloadWorker: Download failed
12-01 06:15:43.289 30442 30800 D EpisodeDownloadWorker: Worker for https://feeds.wdjh.org/podcasts/all_in_the_mind/20251130_1u.mp3 returned.
12-01 06:15:43.289 30442 30536 D HttpDownloader: addHeader("Accept-Encoding", "identity")
12-01 06:15:43.300 30442 30536 D HttpDownloader: Response code is 404
12-01 06:15:43.300 30442 30536 D HttpDownloader: onFail() called with: reason = [ERROR_NOT_FOUND], reasonDetailed = [404]
12-01 06:15:43.301 30442 30790 D DBReader: Extracting Feedlist
12-01 06:15:43.301 30442 30536 E EpisodeDownloadWorker: Download failed
12-01 06:15:43.302 30442 30536 D EpisodeDownloadWorker: Worker for https://feeds.wdjh.org/podcasts/sbs_french__sbs_en_franais/20251130_20251130080108-french-2835b984-fba8-4c0b-ae17-ad98ca62e21b.mp3 returned.
12-01 06:15:43.305 30442 30442 D ItemDescriptionFragment: Saving preferences
12-01 06:15:43.305 30442 30442 D ItemDescriptionFragment: Saving scroll position: 0
12-01 06:15:43.308 30442 30442 D MainActivity: onEvent(de.danoeh.antennapod.event.MessageEvent@8a93b2a)
12-01 06:15:43.310 30442 30442 D TextView: setTypeface with style : 0
12-01 06:15:43.311 30442 30442 D TextView: setTypeface with style : 0
12-01 06:15:43.312 30442 30496 I WM-WorkerWrapper: Worker result FAILURE for Work [ id=1243a779-426d-4c55-8d81-5095d861f414, tags={ episodeUrl:https://feeds.wdjh.org/podcasts/knowledge_fight/20251128_Nov15-2025.mp3, de.danoeh.antennapod.net.download.service.episode.EpisodeDownloadWorker, episodeDownload } ]
12-01 06:15:43.315 30442 30442 D MainActivity: onEvent(de.danoeh.antennapod.event.MessageEvent@e4c76ef)
12-01 06:15:43.315 30442 30543 D HttpDownloader: addHeader("Accept-Encoding", "identity")
12-01 06:15:43.316 30442 30442 D TextView: setTypeface with style : 0
12-01 06:15:43.317 30442 30442 D TextView: setTypeface with style : 0
12-01 06:15:43.324 30442 30790 D UserPreferences: User data folder not writable or not set. Trying default.
12-01 06:15:43.324 30442 30496 I WM-WorkerWrapper: Worker result FAILURE for Work [ id=aa99d899-8795-4ec3-b25b-6d6a5e50a7d5, tags={ de.danoeh.antennapod.net.download.service.episode.EpisodeDownloadWorker, episodeUrl:https://feeds.wdjh.org/podcasts/the_conditional_release_program/20251128_stream.mp3, episodeDownload } ]
12-01 06:15:43.324 30442 30543 D HttpDownloader: Response code is 404
12-01 06:15:43.324 30442 30543 D HttpDownloader: onFail() called with: reason = [ERROR_NOT_FOUND], reasonDetailed = [404]
12-01 06:15:43.326 30442 30790 D DownloadRequestCreat: Requesting download of url https://feeds.wdjh.org/podcasts/unravel/20251127_9v.mp3
12-01 06:15:43.326 30442 30442 D ItemDescriptionFragment: Saving preferences
12-01 06:15:43.326 30442 30442 D ItemDescriptionFragment: Saving scroll position: 0
12-01 06:15:43.327 30442 30543 E EpisodeDownloadWorker: Download failed
12-01 06:15:43.328 30442 30543 D EpisodeDownloadWorker: Worker for https://feeds.wdjh.org/podcasts/sbs_french__sbs_en_franais/20251130_20251130140019-french-e8af9bb9-bb18-4889-acc8-784690a32aa9.mp3 returned.
12-01 06:15:43.349 30442 30790 D HttpDownloader: addHeader("Accept-Encoding", "identity")
12-01 06:15:43.356 30442 30790 D HttpDownloader: Response code is 404
12-01 06:15:43.356 30442 30790 D HttpDownloader: onFail() called with: reason = [ERROR_NOT_FOUND], reasonDetailed = [404]
12-01 06:15:43.357 30442 30790 E EpisodeDownloadWorker: Download failed
12-01 06:15:43.359 30442 30790 D EpisodeDownloadWorker: Worker for https://feeds.wdjh.org/podcasts/unravel/20251127_9v.mp3 returned.
12-01 06:15:43.382 30442 30442 D MainActivity: onEvent(de.danoeh.antennapod.event.MessageEvent@9863239)
12-01 06:15:43.383 30442 30442 D TextView: setTypeface with style : 0
12-01 06:15:43.384 30442 30442 D TextView: setTypeface with style : 0
12-01 06:15:43.387 30442 30442 D MainActivity: onEvent(de.danoeh.antennapod.event.MessageEvent@7276ec4)
12-01 06:15:43.388 30442 30442 D TextView: setTypeface with style : 0
12-01 06:15:43.390 30442 30442 D TextView: setTypeface with style : 0
12-01 06:15:43.442 30442 30442 D ItemDescriptionFragment: Saving preferences
12-01 06:15:43.442 30442 30442 D ItemDescriptionFragment: Saving scroll position: 0
12-01 06:15:43.446 30442 30442 D MainActivity: onEvent(de.danoeh.antennapod.event.MessageEvent@e7f72eb)
12-01 06:15:43.447 30442 30442 D TextView: setTypeface with style : 0
12-01 06:15:43.448 30442 30442 D TextView: setTypeface with style : 0
12-01 06:15:43.454 30442 30496 I WM-WorkerWrapper: Worker result FAILURE for Work [ id=6304a83a-0298-4171-b63e-f3d588215ced, tags={ episodeUrl:https://feeds.wdjh.org/podcasts/mushroom_case_daily/20251128_b8.mp3, de.danoeh.antennapod.net.download.service.episode.EpisodeDownloadWorker, episodeDownload } ]
12-01 06:15:43.505 30442 30442 D ItemDescriptionFragment: Saving preferences
12-01 06:15:43.505 30442 30442 D ItemDescriptionFragment: Saving scroll position: 0
12-01 06:15:43.527 30442 30442 D ItemDescriptionFragment: Saving preferences
12-01 06:15:43.527 30442 30442 D ItemDescriptionFragment: Saving scroll position: 0
