12-01 06:21:29.957 30442 30442 D TextView: setTypeface with style : 0
12-01 06:21:29.958 30442 30442 D TextView: setTypeface with style : 0
12-01 06:21:29.958 30442 30442 D TextView: setTypeface with style : 0
12-01 06:21:29.958 30442 30442 W RippleUtils: Use a non-transparent color for the default color as it will be used to finish ripple animations.
12-01 06:21:29.959 30442 30442 D TextView: setTypeface with style : 0
12-01 06:21:29.959 30442 30442 D TextView: setTypeface with style : 0
12-01 06:21:29.960 30442 30442 D TextView: setTypeface with style : 0
12-01 06:21:29.960 30442 30442 W RippleUtils: Use a non-transparent color for the default color as it will be used to finish ripple animations.
12-01 06:21:29.960 30442 30442 W RippleUtils: Use a non-transparent color for the default color as it will be used to finish ripple animations.
12-01 06:21:29.960 30442 30442 W RippleUtils: Use a non-transparent color for the default color as it will be used to finish ripple animations.
12-01 06:21:29.960 30442 30442 W RippleUtils: Use a non-transparent color for the default color as it will be used to finish ripple animations.
12-01 06:21:29.960 30442 30442 D TextView: setTypeface with style : 0
12-01 06:21:29.961 30442 30442 D TextView: setTypeface with style : 0
12-01 06:21:29.961 30442 30442 D TextView: setTypeface with style : 0
12-01 06:21:29.961 30442 30442 W RippleUtils: Use a non-transparent color for the default color as it will be used to finish ripple animations.
12-01 06:21:29.961 30442 30442 W RippleUtils: Use a non-transparent color for the default color as it will be used to finish ripple animations.
12-01 06:21:29.961 30442 30442 W RippleUtils: Use a non-transparent color for the default color as it will be used to finish ripple animations.
12-01 06:21:29.961 30442 30442 W RippleUtils: Use a non-transparent color for the default color as it will be used to finish ripple animations.
12-01 06:21:29.963 30442 30442 D TextView: setTypeface with style : 0
12-01 06:21:29.964 30442 30442 D TextView: setTypeface with style : 0
12-01 06:21:29.964 30442 30442 D TextView: setTypeface with style : 0
12-01 06:21:29.964 30442 30442 D TextView: setTypeface with style : 0
12-01 06:21:29.964 30442 30442 D TextView: setTypeface with style : 0
12-01 06:21:29.965 30442 30442 W RippleUtils: Use a non-transparent color for the default color as it will be used to finish ripple animations.
12-01 06:21:29.966 30442 30442 D TextView: setTypeface with style : 0
12-01 06:21:29.966 30442 30442 D TextView: setTypeface with style : 0
12-01 06:21:29.966 30442 30442 D TextView: setTypeface with style : 0
12-01 06:21:29.967 30442 30442 W RippleUtils: Use a non-transparent color for the default color as it will be used to finish ripple animations.
12-01 06:21:29.967 30442 30442 W RippleUtils: Use a non-transparent color for the default color as it will be used to finish ripple animations.
12-01 06:21:29.967 30442 30442 W RippleUtils: Use a non-transparent color for the default color as it will be used to finish ripple animations.
12-01 06:21:29.967 30442 30442 W RippleUtils: Use a non-transparent color for the default color as it will be used to finish ripple animations.
12-01 06:21:29.967 30442 30442 D TextView: setTypeface with style : 0
12-01 06:21:29.968 30442 30442 D TextView: setTypeface with style : 0
12-01 06:21:29.968 30442 30442 D TextView: setTypeface with style : 0
12-01 06:21:29.968 30442 30442 W RippleUtils: Use a non-transparent color for the default color as it will be used to finish ripple animations.
12-01 06:21:29.968 30442 30442 W RippleUtils: Use a non-transparent color for the default color as it will be used to finish ripple animations.
12-01 06:21:29.968 30442 30442 W RippleUtils: Use a non-transparent color for the default color as it will be used to finish ripple animations.
12-01 06:21:29.968 30442 30442 W RippleUtils: Use a non-transparent color for the default color as it will be used to finish ripple animations.
12-01 06:21:29.969 30442 30442 D TextView: setTypeface with style : 0
12-01 06:21:29.969 30442 30442 D TextView: setTypeface with style : 0
12-01 06:21:29.969 30442 30442 D TextView: setTypeface with style : 0
12-01 06:21:29.969 30442 30442 W RippleUtils: Use a non-transparent color for the default color as it will be used to finish ripple animations.
12-01 06:21:29.969 30442 30442 W RippleUtils: Use a non-transparent color for the default color as it will be used to finish ripple animations.
12-01 06:21:29.969 30442 30442 W RippleUtils: Use a non-transparent color for the default color as it will be used to finish ripple animations.
12-01 06:21:29.969 30442 30442 W RippleUtils: Use a non-transparent color for the default color as it will be used to finish ripple animations.
12-01 06:21:29.971 30442 30442 D TextView: setTypeface with style : 0
12-01 06:21:29.972 30442 30442 D TextView: setTypeface with style : 0
12-01 06:21:29.972 30442 30442 D TextView: setTypeface with style : 0
12-01 06:21:29.973 30442 30442 D TextView: setTypeface with style : 0
12-01 06:21:29.973 30442 30442 D TextView: setTypeface with style : 0
12-01 06:21:29.973 30442 30442 W RippleUtils: Use a non-transparent color for the default color as it will be used to finish ripple animations.
12-01 06:21:29.975 30442 30442 D TextView: setTypeface with style : 0
12-01 06:21:29.975 30442 30442 D TextView: setTypeface with style : 0
12-01 06:21:29.975 30442 30442 D TextView: setTypeface with style : 0
12-01 06:21:29.975 30442 30442 W RippleUtils: Use a non-transparent color for the default color as it will be used to finish ripple animations.
12-01 06:21:29.975 30442 30442 W RippleUtils: Use a non-transparent color for the default color as it will be used to finish ripple animations.
12-01 06:21:29.975 30442 30442 W RippleUtils: Use a non-transparent color for the default color as it will be used to finish ripple animations.
12-01 06:21:29.975 30442 30442 W RippleUtils: Use a non-transparent color for the default color as it will be used to finish ripple animations.
12-01 06:21:29.976 30442 30442 D TextView: setTypeface with style : 0
12-01 06:21:29.976 30442 30442 D TextView: setTypeface with style : 0
12-01 06:21:29.976 30442 30442 D TextView: setTypeface with style : 0
12-01 06:21:29.976 30442 30442 W RippleUtils: Use a non-transparent color for the default color as it will be used to finish ripple animations.
12-01 06:21:29.976 30442 30442 W RippleUtils: Use a non-transparent color for the default color as it will be used to finish ripple animations.
12-01 06:21:29.977 30442 30442 W RippleUtils: Use a non-transparent color for the default color as it will be used to finish ripple animations.
12-01 06:21:29.977 30442 30442 W RippleUtils: Use a non-transparent color for the default color as it will be used to finish ripple animations.
12-01 06:21:29.977 30442 30442 D TextView: setTypeface with style : 0
12-01 06:21:29.977 30442 30442 D TextView: setTypeface with style : 0
12-01 06:21:29.977 30442 30442 D TextView: setTypeface with style : 0
12-01 06:21:29.978 30442 30442 W RippleUtils: Use a non-transparent color for the default color as it will be used to finish ripple animations.
12-01 06:21:29.978 30442 30442 W RippleUtils: Use a non-transparent color for the default color as it will be used to finish ripple animations.
12-01 06:21:29.978 30442 30442 W RippleUtils: Use a non-transparent color for the default color as it will be used to finish ripple animations.
12-01 06:21:29.978 30442 30442 W RippleUtils: Use a non-transparent color for the default color as it will be used to finish ripple animations.
12-01 06:21:29.978 30442 30442 D TextView: setTypeface with style : 0
12-01 06:21:29.978 30442 30442 D TextView: setTypeface with style : 0
12-01 06:21:29.979 30442 30442 D TextView: setTypeface with style : 0
12-01 06:21:29.979 30442 30442 W RippleUtils: Use a non-transparent color for the default color as it will be used to finish ripple animations.
12-01 06:21:29.979 30442 30442 W RippleUtils: Use a non-transparent color for the default color as it will be used to finish ripple animations.
12-01 06:21:29.979 30442 30442 W RippleUtils: Use a non-transparent color for the default color as it will be used to finish ripple animations.
12-01 06:21:29.979 30442 30442 W RippleUtils: Use a non-transparent color for the default color as it will be used to finish ripple animations.
12-01 06:21:29.981 30442 30442 D TextView: setTypeface with style : 0
12-01 06:21:29.981 30442 30442 D TextView: setTypeface with style : 0
12-01 06:21:29.982 30442 30442 D TextView: setTypeface with style : 0
12-01 06:21:29.982 30442 30442 D TextView: setTypeface with style : 0
12-01 06:21:29.982 30442 30442 D TextView: setTypeface with style : 0
12-01 06:21:29.982 30442 30442 W RippleUtils: Use a non-transparent color for the default color as it will be used to finish ripple animations.
12-01 06:21:29.984 30442 30442 D NavDrawerFragment: saveLastNavFragment(tag: HomeFragment)
12-01 06:21:29.984 30442 30442 D MainActivity: loadFragment(tag: HomeFragment, args: null)
12-01 06:21:29.985 30442 30442 W BottomSheetBehavior: BottomSheetBehavior now supports multiple callbacks. `setBottomSheetCallback()` removes all existing callbacks, including ones set internally by library authors, which may result in unintended behavior. This may change in the future. Please use `addBottomSheetCallback()` and `removeBottomSheetCallback()` instead to set your own callbacks.
12-01 06:21:29.999 30442 30442 D TextView: setTypeface with style : 0
12-01 06:21:29.999 30442 30442 D TextView: setTypeface with style : 0
12-01 06:21:30.003 30442 30442 D TextView: setTypeface with style : 0
12-01 06:21:30.003 30442 30442 D TextView: setTypeface with style : 0
12-01 06:21:30.007 30442 30442 D TextView: setTypeface with style : 0
12-01 06:21:30.009 30442 30442 D TextView: setTypeface with style : 0
12-01 06:21:30.013 30442 30442 D TextView: setTypeface with style : 0
12-01 06:21:30.013 30442 30442 E ConstraintLayout: layout_constraintWidth_default="wrap" is deprecated.
12-01 06:21:30.013 30442 30442 E ConstraintLayout: Use layout_width="WRAP_CONTENT" and layout_constrainedWidth="true" instead.
12-01 06:21:30.016 30442 30442 D TextView: setTypeface with style : 0
12-01 06:21:30.017 30442 30442 D TextView: setTypeface with style : 0
12-01 06:21:30.021 30442 30442 D TextView: setTypeface with style : 0
12-01 06:21:30.024 30442 30442 D TextView: setTypeface with style : 0
12-01 06:21:30.024 30442 30442 E ConstraintLayout: layout_constraintWidth_default="wrap" is deprecated.
12-01 06:21:30.024 30442 30442 E ConstraintLayout: Use layout_width="WRAP_CONTENT" and layout_constrainedWidth="true" instead.
12-01 06:21:30.026 30442 30442 D TextView: setTypeface with style : 0
12-01 06:21:30.027 30442 30442 D TextView: setTypeface with style : 0
12-01 06:21:30.030 30442 30442 D TextView: setTypeface with style : 0
12-01 06:21:30.033 30442 30442 D TextView: setTypeface with style : 0
12-01 06:21:30.033 30442 30442 E ConstraintLayout: layout_constraintWidth_default="wrap" is deprecated.
12-01 06:21:30.033 30442 30442 E ConstraintLayout: Use layout_width="WRAP_CONTENT" and layout_constrainedWidth="true" instead.
12-01 06:21:30.035 30442 30442 D TextView: setTypeface with style : 0
12-01 06:21:30.036 30442 30442 D TextView: setTypeface with style : 0
12-01 06:21:30.039 30442 30442 D TextView: setTypeface with style : 0
12-01 06:21:30.042 30442 30442 D TextView: setTypeface with style : 0
12-01 06:21:30.042 30442 30442 E ConstraintLayout: layout_constraintWidth_default="wrap" is deprecated.
12-01 06:21:30.042 30442 30442 E ConstraintLayout: Use layout_width="WRAP_CONTENT" and layout_constrainedWidth="true" instead.
12-01 06:21:30.044 30442 30442 D TextView: setTypeface with style : 0
12-01 06:21:30.045 30442 30442 D TextView: setTypeface with style : 0
12-01 06:21:30.048 30442 30442 D TextView: setTypeface with style : 0
12-01 06:21:30.050 30442 30442 D TextView: setTypeface with style : 0
12-01 06:21:30.051 30442 30442 E ConstraintLayout: layout_constraintWidth_default="wrap" is deprecated.
12-01 06:21:30.051 30442 30442 E ConstraintLayout: Use layout_width="WRAP_CONTENT" and layout_constrainedWidth="true" instead.
12-01 06:21:30.052 30442 30442 D TextView: setTypeface with style : 0
12-01 06:21:30.053 30442 30442 D TextView: setTypeface with style : 0
12-01 06:21:30.057 30442 30442 D TextView: setTypeface with style : 0
12-01 06:21:30.061 30442 30442 D TextView: setTypeface with style : 0
12-01 06:21:30.076 30442 30442 D TextView: setTypeface with style : 0
12-01 06:21:30.079 30442 30442 D TextView: setTypeface with style : 0
12-01 06:21:30.080 30442 30442 D TextView: setTypeface with style : 0
12-01 06:21:30.083 30442 30442 D TextView: setTypeface with style : 0
12-01 06:21:30.084 30442 30442 D TextView: setTypeface with style : 0
12-01 06:21:30.085 30442 30442 D TextView: setTypeface with style : 0
12-01 06:21:30.089 30442 30442 D TextView: setTypeface with style : 0
12-01 06:21:30.090 30442 30442 D TextView: setTypeface with style : 0
12-01 06:21:30.092 30442 30442 D ExternalPlayerFragment: Loading media info
12-01 06:21:30.092 30442 30442 W ExternalPlayerFragment: loadMediaInfo was called while PlaybackController was null!
12-01 06:21:30.094 30442 1019 D DBReader: getRecentlyPublishedEpisodes() called with: offset=0, limit=2
12-01 06:21:30.094 30442 519 D DBReader: getRecentlyPublishedEpisodes() called with: offset=0, limit=2
12-01 06:21:30.095 30442 1019 D DBReader: getFavoriteIDList() called
12-01 06:21:30.096 30442 1020 D DBReader: getFavoriteIDList() called
12-01 06:21:30.098 30442 30442 D PlaybackController: Trying to connect to service
12-01 06:21:30.100 30442 30442 D PlaybackController: Result for service binding: true
12-01 06:21:30.101 30442 545 D DBReader: getFavoriteIDList() called
12-01 06:21:30.101 30442 519 D DBReader: getFavoriteIDList() called
12-01 06:21:30.110 30442 30442 D PlaybackController: Trying to connect to service
12-01 06:21:30.112 30442 30442 D PlaybackController: Result for service binding: true
12-01 06:21:30.112 30442 30442 D ExternalPlayerFragment: Loading media info
12-01 06:21:30.112 30442 30442 D ExternalPlayerFragment: Loading media info
12-01 06:21:30.118 30442 30442 D MainActivity: handleNavIntent()
12-01 06:21:30.121 30442 30442 D ViewRootImpl@eec2d68[MainActivity]: ThreadedRenderer.create() translucent=false
12-01 06:21:30.123 30442 30442 D InputTransport: Input channel constructed: fd=194
12-01 06:21:30.123 30442 30442 D ViewRootImpl@eec2d68[MainActivity]: setView = DecorView@6d53581[MainActivity] touchMode=true
12-01 06:21:30.127 30442 30442 D ViewRootImpl@45e3866[SplashActivity]: mHardwareRenderer.destroy()#1
12-01 06:21:30.130 30442 1019 D DBReader: getQueueIDList() called
12-01 06:21:30.130 30442 1020 D DBReader: getQueueIDList() called
12-01 06:21:30.131 30442 547 D DBReader: getFavoriteIDList() called
12-01 06:21:30.133 30442 30442 D ViewRootImpl@45e3866[SplashActivity]: Relayout returned: oldFrame=[0,0][1080,1920] newFrame=[0,0][1080,1920] result=0x5 surface={isValid=false 0} surfaceGenerationChanged=true
12-01 06:21:30.134 30442 1021 D DBReader: getFavoriteIDList() called
12-01 06:21:30.134 30442 545 D DBReader: getQueueIDList() called
12-01 06:21:30.135 30442 519 D DBReader: getQueueIDList() called
12-01 06:21:30.137 30442 1030 D DBReader: Extracting Feedlist
12-01 06:21:30.138 30442 30442 D ViewRootImpl@eec2d68[MainActivity]: dispatchAttachedToWindow
12-01 06:21:30.139 30442 1020 D DBReader: Extracting Feedlist
12-01 06:21:30.141 30442 1019 D DBReader: Extracting Feedlist
12-01 06:21:30.142 30442 547 D DBReader: getQueueIDList() called
12-01 06:21:30.143 30442 545 D DBReader: Extracting Feedlist
12-01 06:21:30.143 30442 1021 D DBReader: getQueueIDList() called
12-01 06:21:30.145 30442 519 D DBReader: Extracting Feedlist
12-01 06:21:30.151 30442 30442 D TextView: setTypeface with style : 0
12-01 06:21:30.152 30442 547 D DBReader: Extracting Feedlist
12-01 06:21:30.152 30442 30442 D TextView: setTypeface with style : 0
12-01 06:21:30.154 30442 1021 D DBReader: Extracting Feedlist
12-01 06:21:30.161 30442 30442 D TextView: setTypeface with style : 0
12-01 06:21:30.161 30442 30442 D TextView: setTypeface with style : 0
12-01 06:21:30.166 30442 547 D DBReader: getFavoriteIDList() called
12-01 06:21:30.177 30442 547 D DBReader: getQueueIDList() called
12-01 06:21:30.184 30442 30442 D TextView: setTypeface with style : 0
12-01 06:21:30.184 30442 30442 D TextView: setTypeface with style : 0
12-01 06:21:30.185 30442 547 D DBReader: Extracting Feedlist
12-01 06:21:30.190 30442 30442 D TextView: setTypeface with style : 0
12-01 06:21:30.193 30442 30442 D TextView: setTypeface with style : 0
12-01 06:21:30.193 30442 30442 D TextView: setTypeface with style : 0
12-01 06:21:30.194 30442 30442 D TextView: setTypeface with style : 0
12-01 06:21:30.195 30442 30442 D TextView: setTypeface with style : 0
12-01 06:21:30.196 30442 30442 D TextView: setTypeface with style : 0
12-01 06:21:30.197 30442 30442 D TextView: setTypeface with style : 0
12-01 06:21:30.199 30442 30442 D TextView: setTypeface with style : 0
12-01 06:21:30.204 30442 30442 D TextView: setTypeface with style : 0
12-01 06:21:30.207 30442 30442 D TextView: setTypeface with style : 0
12-01 06:21:30.207 30442 30442 D TextView: setTypeface with style : 0
12-01 06:21:30.208 30442 30442 D TextView: setTypeface with style : 0
12-01 06:21:30.209 30442 30442 D TextView: setTypeface with style : 0
12-01 06:21:30.210 30442 30442 D TextView: setTypeface with style : 0
12-01 06:21:30.211 30442 30442 D TextView: setTypeface with style : 0
12-01 06:21:30.213 30442 30442 D TextView: setTypeface with style : 0
12-01 06:21:30.222 30442 30442 D TextView: setTypeface with style : 0
12-01 06:21:30.223 30442 30442 D TextView: setTypeface with style : 0
12-01 06:21:30.229 30442 30442 D TextView: setTypeface with style : 0
12-01 06:21:30.230 30442 30442 D TextView: setTypeface with style : 0
12-01 06:21:30.236 30442 30442 D TextView: setTypeface with style : 0
12-01 06:21:30.237 30442 30442 D TextView: setTypeface with style : 0
12-01 06:21:30.243 30442 30442 D TextView: setTypeface with style : 0
12-01 06:21:30.247 30442 30442 D TextView: setTypeface with style : 0
12-01 06:21:30.252 30442 30442 D TextView: setTypeface with style : 0
12-01 06:21:30.256 30442 30442 D TextView: setTypeface with style : 0
12-01 06:21:30.262 30442 30442 D TextView: setTypeface with style : 0
12-01 06:21:30.264 30442 30442 D TextView: setTypeface with style : 0
12-01 06:21:30.265 30442 30442 D TextView: setTypeface with style : 0
12-01 06:21:30.266 30442 30442 D TextView: setTypeface with style : 0
12-01 06:21:30.267 30442 30442 D TextView: setTypeface with style : 0
12-01 06:21:30.268 30442 30442 D TextView: setTypeface with style : 0
12-01 06:21:30.268 30442 30442 D TextView: setTypeface with style : 0
12-01 06:21:30.271 30442 30442 D TextView: setTypeface with style : 0
12-01 06:21:30.276 30442 30442 D TextView: setTypeface with style : 0
12-01 06:21:30.279 30442 30442 D TextView: setTypeface with style : 0
12-01 06:21:30.280 30442 30442 D TextView: setTypeface with style : 0
12-01 06:21:30.281 30442 30442 D TextView: setTypeface with style : 0
12-01 06:21:30.282 30442 30442 D TextView: setTypeface with style : 0
12-01 06:21:30.282 30442 30442 D TextView: setTypeface with style : 0
12-01 06:21:30.283 30442 30442 D TextView: setTypeface with style : 0
12-01 06:21:30.286 30442 30442 D TextView: setTypeface with style : 0
12-01 06:21:30.293 30442 30442 D TextView: setTypeface with style : 0
12-01 06:21:30.294 30442 30442 D TextView: setTypeface with style : 0
12-01 06:21:30.301 30442 30442 D TextView: setTypeface with style : 0
12-01 06:21:30.302 30442 30442 D TextView: setTypeface with style : 0
12-01 06:21:30.304 30442 30442 D TextView: setTypeface with style : 0
12-01 06:21:30.306 30442 30442 D TextView: setTypeface with style : 0
12-01 06:21:30.308 30442 30442 D TextView: setTypeface with style : 0
12-01 06:21:30.309 30442 30442 D TextView: setTypeface with style : 0
12-01 06:21:30.312 30442 30442 D TextView: setTypeface with style : 0
12-01 06:21:30.313 30442 30442 D TextView: setTypeface with style : 0
12-01 06:21:30.315 30442 30442 D TextView: setTypeface with style : 0
12-01 06:21:30.317 30442 30442 D TextView: setTypeface with style : 0
12-01 06:21:30.319 30442 30442 D TextView: setTypeface with style : 0
12-01 06:21:30.321 30442 30442 D TextView: setTypeface with style : 0
12-01 06:21:30.323 30442 30442 D TextView: setTypeface with style : 0
12-01 06:21:30.324 30442 30442 D TextView: setTypeface with style : 0
12-01 06:21:30.328 30442 30442 D TextView: setTypeface with style : 0
12-01 06:21:30.343 30442 30442 D ViewRootImpl@eec2d68[MainActivity]: Relayout returned: oldFrame=[0,0][0,0] newFrame=[0,0][1080,1920] result=0x7 surface={isValid=true 501233155584} surfaceGenerationChanged=true
12-01 06:21:30.343 30442 30442 D ViewRootImpl@eec2d68[MainActivity]: mHardwareRenderer.initialize() mSurface={isValid=true 501233155584} hwInitialized=true
12-01 06:21:30.346 30442 30480 D mali_winsys: EGLint new_window_surface(egl_winsys_display*, void*, EGLSurface, EGLConfig, egl_winsys_surface**, egl_color_buffer_format*, EGLBoolean) returns 0x3000, [1080x1920]-format:1
12-01 06:21:30.373 30442 30442 D PlaybackController: Querying service info
12-01 06:21:30.373 30442 30442 D PlaybackController: status: PAUSED
12-01 06:21:30.373 30442 30442 D PlaybackController: Connection to Service established
12-01 06:21:30.373 30442 30442 D PlaybackController: Querying service info
12-01 06:21:30.373 30442 30442 D PlaybackController: status: PAUSED
12-01 06:21:30.373 30442 30442 D ExternalPlayerFragment: Loading media info
12-01 06:21:30.373 30442 30442 D PlaybackController: Connection to Service established
12-01 06:21:30.430 30442 30442 D ViewRootImpl@eec2d68[MainActivity]: MSG_RESIZED_REPORT: ci=Rect(0, 72 - 0, 0) vi=Rect(0, 72 - 0, 0) or=1
12-01 06:21:30.430 30442 30442 D ViewRootImpl@eec2d68[MainActivity]: MSG_WINDOW_FOCUS_CHANGED 1
12-01 06:21:30.430 30442 30442 D ViewRootImpl@eec2d68[MainActivity]: mHardwareRenderer.initializeIfNeeded()#2 mSurface={isValid=true 501233155584}
12-01 06:21:30.433 30442 30442 V InputMethodManager: Starting input: tba=android.view.inputmethod.EditorInfo@bc0f2c4 nm : de.danoeh.antennapod ic=null
12-01 06:21:30.433 30442 30442 I InputMethodManager: [IMM] startInputInner - mService.startInputOrWindowGainedFocus
12-01 06:21:30.434 30442 30442 D InputTransport: Input channel constructed: fd=100
12-01 06:21:30.434 30442 30442 D AudioPlayerFragment: currentPosition 00:00:00
12-01 06:21:30.438 30442 30442 D TextView: setTypeface with style : 0
12-01 06:21:30.439 30442 30442 D TextView: setTypeface with style : 0
12-01 06:21:30.441 30442 30442 D TextView: setTypeface with style : 0
12-01 06:21:30.442 30442 30442 D TextView: setTypeface with style : 0
12-01 06:21:30.443 30442 30442 D TextView: setTypeface with style : 0
12-01 06:21:30.444 30442 30442 D TextView: setTypeface with style : 0
12-01 06:21:30.445 30442 30442 D TextView: setTypeface with style : 0
12-01 06:21:30.446 30442 30442 D TextView: setTypeface with style : 0
12-01 06:21:30.447 30442 30442 D TextView: setTypeface with style : 0
12-01 06:21:30.448 30442 30442 D TextView: setTypeface with style : 0
12-01 06:21:30.449 30442 30442 D TextView: setTypeface with style : 0
12-01 06:21:30.450 30442 30442 D TextView: setTypeface with style : 0
12-01 06:21:30.450 30442 30442 D TextView: setTypeface with style : 0
12-01 06:21:30.451 30442 30442 D TextView: setTypeface with style : 0
12-01 06:21:30.452 30442 30442 D TextView: setTypeface with style : 0
12-01 06:21:30.453 30442 30442 D TextView: setTypeface with style : 0
12-01 06:21:30.454 30442 30442 D TextView: setTypeface with style : 0
12-01 06:21:30.455 30442 30442 D TextView: setTypeface with style : 0
12-01 06:21:30.456 30442 30442 D TextView: setTypeface with style : 0
12-01 06:21:30.457 30442 30442 D TextView: setTypeface with style : 0
12-01 06:21:30.458 30442 30442 D TextView: setTypeface with style : 0
12-01 06:21:30.459 30442 30442 D TextView: setTypeface with style : 0
12-01 06:21:30.460 30442 30442 D TextView: setTypeface with style : 0
12-01 06:21:30.461 30442 30442 D TextView: setTypeface with style : 0
12-01 06:21:30.462 30442 30442 D TextView: setTypeface with style : 0
12-01 06:21:30.463 30442 30442 D TextView: setTypeface with style : 0
12-01 06:21:30.464 30442 30442 D TextView: setTypeface with style : 0
12-01 06:21:30.465 30442 30442 D TextView: setTypeface with style : 0
12-01 06:21:30.466 30442 30442 D TextView: setTypeface with style : 0
12-01 06:21:30.467 30442 30442 D TextView: setTypeface with style : 0
12-01 06:21:30.468 30442 30442 D TextView: setTypeface with style : 0
12-01 06:21:30.469 30442 30442 D TextView: setTypeface with style : 0
12-01 06:21:30.469 30442 30442 D TextView: setTypeface with style : 0
12-01 06:21:30.471 30442 30442 D TextView: setTypeface with style : 0
12-01 06:21:30.471 30442 30442 D TextView: setTypeface with style : 0
12-01 06:21:30.472 30442 30442 D TextView: setTypeface with style : 0
12-01 06:21:30.481 30442 30442 D TextView: setTypeface with style : 0
12-01 06:21:30.482 30442 30442 D TextView: setTypeface with style : 0
12-01 06:21:30.489 30442 30442 D TextView: setTypeface with style : 0
12-01 06:21:30.489 30442 30442 D TextView: setTypeface with style : 0
12-01 06:21:30.497 30442 30442 D TextView: setTypeface with style : 0
12-01 06:21:30.498 30442 30442 D TextView: setTypeface with style : 0
12-01 06:21:30.507 30442 30442 D TextView: setTypeface with style : 0
12-01 06:21:30.508 30442 30442 D TextView: setTypeface with style : 0
12-01 06:21:30.515 30442 30442 D TextView: setTypeface with style : 0
12-01 06:21:30.515 30442 30442 D TextView: setTypeface with style : 0
12-01 06:21:30.522 30442 30442 D TextView: setTypeface with style : 0
12-01 06:21:30.523 30442 30442 D TextView: setTypeface with style : 0
12-01 06:21:30.532 30442 30442 D TextView: setTypeface with style : 0
12-01 06:21:30.534 30442 30442 D TextView: setTypeface with style : 0
12-01 06:21:30.535 30442 30442 D TextView: setTypeface with style : 0
12-01 06:21:30.536 30442 30442 D TextView: setTypeface with style : 0
12-01 06:21:30.537 30442 30442 D TextView: setTypeface with style : 0
12-01 06:21:30.537 30442 30442 D TextView: setTypeface with style : 0
12-01 06:21:30.538 30442 30442 D TextView: setTypeface with style : 0
12-01 06:21:30.540 30442 30442 D TextView: setTypeface with style : 0
12-01 06:21:30.547 30442 30442 D TextView: setTypeface with style : 0
12-01 06:21:30.550 30442 30442 D TextView: setTypeface with style : 0
12-01 06:21:30.550 30442 30442 D TextView: setTypeface with style : 0
12-01 06:21:30.551 30442 30442 D TextView: setTypeface with style : 0
12-01 06:21:30.552 30442 30442 D TextView: setTypeface with style : 0
12-01 06:21:30.552 30442 30442 D TextView: setTypeface with style : 0
12-01 06:21:30.553 30442 30442 D TextView: setTypeface with style : 0
12-01 06:21:30.555 30442 30442 D TextView: setTypeface with style : 0
12-01 06:21:30.562 30442 30442 D AudioPlayerPagerAdapter: getItem(0)
12-01 06:21:30.565 30442 30442 D TextView: setTypeface with style : 0
12-01 06:21:30.566 30442 30442 D TextView: setTypeface with style : 0
12-01 06:21:30.568 30442 30442 D TextView: setTypeface with style : 0
12-01 06:21:30.570 30442 30442 D TextView: setTypeface with style : 0
12-01 06:21:30.576 30442 30442 D PlaybackController: Trying to connect to service
12-01 06:21:30.578 30442 30442 D PlaybackController: Result for service binding: true
12-01 06:21:30.580 30442 30442 D AudioPlayerPagerAdapter: getItem(1)
12-01 06:21:30.580 30442 1019 D DBReader: getFavoriteIDList() called
12-01 06:21:30.580 30442 30442 D ItemDescriptionFragment: Creating view
12-01 06:21:30.581 30442 545 D DBReader: getFavoriteIDList() called
12-01 06:21:30.581 30442 1019 D DBReader: getQueueIDList() called
12-01 06:21:30.581 30442 545 D DBReader: getQueueIDList() called
12-01 06:21:30.582 30442 1019 D DBReader: Extracting Feedlist
12-01 06:21:30.582 30442 545 D DBReader: Extracting Feedlist
12-01 06:21:30.589 30442 30442 D ConnectivityManager: requestNetwork; CallingUid : 10275, CallingPid : 30442
12-01 06:21:30.612 30442 30442 D PlaybackController: Trying to connect to service
12-01 06:21:30.615 30442 30442 D PlaybackController: Result for service binding: true
12-01 06:21:30.615 30442 30442 D ItemDescriptionFragment: load()
12-01 06:21:30.615 30442 30442 D ItemDescriptionFragment: load()
12-01 06:21:30.617 30442 1030 D DBReader: getFavoriteIDList() called
12-01 06:21:30.618 30442 519 D DBReader: getFavoriteIDList() called
12-01 06:21:30.618 30442 1030 D DBReader: getQueueIDList() called
12-01 06:21:30.618 30442 519 D DBReader: getQueueIDList() called
12-01 06:21:30.619 30442 1030 D DBReader: Extracting Feedlist
12-01 06:21:30.619 30442 519 D DBReader: Extracting Feedlist
12-01 06:21:30.621 30442 30442 D TextView: setTypeface with style : 0
12-01 06:21:30.622 30442 30442 D TextView: setTypeface with style : 0
12-01 06:21:30.623 30442 1030 D DBReader: loadDescriptionOfFeedItem() called with: item = [FeedItem [id=592, title=Pope Leo is traveling to Turkey and Lebanon on the first foreign trip of his papacy, feedId=6, pubDate=Fri Nov 28 08:05:13 GMT+11:00 2025]]
12-01 06:21:30.624 30442 519 D DBReader: loadDescriptionOfFeedItem() called with: item = [FeedItem [id=592, title=Pope Leo is traveling to Turkey and Lebanon on the first foreign trip of his papacy, feedId=6, pubDate=Fri Nov 28 08:05:13 GMT+11:00 2025]]
12-01 06:21:30.625 30442 1030 D Timeline: Recognized 0 timecodes
12-01 06:21:30.625 30442 519 D Timeline: Recognized 0 timecodes
12-01 06:21:30.625 30442 30442 D TextView: setTypeface with style : 0
12-01 06:21:30.627 30442 30442 D TextView: setTypeface with style : 0
12-01 06:21:30.629 30442 30442 D TextView: setTypeface with style : 0
12-01 06:21:30.630 30442 30442 D TextView: setTypeface with style : 0
12-01 06:21:30.632 30442 30442 D ItemDescriptionFragment: Saving preferences
12-01 06:21:30.632 30442 30442 D ItemDescriptionFragment: Saving scroll position: 0
12-01 06:21:30.658 30442 30442 D ItemDescriptionFragment: Saving preferences
12-01 06:21:30.658 30442 30442 D ItemDescriptionFragment: Saving scroll position: 0
12-01 06:21:30.689 30442 30442 D PlaybackController: Querying service info
12-01 06:21:30.689 30442 30442 D PlaybackController: status: PAUSED
12-01 06:21:30.689 30442 30442 D PlaybackController: Connection to Service established
12-01 06:21:30.690 30442 30442 D PlaybackController: Querying service info
12-01 06:21:30.690 30442 30442 D PlaybackController: status: PAUSED
12-01 06:21:30.690 30442 30442 D ItemDescriptionFragment: load()
12-01 06:21:30.690 30442 30442 D PlaybackController: Connection to Service established
12-01 06:21:30.690 30442 547 D DBReader: loadDescriptionOfFeedItem() called with: item = [FeedItem [id=592, title=Pope Leo is traveling to Turkey and Lebanon on the first foreign trip of his papacy, feedId=6, pubDate=Fri Nov 28 08:05:13 GMT+11:00 2025]]
12-01 06:21:30.692 30442 547 D Timeline: Recognized 0 timecodes
12-01 06:21:30.734 30442 30442 D ItemDescriptionFragment: Webview loaded
12-01 06:21:30.749 30442 30442 D ViewRootImpl@45e3866[SplashActivity]: mHardwareRenderer.destroy()#4
12-01 06:21:30.749 30442 30442 D ViewRootImpl@45e3866[SplashActivity]: dispatchDetachedFromWindow
12-01 06:21:30.753 30442 30442 D InputTransport: Input channel destroyed: fd=77
12-01 06:21:31.715 30442 30442 D ViewRootImpl@eec2d68[MainActivity]: ViewPostImeInputStage processPointer 0
12-01 06:21:31.806 30442 30442 D ShownotesWebView: Page finished
12-01 06:21:31.812 30442 30442 D ViewRootImpl@eec2d68[MainActivity]: ViewPostImeInputStage processPointer 1
12-01 06:21:31.827 30442 30442 D NavDrawerFragment: saveLastNavFragment(tag: SubscriptionFragment)
12-01 06:21:31.834 30442 30442 D MainActivity: loadFragment(tag: SubscriptionFragment, args: null)
12-01 06:21:31.855 30442 30442 D TextView: setTypeface with style : 0
12-01 06:21:31.855 30442 30442 D TextView: setTypeface with style : 0
12-01 06:21:31.857 30442 30442 D TextView: setTypeface with style : 0
12-01 06:21:31.867 30442 30442 D TextView: setTypeface with style : 0
12-01 06:21:31.868 30442 30442 D TextView: setTypeface with style : 0
12-01 06:21:31.870 30442 30442 D TextView: setTypeface with style : 0
12-01 06:21:31.871 30442 30442 D TextView: setTypeface with style : 0
12-01 06:21:31.873 30442 30442 D TextView: setTypeface with style : 0
12-01 06:21:31.874 30442 30442 D TextView: setTypeface with style : 0
12-01 06:21:31.875 30442 30442 D TextView: setTypeface with style : 0
12-01 06:21:31.879 30442 30442 D TextView: setTypeface with style : 0
12-01 06:21:31.881 30442 30442 D TextView: setTypeface with style : 0
12-01 06:21:31.883 30442 30442 D TextView: setTypeface with style : 0
12-01 06:21:31.885 30442 30442 D TextView: setTypeface with style : 0
12-01 06:21:31.886 30442 30442 D TextView: setTypeface with style : 0
12-01 06:21:31.888 30442 30442 D TextView: setTypeface with style : 0
12-01 06:21:31.890 30442 30442 D TextView: setTypeface with style : 0
12-01 06:21:31.895 30442 543 D DBReader: Extracting Feedlist
12-01 06:21:31.901 30442 30442 D ItemDescriptionFragment: Restoring from preferences
12-01 06:21:31.901 30442 30442 D ItemDescriptionFragment: Restored scroll Position: 0
12-01 06:21:31.903 30442 30442 D ItemDescriptionFragment: Saving preferences
12-01 06:21:31.904 30442 30442 D ItemDescriptionFragment: Saving scroll position: 0
12-01 06:21:31.911 30442 30442 V InputMethodManager: Starting input: tba=android.view.inputmethod.EditorInfo@916c7d8 nm : de.danoeh.antennapod ic=null
12-01 06:21:31.911 30442 30442 I InputMethodManager: [IMM] startInputInner - mService.startInputOrWindowGainedFocus
12-01 06:21:31.912 30442 30442 D InputTransport: Input channel constructed: fd=223
12-01 06:21:31.912 30442 30442 D InputTransport: Input channel destroyed: fd=100
12-01 06:21:31.913 30442 30442 D ItemDescriptionFragment: Saving preferences
12-01 06:21:31.913 30442 30442 D ItemDescriptionFragment: Saving scroll position: 0
12-01 06:21:31.916 30442 30442 D TextView: setTypeface with style : 0
12-01 06:21:31.918 30442 30442 D TextView: setTypeface with style : 0
12-01 06:21:31.919 30442 30442 D TextView: setTypeface with style : 0
12-01 06:21:31.927 30442 30442 D TextView: setTypeface with style : 0
12-01 06:21:31.939 30442 30442 D TextView: setTypeface with style : 0
12-01 06:21:31.940 30442 30442 D TextView: setTypeface with style : 0
12-01 06:21:31.941 30442 30442 D TextView: setTypeface with style : 0
12-01 06:21:31.943 30442 30442 D TextView: setTypeface with style : 0
12-01 06:21:31.947 30442 30442 D TextView: setTypeface with style : 0
12-01 06:21:31.948 30442 30442 D TextView: setTypeface with style : 0
12-01 06:21:31.949 30442 30442 D TextView: setTypeface with style : 0
12-01 06:21:31.950 30442 30442 D TextView: setTypeface with style : 0
12-01 06:21:31.956 30442 30442 D TextView: setTypeface with style : 0
12-01 06:21:31.957 30442 30442 D TextView: setTypeface with style : 0
12-01 06:21:31.958 30442 30442 D TextView: setTypeface with style : 0
12-01 06:21:31.959 30442 30442 D TextView: setTypeface with style : 0
12-01 06:21:31.963 30442 30442 D TextView: setTypeface with style : 0
12-01 06:21:31.964 30442 30442 D TextView: setTypeface with style : 0
12-01 06:21:31.965 30442 30442 D TextView: setTypeface with style : 0
12-01 06:21:31.967 30442 30442 D TextView: setTypeface with style : 0
12-01 06:21:31.971 30442 30442 D TextView: setTypeface with style : 0
12-01 06:21:31.971 30442 30442 D TextView: setTypeface with style : 0
12-01 06:21:31.973 30442 30442 D TextView: setTypeface with style : 0
12-01 06:21:31.974 30442 30442 D TextView: setTypeface with style : 0
12-01 06:21:31.981 30442 30442 D TextView: setTypeface with style : 0
12-01 06:21:31.982 30442 30442 D TextView: setTypeface with style : 0
12-01 06:21:31.984 30442 30442 D TextView: setTypeface with style : 0
12-01 06:21:31.985 30442 30442 D TextView: setTypeface with style : 0
12-01 06:21:31.990 30442 30442 D TextView: setTypeface with style : 0
12-01 06:21:31.991 30442 30442 D TextView: setTypeface with style : 0
12-01 06:21:31.992 30442 30442 D TextView: setTypeface with style : 0
12-01 06:21:31.994 30442 30442 D TextView: setTypeface with style : 0
12-01 06:21:31.998 30442 30442 D TextView: setTypeface with style : 0
12-01 06:21:31.999 30442 30442 D TextView: setTypeface with style : 0
12-01 06:21:32.000 30442 30442 D TextView: setTypeface with style : 0
12-01 06:21:32.002 30442 30442 D TextView: setTypeface with style : 0
12-01 06:21:32.008 30442 30442 D TextView: setTypeface with style : 0
12-01 06:21:32.009 30442 30442 D TextView: setTypeface with style : 0
12-01 06:21:32.010 30442 30442 D TextView: setTypeface with style : 0
12-01 06:21:32.011 30442 30442 D TextView: setTypeface with style : 0
12-01 06:21:32.016 30442 30442 D TextView: setTypeface with style : 0
12-01 06:21:32.017 30442 30442 D TextView: setTypeface with style : 0
12-01 06:21:32.018 30442 30442 D TextView: setTypeface with style : 0
12-01 06:21:32.020 30442 30442 D TextView: setTypeface with style : 0
12-01 06:21:32.024 30442 30442 D TextView: setTypeface with style : 0
12-01 06:21:32.025 30442 30442 D TextView: setTypeface with style : 0
12-01 06:21:32.026 30442 30442 D TextView: setTypeface with style : 0
12-01 06:21:32.028 30442 30442 D TextView: setTypeface with style : 0
12-01 06:21:32.034 30442 30442 D TextView: setTypeface with style : 0
12-01 06:21:32.035 30442 30442 D TextView: setTypeface with style : 0
12-01 06:21:32.036 30442 30442 D TextView: setTypeface with style : 0
12-01 06:21:32.039 30442 30442 D TextView: setTypeface with style : 0
12-01 06:21:32.044 30442 30442 D TextView: setTypeface with style : 0
12-01 06:21:32.054 30442 30442 D TextView: setTypeface with style : 0
12-01 06:21:32.056 30442 30442 D TextView: setTypeface with style : 0
12-01 06:21:32.060 30442 30442 D TextView: setTypeface with style : 0
12-01 06:21:32.086 30442 30442 D TextView: setTypeface with style : 0
12-01 06:21:32.087 30442 30442 D TextView: setTypeface with style : 0
12-01 06:21:32.088 30442 30442 D TextView: setTypeface with style : 0
12-01 06:21:32.090 30442 30442 D TextView: setTypeface with style : 0
12-01 06:21:32.698 30442 30442 D ViewRootImpl@eec2d68[MainActivity]: ViewPostImeInputStage processPointer 0
12-01 06:21:32.773 30442 30442 D ViewRootImpl@eec2d68[MainActivity]: ViewPostImeInputStage processPointer 1
12-01 06:21:32.786 30442 30442 D TextView: setTypeface with style : 0
12-01 06:21:32.786 30442 30442 D TextView: setTypeface with style : 0
12-01 06:21:32.794 30442 30442 D TextView: setTypeface with style : 0
12-01 06:21:32.805 30442 30442 D TextView: setTypeface with style : 0
12-01 06:21:32.807 30442 30442 D TextView: setTypeface with style : 0
12-01 06:21:32.809 30442 30442 D TextView: setTypeface with style : 0
12-01 06:21:32.811 30442 30442 D TextView: setTypeface with style : 0
12-01 06:21:32.813 30442 30442 D TextView: setTypeface with style : 0
12-01 06:21:32.814 30442 30442 D TextView: setTypeface with style : 0
12-01 06:21:32.821 30442 30442 D AbsListView: Get MotionRecognitionManager
12-01 06:21:32.823 30442 30442 D MotionRecognitionManager: mSContextService = com.samsung.android.hardware.context.ISemContextService$Stub$Proxy@a1500b2
12-01 06:21:32.823 30442 30442 D MotionRecognitionManager: motionService = com.samsung.android.gesture.IMotionRecognitionService$Stub$Proxy@cd3b803
12-01 06:21:32.823 30442 30442 D MotionRecognitionManager: motionService = com.samsung.android.gesture.IMotionRecognitionService$Stub$Proxy@cd3b803
12-01 06:21:32.825 30442 30442 D TextView: setTypeface with style : 0
12-01 06:21:32.827 30442 30442 D TextView: setTypeface with style : 0
12-01 06:21:32.831 30442 30442 D TextView: setTypeface with style : 0
12-01 06:21:32.833 30442 30442 D TextView: setTypeface with style : 0
12-01 06:21:32.836 30442 1020 D DBReader: Extracting Feedlist
12-01 06:21:32.845 30442 1020 D ITunesTopListLoader: Feed URL https://itunes.apple.com/AU/rss/toppodcasts/limit=25/explicit=true/json
12-01 06:21:32.846 30442 30442 D ItemDescriptionFragment: Saving preferences
12-01 06:21:32.846 30442 30442 D ItemDescriptionFragment: Saving scroll position: 0
12-01 06:21:32.863 30442 30442 D AbsListView: onsize change
12-01 06:21:32.875 30442 30442 D ItemDescriptionFragment: Saving preferences
12-01 06:21:32.875 30442 30442 D ItemDescriptionFragment: Saving scroll position: 0
12-01 06:21:32.886 30442 30442 W Glide : Load failed for with size [222x222]
12-01 06:21:32.886 30442 30442 W Glide : class com.bumptech.glide.load.engine.GlideException: Failed to load resource
12-01 06:21:32.886 30442 30442 W Glide : Load failed for with size [222x222]
12-01 06:21:32.886 30442 30442 W Glide : class com.bumptech.glide.load.engine.GlideException: Failed to load resource
12-01 06:21:32.886 30442 30442 W Glide : Load failed for with size [222x222]
12-01 06:21:32.886 30442 30442 W Glide : class com.bumptech.glide.load.engine.GlideException: Failed to load resource
12-01 06:21:32.886 30442 30442 W Glide : Load failed for with size [222x222]
12-01 06:21:32.886 30442 30442 W Glide : class com.bumptech.glide.load.engine.GlideException: Failed to load resource
12-01 06:21:32.886 30442 30442 W Glide : Load failed for with size [222x222]
12-01 06:21:32.886 30442 30442 W Glide : class com.bumptech.glide.load.engine.GlideException: Failed to load resource
12-01 06:21:32.887 30442 30442 W Glide : Load failed for with size [222x222]
12-01 06:21:32.887 30442 30442 W Glide : class com.bumptech.glide.load.engine.GlideException: Failed to load resource
12-01 06:21:32.887 30442 30442 W Glide : Load failed for with size [222x222]
12-01 06:21:32.887 30442 30442 W Glide : class com.bumptech.glide.load.engine.GlideException: Failed to load resource
12-01 06:21:32.887 30442 30442 W Glide : Load failed for with size [222x222]
12-01 06:21:32.887 30442 30442 W Glide : class com.bumptech.glide.load.engine.GlideException: Failed to load resource
12-01 06:21:32.887 30442 30442 W Glide : Load failed for with size [222x222]
12-01 06:21:32.887 30442 30442 W Glide : class com.bumptech.glide.load.engine.GlideException: Failed to load resource
12-01 06:21:32.887 30442 30442 W Glide : Load failed for with size [222x222]
12-01 06:21:32.887 30442 30442 W Glide : class com.bumptech.glide.load.engine.GlideException: Failed to load resource
12-01 06:21:32.888 30442 30442 W Glide : Load failed for with size [222x222]
12-01 06:21:32.888 30442 30442 W Glide : class com.bumptech.glide.load.engine.GlideException: Failed to load resource
12-01 06:21:32.888 30442 30442 W Glide : Load failed for with size [222x222]
12-01 06:21:32.888 30442 30442 W Glide : class com.bumptech.glide.load.engine.GlideException: Failed to load resource
12-01 06:21:34.454 30442 30442 D ViewRootImpl@eec2d68[MainActivity]: ViewPostImeInputStage processPointer 0
12-01 06:21:34.665 30442 30442 D ViewRootImpl@eec2d68[MainActivity]: ViewPostImeInputStage processPointer 1
12-01 06:21:36.506 30442 30442 D ViewRootImpl@eec2d68[MainActivity]: ViewPostImeInputStage processPointer 0
12-01 06:21:36.548 30442 30442 D ViewRootImpl@eec2d68[MainActivity]: ViewPostImeInputStage processPointer 1
12-01 06:21:36.577 30442 30442 D ViewRootImpl@eec2d68[MainActivity]: MSG_WINDOW_FOCUS_CHANGED 0
12-01 06:21:36.579 30442 30442 D SEM_CLIP_SemClipboardManager: isCocktailBarDisplayed : false
12-01 06:21:36.800 30442 30442 D InputTransport: Input channel destroyed: fd=223
12-01 06:21:36.825 30442 30480 D OpenGLRenderer: endAllActiveAnimators on 0x7504417400 (RippleDrawable) with handle 0x74b3d157a0
12-01 06:21:36.825 30442 30442 D ViewRootImpl@eec2d68[MainActivity]: mHardwareRenderer.destroy()#1
12-01 06:21:36.828 30442 30442 D ViewRootImpl@eec2d68[MainActivity]: Relayout returned: oldFrame=[0,0][1080,1920] newFrame=[0,0][1080,1920] result=0x5 surface={isValid=false 0} surfaceGenerationChanged=true
12-01 06:21:37.215 30442 30442 D PlaybackController: Releasing PlaybackController
12-01 06:21:37.218 30442 30442 D PlaybackController: Releasing PlaybackController
12-01 06:21:37.219 30442 30442 D PlaybackController: Releasing PlaybackController
12-01 06:21:37.221 30442 30442 D PlaybackController: Releasing PlaybackController
12-01 06:21:37.243 30442 30442 D ViewRootImpl@eec2d68[MainActivity]: Relayout returned: oldFrame=[0,0][1080,1920] newFrame=[0,0][1080,1920] result=0x5 surface={isValid=false 0} surfaceGenerationChanged=false
12-01 06:21:43.733 30442 30442 D ConnectivityManager: requestNetwork; CallingUid : 10275, CallingPid : 30442
12-01 06:21:46.119 30442 30800 D SyncService: Downloaded subscription changes: SubscriptionChange [added=[], removed=[], timestamp=1764530499]
12-01 06:21:46.119 30442 30800 D SyncService: Added:
12-01 06:21:46.119 30442 30800 D SyncService: Removed: https://momsbehindmoto.podbean.com/feed.xml
12-01 06:21:46.258 30442 30800 D DBReader: Extracting Feedlist
12-01 06:21:46.428 30442 30800 D SyncService: Processing 0 actions
12-01 06:21:46.451 30442 30459 I WM-WorkerWrapper: Worker result SUCCESS for Work [ id=246274c9-1562-4ec2-82ae-39f2c8145cf7, tags={ de.danoeh.antennapod.net.sync.service.SyncService } ]
12-01 06:21:46.463 30442 30442 D ConnectivityManager: unregisterNetworkCallback; CallingUid : 10275, CallingPid : 30442
12-01 06:21:46.474 30442 30497 E ConnectivityManager.CallbackHandler: callback not found for RELEASED message
12-01 06:21:48.832 30442 30442 D ViewRootImpl@eec2d68[MainActivity]: mHardwareRenderer.destroy()#1
12-01 06:21:48.838 30442 30442 D ViewRootImpl@eec2d68[MainActivity]: Relayout returned: oldFrame=[0,0][1080,1920] newFrame=[0,0][1080,1920] result=0x1 surface={isValid=false 0} surfaceGenerationChanged=false
12-01 06:21:48.853 30442 30442 D PlaybackController: Trying to connect to service
12-01 06:21:48.858 30442 30442 D PlaybackController: Result for service binding: true
12-01 06:21:48.861 30442 1019 D DBReader: getFavoriteIDList() called
12-01 06:21:48.862 30442 1019 D DBReader: getQueueIDList() called
12-01 06:21:48.863 30442 1019 D DBReader: Extracting Feedlist
12-01 06:21:48.869 30442 30442 D PlaybackController: Trying to connect to service
12-01 06:21:48.873 30442 30442 D PlaybackController: Result for service binding: true
12-01 06:21:48.873 30442 30442 D ExternalPlayerFragment: Loading media info
12-01 06:21:48.873 30442 30442 D ExternalPlayerFragment: Loading media info
12-01 06:21:48.876 30442 1030 D DBReader: getFavoriteIDList() called
12-01 06:21:48.877 30442 1030 D DBReader: getQueueIDList() called
12-01 06:21:48.878 30442 1030 D DBReader: Extracting Feedlist
12-01 06:21:48.884 30442 30442 D PlaybackController: Trying to connect to service
12-01 06:21:48.888 30442 30442 D PlaybackController: Result for service binding: true
12-01 06:21:48.891 30442 1021 D DBReader: getFavoriteIDList() called
12-01 06:21:48.893 30442 547 D DBReader: getFavoriteIDList() called
12-01 06:21:48.895 30442 1021 D DBReader: getQueueIDList() called
12-01 06:21:48.896 30442 30442 D PlaybackController: Trying to connect to service
12-01 06:21:48.896 30442 547 D DBReader: getQueueIDList() called
12-01 06:21:48.898 30442 547 D DBReader: Extracting Feedlist
12-01 06:21:48.898 30442 1021 D DBReader: Extracting Feedlist
12-01 06:21:48.900 30442 30442 D PlaybackController: Result for service binding: true
12-01 06:21:48.900 30442 30442 D ItemDescriptionFragment: load()
12-01 06:21:48.900 30442 30442 D ItemDescriptionFragment: load()
12-01 06:21:48.907 30442 1020 D DBReader: getFavoriteIDList() called
12-01 06:21:48.909 30442 545 D DBReader: Extracting Feedlist
12-01 06:21:48.910 30442 1020 D DBReader: getQueueIDList() called
12-01 06:21:48.913 30442 1020 D DBReader: Extracting Feedlist
12-01 06:21:48.920 30442 1020 D DBReader: loadDescriptionOfFeedItem() called with: item = [FeedItem [id=592, title=Pope Leo is traveling to Turkey and Lebanon on the first foreign trip of his papacy, feedId=6, pubDate=Fri Nov 28 08:05:13 GMT+11:00 2025]]
12-01 06:21:48.923 30442 30442 D MainActivity: handleNavIntent()
12-01 06:21:48.925 30442 1020 D Timeline: Recognized 0 timecodes
12-01 06:21:48.926 30442 1019 D DBReader: Extracting Feedlist
12-01 06:21:48.938 30442 30442 D ViewRootImpl@eec2d68[MainActivity]: Relayout returned: oldFrame=[0,0][1080,1920] newFrame=[0,0][1080,1920] result=0x7 surface={isValid=true 501233155584} surfaceGenerationChanged=true
12-01 06:21:48.938 30442 30442 D ViewRootImpl@eec2d68[MainActivity]: mHardwareRenderer.initialize() mSurface={isValid=true 501233155584} hwInitialized=true
12-01 06:21:48.940 30442 30480 D mali_winsys: EGLint new_window_surface(egl_winsys_display*, void*, EGLSurface, EGLConfig, egl_winsys_surface**, egl_color_buffer_format*, EGLBoolean) returns 0x3000, [1080x1920]-format:1
12-01 06:21:48.941 30442 30442 D PlaybackController: Querying service info
12-01 06:21:48.941 30442 30442 D PlaybackController: status: PAUSED
12-01 06:21:48.941 30442 30442 D PlaybackController: Connection to Service established
12-01 06:21:48.941 30442 30442 D PlaybackController: Querying service info
12-01 06:21:48.941 30442 30442 D PlaybackController: status: PAUSED
12-01 06:21:48.941 30442 30442 D ExternalPlayerFragment: Loading media info
12-01 06:21:48.941 30442 30442 D PlaybackController: Connection to Service established
12-01 06:21:48.941 30442 30442 D PlaybackController: Querying service info
12-01 06:21:48.941 30442 30442 D PlaybackController: status: PAUSED
12-01 06:21:48.941 30442 30442 D PlaybackController: Connection to Service established
12-01 06:21:48.941 30442 30442 D PlaybackController: Querying service info
12-01 06:21:48.941 30442 30442 D PlaybackController: status: PAUSED
12-01 06:21:48.941 30442 30442 D ItemDescriptionFragment: load()
