12-01 06:16:10.104 30442 32725 D FeedParserTask: Media Watch parsed
12-01 06:16:10.104 30442 32725 D FeedParserTask: Deletion of file '/storage/emulated/0/Android/data/de.danoeh.antennapod/files/cache/feed-Media Watch45' successful
12-01 06:16:10.104 30442 32725 D DBReader: getFeed() called with: feedId = [45]
12-01 06:16:10.105 30442 32725 D DBReader: getFeedItemList() called with: feed = [de.danoeh.antennapod.model.feed.Feed@4c]
12-01 06:16:10.106 30442 32726 D HttpDownloader: Response code is 304
12-01 06:16:10.106 30442 32726 D HttpDownloader: Feed 'https://feeds.wdjh.org/podcasts/the_moto_academy.rss' not modified since last update, Download canceled
12-01 06:16:10.106 30442 32726 D HttpDownloader: Download was cancelled
12-01 06:16:10.108 30442 32725 D DBReader: getFavoriteIDList() called
12-01 06:16:10.108 30442 32725 D DBReader: getQueueIDList() called
12-01 06:16:10.109 30442 32725 D FeedDbWriter: Feed with title Media Watch already exists. Syncing new with existing one.
12-01 06:16:10.110 30442 30796 D de.danoeh.antennapod.storage.database.PodDBAdapter@f5e76c0: Updating existing Feed in db
12-01 06:16:10.112 30442 32727 W NotificationManager: notify: id corrupted: sent 2131362420, got back 0
12-01 06:16:10.112 30442 32727 D UserPreferences: User data folder not writable or not set. Trying default.
12-01 06:16:10.115 30442 32727 D DownloadRequestCreat: Requesting download of url https://feeds.wdjh.org/podcasts/abc_news_daily.rss
12-01 06:16:10.116 30442 32727 D HttpDownloader: addHeader("If-Modified-Since", "Sun, 30 Nov 2025 05:51:47 GMT")
12-01 06:16:10.116 30442 32726 W NotificationManager: notify: id corrupted: sent 2131362420, got back 0
12-01 06:16:10.116 30442 32726 D UserPreferences: User data folder not writable or not set. Trying default.
12-01 06:16:10.118 30442 32726 D DownloadRequestCreat: Requesting download of url https://feeds.wdjh.org/podcasts/no_one_saw_it_coming.rss
12-01 06:16:10.119 30442 32726 D HttpDownloader: addHeader("If-Modified-Since", "Sun, 30 Nov 2025 05:23:08 GMT")
12-01 06:16:10.132 30442 32727 D HttpDownloader: Response code is 304
12-01 06:16:10.132 30442 32727 D HttpDownloader: Feed 'https://feeds.wdjh.org/podcasts/abc_news_daily.rss' not modified since last update, Download canceled
12-01 06:16:10.132 30442 32727 D HttpDownloader: Download was cancelled
12-01 06:16:10.132 30442 32726 D HttpDownloader: Response code is 304
12-01 06:16:10.132 30442 32726 D HttpDownloader: Feed 'https://feeds.wdjh.org/podcasts/no_one_saw_it_coming.rss' not modified since last update, Download canceled
12-01 06:16:10.132 30442 32726 D HttpDownloader: Download was cancelled
12-01 06:16:10.142 30442 32727 D UserPreferences: User data folder not writable or not set. Trying default.
12-01 06:16:10.145 30442 32724 D FeedParserTask: Gypsy Tales (Mod) parsed
12-01 06:16:10.145 30442 32727 D DownloadRequestCreat: Requesting download of url https://feeds.wdjh.org/podcasts/we_went_fast.rss
12-01 06:16:10.145 30442 32727 D HttpDownloader: addHeader("If-Modified-Since", "Sun, 30 Nov 2025 05:26:20 GMT")
12-01 06:16:10.145 30442 32724 D FeedParserTask: Deletion of file '/storage/emulated/0/Android/data/de.danoeh.antennapod/files/cache/feed-Gypsy Tales Mod12' successful
12-01 06:16:10.147 30442 32726 W NotificationManager: notify: id corrupted: sent 2131362420, got back 0
12-01 06:16:10.147 30442 32726 D UserPreferences: User data folder not writable or not set. Trying default.
12-01 06:16:10.150 30442 32726 D DownloadRequestCreat: Requesting download of url https://feeds.wdjh.org/podcasts/the_podcasters_guide_to_the_conspiracy.rss
12-01 06:16:10.150 30442 32726 D HttpDownloader: addHeader("If-Modified-Since", "Sun, 30 Nov 2025 05:25:09 GMT")
12-01 06:16:10.151 30442 32727 D HttpDownloader: Response code is 304
12-01 06:16:10.151 30442 32727 D HttpDownloader: Feed 'https://feeds.wdjh.org/podcasts/we_went_fast.rss' not modified since last update, Download canceled
12-01 06:16:10.151 30442 32727 D HttpDownloader: Download was cancelled
12-01 06:16:10.156 30442 32726 D HttpDownloader: Response code is 304
12-01 06:16:10.156 30442 32726 D HttpDownloader: Feed 'https://feeds.wdjh.org/podcasts/the_podcasters_guide_to_the_conspiracy.rss' not modified since last update, Download canceled
12-01 06:16:10.156 30442 32726 D HttpDownloader: Download was cancelled
12-01 06:16:10.158 30442 32727 W NotificationManager: notify: id corrupted: sent 2131362420, got back 0
12-01 06:16:10.163 30442 32726 W NotificationManager: notify: id corrupted: sent 2131362420, got back 0
12-01 06:16:10.169 30442 32724 D DBReader: getFeed() called with: feedId = [12]
12-01 06:16:10.169 30442 32725 D DBReader: getFeedDownloadLog() called with: feed = [45]
12-01 06:16:10.174 30442 32724 D DBReader: getFeedItemList() called with: feed = [de.danoeh.antennapod.model.feed.Feed@2b]
12-01 06:16:10.177 30442 31923 D DBReader: Extracting Feedlist
12-01 06:16:10.181 30442 32730 D DBReader: Extracting Feedlist
12-01 06:16:10.182 30442 32724 D DBReader: getFavoriteIDList() called
12-01 06:16:10.191 30442 32724 D DBReader: getQueueIDList() called
12-01 06:16:10.191 30442 32724 D FeedDbWriter: Feed with title Gypsy Tales (Mod) already exists. Syncing new with existing one.
12-01 06:16:10.192 30442 32724 D FeedDbWriter: Found new item: CHAPTER 375 Ft. Cameron Steele
12-01 06:16:10.192 30442 32724 D FeedDbWriter: Found new item: CHAPTER 374 Ft. Jeff Emig
12-01 06:16:10.192 30442 32724 D FeedDbWriter: Found new item: CHAPTER 373 Ft.Christian Glasgow
12-01 06:16:10.192 30442 32724 D FeedDbWriter: Found new item: CHAPTER 372 Ft. Jeremy Martin
12-01 06:16:10.192 30442 32724 D FeedDbWriter: Found new item: CHAPTER 371 Ft. Tom Burwell
12-01 06:16:10.192 30442 32724 D FeedDbWriter: Found new item: CHAPTER 370 Ft. Chance Hymas
12-01 06:16:10.192 30442 32724 D FeedDbWriter: Found new item: CHAPTER 369 Ft. Johnny Hopper
12-01 06:16:10.192 30442 32724 D FeedDbWriter: Found new item: CHAPTER 368 Ft. Alex Martin
12-01 06:16:10.192 30442 32724 D FeedDbWriter: Found new item: CHAPTER 367 Ft. Broc Tickle
12-01 06:16:10.192 30442 32724 D FeedDbWriter: Found new item: CHAPTER 366 Ft. Hunter Lawrence
12-01 06:16:10.193 30442 32724 D FeedDbWriter: Found new item: CHAPTER 365 Ft. Malcolm Stewart
12-01 06:16:10.193 30442 32724 D FeedDbWriter: Found new item: CHAPTER 364 Ft. Mitch Covington
12-01 06:16:10.193 30442 32724 D FeedDbWriter: Found new item: CHAPTER 363 Ft. Takeshi Katsuya
12-01 06:16:10.193 30442 32724 D FeedDbWriter: Found new item: CHAPTER 362 Ft. Dean Wilson
12-01 06:16:10.193 30442 32724 D FeedDbWriter: Found new item: CHAPTER 361 Ft. Pete Fox
12-01 06:16:10.334 30442 30796 D de.danoeh.antennapod.storage.database.PodDBAdapter@f5e76c0: Updating existing Feed in db
12-01 06:16:10.411 30442 32724 D DBReader: getFeedDownloadLog() called with: feed = [12]
12-01 06:16:10.413 30442 30800 D DBReader: Extracting Feedlist
12-01 06:16:10.431 30442 31924 D DBReader: Extracting Feedlist
12-01 06:16:10.434 30442 30800 D AutoDownloadManager: autodownloadUndownloadedItems
12-01 06:16:10.443 30442 32730 D DBReader: Extracting Feedlist
12-01 06:16:10.447 30442 30537 D DownloadAlgorithm: Performing auto-dl of undownloaded episodes
12-01 06:16:10.447 30442 30537 D DBReader: getRecentlyPublishedEpisodes() called with: offset=0, limit=2147483647
12-01 06:16:10.465 30442 30537 D DBReader: getFavoriteIDList() called
12-01 06:16:10.469 30442 30537 D DBReader: getQueueIDList() called
12-01 06:16:10.473 30442 30537 D DBReader: Extracting Feedlist
12-01 06:16:10.487 30442 30537 D DBReader: getQueue() called
12-01 06:16:10.492 30442 30537 D DBReader: getFavoriteIDList() called
12-01 06:16:10.493 30442 30459 I WM-WorkerWrapper: Worker result SUCCESS for Work [ id=3cabb0c9-3a2c-4c3a-9df8-f0dbbfed2cc2, tags={ feedUpdate, de.danoeh.antennapod.net.download.service.feed.FeedUpdateWorker } ]
12-01 06:16:10.493 30442 30537 D DBReader: getQueueIDList() called
12-01 06:16:10.494 30442 30537 D DBReader: Extracting Feedlist
12-01 06:16:10.526 30442 30442 I WM-SystemFgDispatcher: Stopping foreground service
12-01 06:16:10.555 30442 30537 I APNullCleanupAlgorithm: performCleanup: Not removing anything
12-01 06:16:10.555 30442 30537 D DownloadAlgorithm: Enqueueing 25 items for download
12-01 06:16:10.644 30442 30442 D AudioPlayerFragment: currentPosition 00:08:52
12-01 06:16:11.644 30442 30442 D AudioPlayerFragment: currentPosition 00:08:53
12-01 06:16:12.000 30442 30543 D DBReader: getFavoriteIDList() called
12-01 06:16:12.002 30442 30543 D DBReader: getQueueIDList() called
12-01 06:16:12.003 30442 30543 D DBReader: Extracting Feedlist
12-01 06:16:12.015 30442 30543 D UserPreferences: User data folder not writable or not set. Trying default.
12-01 06:16:12.017 30442 30790 D DBReader: getFavoriteIDList() called
12-01 06:16:12.019 30442 30800 D DBReader: getFavoriteIDList() called
12-01 06:16:12.021 30442 30790 D DBReader: getQueueIDList() called
12-01 06:16:12.021 30442 30800 D DBReader: getQueueIDList() called
12-01 06:16:12.022 30442 30543 D DownloadRequestCreat: Requesting download of url https://feeds.wdjh.org/podcasts/abc_news_daily/20251128_89.mp3
12-01 06:16:12.022 30442 30790 D DBReader: Extracting Feedlist
12-01 06:16:12.023 30442 30800 D DBReader: Extracting Feedlist
12-01 06:16:12.040 30442 30543 D HttpDownloader: addHeader("Accept-Encoding", "identity")
12-01 06:16:12.058 30442 30790 D UserPreferences: User data folder not writable or not set. Trying default.
12-01 06:16:12.061 30442 30536 D SyncService: Downloaded subscription changes: SubscriptionChange [added=[], removed=[], timestamp=1764530166]
12-01 06:16:12.061 30442 30536 D SyncService: No feeds to add or remove from server
12-01 06:16:12.062 30442 30536 D DBReader: Extracting Feedlist
12-01 06:16:12.064 30442 30543 D HttpDownloader: Response code is 404
12-01 06:16:12.064 30442 30543 D HttpDownloader: onFail() called with: reason = [ERROR_NOT_FOUND], reasonDetailed = [404]
12-01 06:16:12.066 30442 30790 D DownloadRequestCreat: Requesting download of url https://feeds.wdjh.org/podcasts/full_story/20251127_27-20897-FS_HANSON.mp3
12-01 06:16:12.070 30442 30800 D UserPreferences: User data folder not writable or not set. Trying default.
12-01 06:16:12.070 30442 30543 E EpisodeDownloadWorker: Download failed
12-01 06:16:12.071 30442 30442 D MainActivity: onEvent(de.danoeh.antennapod.event.MessageEvent@744b329)
12-01 06:16:12.073 30442 30543 D EpisodeDownloadWorker: Worker for https://feeds.wdjh.org/podcasts/abc_news_daily/20251128_89.mp3 returned.
12-01 06:16:12.074 30442 30800 D DownloadRequestCreat: Requesting download of url https://feeds.wdjh.org/podcasts/all_things_considered/20251127_20251127_atc_pope_leo_is_traveling_to_turkey_and_lebanon_on_the_first_foreign_trip_of_his_papacy.mp3
12-01 06:16:12.082 30442 30442 D TextView: setTypeface with style : 0
12-01 06:16:12.087 30442 30790 D HttpDownloader: addHeader("Accept-Encoding", "identity")
12-01 06:16:12.088 30442 30543 D DBReader: getFavoriteIDList() called
12-01 06:16:12.088 30442 30442 D TextView: setTypeface with style : 0
12-01 06:16:12.099 30442 30790 D HttpDownloader: Response code is 404
12-01 06:16:12.099 30442 30790 D HttpDownloader: onFail() called with: reason = [ERROR_NOT_FOUND], reasonDetailed = [404]
12-01 06:16:12.101 30442 30790 E EpisodeDownloadWorker: Download failed
12-01 06:16:12.102 30442 30790 D EpisodeDownloadWorker: Worker for https://feeds.wdjh.org/podcasts/full_story/20251127_27-20897-FS_HANSON.mp3 returned.
12-01 06:16:12.109 30442 30442 D ItemDescriptionFragment: Saving preferences
12-01 06:16:12.110 30442 30442 D ItemDescriptionFragment: Saving scroll position: 0
12-01 06:16:12.115 30442 30442 D MainActivity: onEvent(de.danoeh.antennapod.event.MessageEvent@c9698f8)
12-01 06:16:12.117 30442 30442 D TextView: setTypeface with style : 0
12-01 06:16:12.119 30442 30442 D TextView: setTypeface with style : 0
12-01 06:16:12.120 30442 30543 D DBReader: getQueueIDList() called
12-01 06:16:12.124 30442 30800 D HttpDownloader: addHeader("Accept-Encoding", "identity")
12-01 06:16:12.125 30442 30442 D ItemDescriptionFragment: Saving preferences
12-01 06:16:12.126 30442 30442 D ItemDescriptionFragment: Saving scroll position: 0
12-01 06:16:12.134 30442 30790 D DBReader: getFavoriteIDList() called
12-01 06:16:12.134 30442 30543 D DBReader: Extracting Feedlist
12-01 06:16:12.136 30442 30790 D DBReader: getQueueIDList() called
12-01 06:16:12.137 30442 30800 D HttpDownloader: Response code is 404
12-01 06:16:12.137 30442 30800 D HttpDownloader: onFail() called with: reason = [ERROR_NOT_FOUND], reasonDetailed = [404]
12-01 06:16:12.140 30442 30800 E EpisodeDownloadWorker: Download failed
12-01 06:16:12.144 30442 30800 D EpisodeDownloadWorker: Worker for https://feeds.wdjh.org/podcasts/all_things_considered/20251127_20251127_atc_pope_leo_is_traveling_to_turkey_and_lebanon_on_the_first_foreign_trip_of_his_papacy.mp3 returned.
12-01 06:16:12.145 30442 30543 D UserPreferences: User data folder not writable or not set. Trying default.
12-01 06:16:12.147 30442 30442 D MainActivity: onEvent(de.danoeh.antennapod.event.MessageEvent@7cf507d)
12-01 06:16:12.149 30442 30442 D TextView: setTypeface with style : 0
12-01 06:16:12.149 30442 30543 D DownloadRequestCreat: Requesting download of url https://feeds.wdjh.org/podcasts/all_things_considered/20251127_20251127_atc_there_s_reason_to_be_optimistic_about_the_the_movies_coming_this_holiday_season.mp3
12-01 06:16:12.152 30442 30442 D TextView: setTypeface with style : 0
12-01 06:16:12.153 30442 30536 D SyncService: Processing 0 actions
12-01 06:16:12.170 30442 30790 D DBReader: Extracting Feedlist
12-01 06:16:12.172 30442 30800 D DBReader: getFavoriteIDList() called
12-01 06:16:12.189 30442 30800 D DBReader: getQueueIDList() called
12-01 06:16:12.193 30442 30543 D HttpDownloader: addHeader("Accept-Encoding", "identity")
12-01 06:16:12.197 30442 30536 D DBReader: getFavoriteIDList() called
12-01 06:16:12.199 30442 30536 D DBReader: getQueueIDList() called
12-01 06:16:12.200 30442 30800 D DBReader: Extracting Feedlist
12-01 06:16:12.201 30442 30536 D DBReader: Extracting Feedlist
12-01 06:16:12.204 30442 30790 D UserPreferences: User data folder not writable or not set. Trying default.
12-01 06:16:12.206 30442 30496 I WM-WorkerWrapper: Worker result FAILURE for Work [ id=df5ffad2-f426-4b4b-845f-1649d8ac8d3b, tags={ de.danoeh.antennapod.net.download.service.episode.EpisodeDownloadWorker, episodeUrl:https://feeds.wdjh.org/podcasts/abc_news_daily/20251128_89.mp3, episodeDownload } ]
12-01 06:16:12.210 30442 30790 D DownloadRequestCreat: Requesting download of url https://feeds.wdjh.org/podcasts/all_things_considered/20251127_20251127_atc_the_afghan_resettlement_effort_faces_a_defining_test_after_the_dc_shooting.mp3
12-01 06:16:12.210 30442 30800 D UserPreferences: User data folder not writable or not set. Trying default.
12-01 06:16:12.213 30442 30543 D HttpDownloader: Response code is 404
12-01 06:16:12.213 30442 30543 D HttpDownloader: onFail() called with: reason = [ERROR_NOT_FOUND], reasonDetailed = [404]
12-01 06:16:12.216 30442 30800 D DownloadRequestCreat: Requesting download of url https://feeds.wdjh.org/podcasts/sbs_french__sbs_en_franais/20251128_20251128082014-french-3218b267-e5d8-4373-9653-ed6f03af0dd5.mp3
12-01 06:16:12.221 30442 30536 D UserPreferences: User data folder not writable or not set. Trying default.
12-01 06:16:12.221 30442 30543 E EpisodeDownloadWorker: Download failed
12-01 06:16:12.222 30442 30543 D EpisodeDownloadWorker: Worker for https://feeds.wdjh.org/podcasts/all_things_considered/20251127_20251127_atc_there_s_reason_to_be_optimistic_about_the_the_movies_coming_this_holiday_season.mp3 returned.
12-01 06:16:12.222 30442 30790 D HttpDownloader: addHeader("Accept-Encoding", "identity")
12-01 06:16:12.223 30442 30536 D DownloadRequestCreat: Requesting download of url https://feeds.wdjh.org/podcasts/sbs_french__sbs_en_franais/20251128_20251128075814-french-8656a917-6e99-460e-8e3d-5426b1ebf6b6.mp3
12-01 06:16:12.229 30442 30442 D MainActivity: onEvent(de.danoeh.antennapod.event.MessageEvent@fdeed04)
12-01 06:16:12.232 30442 30442 D TextView: setTypeface with style : 0
12-01 06:16:12.232 30442 30790 D HttpDownloader: Response code is 404
12-01 06:16:12.232 30442 30790 D HttpDownloader: onFail() called with: reason = [ERROR_NOT_FOUND], reasonDetailed = [404]
12-01 06:16:12.234 30442 30790 E EpisodeDownloadWorker: Download failed
12-01 06:16:12.234 30442 30496 I WM-WorkerWrapper: Worker result FAILURE for Work [ id=a4e167e3-e379-4ee3-931c-6fa66951d4f2, tags={ episodeUrl:https://feeds.wdjh.org/podcasts/full_story/20251127_27-20897-FS_HANSON.mp3, de.danoeh.antennapod.net.download.service.episode.EpisodeDownloadWorker, episodeDownload } ]
12-01 06:16:12.235 30442 30790 D EpisodeDownloadWorker: Worker for https://feeds.wdjh.org/podcasts/all_things_considered/20251127_20251127_atc_the_afghan_resettlement_effort_faces_a_defining_test_after_the_dc_shooting.mp3 returned.
12-01 06:16:12.237 30442 30442 D TextView: setTypeface with style : 0
12-01 06:16:12.243 30442 30543 D DBReader: getFavoriteIDList() called
12-01 06:16:12.246 30442 30800 D HttpDownloader: addHeader("Accept-Encoding", "identity")
12-01 06:16:12.263 30442 30800 D HttpDownloader: Response code is 404
12-01 06:16:12.263 30442 30800 D HttpDownloader: onFail() called with: reason = [ERROR_NOT_FOUND], reasonDetailed = [404]
12-01 06:16:12.265 30442 30800 E EpisodeDownloadWorker: Download failed
12-01 06:16:12.266 30442 30790 D DBReader: getFavoriteIDList() called
12-01 06:16:12.267 30442 30800 D EpisodeDownloadWorker: Worker for https://feeds.wdjh.org/podcasts/sbs_french__sbs_en_franais/20251128_20251128082014-french-3218b267-e5d8-4373-9653-ed6f03af0dd5.mp3 returned.
12-01 06:16:12.267 30442 30543 D DBReader: getQueueIDList() called
12-01 06:16:12.288 30442 30790 D DBReader: getQueueIDList() called
12-01 06:16:12.289 30442 30536 D HttpDownloader: addHeader("Accept-Encoding", "identity")
12-01 06:16:12.298 30442 30800 D DBReader: getFavoriteIDList() called
12-01 06:16:12.299 30442 30543 D DBReader: Extracting Feedlist
12-01 06:16:12.303 30442 30536 D HttpDownloader: Response code is 404
12-01 06:16:12.303 30442 30536 D HttpDownloader: onFail() called with: reason = [ERROR_NOT_FOUND], reasonDetailed = [404]
12-01 06:16:12.305 30442 30536 E EpisodeDownloadWorker: Download failed
12-01 06:16:12.309 30442 30536 D EpisodeDownloadWorker: Worker for https://feeds.wdjh.org/podcasts/sbs_french__sbs_en_franais/20251128_20251128075814-french-8656a917-6e99-460e-8e3d-5426b1ebf6b6.mp3 returned.
12-01 06:16:12.315 30442 30790 D DBReader: Extracting Feedlist
12-01 06:16:12.315 30442 30800 D DBReader: getQueueIDList() called
12-01 06:16:12.322 30442 30536 D DBReader: getFavoriteIDList() called
12-01 06:16:12.328 30442 30543 D UserPreferences: User data folder not writable or not set. Trying default.
12-01 06:16:12.332 30442 30543 D DownloadRequestCreat: Requesting download of url https://feeds.wdjh.org/podcasts/abc_rewind/20251128_63.mp3
12-01 06:16:12.334 30442 30800 D DBReader: Extracting Feedlist
12-01 06:16:12.337 30442 30536 D DBReader: getQueueIDList() called
12-01 06:16:12.344 30442 30790 D UserPreferences: User data folder not writable or not set. Trying default.
12-01 06:16:12.347 30442 30442 D MainActivity: onEvent(de.danoeh.antennapod.event.MessageEvent@a6fde2b)
12-01 06:16:12.348 30442 30790 D DownloadRequestCreat: Requesting download of url https://feeds.wdjh.org/podcasts/abc_rewind/20251128_61.mp3
12-01 06:16:12.349 30442 30800 D UserPreferences: User data folder not writable or not set. Trying default.
12-01 06:16:12.351 30442 30442 D TextView: setTypeface with style : 0
12-01 06:16:12.354 30442 30800 D DownloadRequestCreat: Requesting download of url https://feeds.wdjh.org/podcasts/knowledge_fight/20251128_Nov15-2025.mp3
12-01 06:16:12.354 30442 30536 D DBReader: Extracting Feedlist
12-01 06:16:12.355 30442 30442 D TextView: setTypeface with style : 0
12-01 06:16:12.359 30442 30543 D HttpDownloader: addHeader("Accept-Encoding", "identity")
12-01 06:16:12.365 30442 30536 D UserPreferences: User data folder not writable or not set. Trying default.
12-01 06:16:12.366 30442 30496 I WM-WorkerWrapper: Worker result FAILURE for Work [ id=8a689117-d451-4a02-8638-89040db161f6, tags={ episodeUrl:https://feeds.wdjh.org/podcasts/all_things_considered/20251127_20251127_atc_pope_leo_is_traveling_to_turkey_and_lebanon_on_the_first_foreign_trip_of_his_papacy.mp3, de.danoeh.antennapod.net.download.service.episode.EpisodeDownloadWorker, episodeDownload } ]
12-01 06:16:12.369 30442 30536 D DownloadRequestCreat: Requesting download of url https://feeds.wdjh.org/podcasts/the_conditional_release_program/20251128_stream.mp3
12-01 06:16:12.385 30442 30543 D HttpDownloader: Response code is 404
12-01 06:16:12.386 30442 30543 D HttpDownloader: onFail() called with: reason = [ERROR_NOT_FOUND], reasonDetailed = [404]
12-01 06:16:12.388 30442 30543 E EpisodeDownloadWorker: Download failed
12-01 06:16:12.390 30442 30543 D EpisodeDownloadWorker: Worker for https://feeds.wdjh.org/podcasts/abc_rewind/20251128_63.mp3 returned.
12-01 06:16:12.395 30442 30790 D HttpDownloader: addHeader("Accept-Encoding", "identity")
12-01 06:16:12.407 30442 30790 D HttpDownloader: Response code is 404
12-01 06:16:12.407 30442 30790 D HttpDownloader: onFail() called with: reason = [ERROR_NOT_FOUND], reasonDetailed = [404]
12-01 06:16:12.410 30442 30790 E EpisodeDownloadWorker: Download failed
12-01 06:16:12.411 30442 30790 D EpisodeDownloadWorker: Worker for https://feeds.wdjh.org/podcasts/abc_rewind/20251128_61.mp3 returned.
12-01 06:16:12.415 30442 30800 D HttpDownloader: addHeader("Accept-Encoding", "identity")
12-01 06:16:12.415 30442 30543 D DBReader: getFavoriteIDList() called
12-01 06:16:12.430 30442 30800 D HttpDownloader: Response code is 404
12-01 06:16:12.430 30442 30800 D HttpDownloader: onFail() called with: reason = [ERROR_NOT_FOUND], reasonDetailed = [404]
12-01 06:16:12.431 30442 30790 D DBReader: getFavoriteIDList() called
12-01 06:16:12.432 30442 30536 D HttpDownloader: addHeader("Accept-Encoding", "identity")
12-01 06:16:12.432 30442 30543 D DBReader: getQueueIDList() called
12-01 06:16:12.432 30442 30800 E EpisodeDownloadWorker: Download failed
12-01 06:16:12.434 30442 30800 D EpisodeDownloadWorker: Worker for https://feeds.wdjh.org/podcasts/knowledge_fight/20251128_Nov15-2025.mp3 returned.
12-01 06:16:12.444 30442 30536 D HttpDownloader: Response code is 404
12-01 06:16:12.444 30442 30536 D HttpDownloader: onFail() called with: reason = [ERROR_NOT_FOUND], reasonDetailed = [404]
12-01 06:16:12.447 30442 30442 D MainActivity: onEvent(de.danoeh.antennapod.event.MessageEvent@983cf15)
12-01 06:16:12.449 30442 30536 E EpisodeDownloadWorker: Download failed
12-01 06:16:12.450 30442 30442 D TextView: setTypeface with style : 0
12-01 06:16:12.452 30442 30536 D EpisodeDownloadWorker: Worker for https://feeds.wdjh.org/podcasts/the_conditional_release_program/20251128_stream.mp3 returned.
12-01 06:16:12.453 30442 30442 D TextView: setTypeface with style : 0
12-01 06:16:12.454 30442 30543 D DBReader: Extracting Feedlist
12-01 06:16:12.454 30442 30790 D DBReader: getQueueIDList() called
12-01 06:16:12.460 30442 30800 D DBReader: getFavoriteIDList() called
12-01 06:16:12.463 30442 30536 D DBReader: getFavoriteIDList() called
12-01 06:16:12.476 30442 30459 I WM-WorkerWrapper: Worker result SUCCESS for Work [ id=8eec6ec6-7f98-4bb6-a96c-535f802eb9c9, tags={ de.danoeh.antennapod.net.sync.service.SyncService } ]
12-01 06:16:12.476 30442 30442 D MainActivity: onEvent(de.danoeh.antennapod.event.MessageEvent@bea57c9)
12-01 06:16:12.479 30442 30442 D TextView: setTypeface with style : 0
12-01 06:16:12.482 30442 30442 D TextView: setTypeface with style : 0
12-01 06:16:12.493 30442 30790 D DBReader: Extracting Feedlist
12-01 06:16:12.494 30442 30800 D DBReader: getQueueIDList() called
12-01 06:16:12.495 30442 30536 D DBReader: getQueueIDList() called
12-01 06:16:12.499 30442 30543 D UserPreferences: User data folder not writable or not set. Trying default.
12-01 06:16:12.504 30442 30800 D DBReader: Extracting Feedlist
12-01 06:16:12.504 30442 30543 D DownloadRequestCreat: Requesting download of url https://feeds.wdjh.org/podcasts/mushroom_case_daily/20251128_b8.mp3
12-01 06:16:12.505 30442 30536 D DBReader: Extracting Feedlist
12-01 06:16:12.510 30442 30790 D UserPreferences: User data folder not writable or not set. Trying default.
12-01 06:16:12.514 30442 30790 D DownloadRequestCreat: Requesting download of url https://feeds.wdjh.org/podcasts/background_briefing/20251129_ph.mp3
12-01 06:16:12.524 30442 30543 D HttpDownloader: addHeader("Accept-Encoding", "identity")
12-01 06:16:12.533 30442 30536 D UserPreferences: User data folder not writable or not set. Trying default.
12-01 06:16:12.534 30442 30800 D UserPreferences: User data folder not writable or not set. Trying default.
12-01 06:16:12.536 30442 30536 D DownloadRequestCreat: Requesting download of url https://feeds.wdjh.org/podcasts/politics_now/20251129_n6.mp3
12-01 06:16:12.540 30442 30543 D HttpDownloader: Response code is 404
12-01 06:16:12.540 30442 30543 D HttpDownloader: onFail() called with: reason = [ERROR_NOT_FOUND], reasonDetailed = [404]
12-01 06:16:12.540 30442 30800 D DownloadRequestCreat: Requesting download of url https://feeds.wdjh.org/podcasts/the_steve_matthes_show_on_racerx/20251130_251129_wsx_pulpcasts.mp3
12-01 06:16:12.541 30442 30790 D HttpDownloader: addHeader("Accept-Encoding", "identity")
12-01 06:16:12.543 30442 30543 E EpisodeDownloadWorker: Download failed
12-01 06:16:12.545 30442 30543 D EpisodeDownloadWorker: Worker for https://feeds.wdjh.org/podcasts/mushroom_case_daily/20251128_b8.mp3 returned.
12-01 06:16:12.553 30442 30790 D HttpDownloader: Response code is 404
12-01 06:16:12.553 30442 30790 D HttpDownloader: onFail() called with: reason = [ERROR_NOT_FOUND], reasonDetailed = [404]
12-01 06:16:12.558 30442 30442 D ItemDescriptionFragment: Saving preferences
12-01 06:16:12.559 30442 30442 D ItemDescriptionFragment: Saving scroll position: 0
12-01 06:16:12.561 30442 30790 E EpisodeDownloadWorker: Download failed
12-01 06:16:12.566 30442 30790 D EpisodeDownloadWorker: Worker for https://feeds.wdjh.org/podcasts/background_briefing/20251129_ph.mp3 returned.
12-01 06:16:12.573 30442 30442 D MainActivity: onEvent(de.danoeh.antennapod.event.MessageEvent@ae0fa32)
12-01 06:16:12.576 30442 30442 D TextView: setTypeface with style : 0
12-01 06:16:12.582 30442 30536 D HttpDownloader: addHeader("Accept-Encoding", "identity")
12-01 06:16:12.582 30442 30442 D TextView: setTypeface with style : 0
12-01 06:16:12.582 30442 30790 D DBReader: getFavoriteIDList() called
12-01 06:16:12.583 30442 30543 D DBReader: getFavoriteIDList() called
12-01 06:16:12.591 30442 30442 D ItemDescriptionFragment: Saving preferences
12-01 06:16:12.591 30442 30442 D ItemDescriptionFragment: Saving scroll position: 0
12-01 06:16:12.607 30442 30536 D HttpDownloader: Response code is 404
12-01 06:16:12.607 30442 30536 D HttpDownloader: onFail() called with: reason = [ERROR_NOT_FOUND], reasonDetailed = [404]
12-01 06:16:12.612 30442 30536 E EpisodeDownloadWorker: Download failed
12-01 06:16:12.614 30442 30459 I WM-WorkerWrapper: Worker result FAILURE for Work [ id=e637ffdd-5800-4e0f-8293-29fea7f4d8ff, tags={ de.danoeh.antennapod.net.download.service.episode.EpisodeDownloadWorker, episodeUrl:https://feeds.wdjh.org/podcasts/all_things_considered/20251127_20251127_atc_there_s_reason_to_be_optimistic_about_the_the_movies_coming_this_holiday_season.mp3, episodeDownload } ]
12-01 06:16:12.614 30442 30536 D EpisodeDownloadWorker: Worker for https://feeds.wdjh.org/podcasts/politics_now/20251129_n6.mp3 returned.
12-01 06:16:12.615 30442 30790 D DBReader: getQueueIDList() called
12-01 06:16:12.615 30442 30543 D DBReader: getQueueIDList() called
12-01 06:16:12.617 30442 30800 D HttpDownloader: addHeader("Accept-Encoding", "identity")
12-01 06:16:12.637 30442 30536 D DBReader: getFavoriteIDList() called
12-01 06:16:12.638 30442 30790 D DBReader: Extracting Feedlist
12-01 06:16:12.639 30442 30543 D DBReader: Extracting Feedlist
12-01 06:16:12.640 30442 30800 D HttpDownloader: Response code is 404
12-01 06:16:12.640 30442 30800 D HttpDownloader: onFail() called with: reason = [ERROR_NOT_FOUND], reasonDetailed = [404]
12-01 06:16:12.642 30442 30800 E EpisodeDownloadWorker: Download failed
12-01 06:16:12.645 30442 30800 D EpisodeDownloadWorker: Worker for https://feeds.wdjh.org/podcasts/the_steve_matthes_show_on_racerx/20251130_251129_wsx_pulpcasts.mp3 returned.
12-01 06:16:12.663 30442 30536 D DBReader: getQueueIDList() called
12-01 06:16:12.665 30442 30790 D UserPreferences: User data folder not writable or not set. Trying default.
12-01 06:16:12.666 30442 30800 D DBReader: getFavoriteIDList() called
12-01 06:16:12.668 30442 30543 D UserPreferences: User data folder not writable or not set. Trying default.
12-01 06:16:12.671 30442 30790 D DownloadRequestCreat: Requesting download of url https://feeds.wdjh.org/podcasts/sbs_french__sbs_en_franais/20251129_20251129080514-french-20de8e09-e60d-483d-a5ae-543038947af9.mp3
12-01 06:16:12.671 30442 30442 D MainActivity: onEvent(de.danoeh.antennapod.event.MessageEvent@646c373)
12-01 06:16:12.674 30442 30543 D DownloadRequestCreat: Requesting download of url https://feeds.wdjh.org/podcasts/sbs_french__sbs_en_franais/20251129_20251129140016-french-5f122eb7-3ad2-4c02-bdd1-ef71284f277e.mp3
12-01 06:16:12.675 30442 30442 D TextView: setTypeface with style : 0
12-01 06:16:12.681 30442 30442 D TextView: setTypeface with style : 0
12-01 06:16:12.687 30442 30800 D DBReader: getQueueIDList() called
12-01 06:16:12.690 30442 30536 D DBReader: Extracting Feedlist
12-01 06:16:12.692 30442 30442 D ItemDescriptionFragment: Saving preferences
12-01 06:16:12.692 30442 30442 D ItemDescriptionFragment: Saving scroll position: 0
12-01 06:16:12.704 30442 30800 D DBReader: Extracting Feedlist
12-01 06:16:12.705 30442 30442 D AudioPlayerFragment: currentPosition 00:08:54
12-01 06:16:12.716 30442 30790 D HttpDownloader: addHeader("Accept-Encoding", "identity")
12-01 06:16:12.726 30442 30498 I WM-WorkerWrapper: Worker result FAILURE for Work [ id=a767beb5-8721-4ea6-aea7-ca128a3bd4c9, tags={ de.danoeh.antennapod.net.download.service.episode.EpisodeDownloadWorker, episodeUrl:https://feeds.wdjh.org/podcasts/all_things_considered/20251127_20251127_atc_the_afghan_resettlement_effort_faces_a_defining_test_after_the_dc_shooting.mp3, episodeDownload } ]
12-01 06:16:12.729 30442 30536 D UserPreferences: User data folder not writable or not set. Trying default.
12-01 06:16:12.735 30442 30442 D MainActivity: onEvent(de.danoeh.antennapod.event.MessageEvent@ee53306)
12-01 06:16:12.735 30442 30800 D UserPreferences: User data folder not writable or not set. Trying default.
12-01 06:16:12.737 30442 30442 D TextView: setTypeface with style : 0
12-01 06:16:12.737 30442 30536 D DownloadRequestCreat: Requesting download of url https://feeds.wdjh.org/podcasts/the_racer_x_podcast_network/20251128_WeegeshowWednesdayAus_1.mp3
12-01 06:16:12.740 30442 30442 D TextView: setTypeface with style : 0
12-01 06:16:12.744 30442 30790 D HttpDownloader: Response code is 404
12-01 06:16:12.744 30442 30800 D DownloadRequestCreat: Requesting download of url https://feeds.wdjh.org/podcasts/boonta_vista/20251129_2220966239-boontavista-episode-424.mp3
12-01 06:16:12.744 30442 30790 D HttpDownloader: onFail() called with: reason = [ERROR_NOT_FOUND], reasonDetailed = [404]
12-01 06:16:12.757 30442 30442 D ItemDescriptionFragment: Saving preferences
12-01 06:16:12.757 30442 30442 D ItemDescriptionFragment: Saving scroll position: 0
12-01 06:16:12.762 30442 30543 D HttpDownloader: addHeader("Accept-Encoding", "identity")
12-01 06:16:12.773 30442 30790 E EpisodeDownloadWorker: Download failed
12-01 06:16:12.779 30442 30790 D EpisodeDownloadWorker: Worker for https://feeds.wdjh.org/podcasts/sbs_french__sbs_en_franais/20251129_20251129080514-french-20de8e09-e60d-483d-a5ae-543038947af9.mp3 returned.
12-01 06:16:12.781 30442 30536 D HttpDownloader: addHeader("Accept-Encoding", "identity")
12-01 06:16:12.791 30442 30543 D HttpDownloader: Response code is 404
12-01 06:16:12.791 30442 30543 D HttpDownloader: onFail() called with: reason = [ERROR_NOT_FOUND], reasonDetailed = [404]
12-01 06:16:12.795 30442 30536 D HttpDownloader: Response code is 404
12-01 06:16:12.795 30442 30536 D HttpDownloader: onFail() called with: reason = [ERROR_NOT_FOUND], reasonDetailed = [404]
12-01 06:16:12.796 30442 30543 E EpisodeDownloadWorker: Download failed
12-01 06:16:12.797 30442 30536 E EpisodeDownloadWorker: Download failed
12-01 06:16:12.798 30442 30536 D EpisodeDownloadWorker: Worker for https://feeds.wdjh.org/podcasts/the_racer_x_podcast_network/20251128_WeegeshowWednesdayAus_1.mp3 returned.
12-01 06:16:12.798 30442 30543 D EpisodeDownloadWorker: Worker for https://feeds.wdjh.org/podcasts/sbs_french__sbs_en_franais/20251129_20251129140016-french-5f122eb7-3ad2-4c02-bdd1-ef71284f277e.mp3 returned.
12-01 06:16:12.812 30442 30800 D HttpDownloader: addHeader("Accept-Encoding", "identity")
12-01 06:16:12.820 30442 30790 D DBReader: getFavoriteIDList() called
12-01 06:16:12.822 30442 30536 D DBReader: getFavoriteIDList() called
12-01 06:16:12.824 30442 30543 D DBReader: getFavoriteIDList() called
12-01 06:16:12.829 30442 30800 D HttpDownloader: Response code is 404
12-01 06:16:12.829 30442 30800 D HttpDownloader: onFail() called with: reason = [ERROR_NOT_FOUND], reasonDetailed = [404]
12-01 06:16:12.831 30442 30800 E EpisodeDownloadWorker: Download failed
12-01 06:16:12.834 30442 30800 D EpisodeDownloadWorker: Worker for https://feeds.wdjh.org/podcasts/boonta_vista/20251129_2220966239-boontavista-episode-424.mp3 returned.
12-01 06:16:12.867 30442 30442 D MainActivity: onEvent(de.danoeh.antennapod.event.MessageEvent@a918d5)
12-01 06:16:12.871 30442 30442 D TextView: setTypeface with style : 0
12-01 06:16:12.875 30442 30498 I WM-WorkerWrapper: Worker result FAILURE for Work [ id=76de93c5-4c25-4980-92aa-92dfc655822c, tags={ episodeUrl:https://feeds.wdjh.org/podcasts/sbs_french__sbs_en_franais/20251128_20251128082014-french-3218b267-e5d8-4373-9653-ed6f03af0dd5.mp3, de.danoeh.antennapod.net.download.service.episode.EpisodeDownloadWorker, episodeDownload } ]
12-01 06:16:12.875 30442 30442 D TextView: setTypeface with style : 0
12-01 06:16:12.888 30442 30442 D ItemDescriptionFragment: Saving preferences
12-01 06:16:12.889 30442 30442 D ItemDescriptionFragment: Saving scroll position: 0
12-01 06:16:12.895 30442 30442 D PlaybackService: Saving current position to 535053
12-01 06:16:12.902 30442 30498 I WM-WorkerWrapper: Worker result FAILURE for Work [ id=f2117d56-54c5-41d1-93fa-5c4a40a2ab85, tags={ de.danoeh.antennapod.net.download.service.episode.EpisodeDownloadWorker, episodeUrl:https://feeds.wdjh.org/podcasts/sbs_french__sbs_en_franais/20251128_20251128075814-french-8656a917-6e99-460e-8e3d-5426b1ebf6b6.mp3, episodeDownload } ]
12-01 06:16:12.907 30442 30790 D DBReader: getQueueIDList() called
12-01 06:16:12.908 30442 30536 D DBReader: getQueueIDList() called
12-01 06:16:12.909 30442 30543 D DBReader: getQueueIDList() called
12-01 06:16:12.922 30442 30800 D DBReader: getFavoriteIDList() called
12-01 06:16:12.924 30442 30790 D DBReader: Extracting Feedlist
12-01 06:16:12.925 30442 30536 D DBReader: Extracting Feedlist
12-01 06:16:12.935 30442 30543 D DBReader: Extracting Feedlist
12-01 06:16:12.936 30442 30800 D DBReader: getQueueIDList() called
12-01 06:16:12.946 30442 30790 D UserPreferences: User data folder not writable or not set. Trying default.
12-01 06:16:12.950 30442 30790 D DownloadRequestCreat: Requesting download of url https://feeds.wdjh.org/podcasts/rc_plane_lab/20251128_EP199.mp3
12-01 06:16:12.950 30442 30536 D UserPreferences: User data folder not writable or not set. Trying default.
12-01 06:16:12.954 30442 30536 D DownloadRequestCreat: Requesting download of url https://feeds.wdjh.org/podcasts/abc_rewind/20251129_06.mp3
12-01 06:16:12.966 30442 30800 D DBReader: Extracting Feedlist
12-01 06:16:12.971 30442 30442 D MainActivity: onEvent(de.danoeh.antennapod.event.MessageEvent@b90c890)
12-01 06:16:12.973 30442 30543 D UserPreferences: User data folder not writable or not set. Trying default.
12-01 06:16:12.975 30442 30442 D TextView: setTypeface with style : 0
12-01 06:16:12.978 30442 30543 D DownloadRequestCreat: Requesting download of url https://feeds.wdjh.org/podcasts/all_in_the_mind/20251130_1u.mp3
12-01 06:16:12.980 30442 30800 D UserPreferences: User data folder not writable or not set. Trying default.
12-01 06:16:12.981 30442 30442 D TextView: setTypeface with style : 0
12-01 06:16:12.985 30442 30800 D DownloadRequestCreat: Requesting download of url https://feeds.wdjh.org/podcasts/sbs_french__sbs_en_franais/20251130_20251130080108-french-2835b984-fba8-4c0b-ae17-ad98ca62e21b.mp3
12-01 06:16:12.991 30442 30790 D HttpDownloader: addHeader("Accept-Encoding", "identity")
12-01 06:16:12.999 30442 30536 D HttpDownloader: addHeader("Accept-Encoding", "identity")
12-01 06:16:12.999 30442 30442 D ItemDescriptionFragment: Saving preferences
12-01 06:16:12.999 30442 30442 D ItemDescriptionFragment: Saving scroll position: 0
12-01 06:16:13.007 30442 30790 D HttpDownloader: Response code is 404
12-01 06:16:13.007 30442 30790 D HttpDownloader: onFail() called with: reason = [ERROR_NOT_FOUND], reasonDetailed = [404]
12-01 06:16:13.012 30442 30790 E EpisodeDownloadWorker: Download failed
12-01 06:16:13.013 30442 30790 D EpisodeDownloadWorker: Worker for https://feeds.wdjh.org/podcasts/rc_plane_lab/20251128_EP199.mp3 returned.
12-01 06:16:13.014 30442 30536 D HttpDownloader: Response code is 404
12-01 06:16:13.014 30442 30536 D HttpDownloader: onFail() called with: reason = [ERROR_NOT_FOUND], reasonDetailed = [404]
12-01 06:16:13.017 30442 30536 E EpisodeDownloadWorker: Download failed
12-01 06:16:13.019 30442 30536 D EpisodeDownloadWorker: Worker for https://feeds.wdjh.org/podcasts/abc_rewind/20251129_06.mp3 returned.
12-01 06:16:13.021 30442 30790 D DBReader: getFavoriteIDList() called
12-01 06:16:13.025 30442 30543 D HttpDownloader: addHeader("Accept-Encoding", "identity")
12-01 06:16:13.044 30442 30470 I WM-WorkerWrapper: Worker result FAILURE for Work [ id=7409284c-e122-4222-92f4-18956a4775b6, tags={ episodeUrl:https://feeds.wdjh.org/podcasts/abc_rewind/20251128_63.mp3, de.danoeh.antennapod.net.download.service.episode.EpisodeDownloadWorker, episodeDownload } ]
12-01 06:16:13.047 30442 30543 D HttpDownloader: Response code is 404
12-01 06:16:13.048 30442 30543 D HttpDownloader: onFail() called with: reason = [ERROR_NOT_FOUND], reasonDetailed = [404]
12-01 06:16:13.050 30442 30543 E EpisodeDownloadWorker: Download failed
12-01 06:16:13.052 30442 30543 D EpisodeDownloadWorker: Worker for https://feeds.wdjh.org/podcasts/all_in_the_mind/20251130_1u.mp3 returned.
12-01 06:16:13.056 30442 30536 D DBReader: getFavoriteIDList() called
12-01 06:16:13.057 30442 30790 D DBReader: getQueueIDList() called
12-01 06:16:13.061 30442 30800 D HttpDownloader: addHeader("Accept-Encoding", "identity")
12-01 06:16:13.077 30442 30800 D HttpDownloader: Response code is 404
12-01 06:16:13.077 30442 30800 D HttpDownloader: onFail() called with: reason = [ERROR_NOT_FOUND], reasonDetailed = [404]
12-01 06:16:13.080 30442 30800 E EpisodeDownloadWorker: Download failed
12-01 06:16:13.086 30442 30800 D EpisodeDownloadWorker: Worker for https://feeds.wdjh.org/podcasts/sbs_french__sbs_en_franais/20251130_20251130080108-french-2835b984-fba8-4c0b-ae17-ad98ca62e21b.mp3 returned.
12-01 06:16:13.092 30442 30536 D DBReader: getQueueIDList() called
12-01 06:16:13.093 30442 30790 D DBReader: Extracting Feedlist
12-01 06:16:13.097 30442 30442 D MainActivity: onEvent(de.danoeh.antennapod.event.MessageEvent@ee6aba7)
12-01 06:16:13.100 30442 30442 D TextView: setTypeface with style : 0
12-01 06:16:13.100 30442 30536 D DBReader: Extracting Feedlist
12-01 06:16:13.103 30442 30442 D TextView: setTypeface with style : 0
12-01 06:16:13.110 30442 30790 D UserPreferences: User data folder not writable or not set. Trying default.
12-01 06:16:13.114 30442 30790 D DownloadRequestCreat: Requesting download of url https://feeds.wdjh.org/podcasts/sbs_french__sbs_en_franais/20251130_20251130140019-french-e8af9bb9-bb18-4889-acc8-784690a32aa9.mp3
12-01 06:16:13.119 30442 30536 D UserPreferences: User data folder not writable or not set. Trying default.
12-01 06:16:13.123 30442 30536 D DownloadRequestCreat: Requesting download of url https://feeds.wdjh.org/podcasts/unravel/20251127_9v.mp3
12-01 06:16:13.124 30442 30790 D HttpDownloader: addHeader("Accept-Encoding", "identity")
12-01 06:16:13.138 30442 30790 D HttpDownloader: Response code is 404
12-01 06:16:13.138 30442 30790 D HttpDownloader: onFail() called with: reason = [ERROR_NOT_FOUND], reasonDetailed = [404]
12-01 06:16:13.140 30442 30790 E EpisodeDownloadWorker: Download failed
12-01 06:16:13.141 30442 30536 D HttpDownloader: addHeader("Accept-Encoding", "identity")
12-01 06:16:13.142 30442 30790 D EpisodeDownloadWorker: Worker for https://feeds.wdjh.org/podcasts/sbs_french__sbs_en_franais/20251130_20251130140019-french-e8af9bb9-bb18-4889-acc8-784690a32aa9.mp3 returned.
12-01 06:16:13.154 30442 30536 D HttpDownloader: Response code is 404
12-01 06:16:13.154 30442 30536 D HttpDownloader: onFail() called with: reason = [ERROR_NOT_FOUND], reasonDetailed = [404]
12-01 06:16:13.156 30442 30442 D ItemDescriptionFragment: Saving preferences
12-01 06:16:13.156 30442 30442 D ItemDescriptionFragment: Saving scroll position: 0
12-01 06:16:13.161 30442 30536 E EpisodeDownloadWorker: Download failed
12-01 06:16:13.163 30442 30536 D EpisodeDownloadWorker: Worker for https://feeds.wdjh.org/podcasts/unravel/20251127_9v.mp3 returned.
12-01 06:16:13.168 30442 30470 I WM-WorkerWrapper: Worker result FAILURE for Work [ id=3b940588-2698-4eca-b7f5-0d19b4813f11, tags={ de.danoeh.antennapod.net.download.service.episode.EpisodeDownloadWorker, episodeUrl:https://feeds.wdjh.org/podcasts/abc_rewind/20251128_61.mp3, episodeDownload } ]
12-01 06:16:13.174 30442 30442 D MainActivity: onEvent(de.danoeh.antennapod.event.MessageEvent@ce44a)
12-01 06:16:13.178 30442 30442 D TextView: setTypeface with style : 0
12-01 06:16:13.180 30442 30442 D TextView: setTypeface with style : 0
12-01 06:16:13.183 30442 30442 D MainActivity: onEvent(de.danoeh.antennapod.event.MessageEvent@ca5b78f)
12-01 06:16:13.185 30442 30442 D TextView: setTypeface with style : 0
12-01 06:16:13.186 30442 30442 D TextView: setTypeface with style : 0
12-01 06:16:13.187 30442 30470 I WM-WorkerWrapper: Worker result FAILURE for Work [ id=7c99f98e-4427-420e-842b-2c07f0f02ad2, tags={ episodeUrl:https://feeds.wdjh.org/podcasts/knowledge_fight/20251128_Nov15-2025.mp3, de.danoeh.antennapod.net.download.service.episode.EpisodeDownloadWorker, episodeDownload } ]
12-01 06:16:13.190 30442 30442 D ItemDescriptionFragment: Saving preferences
12-01 06:16:13.190 30442 30442 D ItemDescriptionFragment: Saving scroll position: 0
12-01 06:16:13.244 30442 30442 D MainActivity: onEvent(de.danoeh.antennapod.event.MessageEvent@e240852)
12-01 06:16:13.245 30442 30442 D TextView: setTypeface with style : 0
12-01 06:16:13.247 30442 30442 D TextView: setTypeface with style : 0
12-01 06:16:13.250 30442 30442 D MainActivity: onEvent(de.danoeh.antennapod.event.MessageEvent@2fb5311)
12-01 06:16:13.252 30442 30442 D TextView: setTypeface with style : 0
12-01 06:16:13.253 30442 30442 D TextView: setTypeface with style : 0
12-01 06:16:13.262 30442 30470 I WM-WorkerWrapper: Worker result FAILURE for Work [ id=e38d88bf-ab38-4e6a-808d-8a26a567c74c, tags={ de.danoeh.antennapod.net.download.service.episode.EpisodeDownloadWorker, episodeUrl:https://feeds.wdjh.org/podcasts/the_conditional_release_program/20251128_stream.mp3, episodeDownload } ]
12-01 06:16:13.262 30442 30442 D ItemDescriptionFragment: Saving preferences
12-01 06:16:13.262 30442 30442 D ItemDescriptionFragment: Saving scroll position: 0
12-01 06:16:13.302 30442 30442 D MainActivity: onEvent(de.danoeh.antennapod.event.MessageEvent@709a67c)
12-01 06:16:13.303 30442 30442 D TextView: setTypeface with style : 0
12-01 06:16:13.304 30442 30442 D TextView: setTypeface with style : 0
12-01 06:16:13.307 30442 30442 D MainActivity: onEvent(de.danoeh.antennapod.event.MessageEvent@36c8303)
12-01 06:16:13.309 30442 30442 D TextView: setTypeface with style : 0
12-01 06:16:13.310 30442 30442 D TextView: setTypeface with style : 0
12-01 06:16:13.345 30442 30442 D ItemDescriptionFragment: Saving preferences
12-01 06:16:13.345 30442 30442 D ItemDescriptionFragment: Saving scroll position: 0
12-01 06:16:13.349 30442 30442 D MainActivity: onEvent(de.danoeh.antennapod.event.MessageEvent@26eadd6)
12-01 06:16:13.351 30442 30442 D TextView: setTypeface with style : 0
12-01 06:16:13.352 30442 30442 D TextView: setTypeface with style : 0
12-01 06:16:13.355 30442 30442 D MainActivity: onEvent(de.danoeh.antennapod.event.MessageEvent@9d93fe5)
12-01 06:16:13.357 30442 30442 D TextView: setTypeface with style : 0
12-01 06:16:13.358 30442 30442 D TextView: setTypeface with style : 0
12-01 06:16:13.375 30442 30496 I WM-WorkerWrapper: Worker result FAILURE for Work [ id=366e6df5-8be0-48ae-8165-8ef302d26b52, tags={ episodeUrl:https://feeds.wdjh.org/podcasts/mushroom_case_daily/20251128_b8.mp3, de.danoeh.antennapod.net.download.service.episode.EpisodeDownloadWorker, episodeDownload } ]
12-01 06:16:13.383 30442 30442 D ItemDescriptionFragment: Saving preferences
12-01 06:16:13.383 30442 30442 D ItemDescriptionFragment: Saving scroll position: 0
12-01 06:16:13.387 30442 30442 D MainActivity: onEvent(de.danoeh.antennapod.event.MessageEvent@dbfa0e0)
12-01 06:16:13.388 30442 30442 D TextView: setTypeface with style : 0
12-01 06:16:13.389 30442 30442 D TextView: setTypeface with style : 0
12-01 06:16:13.392 30442 30442 D MainActivity: onEvent(de.danoeh.antennapod.event.MessageEvent@e43de37)
12-01 06:16:13.393 30442 30442 D TextView: setTypeface with style : 0
12-01 06:16:13.395 30442 30442 D TextView: setTypeface with style : 0
12-01 06:16:13.401 30442 30442 D ItemDescriptionFragment: Saving preferences
12-01 06:16:13.401 30442 30442 D ItemDescriptionFragment: Saving scroll position: 0
12-01 06:16:13.407 30442 30442 D MainActivity: onEvent(de.danoeh.antennapod.event.MessageEvent@9198e1a)
12-01 06:16:13.408 30442 30496 I WM-WorkerWrapper: Worker result FAILURE for Work [ id=57ceff72-5bc1-4051-9448-36d90a73102f, tags={ de.danoeh.antennapod.net.download.service.episode.EpisodeDownloadWorker, episodeUrl:https://feeds.wdjh.org/podcasts/background_briefing/20251129_ph.mp3, episodeDownload } ]
12-01 06:16:13.408 30442 30442 D TextView: setTypeface with style : 0
12-01 06:16:13.410 30442 30442 D TextView: setTypeface with style : 0
12-01 06:16:13.413 30442 30442 D MainActivity: onEvent(de.danoeh.antennapod.event.MessageEvent@c352e79)
12-01 06:16:13.414 30442 30442 D TextView: setTypeface with style : 0
12-01 06:16:13.415 30442 30442 D TextView: setTypeface with style : 0
12-01 06:16:13.442 30442 30442 D ItemDescriptionFragment: Saving preferences
12-01 06:16:13.442 30442 30442 D ItemDescriptionFragment: Saving scroll position: 0
12-01 06:16:13.453 30442 30442 D ItemDescriptionFragment: Saving preferences
12-01 06:16:13.453 30442 30442 D ItemDescriptionFragment: Saving scroll position: 0
12-01 06:16:13.485 30442 30442 D ItemDescriptionFragment: Saving preferences
12-01 06:16:13.485 30442 30442 D ItemDescriptionFragment: Saving scroll position: 0
12-01 06:16:13.493 30442 30442 D ItemDescriptionFragment: Saving preferences
12-01 06:16:13.493 30442 30442 D ItemDescriptionFragment: Saving scroll position: 0
12-01 06:16:13.527 30442 30459 I WM-WorkerWrapper: Worker result FAILURE for Work [ id=a7486e0e-876b-4d0c-88f5-02e6b448b8f3, tags={ episodeUrl:https://feeds.wdjh.org/podcasts/politics_now/20251129_n6.mp3, de.danoeh.antennapod.net.download.service.episode.EpisodeDownloadWorker, episodeDownload } ]
12-01 06:16:13.544 30442 30459 I WM-WorkerWrapper: Worker result FAILURE for Work [ id=e1cff40c-207f-4beb-8f05-6b5f9a9aaa14, tags={ de.danoeh.antennapod.net.download.service.episode.EpisodeDownloadWorker, episodeUrl:https://feeds.wdjh.org/podcasts/the_steve_matthes_show_on_racerx/20251130_251129_wsx_pulpcasts.mp3, episodeDownload } ]
12-01 06:16:13.648 30442 30442 D AudioPlayerFragment: currentPosition 00:08:55
12-01 06:16:13.759 30442 30459 I WM-WorkerWrapper: Worker result FAILURE for Work [ id=69a9efff-22ac-4b9b-9a95-e8d6c2545c1c, tags={ de.danoeh.antennapod.net.download.service.episode.EpisodeDownloadWorker, episodeUrl:https://feeds.wdjh.org/podcasts/sbs_french__sbs_en_franais/20251129_20251129080514-french-20de8e09-e60d-483d-a5ae-543038947af9.mp3, episodeDownload } ]
12-01 06:16:13.771 30442 30459 I WM-WorkerWrapper: Worker result FAILURE for Work [ id=1f624c1b-8083-4f99-8d00-192d42bb0e4a, tags={ episodeUrl:https://feeds.wdjh.org/podcasts/the_racer_x_podcast_network/20251128_WeegeshowWednesdayAus_1.mp3, de.danoeh.antennapod.net.download.service.episode.EpisodeDownloadWorker, episodeDownload } ]
12-01 06:16:13.788 30442 30459 I WM-WorkerWrapper: Worker result FAILURE for Work [ id=28425a78-bbab-446c-b6bf-e1ecd23d571e, tags={ de.danoeh.antennapod.net.download.service.episode.EpisodeDownloadWorker, episodeUrl:https://feeds.wdjh.org/podcasts/sbs_french__sbs_en_franais/20251129_20251129140016-french-5f122eb7-3ad2-4c02-bdd1-ef71284f277e.mp3, episodeDownload } ]
12-01 06:16:13.867 30442 30459 I WM-WorkerWrapper: Worker result FAILURE for Work [ id=e2474c1d-fb04-4d05-b4d4-e1606a2f071a, tags={ de.danoeh.antennapod.net.download.service.episode.EpisodeDownloadWorker, episodeUrl:https://feeds.wdjh.org/podcasts/boonta_vista/20251129_2220966239-boontavista-episode-424.mp3, episodeDownload } ]
