12-01 06:14:59.797 30442 30800 D HttpDownloader: addHeader("Accept-Encoding", "identity")
12-01 06:14:59.799 30442 30442 D MainActivity: onEvent(de.danoeh.antennapod.event.MessageEvent@8f15b99)
12-01 06:14:59.800 30442 30543 D DBReader: getFavoriteIDList() called
12-01 06:14:59.801 30442 30442 D TextView: setTypeface with style : 0
12-01 06:14:59.802 30442 30537 D DBReader: getQueueIDList() called
12-01 06:14:59.803 30442 30442 D TextView: setTypeface with style : 0
12-01 06:14:59.805 30442 30800 D HttpDownloader: Response code is 404
12-01 06:14:59.805 30442 30800 D HttpDownloader: onFail() called with: reason = [ERROR_NOT_FOUND], reasonDetailed = [404]
12-01 06:14:59.807 30442 30800 E EpisodeDownloadWorker: Download failed
12-01 06:14:59.807 30442 30800 D EpisodeDownloadWorker: Worker for https://feeds.wdjh.org/podcasts/full_story/20251127_27-20897-FS_HANSON.mp3 returned.
12-01 06:14:59.815 30442 30442 D MainActivity: onEvent(de.danoeh.antennapod.event.MessageEvent@8696ba4)
12-01 06:14:59.816 30442 30442 D TextView: setTypeface with style : 0
12-01 06:14:59.818 30442 30442 D TextView: setTypeface with style : 0
12-01 06:14:59.823 30442 30536 D DBReader: getFavoriteIDList() called
12-01 06:14:59.824 30442 30790 D HttpDownloader: addHeader("Accept-Encoding", "identity")
12-01 06:14:59.824 30442 30543 D DBReader: getQueueIDList() called
12-01 06:14:59.826 30442 30537 D DBReader: Extracting Feedlist
12-01 06:14:59.836 30442 30790 D HttpDownloader: Response code is 404
12-01 06:14:59.836 30442 30790 D HttpDownloader: onFail() called with: reason = [ERROR_NOT_FOUND], reasonDetailed = [404]
12-01 06:14:59.837 30442 30790 E EpisodeDownloadWorker: Download failed
12-01 06:14:59.837 30442 30800 D DBReader: getFavoriteIDList() called
12-01 06:14:59.837 30442 30442 D MainActivity: onEvent(de.danoeh.antennapod.event.MessageEvent@c8ca441)
12-01 06:14:59.838 30442 30536 D DBReader: getQueueIDList() called
12-01 06:14:59.838 30442 30543 D DBReader: Extracting Feedlist
12-01 06:14:59.840 30442 30442 D TextView: setTypeface with style : 0
12-01 06:14:59.840 30442 30790 D EpisodeDownloadWorker: Worker for https://feeds.wdjh.org/podcasts/all_things_considered/20251127_20251127_atc_there_s_reason_to_be_optimistic_about_the_the_movies_coming_this_holiday_season.mp3 returned.
12-01 06:14:59.841 30442 30442 D TextView: setTypeface with style : 0
12-01 06:14:59.861 30442 30459 I WM-WorkerWrapper: Worker result FAILURE for Work [ id=3fca0bf7-0ad9-4bec-8bd4-96609f3d62f9, tags={ de.danoeh.antennapod.net.download.service.episode.EpisodeDownloadWorker, episodeUrl:https://feeds.wdjh.org/podcasts/abc_news_daily/20251128_89.mp3, episodeDownload } ]
12-01 06:14:59.863 30442 30800 D DBReader: getQueueIDList() called
12-01 06:14:59.864 30442 30536 D DBReader: Extracting Feedlist
12-01 06:14:59.867 30442 30790 D DBReader: getFavoriteIDList() called
12-01 06:14:59.873 30442 30543 D UserPreferences: User data folder not writable or not set. Trying default.
12-01 06:14:59.875 30442 30543 D DownloadRequestCreat: Requesting download of url https://feeds.wdjh.org/podcasts/all_things_considered/20251127_20251127_atc_the_afghan_resettlement_effort_faces_a_defining_test_after_the_dc_shooting.mp3
12-01 06:14:59.878 30442 30800 D DBReader: Extracting Feedlist
12-01 06:14:59.884 30442 30536 D UserPreferences: User data folder not writable or not set. Trying default.
12-01 06:14:59.885 30442 30536 D DownloadRequestCreat: Requesting download of url https://feeds.wdjh.org/podcasts/sbs_french__sbs_en_franais/20251128_20251128082014-french-3218b267-e5d8-4373-9653-ed6f03af0dd5.mp3
12-01 06:14:59.900 30442 30790 D DBReader: getQueueIDList() called
12-01 06:14:59.904 30442 30800 D UserPreferences: User data folder not writable or not set. Trying default.
12-01 06:14:59.905 30442 30800 D DownloadRequestCreat: Requesting download of url https://feeds.wdjh.org/podcasts/sbs_french__sbs_en_franais/20251128_20251128075814-french-8656a917-6e99-460e-8e3d-5426b1ebf6b6.mp3
12-01 06:14:59.906 30442 30790 D DBReader: Extracting Feedlist
12-01 06:14:59.908 30442 30543 D HttpDownloader: addHeader("Accept-Encoding", "identity")
12-01 06:14:59.915 30442 30543 D HttpDownloader: Response code is 404
12-01 06:14:59.916 30442 30543 D HttpDownloader: onFail() called with: reason = [ERROR_NOT_FOUND], reasonDetailed = [404]
12-01 06:14:59.918 30442 30543 E EpisodeDownloadWorker: Download failed
12-01 06:14:59.918 30442 30536 D HttpDownloader: addHeader("Accept-Encoding", "identity")
12-01 06:14:59.918 30442 30442 D MainActivity: onEvent(de.danoeh.antennapod.event.MessageEvent@e02a258)
12-01 06:14:59.919 30442 30442 D TextView: setTypeface with style : 0
12-01 06:14:59.919 30442 30543 D EpisodeDownloadWorker: Worker for https://feeds.wdjh.org/podcasts/all_things_considered/20251127_20251127_atc_the_afghan_resettlement_effort_faces_a_defining_test_after_the_dc_shooting.mp3 returned.
12-01 06:14:59.921 30442 30442 D TextView: setTypeface with style : 0
12-01 06:14:59.931 30442 30800 D HttpDownloader: addHeader("Accept-Encoding", "identity")
12-01 06:14:59.933 30442 30536 D HttpDownloader: Response code is 404
12-01 06:14:59.933 30442 30536 D HttpDownloader: onFail() called with: reason = [ERROR_NOT_FOUND], reasonDetailed = [404]
12-01 06:14:59.934 30442 30543 D DBReader: getFavoriteIDList() called
12-01 06:14:59.934 30442 30790 D UserPreferences: User data folder not writable or not set. Trying default.
12-01 06:14:59.935 30442 30536 E EpisodeDownloadWorker: Download failed
12-01 06:14:59.935 30442 30442 D MainActivity: onEvent(de.danoeh.antennapod.event.MessageEvent@e26579c)
12-01 06:14:59.936 30442 30536 D EpisodeDownloadWorker: Worker for https://feeds.wdjh.org/podcasts/sbs_french__sbs_en_franais/20251128_20251128082014-french-3218b267-e5d8-4373-9653-ed6f03af0dd5.mp3 returned.
12-01 06:14:59.937 30442 30442 D TextView: setTypeface with style : 0
12-01 06:14:59.937 30442 30790 D DownloadRequestCreat: Requesting download of url https://feeds.wdjh.org/podcasts/abc_rewind/20251128_63.mp3
12-01 06:14:59.938 30442 30442 D TextView: setTypeface with style : 0
12-01 06:14:59.947 30442 30800 D HttpDownloader: Response code is 404
12-01 06:14:59.947 30442 30800 D HttpDownloader: onFail() called with: reason = [ERROR_NOT_FOUND], reasonDetailed = [404]
12-01 06:14:59.949 30442 30800 E EpisodeDownloadWorker: Download failed
12-01 06:14:59.949 30442 30442 D MainActivity: onEvent(de.danoeh.antennapod.event.MessageEvent@384c9a0)
12-01 06:14:59.950 30442 30800 D EpisodeDownloadWorker: Worker for https://feeds.wdjh.org/podcasts/sbs_french__sbs_en_franais/20251128_20251128075814-french-8656a917-6e99-460e-8e3d-5426b1ebf6b6.mp3 returned.
12-01 06:14:59.951 30442 30442 D TextView: setTypeface with style : 0
12-01 06:14:59.952 30442 30442 D TextView: setTypeface with style : 0
12-01 06:14:59.956 30442 30543 D DBReader: getQueueIDList() called
12-01 06:14:59.957 30442 30536 D DBReader: getFavoriteIDList() called
12-01 06:14:59.962 30442 30459 I WM-WorkerWrapper: Worker result FAILURE for Work [ id=4c1b84db-64e2-4825-b9c1-de95f8050982, tags={ episodeUrl:https://feeds.wdjh.org/podcasts/all_things_considered/20251127_20251127_atc_pope_leo_is_traveling_to_turkey_and_lebanon_on_the_first_foreign_trip_of_his_papacy.mp3, de.danoeh.antennapod.net.download.service.episode.EpisodeDownloadWorker, episodeDownload } ]
12-01 06:14:59.975 30442 30800 D DBReader: getFavoriteIDList() called
12-01 06:14:59.976 30442 30543 D DBReader: Extracting Feedlist
12-01 06:14:59.985 30442 30536 D DBReader: getQueueIDList() called
12-01 06:14:59.985 30442 30800 D DBReader: getQueueIDList() called
12-01 06:14:59.986 30442 30790 D HttpDownloader: addHeader("Accept-Encoding", "identity")
12-01 06:14:59.994 30442 30790 D HttpDownloader: Response code is 404
12-01 06:14:59.994 30442 30790 D HttpDownloader: onFail() called with: reason = [ERROR_NOT_FOUND], reasonDetailed = [404]
12-01 06:14:59.994 30442 30800 D DBReader: Extracting Feedlist
12-01 06:14:59.994 30442 30536 D DBReader: Extracting Feedlist
12-01 06:14:59.996 30442 30790 E EpisodeDownloadWorker: Download failed
12-01 06:14:59.997 30442 30442 D MainActivity: onEvent(de.danoeh.antennapod.event.MessageEvent@6c55c64)
12-01 06:14:59.998 30442 30442 D TextView: setTypeface with style : 0
12-01 06:14:59.999 30442 30543 D UserPreferences: User data folder not writable or not set. Trying default.
12-01 06:15:00.000 30442 30790 D EpisodeDownloadWorker: Worker for https://feeds.wdjh.org/podcasts/abc_rewind/20251128_63.mp3 returned.
12-01 06:15:00.001 30442 30442 D TextView: setTypeface with style : 0
12-01 06:15:00.004 30442 30543 D DownloadRequestCreat: Requesting download of url https://feeds.wdjh.org/podcasts/abc_rewind/20251128_61.mp3
12-01 06:15:00.005 30442 30790 D DBReader: getFavoriteIDList() called
12-01 06:15:00.005 30442 30790 D DBReader: getQueueIDList() called
12-01 06:15:00.006 30442 30790 D DBReader: Extracting Feedlist
12-01 06:15:00.006 30442 30800 D UserPreferences: User data folder not writable or not set. Trying default.
12-01 06:15:00.008 30442 30536 D UserPreferences: User data folder not writable or not set. Trying default.
12-01 06:15:00.010 30442 30800 D DownloadRequestCreat: Requesting download of url https://feeds.wdjh.org/podcasts/the_conditional_release_program/20251128_stream.mp3
12-01 06:15:00.010 30442 30790 D UserPreferences: User data folder not writable or not set. Trying default.
12-01 06:15:00.011 30442 30536 D DownloadRequestCreat: Requesting download of url https://feeds.wdjh.org/podcasts/knowledge_fight/20251128_Nov15-2025.mp3
12-01 06:15:00.015 30442 30790 D DownloadRequestCreat: Requesting download of url https://feeds.wdjh.org/podcasts/mushroom_case_daily/20251128_b8.mp3
12-01 06:15:00.039 30442 30543 D HttpDownloader: addHeader("Accept-Encoding", "identity")
12-01 06:15:00.048 30442 30800 D HttpDownloader: addHeader("Accept-Encoding", "identity")
12-01 06:15:00.050 30442 30543 D HttpDownloader: Response code is 404
12-01 06:15:00.050 30442 30543 D HttpDownloader: onFail() called with: reason = [ERROR_NOT_FOUND], reasonDetailed = [404]
12-01 06:15:00.051 30442 30543 E EpisodeDownloadWorker: Download failed
12-01 06:15:00.052 30442 30442 D MainActivity: onEvent(de.danoeh.antennapod.event.MessageEvent@eb233e8)
12-01 06:15:00.053 30442 30543 D EpisodeDownloadWorker: Worker for https://feeds.wdjh.org/podcasts/abc_rewind/20251128_61.mp3 returned.
12-01 06:15:00.054 30442 30442 D TextView: setTypeface with style : 0
12-01 06:15:00.055 30442 30442 D TextView: setTypeface with style : 0
12-01 06:15:00.057 30442 30800 D HttpDownloader: Response code is 404
12-01 06:15:00.057 30442 30800 D HttpDownloader: onFail() called with: reason = [ERROR_NOT_FOUND], reasonDetailed = [404]
12-01 06:15:00.058 30442 30800 E EpisodeDownloadWorker: Download failed
12-01 06:15:00.059 30442 30800 D EpisodeDownloadWorker: Worker for https://feeds.wdjh.org/podcasts/the_conditional_release_program/20251128_stream.mp3 returned.
12-01 06:15:00.059 30442 30442 D MainActivity: onEvent(de.danoeh.antennapod.event.MessageEvent@8689fdf)
12-01 06:15:00.060 30442 30442 D TextView: setTypeface with style : 0
12-01 06:15:00.062 30442 30442 D TextView: setTypeface with style : 0
12-01 06:15:00.068 30442 30459 I WM-WorkerWrapper: Worker result FAILURE for Work [ id=23a715e7-237a-48f7-8d92-dee1c73d6bbb, tags={ episodeUrl:https://feeds.wdjh.org/podcasts/full_story/20251127_27-20897-FS_HANSON.mp3, de.danoeh.antennapod.net.download.service.episode.EpisodeDownloadWorker, episodeDownload } ]
12-01 06:15:00.071 30442 30536 D HttpDownloader: addHeader("Accept-Encoding", "identity")
12-01 06:15:00.072 30442 30543 D DBReader: getFavoriteIDList() called
12-01 06:15:00.073 30442 30800 D DBReader: getFavoriteIDList() called
12-01 06:15:00.081 30442 30536 D HttpDownloader: Response code is 404
12-01 06:15:00.081 30442 30536 D HttpDownloader: onFail() called with: reason = [ERROR_NOT_FOUND], reasonDetailed = [404]
12-01 06:15:00.082 30442 30536 E EpisodeDownloadWorker: Download failed
12-01 06:15:00.084 30442 30536 D EpisodeDownloadWorker: Worker for https://feeds.wdjh.org/podcasts/knowledge_fight/20251128_Nov15-2025.mp3 returned.
12-01 06:15:00.092 30442 30459 I WM-WorkerWrapper: Worker result FAILURE for Work [ id=0fc2128a-3a39-46f2-b8f0-8a0115878002, tags={ de.danoeh.antennapod.net.download.service.episode.EpisodeDownloadWorker, episodeUrl:https://feeds.wdjh.org/podcasts/all_things_considered/20251127_20251127_atc_there_s_reason_to_be_optimistic_about_the_the_movies_coming_this_holiday_season.mp3, episodeDownload } ]
12-01 06:15:00.095 30442 30790 D HttpDownloader: addHeader("Accept-Encoding", "identity")
12-01 06:15:00.095 30442 30800 D DBReader: getQueueIDList() called
12-01 06:15:00.096 30442 30543 D DBReader: getQueueIDList() called
12-01 06:15:00.108 30442 30790 D HttpDownloader: Response code is 404
12-01 06:15:00.108 30442 30790 D HttpDownloader: onFail() called with: reason = [ERROR_NOT_FOUND], reasonDetailed = [404]
12-01 06:15:00.110 30442 30790 E EpisodeDownloadWorker: Download failed
12-01 06:15:00.111 30442 30790 D EpisodeDownloadWorker: Worker for https://feeds.wdjh.org/podcasts/mushroom_case_daily/20251128_b8.mp3 returned.
12-01 06:15:00.114 30442 30536 D DBReader: getFavoriteIDList() called
12-01 06:15:00.116 30442 30800 D DBReader: Extracting Feedlist
12-01 06:15:00.117 30442 30543 D DBReader: Extracting Feedlist
12-01 06:15:00.118 30442 30790 D DBReader: getFavoriteIDList() called
12-01 06:15:00.124 30442 30442 D ItemDescriptionFragment: Saving preferences
12-01 06:15:00.124 30442 30442 D ItemDescriptionFragment: Saving scroll position: 0
12-01 06:15:00.130 30442 30442 D MainActivity: onEvent(de.danoeh.antennapod.event.MessageEvent@884fef4)
12-01 06:15:00.132 30442 30442 D TextView: setTypeface with style : 0
12-01 06:15:00.133 30442 30442 D TextView: setTypeface with style : 0
12-01 06:15:00.136 30442 30442 D MainActivity: onEvent(de.danoeh.antennapod.event.MessageEvent@feff2db)
12-01 06:15:00.138 30442 30442 D TextView: setTypeface with style : 0
12-01 06:15:00.139 30442 30442 D TextView: setTypeface with style : 0
12-01 06:15:00.144 30442 30536 D DBReader: getQueueIDList() called
12-01 06:15:00.145 30442 30442 D ItemDescriptionFragment: Saving preferences
12-01 06:15:00.146 30442 30442 D ItemDescriptionFragment: Saving scroll position: 0
12-01 06:15:00.151 30442 30543 D UserPreferences: User data folder not writable or not set. Trying default.
12-01 06:15:00.151 30442 30790 D DBReader: getQueueIDList() called
12-01 06:15:00.153 30442 30543 D DownloadRequestCreat: Requesting download of url https://feeds.wdjh.org/podcasts/background_briefing/20251129_ph.mp3
12-01 06:15:00.160 30442 30800 D UserPreferences: User data folder not writable or not set. Trying default.
12-01 06:15:00.161 30442 30536 D DBReader: Extracting Feedlist
12-01 06:15:00.163 30442 30800 D DownloadRequestCreat: Requesting download of url https://feeds.wdjh.org/podcasts/the_steve_matthes_show_on_racerx/20251130_251129_wsx_pulpcasts.mp3
12-01 06:15:00.170 30442 30790 D DBReader: Extracting Feedlist
12-01 06:15:00.174 30442 30536 D UserPreferences: User data folder not writable or not set. Trying default.
12-01 06:15:00.179 30442 30536 D DownloadRequestCreat: Requesting download of url https://feeds.wdjh.org/podcasts/politics_now/20251129_n6.mp3
12-01 06:15:00.198 30442 30537 I APNullCleanupAlgorithm: performCleanup: Not removing anything
12-01 06:15:00.198 30442 30537 D DownloadAlgorithm: Enqueueing 24 items for download
12-01 06:15:00.204 30442 30543 D HttpDownloader: addHeader("Accept-Encoding", "identity")
12-01 06:15:00.206 30442 30496 I WM-WorkerWrapper: Worker result FAILURE for Work [ id=2333feee-b0b0-465b-8196-eb7df0858f74, tags={ de.danoeh.antennapod.net.download.service.episode.EpisodeDownloadWorker, episodeUrl:https://feeds.wdjh.org/podcasts/all_things_considered/20251127_20251127_atc_the_afghan_resettlement_effort_faces_a_defining_test_after_the_dc_shooting.mp3, episodeDownload } ]
12-01 06:15:00.207 30442 30790 D UserPreferences: User data folder not writable or not set. Trying default.
12-01 06:15:00.210 30442 30790 D DownloadRequestCreat: Requesting download of url https://feeds.wdjh.org/podcasts/sbs_french__sbs_en_franais/20251129_20251129140016-french-5f122eb7-3ad2-4c02-bdd1-ef71284f277e.mp3
12-01 06:15:00.215 30442 30543 D HttpDownloader: Response code is 404
12-01 06:15:00.215 30442 30543 D HttpDownloader: onFail() called with: reason = [ERROR_NOT_FOUND], reasonDetailed = [404]
12-01 06:15:00.217 30442 30543 E EpisodeDownloadWorker: Download failed
12-01 06:15:00.218 30442 30543 D EpisodeDownloadWorker: Worker for https://feeds.wdjh.org/podcasts/background_briefing/20251129_ph.mp3 returned.
12-01 06:15:00.227 30442 30800 D HttpDownloader: addHeader("Accept-Encoding", "identity")
12-01 06:15:00.251 30442 30543 D DBReader: getFavoriteIDList() called
12-01 06:15:00.252 30442 30536 D HttpDownloader: addHeader("Accept-Encoding", "identity")
12-01 06:15:00.261 30442 30800 D HttpDownloader: Response code is 404
12-01 06:15:00.261 30442 30800 D HttpDownloader: onFail() called with: reason = [ERROR_NOT_FOUND], reasonDetailed = [404]
12-01 06:15:00.262 30442 30800 E EpisodeDownloadWorker: Download failed
12-01 06:15:00.264 30442 30800 D EpisodeDownloadWorker: Worker for https://feeds.wdjh.org/podcasts/the_steve_matthes_show_on_racerx/20251130_251129_wsx_pulpcasts.mp3 returned.
12-01 06:15:00.267 30442 30543 D DBReader: getQueueIDList() called
12-01 06:15:00.267 30442 30790 D HttpDownloader: addHeader("Accept-Encoding", "identity")
12-01 06:15:00.269 30442 30536 D HttpDownloader: Response code is 404
12-01 06:15:00.269 30442 30536 D HttpDownloader: onFail() called with: reason = [ERROR_NOT_FOUND], reasonDetailed = [404]
12-01 06:15:00.271 30442 30536 E EpisodeDownloadWorker: Download failed
12-01 06:15:00.274 30442 30442 D MainActivity: onEvent(de.danoeh.antennapod.event.MessageEvent@5c1729b)
12-01 06:15:00.275 30442 30536 D EpisodeDownloadWorker: Worker for https://feeds.wdjh.org/podcasts/politics_now/20251129_n6.mp3 returned.
12-01 06:15:00.276 30442 30442 D TextView: setTypeface with style : 0
12-01 06:15:00.277 30442 30442 D TextView: setTypeface with style : 0
12-01 06:15:00.277 30442 30790 D HttpDownloader: Response code is 404
12-01 06:15:00.277 30442 30790 D HttpDownloader: onFail() called with: reason = [ERROR_NOT_FOUND], reasonDetailed = [404]
12-01 06:15:00.279 30442 30790 E EpisodeDownloadWorker: Download failed
12-01 06:15:00.281 30442 30442 D MainActivity: onEvent(de.danoeh.antennapod.event.MessageEvent@7030b4e)
12-01 06:15:00.281 30442 30790 D EpisodeDownloadWorker: Worker for https://feeds.wdjh.org/podcasts/sbs_french__sbs_en_franais/20251129_20251129140016-french-5f122eb7-3ad2-4c02-bdd1-ef71284f277e.mp3 returned.
12-01 06:15:00.282 30442 30442 D TextView: setTypeface with style : 0
12-01 06:15:00.283 30442 30442 D TextView: setTypeface with style : 0
12-01 06:15:00.289 30442 30442 D MainActivity: onEvent(de.danoeh.antennapod.event.MessageEvent@3a158bd)
12-01 06:15:00.290 30442 30442 D TextView: setTypeface with style : 0
12-01 06:15:00.291 30442 30442 D TextView: setTypeface with style : 0
12-01 06:15:00.295 30442 30442 D MainActivity: onEvent(de.danoeh.antennapod.event.MessageEvent@33e3098)
12-01 06:15:00.296 30442 30442 D TextView: setTypeface with style : 0
12-01 06:15:00.298 30442 30442 D TextView: setTypeface with style : 0
12-01 06:15:00.304 30442 30800 D DBReader: getFavoriteIDList() called
12-01 06:15:00.306 30442 30496 I WM-WorkerWrapper: Worker result FAILURE for Work [ id=15462f60-dca0-4343-866c-17303a0b4118, tags={ episodeUrl:https://feeds.wdjh.org/podcasts/sbs_french__sbs_en_franais/20251128_20251128082014-french-3218b267-e5d8-4373-9653-ed6f03af0dd5.mp3, de.danoeh.antennapod.net.download.service.episode.EpisodeDownloadWorker, episodeDownload } ]
12-01 06:15:00.310 30442 30543 D DBReader: Extracting Feedlist
12-01 06:15:00.311 30442 30536 D DBReader: getFavoriteIDList() called
12-01 06:15:00.312 30442 30790 D DBReader: getFavoriteIDList() called
12-01 06:15:00.319 30442 30800 D DBReader: getQueueIDList() called
12-01 06:15:00.320 30442 30536 D DBReader: getQueueIDList() called
12-01 06:15:00.328 30442 30800 D DBReader: Extracting Feedlist
12-01 06:15:00.328 30442 30790 D DBReader: getQueueIDList() called
12-01 06:15:00.331 30442 30543 D UserPreferences: User data folder not writable or not set. Trying default.
12-01 06:15:00.332 30442 30536 D DBReader: Extracting Feedlist
12-01 06:15:00.334 30442 30543 D DownloadRequestCreat: Requesting download of url https://feeds.wdjh.org/podcasts/sbs_french__sbs_en_franais/20251129_20251129080514-french-20de8e09-e60d-483d-a5ae-543038947af9.mp3
12-01 06:15:00.348 30442 30790 D DBReader: Extracting Feedlist
12-01 06:15:00.350 30442 30800 D UserPreferences: User data folder not writable or not set. Trying default.
12-01 06:15:00.354 30442 30800 D DownloadRequestCreat: Requesting download of url https://feeds.wdjh.org/podcasts/the_racer_x_podcast_network/20251128_WeegeshowWednesdayAus_1.mp3
12-01 06:15:00.365 30442 30543 D HttpDownloader: addHeader("Accept-Encoding", "identity")
12-01 06:15:00.367 30442 30536 D UserPreferences: User data folder not writable or not set. Trying default.
12-01 06:15:00.369 30442 30790 D UserPreferences: User data folder not writable or not set. Trying default.
12-01 06:15:00.372 30442 30536 D DownloadRequestCreat: Requesting download of url https://feeds.wdjh.org/podcasts/boonta_vista/20251129_2220966239-boontavista-episode-424.mp3
12-01 06:15:00.372 30442 30790 D DownloadRequestCreat: Requesting download of url https://feeds.wdjh.org/podcasts/rc_plane_lab/20251128_EP199.mp3
12-01 06:15:00.377 30442 30543 D HttpDownloader: Response code is 404
12-01 06:15:00.377 30442 30543 D HttpDownloader: onFail() called with: reason = [ERROR_NOT_FOUND], reasonDetailed = [404]
12-01 06:15:00.379 30442 30543 E EpisodeDownloadWorker: Download failed
12-01 06:15:00.379 30442 30800 D HttpDownloader: addHeader("Accept-Encoding", "identity")
12-01 06:15:00.380 30442 30442 D MainActivity: onEvent(de.danoeh.antennapod.event.MessageEvent@54cd86b)
12-01 06:15:00.381 30442 30543 D EpisodeDownloadWorker: Worker for https://feeds.wdjh.org/podcasts/sbs_french__sbs_en_franais/20251129_20251129080514-french-20de8e09-e60d-483d-a5ae-543038947af9.mp3 returned.
12-01 06:15:00.383 30442 30442 D TextView: setTypeface with style : 0
12-01 06:15:00.385 30442 30442 D TextView: setTypeface with style : 0
12-01 06:15:00.390 30442 30800 D HttpDownloader: Response code is 404
12-01 06:15:00.390 30442 30800 D HttpDownloader: onFail() called with: reason = [ERROR_NOT_FOUND], reasonDetailed = [404]
12-01 06:15:00.394 30442 30800 E EpisodeDownloadWorker: Download failed
12-01 06:15:00.396 30442 30800 D EpisodeDownloadWorker: Worker for https://feeds.wdjh.org/podcasts/the_racer_x_podcast_network/20251128_WeegeshowWednesdayAus_1.mp3 returned.
12-01 06:15:00.400 30442 30442 D MainActivity: onEvent(de.danoeh.antennapod.event.MessageEvent@b47413f)
12-01 06:15:00.402 30442 30442 D TextView: setTypeface with style : 0
12-01 06:15:00.403 30442 30790 D HttpDownloader: addHeader("Accept-Encoding", "identity")
12-01 06:15:00.404 30442 30442 D TextView: setTypeface with style : 0
12-01 06:15:00.405 30442 30800 D DBReader: getFavoriteIDList() called
12-01 06:15:00.405 30442 30543 D DBReader: getFavoriteIDList() called
12-01 06:15:00.416 30442 30442 D ItemDescriptionFragment: Saving preferences
12-01 06:15:00.416 30442 30442 D ItemDescriptionFragment: Saving scroll position: 0
12-01 06:15:00.418 30442 30790 D HttpDownloader: Response code is 404
12-01 06:15:00.418 30442 30790 D HttpDownloader: onFail() called with: reason = [ERROR_NOT_FOUND], reasonDetailed = [404]
12-01 06:15:00.420 30442 30790 E EpisodeDownloadWorker: Download failed
12-01 06:15:00.421 30442 30790 D EpisodeDownloadWorker: Worker for https://feeds.wdjh.org/podcasts/rc_plane_lab/20251128_EP199.mp3 returned.
12-01 06:15:00.431 30442 30442 D ItemDescriptionFragment: Saving preferences
12-01 06:15:00.431 30442 30442 D ItemDescriptionFragment: Saving scroll position: 0
12-01 06:15:00.433 30442 30442 D MainActivity: onEvent(de.danoeh.antennapod.event.MessageEvent@55a2e3c)
12-01 06:15:00.434 30442 30442 D TextView: setTypeface with style : 0
12-01 06:15:00.435 30442 30442 D TextView: setTypeface with style : 0
12-01 06:15:00.435 30442 30543 D DBReader: getQueueIDList() called
12-01 06:15:00.436 30442 30800 D DBReader: getQueueIDList() called
12-01 06:15:00.436 30442 30536 D HttpDownloader: addHeader("Accept-Encoding", "identity")
12-01 06:15:00.437 30442 30790 D DBReader: getFavoriteIDList() called
12-01 06:15:00.448 30442 30536 D HttpDownloader: Response code is 404
12-01 06:15:00.448 30442 30536 D HttpDownloader: onFail() called with: reason = [ERROR_NOT_FOUND], reasonDetailed = [404]
12-01 06:15:00.449 30442 30536 E EpisodeDownloadWorker: Download failed
12-01 06:15:00.451 30442 30536 D EpisodeDownloadWorker: Worker for https://feeds.wdjh.org/podcasts/boonta_vista/20251129_2220966239-boontavista-episode-424.mp3 returned.
12-01 06:15:00.454 30442 30442 D MainActivity: onEvent(de.danoeh.antennapod.event.MessageEvent@d1a15c3)
12-01 06:15:00.456 30442 30442 D TextView: setTypeface with style : 0
12-01 06:15:00.458 30442 30442 D TextView: setTypeface with style : 0
12-01 06:15:00.459 30442 30543 D DBReader: Extracting Feedlist
12-01 06:15:00.459 30442 30790 D DBReader: getQueueIDList() called
12-01 06:15:00.460 30442 30800 D DBReader: Extracting Feedlist
12-01 06:15:00.473 30442 30496 I WM-WorkerWrapper: Worker result FAILURE for Work [ id=a424e860-d232-4c2d-a78f-5358bbfe038b, tags={ de.danoeh.antennapod.net.download.service.episode.EpisodeDownloadWorker, episodeUrl:https://feeds.wdjh.org/podcasts/sbs_french__sbs_en_franais/20251128_20251128075814-french-8656a917-6e99-460e-8e3d-5426b1ebf6b6.mp3, episodeDownload } ]
12-01 06:15:00.486 30442 30536 D DBReader: getFavoriteIDList() called
12-01 06:15:00.489 30442 30790 D DBReader: Extracting Feedlist
12-01 06:15:00.492 30442 30543 D UserPreferences: User data folder not writable or not set. Trying default.
12-01 06:15:00.497 30442 30543 D DownloadRequestCreat: Requesting download of url https://feeds.wdjh.org/podcasts/abc_rewind/20251129_06.mp3
12-01 06:15:00.504 30442 30470 I WM-WorkerWrapper: Worker result FAILURE for Work [ id=472408d7-5b80-4e77-b7a7-e3a18dbda286, tags={ episodeUrl:https://feeds.wdjh.org/podcasts/abc_rewind/20251128_63.mp3, de.danoeh.antennapod.net.download.service.episode.EpisodeDownloadWorker, episodeDownload } ]
12-01 06:15:00.505 30442 30536 D DBReader: getQueueIDList() called
12-01 06:15:00.513 30442 30800 D UserPreferences: User data folder not writable or not set. Trying default.
12-01 06:15:00.517 30442 30800 D DownloadRequestCreat: Requesting download of url https://feeds.wdjh.org/podcasts/all_in_the_mind/20251130_1u.mp3
12-01 06:15:00.519 30442 30790 D UserPreferences: User data folder not writable or not set. Trying default.
12-01 06:15:00.521 30442 30536 D DBReader: Extracting Feedlist
12-01 06:15:00.522 30442 30790 D DownloadRequestCreat: Requesting download of url https://feeds.wdjh.org/podcasts/sbs_french__sbs_en_franais/20251130_20251130080108-french-2835b984-fba8-4c0b-ae17-ad98ca62e21b.mp3
12-01 06:15:00.528 30442 30543 D HttpDownloader: addHeader("Accept-Encoding", "identity")
12-01 06:15:00.541 30442 30800 D HttpDownloader: addHeader("Accept-Encoding", "identity")
12-01 06:15:00.544 30442 30543 D HttpDownloader: Response code is 404
12-01 06:15:00.544 30442 30543 D HttpDownloader: onFail() called with: reason = [ERROR_NOT_FOUND], reasonDetailed = [404]
12-01 06:15:00.546 30442 30536 D UserPreferences: User data folder not writable or not set. Trying default.
12-01 06:15:00.547 30442 30543 E EpisodeDownloadWorker: Download failed
12-01 06:15:00.547 30442 30442 D MainActivity: onEvent(de.danoeh.antennapod.event.MessageEvent@3714f04)
12-01 06:15:00.548 30442 30543 D EpisodeDownloadWorker: Worker for https://feeds.wdjh.org/podcasts/abc_rewind/20251129_06.mp3 returned.
12-01 06:15:00.548 30442 30442 D TextView: setTypeface with style : 0
12-01 06:15:00.549 30442 30442 D TextView: setTypeface with style : 0
12-01 06:15:00.550 30442 30536 D DownloadRequestCreat: Requesting download of url https://feeds.wdjh.org/podcasts/sbs_french__sbs_en_franais/20251130_20251130140019-french-e8af9bb9-bb18-4889-acc8-784690a32aa9.mp3
12-01 06:15:00.550 30442 30800 D HttpDownloader: Response code is 404
12-01 06:15:00.550 30442 30800 D HttpDownloader: onFail() called with: reason = [ERROR_NOT_FOUND], reasonDetailed = [404]
12-01 06:15:00.552 30442 30790 D HttpDownloader: addHeader("Accept-Encoding", "identity")
12-01 06:15:00.553 30442 30800 E EpisodeDownloadWorker: Download failed
12-01 06:15:00.554 30442 30800 D EpisodeDownloadWorker: Worker for https://feeds.wdjh.org/podcasts/all_in_the_mind/20251130_1u.mp3 returned.
12-01 06:15:00.558 30442 30442 D MainActivity: onEvent(de.danoeh.antennapod.event.MessageEvent@546682b)
12-01 06:15:00.559 30442 30442 D TextView: setTypeface with style : 0
12-01 06:15:00.561 30442 30442 D TextView: setTypeface with style : 0
12-01 06:15:00.567 30442 30790 D HttpDownloader: Response code is 404
12-01 06:15:00.567 30442 30790 D HttpDownloader: onFail() called with: reason = [ERROR_NOT_FOUND], reasonDetailed = [404]
12-01 06:15:00.568 30442 30790 E EpisodeDownloadWorker: Download failed
12-01 06:15:00.568 30442 30442 D MainActivity: onEvent(de.danoeh.antennapod.event.MessageEvent@83fc4ff)
12-01 06:15:00.569 30442 30790 D EpisodeDownloadWorker: Worker for https://feeds.wdjh.org/podcasts/sbs_french__sbs_en_franais/20251130_20251130080108-french-2835b984-fba8-4c0b-ae17-ad98ca62e21b.mp3 returned.
12-01 06:15:00.570 30442 30442 D TextView: setTypeface with style : 0
12-01 06:15:00.571 30442 30442 D TextView: setTypeface with style : 0
12-01 06:15:00.594 30442 30536 D HttpDownloader: addHeader("Accept-Encoding", "identity")
12-01 06:15:00.610 30442 30536 D HttpDownloader: Response code is 404
12-01 06:15:00.610 30442 30536 D HttpDownloader: onFail() called with: reason = [ERROR_NOT_FOUND], reasonDetailed = [404]
12-01 06:15:00.612 30442 30536 E EpisodeDownloadWorker: Download failed
12-01 06:15:00.612 30442 30442 D MainActivity: onEvent(de.danoeh.antennapod.event.MessageEvent@d824dd0)
12-01 06:15:00.614 30442 30442 D TextView: setTypeface with style : 0
12-01 06:15:00.614 30442 30536 D EpisodeDownloadWorker: Worker for https://feeds.wdjh.org/podcasts/sbs_french__sbs_en_franais/20251130_20251130140019-french-e8af9bb9-bb18-4889-acc8-784690a32aa9.mp3 returned.
12-01 06:15:00.615 30442 30442 D TextView: setTypeface with style : 0
12-01 06:15:00.629 30442 30470 I WM-WorkerWrapper: Worker result FAILURE for Work [ id=0bec8731-7fcb-40bc-b081-9c973935aad8, tags={ de.danoeh.antennapod.net.download.service.episode.EpisodeDownloadWorker, episodeUrl:https://feeds.wdjh.org/podcasts/abc_rewind/20251128_61.mp3, episodeDownload } ]
12-01 06:15:00.639 30442 30470 I WM-WorkerWrapper: Worker result FAILURE for Work [ id=b8104ea5-414f-4b3b-92b7-9e81e94c8f9a, tags={ de.danoeh.antennapod.net.download.service.episode.EpisodeDownloadWorker, episodeUrl:https://feeds.wdjh.org/podcasts/the_conditional_release_program/20251128_stream.mp3, episodeDownload } ]
12-01 06:15:00.696 30442 30442 D AudioPlayerFragment: currentPosition 00:07:42
12-01 06:15:00.734 30442 30442 D ItemDescriptionFragment: Saving preferences
12-01 06:15:00.734 30442 30442 D ItemDescriptionFragment: Saving scroll position: 0
12-01 06:15:00.750 30442 30442 D ItemDescriptionFragment: Saving preferences
12-01 06:15:00.750 30442 30442 D ItemDescriptionFragment: Saving scroll position: 0
12-01 06:15:00.770 30442 30459 I WM-WorkerWrapper: Worker result FAILURE for Work [ id=eb3df066-3da5-4135-9fbf-8c92570642fe, tags={ episodeUrl:https://feeds.wdjh.org/podcasts/knowledge_fight/20251128_Nov15-2025.mp3, de.danoeh.antennapod.net.download.service.episode.EpisodeDownloadWorker, episodeDownload } ]
12-01 06:15:00.818 30442 30496 I WM-WorkerWrapper: Worker result FAILURE for Work [ id=7da04837-cf8d-47bd-98fc-29f06f432a47, tags={ episodeUrl:https://feeds.wdjh.org/podcasts/mushroom_case_daily/20251128_b8.mp3, de.danoeh.antennapod.net.download.service.episode.EpisodeDownloadWorker, episodeDownload } ]
12-01 06:15:01.561 30442 30496 I WM-WorkerWrapper: Worker result FAILURE for Work [ id=df2ed3ac-289f-455e-83e2-eb86bd37843f, tags={ de.danoeh.antennapod.net.download.service.episode.EpisodeDownloadWorker, episodeUrl:https://feeds.wdjh.org/podcasts/background_briefing/20251129_ph.mp3, episodeDownload } ]
12-01 06:15:01.644 30442 30442 D AudioPlayerFragment: currentPosition 00:07:43
12-01 06:15:01.716 30442 30442 D ViewRootImpl@fa41c15[MainActivity]: ViewPostImeInputStage processPointer 0
12-01 06:15:01.718 30442 30496 I WM-WorkerWrapper: Worker result FAILURE for Work [ id=fd6e2d91-bf81-49a9-9a8c-18d69cef1efb, tags={ de.danoeh.antennapod.net.download.service.episode.EpisodeDownloadWorker, episodeUrl:https://feeds.wdjh.org/podcasts/the_steve_matthes_show_on_racerx/20251130_251129_wsx_pulpcasts.mp3, episodeDownload } ]
12-01 06:15:01.832 30442 30496 I WM-WorkerWrapper: Worker result FAILURE for Work [ id=d3fe5d71-1f33-4f6e-9452-7f8da743f254, tags={ episodeUrl:https://feeds.wdjh.org/podcasts/politics_now/20251129_n6.mp3, de.danoeh.antennapod.net.download.service.episode.EpisodeDownloadWorker, episodeDownload } ]
12-01 06:15:01.925 30442 30496 I WM-WorkerWrapper: Worker result FAILURE for Work [ id=bff30b82-938c-4b9a-a103-393290d05041, tags={ de.danoeh.antennapod.net.download.service.episode.EpisodeDownloadWorker, episodeUrl:https://feeds.wdjh.org/podcasts/sbs_french__sbs_en_franais/20251129_20251129140016-french-5f122eb7-3ad2-4c02-bdd1-ef71284f277e.mp3, episodeDownload } ]
12-01 06:15:02.044 30442 30470 I WM-WorkerWrapper: Worker result FAILURE for Work [ id=4fb52fcc-aa40-4c57-be5e-c83865aa9c40, tags={ de.danoeh.antennapod.net.download.service.episode.EpisodeDownloadWorker, episodeUrl:https://feeds.wdjh.org/podcasts/sbs_french__sbs_en_franais/20251129_20251129080514-french-20de8e09-e60d-483d-a5ae-543038947af9.mp3, episodeDownload } ]
12-01 06:15:02.133 30442 30470 I WM-WorkerWrapper: Worker result FAILURE for Work [ id=e66d3fbd-6f9f-4867-a1ad-146d881407e3, tags={ episodeUrl:https://feeds.wdjh.org/podcasts/the_racer_x_podcast_network/20251128_WeegeshowWednesdayAus_1.mp3, de.danoeh.antennapod.net.download.service.episode.EpisodeDownloadWorker, episodeDownload } ]
12-01 06:15:02.222 30442 30470 I WM-WorkerWrapper: Worker result FAILURE for Work [ id=bbce381a-5398-40a0-ac80-0fcd47bd5dd1, tags={ episodeUrl:https://feeds.wdjh.org/podcasts/rc_plane_lab/20251128_EP199.mp3, de.danoeh.antennapod.net.download.service.episode.EpisodeDownloadWorker, episodeDownload } ]
12-01 06:15:02.240 30442 30470 I WM-WorkerWrapper: Worker result FAILURE for Work [ id=029a9423-aaa5-465e-95ff-70d5209d835c, tags={ de.danoeh.antennapod.net.download.service.episode.EpisodeDownloadWorker, episodeUrl:https://feeds.wdjh.org/podcasts/boonta_vista/20251129_2220966239-boontavista-episode-424.mp3, episodeDownload } ]
12-01 06:15:02.346 30442 30498 E WM-WorkerWrapper: Didn't find WorkSpec for id 3fca0bf7-0ad9-4bec-8bd4-96609f3d62f9
12-01 06:15:02.358 30442 30459 I WM-WorkerWrapper: Worker result FAILURE for Work [ id=4fb2ae1d-0238-4dac-bc71-12bf126eecb1, tags={ episodeUrl:https://feeds.wdjh.org/podcasts/abc_rewind/20251129_06.mp3, de.danoeh.antennapod.net.download.service.episode.EpisodeDownloadWorker, episodeDownload } ]
12-01 06:15:02.375 30442 30459 I WM-WorkerWrapper: Worker result FAILURE for Work [ id=7cb60859-87bf-4976-a2b1-d9e708d830b6, tags={ episodeUrl:https://feeds.wdjh.org/podcasts/all_in_the_mind/20251130_1u.mp3, de.danoeh.antennapod.net.download.service.episode.EpisodeDownloadWorker, episodeDownload } ]
12-01 06:15:02.384 30442 30459 I WM-WorkerWrapper: Worker result FAILURE for Work [ id=524001f0-6ad8-4632-8495-a770c4d689b6, tags={ episodeUrl:https://feeds.wdjh.org/podcasts/sbs_french__sbs_en_franais/20251130_20251130080108-french-2835b984-fba8-4c0b-ae17-ad98ca62e21b.mp3, de.danoeh.antennapod.net.download.service.episode.EpisodeDownloadWorker, episodeDownload } ]
12-01 06:15:02.395 30442 30442 D ViewRootImpl@fa41c15[MainActivity]: ViewPostImeInputStage processPointer 1
12-01 06:15:02.399 30442 30459 I WM-WorkerWrapper: Worker result FAILURE for Work [ id=f3ee0c71-6a44-4f9f-911f-a6ebc3060e41, tags={ de.danoeh.antennapod.net.download.service.episode.EpisodeDownloadWorker, episodeUrl:https://feeds.wdjh.org/podcasts/sbs_french__sbs_en_franais/20251130_20251130140019-french-e8af9bb9-bb18-4889-acc8-784690a32aa9.mp3, episodeDownload } ]
12-01 06:15:02.425 30442 30496 E WM-WorkerWrapper: Didn't find WorkSpec for id 4c1b84db-64e2-4825-b9c1-de95f8050982
12-01 06:15:02.472 30442 30459 E WM-WorkerWrapper: Didn't find WorkSpec for id 4c1b84db-64e2-4825-b9c1-de95f8050982
12-01 06:15:02.475 30442 30459 E WM-WorkerWrapper: Didn't find WorkSpec for id 23a715e7-237a-48f7-8d92-dee1c73d6bbb
12-01 06:15:02.530 30442 30459 E WM-WorkerWrapper: Didn't find WorkSpec for id 0fc2128a-3a39-46f2-b8f0-8a0115878002
12-01 06:15:02.553 30442 30496 E WM-WorkerWrapper: Didn't find WorkSpec for id 2333feee-b0b0-465b-8196-eb7df0858f74
12-01 06:15:02.589 30442 30459 E WM-WorkerWrapper: Didn't find WorkSpec for id 15462f60-dca0-4343-866c-17303a0b4118
12-01 06:15:02.593 30442 30496 E WM-WorkerWrapper: Didn't find WorkSpec for id a424e860-d232-4c2d-a78f-5358bbfe038b
12-01 06:15:02.620 30442 30496 E WM-WorkerWrapper: Didn't find WorkSpec for id 472408d7-5b80-4e77-b7a7-e3a18dbda286
12-01 06:15:02.625 30442 30496 E WM-WorkerWrapper: Didn't find WorkSpec for id 0bec8731-7fcb-40bc-b081-9c973935aad8
12-01 06:15:02.631 30442 30459 E WM-WorkerWrapper: Didn't find WorkSpec for id b8104ea5-414f-4b3b-92b7-9e81e94c8f9a
12-01 06:15:02.638 30442 30496 E WM-WorkerWrapper: Didn't find WorkSpec for id eb3df066-3da5-4135-9fbf-8c92570642fe
12-01 06:15:02.640 30442 30496 E WM-WorkerWrapper: Didn't find WorkSpec for id 7da04837-cf8d-47bd-98fc-29f06f432a47
12-01 06:15:02.644 30442 30442 D AudioPlayerFragment: currentPosition 00:07:44
12-01 06:15:02.701 30442 30790 D DBReader: getFavoriteIDList() called
12-01 06:15:02.702 30442 30800 D DBReader: getFavoriteIDList() called
12-01 06:15:02.705 30442 30543 D DBReader: getFavoriteIDList() called
12-01 06:15:02.707 30442 30536 D DBReader: getFavoriteIDList() called
12-01 06:15:02.709 30442 30800 D DBReader: getQueueIDList() called
12-01 06:15:02.710 30442 30790 D DBReader: getQueueIDList() called
12-01 06:15:02.710 30442 30543 D DBReader: getQueueIDList() called
12-01 06:15:02.710 30442 30536 D DBReader: getQueueIDList() called
12-01 06:15:02.711 30442 30790 D DBReader: Extracting Feedlist
12-01 06:15:02.711 30442 30800 D DBReader: Extracting Feedlist
12-01 06:15:02.713 30442 30543 D DBReader: Extracting Feedlist
12-01 06:15:02.713 30442 30536 D DBReader: Extracting Feedlist
12-01 06:15:02.716 30442 30470 E WM-WorkerWrapper: Didn't find WorkSpec for id 7da04837-cf8d-47bd-98fc-29f06f432a47
12-01 06:15:02.718 30442 30790 D UserPreferences: User data folder not writable or not set. Trying default.
12-01 06:15:02.721 30442 30790 D DownloadRequestCreat: Requesting download of url https://feeds.wdjh.org/podcasts/all_things_considered/20251127_20251127_atc_pope_leo_is_traveling_to_turkey_and_lebanon_on_the_first_foreign_trip_of_his_papacy.mp3
12-01 06:15:02.728 30442 30442 D PlaybackService: Saving current position to 464884
12-01 06:15:02.729 30442 30800 D UserPreferences: User data folder not writable or not set. Trying default.
12-01 06:15:02.729 30442 30543 D UserPreferences: User data folder not writable or not set. Trying default.
12-01 06:15:02.730 30442 30536 D UserPreferences: User data folder not writable or not set. Trying default.
12-01 06:15:02.732 30442 30800 D DownloadRequestCreat: Requesting download of url https://feeds.wdjh.org/podcasts/full_story/20251127_27-20897-FS_HANSON.mp3
12-01 06:15:02.733 30442 30543 D DownloadRequestCreat: Requesting download of url https://feeds.wdjh.org/podcasts/abc_news_daily/20251128_89.mp3
12-01 06:15:02.734 30442 30536 D DownloadRequestCreat: Requesting download of url https://feeds.wdjh.org/podcasts/all_things_considered/20251127_20251127_atc_there_s_reason_to_be_optimistic_about_the_the_movies_coming_this_holiday_season.mp3
12-01 06:15:02.759 30442 30790 D HttpDownloader: addHeader("Accept-Encoding", "identity")
12-01 06:15:02.764 30442 30800 D HttpDownloader: addHeader("Accept-Encoding", "identity")
12-01 06:15:02.770 30442 30790 D HttpDownloader: Response code is 404
12-01 06:15:02.770 30442 30790 D HttpDownloader: onFail() called with: reason = [ERROR_NOT_FOUND], reasonDetailed = [404]
12-01 06:15:02.770 30442 30543 D HttpDownloader: addHeader("Accept-Encoding", "identity")
12-01 06:15:02.772 30442 30790 E EpisodeDownloadWorker: Download failed
12-01 06:15:02.772 30442 30442 D MainActivity: onEvent(de.danoeh.antennapod.event.MessageEvent@a565fa)
12-01 06:15:02.774 30442 30536 D HttpDownloader: addHeader("Accept-Encoding", "identity")
12-01 06:15:02.775 30442 30790 D EpisodeDownloadWorker: Worker for https://feeds.wdjh.org/podcasts/all_things_considered/20251127_20251127_atc_pope_leo_is_traveling_to_turkey_and_lebanon_on_the_first_foreign_trip_of_his_papacy.mp3 returned.
12-01 06:15:02.775 30442 30800 D HttpDownloader: Response code is 404
12-01 06:15:02.775 30442 30800 D HttpDownloader: onFail() called with: reason = [ERROR_NOT_FOUND], reasonDetailed = [404]
12-01 06:15:02.776 30442 30442 D TextView: setTypeface with style : 0
12-01 06:15:02.779 30442 30800 E EpisodeDownloadWorker: Download failed
12-01 06:15:02.779 30442 30442 D TextView: setTypeface with style : 0
12-01 06:15:02.785 30442 30800 D EpisodeDownloadWorker: Worker for https://feeds.wdjh.org/podcasts/full_story/20251127_27-20897-FS_HANSON.mp3 returned.
12-01 06:15:02.785 30442 30543 D HttpDownloader: Response code is 404
12-01 06:15:02.785 30442 30543 D HttpDownloader: onFail() called with: reason = [ERROR_NOT_FOUND], reasonDetailed = [404]
12-01 06:15:02.785 30442 30536 D HttpDownloader: Response code is 404
12-01 06:15:02.785 30442 30536 D HttpDownloader: onFail() called with: reason = [ERROR_NOT_FOUND], reasonDetailed = [404]
12-01 06:15:02.786 30442 30442 D MainActivity: onEvent(de.danoeh.antennapod.event.MessageEvent@c0e0c7f)
12-01 06:15:02.786 30442 30543 E EpisodeDownloadWorker: Download failed
12-01 06:15:02.787 30442 30536 E EpisodeDownloadWorker: Download failed
12-01 06:15:02.789 30442 30543 D EpisodeDownloadWorker: Worker for https://feeds.wdjh.org/podcasts/abc_news_daily/20251128_89.mp3 returned.
12-01 06:15:02.789 30442 30442 D TextView: setTypeface with style : 0
12-01 06:15:02.789 30442 30536 D EpisodeDownloadWorker: Worker for https://feeds.wdjh.org/podcasts/all_things_considered/20251127_20251127_atc_there_s_reason_to_be_optimistic_about_the_the_movies_coming_this_holiday_season.mp3 returned.
12-01 06:15:02.790 30442 30442 D TextView: setTypeface with style : 0
12-01 06:15:02.792 30442 30790 D DBReader: getFavoriteIDList() called
12-01 06:15:02.793 30442 30442 D MainActivity: onEvent(de.danoeh.antennapod.event.MessageEvent@1f913)
12-01 06:15:02.794 30442 30800 D DBReader: getFavoriteIDList() called
12-01 06:15:02.795 30442 30442 D TextView: setTypeface with style : 0
12-01 06:15:02.796 30442 30442 D TextView: setTypeface with style : 0
12-01 06:15:02.801 30442 30442 D MainActivity: onEvent(de.danoeh.antennapod.event.MessageEvent@f8a0167)
12-01 06:15:02.802 30442 30442 D TextView: setTypeface with style : 0
12-01 06:15:02.804 30442 30442 D TextView: setTypeface with style : 0
12-01 06:15:02.805 30442 30543 D DBReader: getFavoriteIDList() called
12-01 06:15:02.807 30442 30536 D DBReader: getFavoriteIDList() called
12-01 06:15:02.808 30442 30790 D DBReader: getQueueIDList() called
12-01 06:15:02.808 30442 30459 I WM-WorkerWrapper: Worker result FAILURE for Work [ id=68f726c8-6289-4995-8e9d-14d37aac6e23, tags={ episodeUrl:https://feeds.wdjh.org/podcasts/all_things_considered/20251127_20251127_atc_pope_leo_is_traveling_to_turkey_and_lebanon_on_the_first_foreign_trip_of_his_papacy.mp3, de.danoeh.antennapod.net.download.service.episode.EpisodeDownloadWorker, episodeDownload } ]
12-01 06:15:02.815 30442 30800 D DBReader: getQueueIDList() called
12-01 06:15:02.816 30442 30543 D DBReader: getQueueIDList() called
12-01 06:15:02.816 30442 30536 D DBReader: getQueueIDList() called
12-01 06:15:02.822 30442 30790 D DBReader: Extracting Feedlist
12-01 06:15:02.822 30442 30536 D DBReader: Extracting Feedlist
12-01 06:15:02.823 30442 30800 D DBReader: Extracting Feedlist
12-01 06:15:02.823 30442 30543 D DBReader: Extracting Feedlist
12-01 06:15:02.828 30442 30536 D UserPreferences: User data folder not writable or not set. Trying default.
12-01 06:15:02.829 30442 30543 D UserPreferences: User data folder not writable or not set. Trying default.
12-01 06:15:02.829 30442 30536 D DownloadRequestCreat: Requesting download of url https://feeds.wdjh.org/podcasts/abc_rewind/20251128_63.mp3
12-01 06:15:02.833 30442 30790 D UserPreferences: User data folder not writable or not set. Trying default.
12-01 06:15:02.833 30442 30543 D DownloadRequestCreat: Requesting download of url https://feeds.wdjh.org/podcasts/sbs_french__sbs_en_franais/20251128_20251128075814-french-8656a917-6e99-460e-8e3d-5426b1ebf6b6.mp3
12-01 06:15:02.834 30442 30800 D UserPreferences: User data folder not writable or not set. Trying default.
12-01 06:15:02.835 30442 30790 D DownloadRequestCreat: Requesting download of url https://feeds.wdjh.org/podcasts/all_things_considered/20251127_20251127_atc_the_afghan_resettlement_effort_faces_a_defining_test_after_the_dc_shooting.mp3
12-01 06:15:02.839 30442 30800 D DownloadRequestCreat: Requesting download of url https://feeds.wdjh.org/podcasts/sbs_french__sbs_en_franais/20251128_20251128082014-french-3218b267-e5d8-4373-9653-ed6f03af0dd5.mp3
12-01 06:15:02.852 30442 30536 D HttpDownloader: addHeader("Accept-Encoding", "identity")
12-01 06:15:02.859 30442 30543 D HttpDownloader: addHeader("Accept-Encoding", "identity")
12-01 06:15:02.863 30442 30536 D HttpDownloader: Response code is 404
12-01 06:15:02.863 30442 30536 D HttpDownloader: onFail() called with: reason = [ERROR_NOT_FOUND], reasonDetailed = [404]
12-01 06:15:02.864 30442 30536 E EpisodeDownloadWorker: Download failed
12-01 06:15:02.865 30442 30442 D MainActivity: onEvent(de.danoeh.antennapod.event.MessageEvent@321c7f1)
12-01 06:15:02.866 30442 30536 D EpisodeDownloadWorker: Worker for https://feeds.wdjh.org/podcasts/abc_rewind/20251128_63.mp3 returned.
12-01 06:15:02.866 30442 30442 D TextView: setTypeface with style : 0
12-01 06:15:02.868 30442 30790 D HttpDownloader: addHeader("Accept-Encoding", "identity")
12-01 06:15:02.869 30442 30442 D TextView: setTypeface with style : 0
12-01 06:15:02.870 30442 30543 D HttpDownloader: Response code is 404
12-01 06:15:02.870 30442 30543 D HttpDownloader: onFail() called with: reason = [ERROR_NOT_FOUND], reasonDetailed = [404]
12-01 06:15:02.871 30442 30543 E EpisodeDownloadWorker: Download failed
12-01 06:15:02.872 30442 30543 D EpisodeDownloadWorker: Worker for https://feeds.wdjh.org/podcasts/sbs_french__sbs_en_franais/20251128_20251128075814-french-8656a917-6e99-460e-8e3d-5426b1ebf6b6.mp3 returned.
12-01 06:15:02.873 30442 30442 D MainActivity: onEvent(de.danoeh.antennapod.event.MessageEvent@cae9cba)
12-01 06:15:02.874 30442 30442 D TextView: setTypeface with style : 0
12-01 06:15:02.875 30442 30442 D TextView: setTypeface with style : 0
12-01 06:15:02.878 30442 30790 D HttpDownloader: Response code is 404
12-01 06:15:02.881 30442 30790 D HttpDownloader: onFail() called with: reason = [ERROR_NOT_FOUND], reasonDetailed = [404]
12-01 06:15:02.882 30442 30459 I WM-WorkerWrapper: Worker result FAILURE for Work [ id=2a3d59e4-3c99-47c0-b643-2fa55fdca6f1, tags={ episodeUrl:https://feeds.wdjh.org/podcasts/full_story/20251127_27-20897-FS_HANSON.mp3, de.danoeh.antennapod.net.download.service.episode.EpisodeDownloadWorker, episodeDownload } ]
12-01 06:15:02.882 30442 30790 E EpisodeDownloadWorker: Download failed
12-01 06:15:02.883 30442 30790 D EpisodeDownloadWorker: Worker for https://feeds.wdjh.org/podcasts/all_things_considered/20251127_20251127_atc_the_afghan_resettlement_effort_faces_a_defining_test_after_the_dc_shooting.mp3 returned.
12-01 06:15:02.886 30442 30536 D DBReader: getFavoriteIDList() called
12-01 06:15:02.886 30442 30800 D HttpDownloader: addHeader("Accept-Encoding", "identity")
12-01 06:15:02.888 30442 30442 D MainActivity: onEvent(de.danoeh.antennapod.event.MessageEvent@263d03f)
12-01 06:15:02.890 30442 30442 D TextView: setTypeface with style : 0
12-01 06:15:02.891 30442 30442 D TextView: setTypeface with style : 0
12-01 06:15:02.891 30442 30543 D DBReader: getFavoriteIDList() called
12-01 06:15:02.892 30442 30790 D DBReader: getFavoriteIDList() called
12-01 06:15:02.895 30442 30459 I WM-WorkerWrapper: Worker result FAILURE for Work [ id=b9fe6706-cc80-4930-bd83-a6851029042e, tags={ de.danoeh.antennapod.net.download.service.episode.EpisodeDownloadWorker, episodeUrl:https://feeds.wdjh.org/podcasts/abc_news_daily/20251128_89.mp3, episodeDownload } ]
12-01 06:15:02.901 30442 30800 D HttpDownloader: Response code is 404
12-01 06:15:02.901 30442 30800 D HttpDownloader: onFail() called with: reason = [ERROR_NOT_FOUND], reasonDetailed = [404]
12-01 06:15:02.902 30442 30800 E EpisodeDownloadWorker: Download failed
12-01 06:15:02.903 30442 30800 D EpisodeDownloadWorker: Worker for https://feeds.wdjh.org/podcasts/sbs_french__sbs_en_franais/20251128_20251128082014-french-3218b267-e5d8-4373-9653-ed6f03af0dd5.mp3 returned.
12-01 06:15:02.904 30442 30536 D DBReader: getQueueIDList() called
12-01 06:15:02.906 30442 30543 D DBReader: getQueueIDList() called
12-01 06:15:02.906 30442 30790 D DBReader: getQueueIDList() called
