12-01 06:20:00.436 30442 30536 D DBReader: getQueueIDList() called
12-01 06:20:00.437 30442 30790 D DBReader: getQueueIDList() called
12-01 06:20:00.437 30442 30543 D DBReader: getQueueIDList() called
12-01 06:20:00.452 30442 30442 D MainActivity: onEvent(de.danoeh.antennapod.event.MessageEvent@621ef9f)
12-01 06:20:00.453 30442 30442 D TextView: setTypeface with style : 0
12-01 06:20:00.454 30442 30536 D DBReader: Extracting Feedlist
12-01 06:20:00.455 30442 30790 D DBReader: Extracting Feedlist
12-01 06:20:00.455 30442 30442 D TextView: setTypeface with style : 0
12-01 06:20:00.455 30442 30543 D DBReader: Extracting Feedlist
12-01 06:20:00.461 30442 30536 D UserPreferences: User data folder not writable or not set. Trying default.
12-01 06:20:00.461 30442 30470 I WM-WorkerWrapper: Worker result FAILURE for Work [ id=7537c5c0-c504-4e0f-9b0d-5f92a8202dc0, tags={ episodeUrl:https://feeds.wdjh.org/podcasts/sbs_french__sbs_en_franais/20251128_20251128082014-french-3218b267-e5d8-4373-9653-ed6f03af0dd5.mp3, de.danoeh.antennapod.net.download.service.episode.EpisodeDownloadWorker, episodeDownload } ]
12-01 06:20:00.465 30442 30543 D UserPreferences: User data folder not writable or not set. Trying default.
12-01 06:20:00.466 30442 30790 D UserPreferences: User data folder not writable or not set. Trying default.
12-01 06:20:00.467 30442 30536 D DownloadRequestCreat: Requesting download of url https://feeds.wdjh.org/podcasts/background_briefing/20251129_ph.mp3
12-01 06:20:00.473 30442 30543 D DownloadRequestCreat: Requesting download of url https://feeds.wdjh.org/podcasts/politics_now/20251129_n6.mp3
12-01 06:20:00.475 30442 30442 D MainActivity: onEvent(de.danoeh.antennapod.event.MessageEvent@cbc59f0)
12-01 06:20:00.475 30442 30790 D DownloadRequestCreat: Requesting download of url https://feeds.wdjh.org/podcasts/the_steve_matthes_show_on_racerx/20251130_251129_wsx_pulpcasts.mp3
12-01 06:20:00.477 30442 30442 D TextView: setTypeface with style : 0
12-01 06:20:00.478 30442 30470 I WM-WorkerWrapper: Worker result FAILURE for Work [ id=2a4779a7-f93a-4ef7-a712-df7bb0177d75, tags={ de.danoeh.antennapod.net.download.service.episode.EpisodeDownloadWorker, episodeUrl:https://feeds.wdjh.org/podcasts/all_things_considered/20251127_20251127_atc_there_s_reason_to_be_optimistic_about_the_the_movies_coming_this_holiday_season.mp3, episodeDownload } ]
12-01 06:20:00.479 30442 30536 D HttpDownloader: addHeader("Accept-Encoding", "identity")
12-01 06:20:00.480 30442 30442 D TextView: setTypeface with style : 0
12-01 06:20:00.490 30442 30543 D HttpDownloader: addHeader("Accept-Encoding", "identity")
12-01 06:20:00.494 30442 30536 D HttpDownloader: Response code is 404
12-01 06:20:00.494 30442 30536 D HttpDownloader: onFail() called with: reason = [ERROR_NOT_FOUND], reasonDetailed = [404]
12-01 06:20:00.496 30442 30536 E EpisodeDownloadWorker: Download failed
12-01 06:20:00.496 30442 30536 D EpisodeDownloadWorker: Worker for https://feeds.wdjh.org/podcasts/background_briefing/20251129_ph.mp3 returned.
12-01 06:20:00.501 30442 30543 D HttpDownloader: Response code is 404
12-01 06:20:00.501 30442 30543 D HttpDownloader: onFail() called with: reason = [ERROR_NOT_FOUND], reasonDetailed = [404]
12-01 06:20:00.503 30442 30543 E EpisodeDownloadWorker: Download failed
12-01 06:20:00.504 30442 30543 D EpisodeDownloadWorker: Worker for https://feeds.wdjh.org/podcasts/politics_now/20251129_n6.mp3 returned.
12-01 06:20:00.510 30442 30536 D DBReader: getFavoriteIDList() called
12-01 06:20:00.510 30442 30790 D HttpDownloader: addHeader("Accept-Encoding", "identity")
12-01 06:20:00.511 30442 30543 D DBReader: getFavoriteIDList() called
12-01 06:20:00.512 30442 30536 D DBReader: getQueueIDList() called
12-01 06:20:00.523 30442 30790 D HttpDownloader: Response code is 404
12-01 06:20:00.523 30442 30790 D HttpDownloader: onFail() called with: reason = [ERROR_NOT_FOUND], reasonDetailed = [404]
12-01 06:20:00.525 30442 30790 E EpisodeDownloadWorker: Download failed
12-01 06:20:00.527 30442 30790 D EpisodeDownloadWorker: Worker for https://feeds.wdjh.org/podcasts/the_steve_matthes_show_on_racerx/20251130_251129_wsx_pulpcasts.mp3 returned.
12-01 06:20:00.531 30442 30543 D DBReader: getQueueIDList() called
12-01 06:20:00.533 30442 30536 D DBReader: Extracting Feedlist
12-01 06:20:00.534 30442 30790 D DBReader: getFavoriteIDList() called
12-01 06:20:00.535 30442 30543 D DBReader: Extracting Feedlist
12-01 06:20:00.536 30442 30790 D DBReader: getQueueIDList() called
12-01 06:20:00.542 30442 30536 D UserPreferences: User data folder not writable or not set. Trying default.
12-01 06:20:00.542 30442 30543 D UserPreferences: User data folder not writable or not set. Trying default.
12-01 06:20:00.544 30442 30536 D DownloadRequestCreat: Requesting download of url https://feeds.wdjh.org/podcasts/sbs_french__sbs_en_franais/20251129_20251129140016-french-5f122eb7-3ad2-4c02-bdd1-ef71284f277e.mp3
12-01 06:20:00.547 30442 30543 D DownloadRequestCreat: Requesting download of url https://feeds.wdjh.org/podcasts/sbs_french__sbs_en_franais/20251129_20251129080514-french-20de8e09-e60d-483d-a5ae-543038947af9.mp3
12-01 06:20:00.562 30442 30442 D MainActivity: onEvent(de.danoeh.antennapod.event.MessageEvent@566fbb4)
12-01 06:20:00.564 30442 30790 D DBReader: Extracting Feedlist
12-01 06:20:00.564 30442 30442 D TextView: setTypeface with style : 0
12-01 06:20:00.565 30442 30442 D TextView: setTypeface with style : 0
12-01 06:20:00.569 30442 30442 D MainActivity: onEvent(de.danoeh.antennapod.event.MessageEvent@3992211)
12-01 06:20:00.569 30442 30790 D UserPreferences: User data folder not writable or not set. Trying default.
12-01 06:20:00.571 30442 30442 D TextView: setTypeface with style : 0
12-01 06:20:00.572 30442 30790 D DownloadRequestCreat: Requesting download of url https://feeds.wdjh.org/podcasts/the_racer_x_podcast_network/20251128_WeegeshowWednesdayAus_1.mp3
12-01 06:20:00.573 30442 30442 D TextView: setTypeface with style : 0
12-01 06:20:00.583 30442 30536 D HttpDownloader: addHeader("Accept-Encoding", "identity")
12-01 06:20:00.587 30442 30543 D HttpDownloader: addHeader("Accept-Encoding", "identity")
12-01 06:20:00.594 30442 30536 D HttpDownloader: Response code is 404
12-01 06:20:00.594 30442 30536 D HttpDownloader: onFail() called with: reason = [ERROR_NOT_FOUND], reasonDetailed = [404]
12-01 06:20:00.595 30442 30790 D HttpDownloader: addHeader("Accept-Encoding", "identity")
12-01 06:20:00.597 30442 30536 E EpisodeDownloadWorker: Download failed
12-01 06:20:00.598 30442 30543 D HttpDownloader: Response code is 404
12-01 06:20:00.598 30442 30543 D HttpDownloader: onFail() called with: reason = [ERROR_NOT_FOUND], reasonDetailed = [404]
12-01 06:20:00.599 30442 30536 D EpisodeDownloadWorker: Worker for https://feeds.wdjh.org/podcasts/sbs_french__sbs_en_franais/20251129_20251129140016-french-5f122eb7-3ad2-4c02-bdd1-ef71284f277e.mp3 returned.
12-01 06:20:00.599 30442 30543 E EpisodeDownloadWorker: Download failed
12-01 06:20:00.600 30442 30543 D EpisodeDownloadWorker: Worker for https://feeds.wdjh.org/podcasts/sbs_french__sbs_en_franais/20251129_20251129080514-french-20de8e09-e60d-483d-a5ae-543038947af9.mp3 returned.
12-01 06:20:00.605 30442 30790 D HttpDownloader: Response code is 404
12-01 06:20:00.605 30442 30790 D HttpDownloader: onFail() called with: reason = [ERROR_NOT_FOUND], reasonDetailed = [404]
12-01 06:20:00.608 30442 30790 E EpisodeDownloadWorker: Download failed
12-01 06:20:00.610 30442 30790 D EpisodeDownloadWorker: Worker for https://feeds.wdjh.org/podcasts/the_racer_x_podcast_network/20251128_WeegeshowWednesdayAus_1.mp3 returned.
12-01 06:20:00.637 30442 30536 D DBReader: getFavoriteIDList() called
12-01 06:20:00.638 30442 30543 D DBReader: getFavoriteIDList() called
12-01 06:20:00.648 30442 30536 D DBReader: getQueueIDList() called
12-01 06:20:00.649 30442 30442 D MainActivity: onEvent(de.danoeh.antennapod.event.MessageEvent@1c27a05)
12-01 06:20:00.649 30442 30790 D DBReader: getFavoriteIDList() called
12-01 06:20:00.650 30442 30543 D DBReader: getQueueIDList() called
12-01 06:20:00.651 30442 30442 D TextView: setTypeface with style : 0
12-01 06:20:00.652 30442 30442 D TextView: setTypeface with style : 0
12-01 06:20:00.655 30442 30442 D MainActivity: onEvent(de.danoeh.antennapod.event.MessageEvent@6bbad80)
12-01 06:20:00.657 30442 30442 D TextView: setTypeface with style : 0
12-01 06:20:00.658 30442 30442 D TextView: setTypeface with style : 0
12-01 06:20:00.665 30442 30536 D DBReader: Extracting Feedlist
12-01 06:20:00.666 30442 30790 D DBReader: getQueueIDList() called
12-01 06:20:00.666 30442 30543 D DBReader: Extracting Feedlist
12-01 06:20:00.668 30442 30790 D DBReader: Extracting Feedlist
12-01 06:20:00.670 30442 30496 I WM-WorkerWrapper: Worker result FAILURE for Work [ id=998604d7-fdbf-4d31-b0c2-72c7d1f8a0de, tags={ de.danoeh.antennapod.net.download.service.episode.EpisodeDownloadWorker, episodeUrl:https://feeds.wdjh.org/podcasts/abc_rewind/20251128_61.mp3, episodeDownload } ]
12-01 06:20:00.671 30442 30543 D UserPreferences: User data folder not writable or not set. Trying default.
12-01 06:20:00.674 30442 30543 D DownloadRequestCreat: Requesting download of url https://feeds.wdjh.org/podcasts/rc_plane_lab/20251128_EP199.mp3
12-01 06:20:00.674 30442 30536 D UserPreferences: User data folder not writable or not set. Trying default.
12-01 06:20:00.676 30442 30536 D DownloadRequestCreat: Requesting download of url https://feeds.wdjh.org/podcasts/boonta_vista/20251129_2220966239-boontavista-episode-424.mp3
12-01 06:20:00.679 30442 30790 D UserPreferences: User data folder not writable or not set. Trying default.
12-01 06:20:00.681 30442 30790 D DownloadRequestCreat: Requesting download of url https://feeds.wdjh.org/podcasts/abc_rewind/20251129_06.mp3
12-01 06:20:00.683 30442 30543 D HttpDownloader: addHeader("Accept-Encoding", "identity")
12-01 06:20:00.690 30442 30536 D HttpDownloader: addHeader("Accept-Encoding", "identity")
12-01 06:20:00.693 30442 30543 D HttpDownloader: Response code is 404
12-01 06:20:00.693 30442 30790 D HttpDownloader: addHeader("Accept-Encoding", "identity")
12-01 06:20:00.693 30442 30543 D HttpDownloader: onFail() called with: reason = [ERROR_NOT_FOUND], reasonDetailed = [404]
12-01 06:20:00.697 30442 30543 E EpisodeDownloadWorker: Download failed
12-01 06:20:00.698 30442 30543 D EpisodeDownloadWorker: Worker for https://feeds.wdjh.org/podcasts/rc_plane_lab/20251128_EP199.mp3 returned.
12-01 06:20:00.700 30442 30536 D HttpDownloader: Response code is 404
12-01 06:20:00.700 30442 30536 D HttpDownloader: onFail() called with: reason = [ERROR_NOT_FOUND], reasonDetailed = [404]
12-01 06:20:00.701 30442 30536 E EpisodeDownloadWorker: Download failed
12-01 06:20:00.702 30442 30790 D HttpDownloader: Response code is 404
12-01 06:20:00.702 30442 30790 D HttpDownloader: onFail() called with: reason = [ERROR_NOT_FOUND], reasonDetailed = [404]
12-01 06:20:00.703 30442 30536 D EpisodeDownloadWorker: Worker for https://feeds.wdjh.org/podcasts/boonta_vista/20251129_2220966239-boontavista-episode-424.mp3 returned.
12-01 06:20:00.712 30442 30790 E EpisodeDownloadWorker: Download failed
12-01 06:20:00.713 30442 30790 D EpisodeDownloadWorker: Worker for https://feeds.wdjh.org/podcasts/abc_rewind/20251129_06.mp3 returned.
12-01 06:20:00.714 30442 30442 E ViewDragHelper: Ignoring pointerId=0 because ACTION_DOWN was not received for this pointer before ACTION_MOVE. It likely happened because ViewDragHelper did not receive all the events in the event stream.
12-01 06:20:00.714 30442 30442 E ViewDragHelper: Ignoring pointerId=0 because ACTION_DOWN was not received for this pointer before ACTION_MOVE. It likely happened because ViewDragHelper did not receive all the events in the event stream.
12-01 06:20:00.717 30442 30442 D ItemDescriptionFragment: Saving preferences
12-01 06:20:00.717 30442 30442 D ItemDescriptionFragment: Saving scroll position: 0
12-01 06:20:00.721 30442 30496 I WM-WorkerWrapper: Worker result FAILURE for Work [ id=6032f529-e266-4467-8b9e-2d104cc5df20, tags={ de.danoeh.antennapod.net.download.service.episode.EpisodeDownloadWorker, episodeUrl:https://feeds.wdjh.org/podcasts/sbs_french__sbs_en_franais/20251128_20251128075814-french-8656a917-6e99-460e-8e3d-5426b1ebf6b6.mp3, episodeDownload } ]
12-01 06:20:00.722 30442 30442 D MainActivity: onEvent(de.danoeh.antennapod.event.MessageEvent@777a462)
12-01 06:20:00.724 30442 30442 D TextView: setTypeface with style : 0
12-01 06:20:00.726 30442 30442 D TextView: setTypeface with style : 0
12-01 06:20:00.730 30442 30543 D DBReader: getFavoriteIDList() called
12-01 06:20:00.732 30442 30790 D DBReader: getFavoriteIDList() called
12-01 06:20:00.733 30442 30536 D DBReader: getFavoriteIDList() called
12-01 06:20:00.736 30442 30496 I WM-WorkerWrapper: Worker result FAILURE for Work [ id=c51af5ed-54d9-4ff9-8f9a-4ad4a5aa7464, tags={ episodeUrl:https://feeds.wdjh.org/podcasts/abc_rewind/20251128_63.mp3, de.danoeh.antennapod.net.download.service.episode.EpisodeDownloadWorker, episodeDownload } ]
12-01 06:20:00.746 30442 30442 E ViewDragHelper: Ignoring pointerId=0 because ACTION_DOWN was not received for this pointer before ACTION_MOVE. It likely happened because ViewDragHelper did not receive all the events in the event stream.
12-01 06:20:00.746 30442 30442 E ViewDragHelper: Ignoring pointerId=0 because ACTION_DOWN was not received for this pointer before ACTION_MOVE. It likely happened because ViewDragHelper did not receive all the events in the event stream.
12-01 06:20:00.746 30442 30543 D DBReader: getQueueIDList() called
12-01 06:20:00.746 30442 30790 D DBReader: getQueueIDList() called
12-01 06:20:00.747 30442 30442 D ItemDescriptionFragment: Saving preferences
12-01 06:20:00.747 30442 30442 D ItemDescriptionFragment: Saving scroll position: 0
12-01 06:20:00.756 30442 30536 D DBReader: getQueueIDList() called
12-01 06:20:00.757 30442 30543 D DBReader: Extracting Feedlist
12-01 06:20:00.757 30442 30790 D DBReader: Extracting Feedlist
12-01 06:20:00.757 30442 30536 D DBReader: Extracting Feedlist
12-01 06:20:00.764 30442 30790 D UserPreferences: User data folder not writable or not set. Trying default.
12-01 06:20:00.765 30442 30536 D UserPreferences: User data folder not writable or not set. Trying default.
12-01 06:20:00.766 30442 30543 D UserPreferences: User data folder not writable or not set. Trying default.
12-01 06:20:00.766 30442 30790 D DownloadRequestCreat: Requesting download of url https://feeds.wdjh.org/podcasts/sbs_french__sbs_en_franais/20251130_20251130140019-french-e8af9bb9-bb18-4889-acc8-784690a32aa9.mp3
12-01 06:20:00.767 30442 30536 D DownloadRequestCreat: Requesting download of url https://feeds.wdjh.org/podcasts/sbs_french__sbs_en_franais/20251130_20251130080108-french-2835b984-fba8-4c0b-ae17-ad98ca62e21b.mp3
12-01 06:20:00.770 30442 30543 D DownloadRequestCreat: Requesting download of url https://feeds.wdjh.org/podcasts/all_in_the_mind/20251130_1u.mp3
12-01 06:20:00.782 30442 30790 D HttpDownloader: addHeader("Accept-Encoding", "identity")
12-01 06:20:00.787 30442 30536 D HttpDownloader: addHeader("Accept-Encoding", "identity")
12-01 06:20:00.793 30442 30543 D HttpDownloader: addHeader("Accept-Encoding", "identity")
12-01 06:20:00.797 30442 30790 D HttpDownloader: Response code is 404
12-01 06:20:00.797 30442 30790 D HttpDownloader: onFail() called with: reason = [ERROR_NOT_FOUND], reasonDetailed = [404]
12-01 06:20:00.798 30442 30790 E EpisodeDownloadWorker: Download failed
12-01 06:20:00.799 30442 30790 D EpisodeDownloadWorker: Worker for https://feeds.wdjh.org/podcasts/sbs_french__sbs_en_franais/20251130_20251130140019-french-e8af9bb9-bb18-4889-acc8-784690a32aa9.mp3 returned.
12-01 06:20:00.800 30442 30536 D HttpDownloader: Response code is 404
12-01 06:20:00.800 30442 30536 D HttpDownloader: onFail() called with: reason = [ERROR_NOT_FOUND], reasonDetailed = [404]
12-01 06:20:00.802 30442 30536 E EpisodeDownloadWorker: Download failed
12-01 06:20:00.803 30442 30536 D EpisodeDownloadWorker: Worker for https://feeds.wdjh.org/podcasts/sbs_french__sbs_en_franais/20251130_20251130080108-french-2835b984-fba8-4c0b-ae17-ad98ca62e21b.mp3 returned.
12-01 06:20:00.805 30442 30442 D MainActivity: onEvent(de.danoeh.antennapod.event.MessageEvent@655ea12)
12-01 06:20:00.807 30442 30442 D TextView: setTypeface with style : 0
12-01 06:20:00.809 30442 30442 D TextView: setTypeface with style : 0
12-01 06:20:00.812 30442 30442 D MainActivity: onEvent(de.danoeh.antennapod.event.MessageEvent@1c7c7d1)
12-01 06:20:00.814 30442 30442 D TextView: setTypeface with style : 0
12-01 06:20:00.815 30442 30442 D TextView: setTypeface with style : 0
12-01 06:20:00.818 30442 30543 D HttpDownloader: Response code is 404
12-01 06:20:00.818 30442 30543 D HttpDownloader: onFail() called with: reason = [ERROR_NOT_FOUND], reasonDetailed = [404]
12-01 06:20:00.821 30442 30543 E EpisodeDownloadWorker: Download failed
12-01 06:20:00.822 30442 30800 D DBReader: Extracting Feedlist
12-01 06:20:00.822 30442 30543 D EpisodeDownloadWorker: Worker for https://feeds.wdjh.org/podcasts/all_in_the_mind/20251130_1u.mp3 returned.
12-01 06:20:00.846 30442 30790 D DBReader: getFavoriteIDList() called
12-01 06:20:00.855 30442 30790 D DBReader: getQueueIDList() called
12-01 06:20:00.856 30442 30790 D DBReader: Extracting Feedlist
12-01 06:20:00.861 30442 30790 D UserPreferences: User data folder not writable or not set. Trying default.
12-01 06:20:00.863 30442 30790 D DownloadRequestCreat: Requesting download of url https://feeds.wdjh.org/podcasts/unravel/20251127_9v.mp3
12-01 06:20:00.873 30442 30790 D HttpDownloader: addHeader("Accept-Encoding", "identity")
12-01 06:20:00.876 30442 30442 E ViewDragHelper: Ignoring pointerId=0 because ACTION_DOWN was not received for this pointer before ACTION_MOVE. It likely happened because ViewDragHelper did not receive all the events in the event stream.
12-01 06:20:00.876 30442 30442 E ViewDragHelper: Ignoring pointerId=0 because ACTION_DOWN was not received for this pointer before ACTION_MOVE. It likely happened because ViewDragHelper did not receive all the events in the event stream.
12-01 06:20:00.877 30442 30442 D ItemDescriptionFragment: Saving preferences
12-01 06:20:00.877 30442 30442 D ItemDescriptionFragment: Saving scroll position: 0
12-01 06:20:00.881 30442 30442 D MainActivity: onEvent(de.danoeh.antennapod.event.MessageEvent@a02ea3c)
12-01 06:20:00.883 30442 30442 D TextView: setTypeface with style : 0
12-01 06:20:00.884 30442 30442 D TextView: setTypeface with style : 0
12-01 06:20:00.888 30442 30442 D MainActivity: onEvent(de.danoeh.antennapod.event.MessageEvent@7a881c3)
12-01 06:20:00.888 30442 30790 D HttpDownloader: Response code is 404
12-01 06:20:00.888 30442 30790 D HttpDownloader: onFail() called with: reason = [ERROR_NOT_FOUND], reasonDetailed = [404]
12-01 06:20:00.889 30442 30790 E EpisodeDownloadWorker: Download failed
12-01 06:20:00.889 30442 30442 D TextView: setTypeface with style : 0
12-01 06:20:00.890 30442 30442 D TextView: setTypeface with style : 0
12-01 06:20:00.898 30442 30442 E ViewDragHelper: Ignoring pointerId=0 because ACTION_DOWN was not received for this pointer before ACTION_MOVE. It likely happened because ViewDragHelper did not receive all the events in the event stream.
12-01 06:20:00.898 30442 30442 E ViewDragHelper: Ignoring pointerId=0 because ACTION_DOWN was not received for this pointer before ACTION_MOVE. It likely happened because ViewDragHelper did not receive all the events in the event stream.
12-01 06:20:00.898 30442 30442 D ItemDescriptionFragment: Saving preferences
12-01 06:20:00.898 30442 30442 D ItemDescriptionFragment: Saving scroll position: 0
12-01 06:20:00.901 30442 30442 D MainActivity: onEvent(de.danoeh.antennapod.event.MessageEvent@b1b2b17)
12-01 06:20:00.903 30442 30442 D TextView: setTypeface with style : 0
12-01 06:20:00.904 30442 30442 D TextView: setTypeface with style : 0
12-01 06:20:00.906 30442 30790 D EpisodeDownloadWorker: Worker for https://feeds.wdjh.org/podcasts/unravel/20251127_9v.mp3 returned.
12-01 06:20:00.907 30442 30442 D MainActivity: onEvent(de.danoeh.antennapod.event.MessageEvent@afc547a)
12-01 06:20:00.909 30442 30442 D TextView: setTypeface with style : 0
12-01 06:20:00.911 30442 30442 D TextView: setTypeface with style : 0
12-01 06:20:00.916 30442 30442 E ViewDragHelper: Ignoring pointerId=0 because ACTION_DOWN was not received for this pointer before ACTION_MOVE. It likely happened because ViewDragHelper did not receive all the events in the event stream.
12-01 06:20:00.916 30442 30442 E ViewDragHelper: Ignoring pointerId=0 because ACTION_DOWN was not received for this pointer before ACTION_MOVE. It likely happened because ViewDragHelper did not receive all the events in the event stream.
12-01 06:20:00.917 30442 30442 D ItemDescriptionFragment: Saving preferences
12-01 06:20:00.917 30442 30442 D ItemDescriptionFragment: Saving scroll position: 0
12-01 06:20:00.926 30442 30442 D MainActivity: onEvent(de.danoeh.antennapod.event.MessageEvent@81dd01e)
12-01 06:20:00.929 30442 30442 D TextView: setTypeface with style : 0
12-01 06:20:00.929 30442 30800 D SyncService: Processing 0 actions
12-01 06:20:00.930 30442 30442 D TextView: setTypeface with style : 0
12-01 06:20:00.933 30442 30442 D MainActivity: onEvent(de.danoeh.antennapod.event.MessageEvent@fc5b593)
12-01 06:20:00.935 30442 30442 D TextView: setTypeface with style : 0
12-01 06:20:00.936 30442 30442 D TextView: setTypeface with style : 0
12-01 06:20:00.939 30442 30442 D ViewRootImpl@fa41c15[MainActivity]: ViewPostImeInputStage processPointer 1
12-01 06:20:00.940 30442 30442 D ItemDescriptionFragment: Saving preferences
12-01 06:20:00.940 30442 30442 D ItemDescriptionFragment: Saving scroll position: 0
12-01 06:20:00.947 30442 30442 D MainActivity: onEvent(de.danoeh.antennapod.event.MessageEvent@32757a6)
12-01 06:20:00.948 30442 30442 D TextView: setTypeface with style : 0
12-01 06:20:00.949 30442 30442 D TextView: setTypeface with style : 0
12-01 06:20:00.952 30442 30442 D MainActivity: onEvent(de.danoeh.antennapod.event.MessageEvent@d5601f5)
12-01 06:20:00.954 30442 30442 D TextView: setTypeface with style : 0
12-01 06:20:00.955 30442 30442 D TextView: setTypeface with style : 0
12-01 06:20:00.959 30442 30442 D ItemDescriptionFragment: Saving preferences
12-01 06:20:00.959 30442 30442 D ItemDescriptionFragment: Saving scroll position: 0
12-01 06:20:00.962 30442 30442 D MainActivity: onEvent(de.danoeh.antennapod.event.MessageEvent@a27f030)
12-01 06:20:00.963 30442 30442 D TextView: setTypeface with style : 0
12-01 06:20:00.964 30442 30442 D TextView: setTypeface with style : 0
12-01 06:20:00.968 30442 30442 D MainActivity: onEvent(de.danoeh.antennapod.event.MessageEvent@7c793c7)
12-01 06:20:00.969 30442 30442 D TextView: setTypeface with style : 0
12-01 06:20:00.970 30442 30442 D TextView: setTypeface with style : 0
12-01 06:20:00.974 30442 30442 D ItemDescriptionFragment: Saving preferences
12-01 06:20:00.974 30442 30442 D ItemDescriptionFragment: Saving scroll position: 0
12-01 06:20:00.981 30442 30470 I WM-WorkerWrapper: Worker result FAILURE for Work [ id=20593c91-499c-4374-8d22-8694d535acce, tags={ episodeUrl:https://feeds.wdjh.org/podcasts/knowledge_fight/20251128_Nov15-2025.mp3, de.danoeh.antennapod.net.download.service.episode.EpisodeDownloadWorker, episodeDownload } ]
12-01 06:20:00.989 30442 30442 D ItemDescriptionFragment: Saving preferences
12-01 06:20:00.989 30442 30442 D ItemDescriptionFragment: Saving scroll position: 0
12-01 06:20:00.998 30442 30470 I WM-WorkerWrapper: Worker result FAILURE for Work [ id=c4e36d15-2f62-4828-8573-2d995dabc9fd, tags={ de.danoeh.antennapod.net.download.service.episode.EpisodeDownloadWorker, episodeUrl:https://feeds.wdjh.org/podcasts/the_conditional_release_program/20251128_stream.mp3, episodeDownload } ]
12-01 06:20:01.007 30442 30442 D ItemDescriptionFragment: Saving preferences
12-01 06:20:01.007 30442 30442 D ItemDescriptionFragment: Saving scroll position: 0
12-01 06:20:01.010 30442 30470 I WM-WorkerWrapper: Worker result FAILURE for Work [ id=ec239a27-611e-4446-ae93-38a53a4e7eda, tags={ episodeUrl:https://feeds.wdjh.org/podcasts/mushroom_case_daily/20251128_b8.mp3, de.danoeh.antennapod.net.download.service.episode.EpisodeDownloadWorker, episodeDownload } ]
12-01 06:20:01.070 30442 30442 D ItemDescriptionFragment: Saving preferences
12-01 06:20:01.070 30442 30442 D ItemDescriptionFragment: Saving scroll position: 0
12-01 06:20:01.107 30442 30459 I WM-WorkerWrapper: Worker result FAILURE for Work [ id=2bccb906-d512-444f-8a54-26016c0d046d, tags={ de.danoeh.antennapod.net.download.service.episode.EpisodeDownloadWorker, episodeUrl:https://feeds.wdjh.org/podcasts/background_briefing/20251129_ph.mp3, episodeDownload } ]
12-01 06:20:01.173 30442 30459 I WM-WorkerWrapper: Worker result FAILURE for Work [ id=c90c3760-748f-4657-b782-883f80af8df8, tags={ episodeUrl:https://feeds.wdjh.org/podcasts/politics_now/20251129_n6.mp3, de.danoeh.antennapod.net.download.service.episode.EpisodeDownloadWorker, episodeDownload } ]
12-01 06:20:01.220 30442 30459 I WM-WorkerWrapper: Worker result FAILURE for Work [ id=a8cb539f-cd28-442c-9f7f-37bcf10e1b78, tags={ de.danoeh.antennapod.net.download.service.episode.EpisodeDownloadWorker, episodeUrl:https://feeds.wdjh.org/podcasts/the_steve_matthes_show_on_racerx/20251130_251129_wsx_pulpcasts.mp3, episodeDownload } ]
12-01 06:20:01.304 30442 30496 I WM-WorkerWrapper: Worker result FAILURE for Work [ id=abca9718-9e41-4203-b347-5910e16415a0, tags={ de.danoeh.antennapod.net.download.service.episode.EpisodeDownloadWorker, episodeUrl:https://feeds.wdjh.org/podcasts/sbs_french__sbs_en_franais/20251129_20251129140016-french-5f122eb7-3ad2-4c02-bdd1-ef71284f277e.mp3, episodeDownload } ]
12-01 06:20:01.319 30442 30496 I WM-WorkerWrapper: Worker result FAILURE for Work [ id=9e60f477-94f9-4039-98eb-05a7a7dae136, tags={ de.danoeh.antennapod.net.download.service.episode.EpisodeDownloadWorker, episodeUrl:https://feeds.wdjh.org/podcasts/sbs_french__sbs_en_franais/20251129_20251129080514-french-20de8e09-e60d-483d-a5ae-543038947af9.mp3, episodeDownload } ]
12-01 06:20:01.343 30442 30496 I WM-WorkerWrapper: Worker result FAILURE for Work [ id=14f6d7d2-a2ef-40b1-9684-9099152f111c, tags={ episodeUrl:https://feeds.wdjh.org/podcasts/the_racer_x_podcast_network/20251128_WeegeshowWednesdayAus_1.mp3, de.danoeh.antennapod.net.download.service.episode.EpisodeDownloadWorker, episodeDownload } ]
12-01 06:20:01.383 30442 30442 D ViewRootImpl@fa41c15[MainActivity]: ViewPostImeInputStage processPointer 0
12-01 06:20:01.385 30442 30496 I WM-WorkerWrapper: Worker result FAILURE for Work [ id=6629f9a6-8f97-4e07-b5e2-8b4f43b9978d, tags={ episodeUrl:https://feeds.wdjh.org/podcasts/rc_plane_lab/20251128_EP199.mp3, de.danoeh.antennapod.net.download.service.episode.EpisodeDownloadWorker, episodeDownload } ]
12-01 06:20:01.395 30442 30496 I WM-WorkerWrapper: Worker result FAILURE for Work [ id=834066dd-e679-4711-9a37-5cc0e8b82431, tags={ de.danoeh.antennapod.net.download.service.episode.EpisodeDownloadWorker, episodeUrl:https://feeds.wdjh.org/podcasts/boonta_vista/20251129_2220966239-boontavista-episode-424.mp3, episodeDownload } ]
12-01 06:20:01.405 30442 30496 I WM-WorkerWrapper: Worker result FAILURE for Work [ id=3e8b2089-f2bc-4dfe-b3fd-1c357a477570, tags={ episodeUrl:https://feeds.wdjh.org/podcasts/abc_rewind/20251129_06.mp3, de.danoeh.antennapod.net.download.service.episode.EpisodeDownloadWorker, episodeDownload } ]
12-01 06:20:01.444 30442 30459 I WM-WorkerWrapper: Worker result FAILURE for Work [ id=cd182cfe-3583-44cc-8f47-6c249c408cd9, tags={ de.danoeh.antennapod.net.download.service.episode.EpisodeDownloadWorker, episodeUrl:https://feeds.wdjh.org/podcasts/sbs_french__sbs_en_franais/20251130_20251130140019-french-e8af9bb9-bb18-4889-acc8-784690a32aa9.mp3, episodeDownload } ]
12-01 06:20:01.449 30442 30459 I WM-WorkerWrapper: Worker result FAILURE for Work [ id=367bf6af-1deb-40c5-a150-07f8e15eb75d, tags={ episodeUrl:https://feeds.wdjh.org/podcasts/sbs_french__sbs_en_franais/20251130_20251130080108-french-2835b984-fba8-4c0b-ae17-ad98ca62e21b.mp3, de.danoeh.antennapod.net.download.service.episode.EpisodeDownloadWorker, episodeDownload } ]
12-01 06:20:01.460 30442 30459 I WM-WorkerWrapper: Worker result FAILURE for Work [ id=92f73d68-1887-492d-a8fb-94181cc6cd93, tags={ episodeUrl:https://feeds.wdjh.org/podcasts/all_in_the_mind/20251130_1u.mp3, de.danoeh.antennapod.net.download.service.episode.EpisodeDownloadWorker, episodeDownload } ]
12-01 06:20:01.485 30442 30496 I WM-WorkerWrapper: Worker result FAILURE for Work [ id=6f942356-0b47-4539-a5e8-2a11ee43dc56, tags={ de.danoeh.antennapod.net.download.service.episode.EpisodeDownloadWorker, episodeUrl:https://feeds.wdjh.org/podcasts/unravel/20251127_9v.mp3, episodeDownload } ]
12-01 06:20:01.502 30442 30496 I WM-WorkerWrapper: Worker result SUCCESS for Work [ id=95d48e96-d239-436e-b8b1-6eeace5784cd, tags={ de.danoeh.antennapod.net.sync.service.SyncService } ]
12-01 06:20:01.650 30442 30442 D ConnectivityManager: unregisterNetworkCallback; CallingUid : 10275, CallingPid : 30442
12-01 06:20:01.652 30442 30497 E ConnectivityManager.CallbackHandler: callback not found for RELEASED message
12-01 06:20:01.872 30442 30442 D ViewRootImpl@fa41c15[MainActivity]: ViewPostImeInputStage processPointer 1
12-01 06:20:02.169 30442 30442 D ViewRootImpl@fa41c15[MainActivity]: ViewPostImeInputStage processPointer 0
12-01 06:20:02.331 30442 30442 D TextView: setTypeface with style : 0
12-01 06:20:02.333 30442 30442 D TextView: setTypeface with style : 0
12-01 06:20:02.335 30442 30442 D TextView: setTypeface with style : 0
12-01 06:20:02.351 30442 30442 D TextView: setTypeface with style : 0
12-01 06:20:02.548 30442 30442 D ViewRootImpl@fa41c15[MainActivity]: ViewPostImeInputStage processPointer 1
12-01 06:20:03.172 30442 30442 D ViewRootImpl@fa41c15[MainActivity]: ViewPostImeInputStage processPointer 0
12-01 06:20:03.497 30442 30442 D ViewRootImpl@fa41c15[MainActivity]: ViewPostImeInputStage processPointer 1
12-01 06:20:04.065 30442 30442 D ViewRootImpl@fa41c15[MainActivity]: ViewPostImeInputStage processPointer 0
12-01 06:20:04.352 30442 30442 D ViewRootImpl@fa41c15[MainActivity]: ViewPostImeInputStage processPointer 1
12-01 06:20:05.178 30442 30442 D ViewRootImpl@fa41c15[MainActivity]: ViewPostImeInputStage processPointer 0
12-01 06:20:05.403 30442 30442 D ViewRootImpl@fa41c15[MainActivity]: ViewPostImeInputStage processPointer 1
12-01 06:20:06.431 30442 30442 D ViewRootImpl@fa41c15[MainActivity]: ViewPostImeInputStage processPointer 0
12-01 06:20:06.699 30442 30442 D ViewRootImpl@fa41c15[MainActivity]: ViewPostImeInputStage processPointer 1
12-01 06:20:08.263 30442 30442 D ViewRootImpl@fa41c15[MainActivity]: ViewPostImeInputStage processPointer 0
12-01 06:20:08.401 30442 30442 D ViewRootImpl@fa41c15[MainActivity]: ViewPostImeInputStage processPointer 1
12-01 06:20:08.424 30442 30442 D TextView: setTypeface with style : 0
12-01 06:20:08.424 30442 30442 D TextView: setTypeface with style : 0
12-01 06:20:08.457 30442 30442 D TextView: setTypeface with style : 0
12-01 06:20:08.466 30442 30442 D TextView: setTypeface with style : 0
12-01 06:20:08.470 30442 30442 D TextView: setTypeface with style : 0
12-01 06:20:08.474 30442 30442 D TextView: setTypeface with style : 0
12-01 06:20:08.475 30442 30442 D TextView: setTypeface with style : 0
12-01 06:20:08.477 30442 30442 D TextView: setTypeface with style : 0
12-01 06:20:08.479 30442 30442 D TextView: setTypeface with style : 0
12-01 06:20:08.519 30442 30442 D AbsListView: Get MotionRecognitionManager
12-01 06:20:08.520 30442 30442 D TextView: setTypeface with style : 0
12-01 06:20:08.524 30442 30442 D TextView: setTypeface with style : 0
12-01 06:20:08.528 30442 30442 D TextView: setTypeface with style : 0
12-01 06:20:08.539 30442 30442 D TextView: setTypeface with style : 0
12-01 06:20:08.544 30442 519 D DBReader: Extracting Feedlist
12-01 06:20:08.550 30442 519 D ITunesTopListLoader: Feed URL https://itunes.apple.com/AU/rss/toppodcasts/limit=25/explicit=true/json
12-01 06:20:08.566 30442 30442 D ItemDescriptionFragment: Saving preferences
12-01 06:20:08.566 30442 30442 D ItemDescriptionFragment: Saving scroll position: 0
12-01 06:20:08.584 30442 30442 D AbsListView: onsize change
12-01 06:20:08.599 30442 30442 D ItemDescriptionFragment: Saving preferences
12-01 06:20:08.599 30442 30442 D ItemDescriptionFragment: Saving scroll position: 0
12-01 06:20:08.616 30442 30442 W Glide : Load failed for with size [222x222]
12-01 06:20:08.616 30442 30442 W Glide : class com.bumptech.glide.load.engine.GlideException: Failed to load resource
12-01 06:20:08.616 30442 30442 W Glide : Load failed for with size [222x222]
12-01 06:20:08.616 30442 30442 W Glide : class com.bumptech.glide.load.engine.GlideException: Failed to load resource
12-01 06:20:08.616 30442 30442 W Glide : Load failed for with size [222x222]
12-01 06:20:08.616 30442 30442 W Glide : class com.bumptech.glide.load.engine.GlideException: Failed to load resource
12-01 06:20:08.617 30442 30442 W Glide : Load failed for with size [222x222]
12-01 06:20:08.617 30442 30442 W Glide : class com.bumptech.glide.load.engine.GlideException: Failed to load resource
12-01 06:20:08.617 30442 30442 W Glide : Load failed for with size [222x222]
12-01 06:20:08.617 30442 30442 W Glide : class com.bumptech.glide.load.engine.GlideException: Failed to load resource
12-01 06:20:08.617 30442 30442 W Glide : Load failed for with size [222x222]
12-01 06:20:08.617 30442 30442 W Glide : class com.bumptech.glide.load.engine.GlideException: Failed to load resource
12-01 06:20:08.617 30442 30442 W Glide : Load failed for with size [222x222]
12-01 06:20:08.617 30442 30442 W Glide : class com.bumptech.glide.load.engine.GlideException: Failed to load resource
12-01 06:20:08.617 30442 30442 W Glide : Load failed for with size [222x222]
12-01 06:20:08.617 30442 30442 W Glide : class com.bumptech.glide.load.engine.GlideException: Failed to load resource
12-01 06:20:08.618 30442 30442 W Glide : Load failed for with size [222x222]
12-01 06:20:08.618 30442 30442 W Glide : class com.bumptech.glide.load.engine.GlideException: Failed to load resource
12-01 06:20:08.618 30442 30442 W Glide : Load failed for with size [222x222]
12-01 06:20:08.618 30442 30442 W Glide : class com.bumptech.glide.load.engine.GlideException: Failed to load resource
12-01 06:20:08.618 30442 30442 W Glide : Load failed for with size [222x222]
12-01 06:20:08.618 30442 30442 W Glide : class com.bumptech.glide.load.engine.GlideException: Failed to load resource
12-01 06:20:08.618 30442 30442 W Glide : Load failed for with size [222x222]
12-01 06:20:08.618 30442 30442 W Glide : class com.bumptech.glide.load.engine.GlideException: Failed to load resource
12-01 06:20:11.559 30442 30577 D skia : Encode PNG Singlethread : 68291 us, width=222, height=222
12-01 06:20:11.569 30442 30600 D skia : Encode PNG Singlethread : 84785 us, width=222, height=222
12-01 06:20:11.602 30442 30599 D skia : Encode PNG Singlethread : 114953 us, width=222, height=222
12-01 06:20:17.212 30442 30442 D ViewRootImpl@fa41c15[MainActivity]: ViewPostImeInputStage processKey 0
12-01 06:20:17.468 30442 30442 D ViewRootImpl@fa41c15[MainActivity]: ViewPostImeInputStage processKey 1
12-01 06:20:19.326 30442 30442 D ViewRootImpl@fa41c15[MainActivity]: ViewPostImeInputStage processPointer 0
12-01 06:20:19.453 30442 30442 D ViewRootImpl@fa41c15[MainActivity]: ViewPostImeInputStage processPointer 1
12-01 06:20:19.461 30442 30442 D TextView: setTypeface with style : 0
12-01 06:20:19.461 30442 30442 D TextView: setTypeface with style : 0
12-01 06:20:19.468 30442 30442 D TextView: setTypeface with style : 0
12-01 06:20:19.471 30442 30442 D TextView: setTypeface with style : 0
12-01 06:20:19.473 30442 30442 D TextView: setTypeface with style : 0
12-01 06:20:19.474 30442 30442 D TextView: setTypeface with style : 0
12-01 06:20:19.475 30442 30442 D TextView: setTypeface with style : 0
12-01 06:20:19.476 30442 30442 D TextView: setTypeface with style : 0
12-01 06:20:19.477 30442 30442 D TextView: setTypeface with style : 0
12-01 06:20:19.482 30442 30442 D AbsListView: Get MotionRecognitionManager
12-01 06:20:19.483 30442 30442 D TextView: setTypeface with style : 0
12-01 06:20:19.485 30442 30442 D TextView: setTypeface with style : 0
12-01 06:20:19.488 30442 30442 D TextView: setTypeface with style : 0
12-01 06:20:19.489 30442 30442 D TextView: setTypeface with style : 0
12-01 06:20:19.492 30442 545 D DBReader: Extracting Feedlist
12-01 06:20:19.501 30442 545 D ITunesTopListLoader: Feed URL https://itunes.apple.com/AU/rss/toppodcasts/limit=25/explicit=true/json
12-01 06:20:19.503 30442 30442 D ItemDescriptionFragment: Saving preferences
12-01 06:20:19.503 30442 30442 D ItemDescriptionFragment: Saving scroll position: 0
12-01 06:20:19.519 30442 30442 D AbsListView: onsize change
12-01 06:20:19.532 30442 30442 D ItemDescriptionFragment: Saving preferences
12-01 06:20:19.532 30442 30442 D ItemDescriptionFragment: Saving scroll position: 0
12-01 06:20:19.546 30442 30442 W Glide : Load failed for with size [222x222]
12-01 06:20:19.546 30442 30442 W Glide : class com.bumptech.glide.load.engine.GlideException: Failed to load resource
12-01 06:20:19.547 30442 30442 W Glide : Load failed for with size [222x222]
12-01 06:20:19.547 30442 30442 W Glide : class com.bumptech.glide.load.engine.GlideException: Failed to load resource
12-01 06:20:19.547 30442 30442 W Glide : Load failed for with size [222x222]
12-01 06:20:19.547 30442 30442 W Glide : class com.bumptech.glide.load.engine.GlideException: Failed to load resource
12-01 06:20:19.547 30442 30442 W Glide : Load failed for with size [222x222]
12-01 06:20:19.547 30442 30442 W Glide : class com.bumptech.glide.load.engine.GlideException: Failed to load resource
12-01 06:20:19.547 30442 30442 W Glide : Load failed for with size [222x222]
12-01 06:20:19.547 30442 30442 W Glide : class com.bumptech.glide.load.engine.GlideException: Failed to load resource
12-01 06:20:19.548 30442 30442 W Glide : Load failed for with size [222x222]
12-01 06:20:19.548 30442 30442 W Glide : class com.bumptech.glide.load.engine.GlideException: Failed to load resource
12-01 06:20:19.548 30442 30442 W Glide : Load failed for with size [222x222]
12-01 06:20:19.548 30442 30442 W Glide : class com.bumptech.glide.load.engine.GlideException: Failed to load resource
12-01 06:20:19.548 30442 30442 W Glide : Load failed for with size [222x222]
12-01 06:20:19.548 30442 30442 W Glide : class com.bumptech.glide.load.engine.GlideException: Failed to load resource
12-01 06:20:19.548 30442 30442 W Glide : Load failed for with size [222x222]
12-01 06:20:19.548 30442 30442 W Glide : class com.bumptech.glide.load.engine.GlideException: Failed to load resource
12-01 06:20:19.548 30442 30442 W Glide : Load failed for with size [222x222]
12-01 06:20:19.548 30442 30442 W Glide : class com.bumptech.glide.load.engine.GlideException: Failed to load resource
12-01 06:20:19.549 30442 30442 W Glide : Load failed for with size [222x222]
12-01 06:20:19.549 30442 30442 W Glide : class com.bumptech.glide.load.engine.GlideException: Failed to load resource
12-01 06:20:19.549 30442 30442 W Glide : Load failed for with size [222x222]
12-01 06:20:19.549 30442 30442 W Glide : class com.bumptech.glide.load.engine.GlideException: Failed to load resource
12-01 06:20:20.369 30442 30442 D ViewRootImpl@fa41c15[MainActivity]: ViewPostImeInputStage processPointer 0
12-01 06:20:20.768 30442 30442 D ViewRootImpl@fa41c15[MainActivity]: ViewPostImeInputStage processPointer 1
12-01 06:20:24.656 30442 30442 D ViewRootImpl@fa41c15[MainActivity]: ViewPostImeInputStage processPointer 0
12-01 06:20:24.760 30442 30442 D ViewRootImpl@fa41c15[MainActivity]: ViewPostImeInputStage processPointer 1
12-01 06:20:24.887 30442 30442 D ViewRootImpl@fa41c15[MainActivity]: MSG_WINDOW_FOCUS_CHANGED 0
12-01 06:20:24.889 30442 30442 D SEM_CLIP_SemClipboardManager: isCocktailBarDisplayed : false
12-01 06:20:24.961 30442 30480 D OpenGLRenderer: endAllActiveAnimators on 0x74dbe8a000 (RippleDrawable) with handle 0x74b3d15100
12-01 06:20:24.961 30442 30442 D ViewRootImpl@fa41c15[MainActivity]: mHardwareRenderer.destroy()#1
12-01 06:20:24.964 30442 30442 D ViewRootImpl@fa41c15[MainActivity]: Relayout returned: oldFrame=[0,0][1080,1920] newFrame=[0,0][1080,1920] result=0x5 surface={isValid=false 0} surfaceGenerationChanged=true
12-01 06:20:25.421 30442 30442 D InputTransport: Input channel destroyed: fd=107
12-01 06:20:25.441 30442 30442 D PlaybackController: Releasing PlaybackController
12-01 06:20:25.442 30442 30442 D PlaybackController: Releasing PlaybackController
12-01 06:20:25.444 30442 30442 D PlaybackController: Releasing PlaybackController
12-01 06:20:25.447 30442 30442 D PlaybackController: Releasing PlaybackController
12-01 06:20:25.457 30442 30442 D ViewRootImpl@fa41c15[MainActivity]: Relayout returned: oldFrame=[0,0][1080,1920] newFrame=[0,0][1080,1920] result=0x5 surface={isValid=false 0} surfaceGenerationChanged=false
12-01 06:20:32.304 30442 30442 D ViewRootImpl@fa41c15[MainActivity]: mHardwareRenderer.destroy()#1
12-01 06:20:32.309 30442 30442 D ViewRootImpl@fa41c15[MainActivity]: Relayout returned: oldFrame=[0,0][1080,1920] newFrame=[0,0][1080,1920] result=0x1 surface={isValid=false 0} surfaceGenerationChanged=false
12-01 06:20:32.327 30442 30442 D PlaybackController: Trying to connect to service
12-01 06:20:32.331 30442 30442 D PlaybackController: Result for service binding: true
12-01 06:20:32.335 30442 547 D DBReader: getFavoriteIDList() called
12-01 06:20:32.337 30442 543 D DBReader: getFavoriteIDList() called
12-01 06:20:32.338 30442 547 D DBReader: getQueueIDList() called
12-01 06:20:32.338 30442 543 D DBReader: getQueueIDList() called
12-01 06:20:32.339 30442 547 D DBReader: Extracting Feedlist
12-01 06:20:32.339 30442 543 D DBReader: Extracting Feedlist
12-01 06:20:32.342 30442 30442 D PlaybackController: Trying to connect to service
12-01 06:20:32.346 30442 30442 D PlaybackController: Result for service binding: true
12-01 06:20:32.346 30442 30442 D ExternalPlayerFragment: Loading media info
12-01 06:20:32.347 30442 30442 D ExternalPlayerFragment: Loading media info
12-01 06:20:32.350 30442 545 D DBReader: getFavoriteIDList() called
12-01 06:20:32.351 30442 545 D DBReader: getQueueIDList() called
12-01 06:20:32.352 30442 545 D DBReader: Extracting Feedlist
12-01 06:20:32.354 30442 30442 D PlaybackController: Trying to connect to service
12-01 06:20:32.357 30442 30442 D PlaybackController: Result for service binding: true
12-01 06:20:32.361 30442 547 D DBReader: getFavoriteIDList() called
12-01 06:20:32.361 30442 547 D DBReader: getQueueIDList() called
12-01 06:20:32.362 30442 547 D DBReader: Extracting Feedlist
12-01 06:20:32.366 30442 30442 D PlaybackController: Trying to connect to service
12-01 06:20:32.370 30442 30442 D PlaybackController: Result for service binding: true
12-01 06:20:32.370 30442 30442 D ItemDescriptionFragment: load()
12-01 06:20:32.370 30442 30442 D ItemDescriptionFragment: load()
12-01 06:20:32.372 30442 519 D DBReader: getFavoriteIDList() called
12-01 06:20:32.374 30442 543 D DBReader: getFavoriteIDList() called
12-01 06:20:32.375 30442 543 D DBReader: getQueueIDList() called
12-01 06:20:32.376 30442 545 D DBReader: Extracting Feedlist
12-01 06:20:32.376 30442 519 D DBReader: getQueueIDList() called
12-01 06:20:32.377 30442 543 D DBReader: Extracting Feedlist
12-01 06:20:32.377 30442 519 D DBReader: Extracting Feedlist
12-01 06:20:32.384 30442 519 D DBReader: loadDescriptionOfFeedItem() called with: item = [FeedItem [id=592, title=Pope Leo is traveling to Turkey and Lebanon on the first foreign trip of his papacy, feedId=6, pubDate=Fri Nov 28 08:05:13 GMT+11:00 2025]]
12-01 06:20:32.384 30442 543 D DBReader: loadDescriptionOfFeedItem() called with: item = [FeedItem [id=592, title=Pope Leo is traveling to Turkey and Lebanon on the first foreign trip of his papacy, feedId=6, pubDate=Fri Nov 28 08:05:13 GMT+11:00 2025]]
12-01 06:20:32.390 30442 543 D Timeline: Recognized 0 timecodes
12-01 06:20:32.390 30442 519 D Timeline: Recognized 0 timecodes
12-01 06:20:32.399 30442 30442 D MainActivity: handleNavIntent()
12-01 06:20:32.401 30442 547 D DBReader: Extracting Feedlist
12-01 06:20:32.414 30442 30442 D ViewRootImpl@fa41c15[MainActivity]: Relayout returned: oldFrame=[0,0][1080,1920] newFrame=[0,0][1080,1920] result=0x7 surface={isValid=true 501233155584} surfaceGenerationChanged=true
12-01 06:20:32.414 30442 30442 D ViewRootImpl@fa41c15[MainActivity]: mHardwareRenderer.initialize() mSurface={isValid=true 501233155584} hwInitialized=true
12-01 06:20:32.419 30442 30480 D mali_winsys: EGLint new_window_surface(egl_winsys_display*, void*, EGLSurface, EGLConfig, egl_winsys_surface**, egl_color_buffer_format*, EGLBoolean) returns 0x3000, [1080x1920]-format:1
12-01 06:20:32.419 30442 30442 D PlaybackController: Querying service info
12-01 06:20:32.419 30442 30442 D PlaybackController: status: PAUSED
12-01 06:20:32.419 30442 30442 D PlaybackController: Connection to Service established
12-01 06:20:32.419 30442 30442 D PlaybackController: Querying service info
12-01 06:20:32.419 30442 30442 D PlaybackController: status: PAUSED
12-01 06:20:32.419 30442 30442 D ExternalPlayerFragment: Loading media info
12-01 06:20:32.420 30442 30442 D PlaybackController: Connection to Service established
12-01 06:20:32.420 30442 30442 D PlaybackController: Querying service info
12-01 06:20:32.420 30442 30442 D PlaybackController: status: PAUSED
12-01 06:20:32.420 30442 30442 D PlaybackController: Connection to Service established
12-01 06:20:32.420 30442 30442 D PlaybackController: Querying service info
12-01 06:20:32.420 30442 30442 D PlaybackController: status: PAUSED
12-01 06:20:32.420 30442 30442 D ItemDescriptionFragment: load()
12-01 06:20:32.420 30442 30442 D PlaybackController: Connection to Service established
12-01 06:20:32.420 30442 547 D DBReader: loadDescriptionOfFeedItem() called with: item = [FeedItem [id=592, title=Pope Leo is traveling to Turkey and Lebanon on the first foreign trip of his papacy, feedId=6, pubDate=Fri Nov 28 08:05:13 GMT+11:00 2025]]
12-01 06:20:32.422 30442 547 D Timeline: Recognized 0 timecodes
12-01 06:20:32.454 30442 30442 D AudioPlayerFragment: currentPosition 00:00:00
12-01 06:20:32.456 30442 30442 D ItemDescriptionFragment: Saving preferences
12-01 06:20:32.456 30442 30442 D ItemDescriptionFragment: Saving scroll position: 0
12-01 06:20:32.459 30442 30442 D ItemDescriptionFragment: Webview loaded
12-01 06:20:32.489 30442 30442 E ResourceType: Style contains key with bad entry: 0x01010605
12-01 06:20:32.502 30442 30442 D TextView: setTypeface with style : 0
12-01 06:20:32.502 30442 30442 D TextView: setTypeface with style : 0
12-01 06:20:32.509 30442 30442 D TextView: setTypeface with style : 0
12-01 06:20:32.511 30442 30442 D TextView: setTypeface with style : 0
12-01 06:20:32.514 30442 30442 D AbsListView: Get MotionRecognitionManager
12-01 06:20:32.514 30442 30442 D MotionRecognitionManager: mSContextService = com.samsung.android.hardware.context.ISemContextService$Stub$Proxy@21cebfe
12-01 06:20:32.515 30442 30442 D MotionRecognitionManager: motionService = com.samsung.android.gesture.IMotionRecognitionService$Stub$Proxy@aac0f5f
12-01 06:20:32.515 30442 30442 D MotionRecognitionManager: motionService = com.samsung.android.gesture.IMotionRecognitionService$Stub$Proxy@aac0f5f
12-01 06:20:32.520 30442 30442 D ViewRootImpl@2c40644[OpmlImportActivity]: ThreadedRenderer.create() translucent=false
12-01 06:20:32.523 30442 30442 D InputTransport: Input channel constructed: fd=185
12-01 06:20:32.523 30442 30442 D ViewRootImpl@2c40644[OpmlImportActivity]: setView = DecorView@3f7932d[OpmlImportActivity] touchMode=true
12-01 06:20:32.540 30442 30442 D ViewRootImpl@2c40644[OpmlImportActivity]: dispatchAttachedToWindow
12-01 06:20:32.544 30442 519 I OpmlReader: Title not found, using text
12-01 06:20:32.544 30442 519 I OpmlReader: Title not found, using text
12-01 06:20:32.544 30442 519 I OpmlReader: Title not found, using text
12-01 06:20:32.544 30442 519 I OpmlReader: Title not found, using text
12-01 06:20:32.544 30442 519 I OpmlReader: Title not found, using text
12-01 06:20:32.544 30442 519 I OpmlReader: Title not found, using text
12-01 06:20:32.544 30442 519 I OpmlReader: Title not found, using text
12-01 06:20:32.544 30442 519 I OpmlReader: Title not found, using text
12-01 06:20:32.544 30442 519 I OpmlReader: Title not found, using text
12-01 06:20:32.544 30442 519 I OpmlReader: Title not found, using text
12-01 06:20:32.544 30442 519 I OpmlReader: Title not found, using text
12-01 06:20:32.544 30442 519 I OpmlReader: Title not found, using text
12-01 06:20:32.544 30442 519 I OpmlReader: Title not found, using text
12-01 06:20:32.544 30442 519 I OpmlReader: Title not found, using text
12-01 06:20:32.544 30442 519 I OpmlReader: Title not found, using text
12-01 06:20:32.544 30442 519 I OpmlReader: Title not found, using text
12-01 06:20:32.544 30442 519 I OpmlReader: Title not found, using text
12-01 06:20:32.544 30442 519 I OpmlReader: Title not found, using text
12-01 06:20:32.545 30442 519 I OpmlReader: Title not found, using text
12-01 06:20:32.545 30442 519 I OpmlReader: Title not found, using text
12-01 06:20:32.545 30442 519 I OpmlReader: Title not found, using text
12-01 06:20:32.545 30442 519 I OpmlReader: Title not found, using text
12-01 06:20:32.545 30442 519 I OpmlReader: Title not found, using text
12-01 06:20:32.545 30442 519 I OpmlReader: Title not found, using text
12-01 06:20:32.545 30442 519 I OpmlReader: Title not found, using text
12-01 06:20:32.545 30442 519 I OpmlReader: Title not found, using text
12-01 06:20:32.545 30442 519 I OpmlReader: Title not found, using text
