12-01 06:21:48.942 30442 30442 D PlaybackController: Connection to Service established
12-01 06:21:48.942 30442 543 D DBReader: loadDescriptionOfFeedItem() called with: item = [FeedItem [id=592, title=Pope Leo is traveling to Turkey and Lebanon on the first foreign trip of his papacy, feedId=6, pubDate=Fri Nov 28 08:05:13 GMT+11:00 2025]]
12-01 06:21:48.945 30442 543 D Timeline: Recognized 0 timecodes
12-01 06:21:48.976 30442 30442 D AudioPlayerFragment: currentPosition 00:00:00
12-01 06:21:48.979 30442 30442 D ItemDescriptionFragment: Saving preferences
12-01 06:21:48.979 30442 30442 D ItemDescriptionFragment: Saving scroll position: 0
12-01 06:21:48.981 30442 30442 D ItemDescriptionFragment: Webview loaded
12-01 06:21:48.992 30442 30442 E ResourceType: Style contains key with bad entry: 0x01010605
12-01 06:21:49.003 30442 30442 D TextView: setTypeface with style : 0
12-01 06:21:49.003 30442 30442 D TextView: setTypeface with style : 0
12-01 06:21:49.005 30442 30442 D TextView: setTypeface with style : 0
12-01 06:21:49.007 30442 30442 D TextView: setTypeface with style : 0
12-01 06:21:49.009 30442 30442 D AbsListView: Get MotionRecognitionManager
12-01 06:21:49.010 30442 30442 D MotionRecognitionManager: mSContextService = com.samsung.android.hardware.context.ISemContextService$Stub$Proxy@dd78da5
12-01 06:21:49.010 30442 30442 D MotionRecognitionManager: motionService = com.samsung.android.gesture.IMotionRecognitionService$Stub$Proxy@48dc57a
12-01 06:21:49.010 30442 30442 D MotionRecognitionManager: motionService = com.samsung.android.gesture.IMotionRecognitionService$Stub$Proxy@48dc57a
12-01 06:21:49.018 30442 30442 D ViewRootImpl@843daa3[OpmlImportActivity]: ThreadedRenderer.create() translucent=false
12-01 06:21:49.022 30442 30442 D InputTransport: Input channel constructed: fd=105
12-01 06:21:49.022 30442 30442 D ViewRootImpl@843daa3[OpmlImportActivity]: setView = DecorView@e93f1a0[OpmlImportActivity] touchMode=true
12-01 06:21:49.034 30442 547 I OpmlReader: Using title: abc_news_daily
12-01 06:21:49.034 30442 547 I OpmlReader: Using title: abc_rewind
12-01 06:21:49.034 30442 547 I OpmlReader: Using title: adventures_in_hellwqrld
12-01 06:21:49.034 30442 547 I OpmlReader: Using title: all_in_the_mind
12-01 06:21:49.034 30442 547 I OpmlReader: Using title: all_things_considered
12-01 06:21:49.034 30442 547 I OpmlReader: Using title: american_hard_enduro
12-01 06:21:49.034 30442 547 I OpmlReader: Using title: background_briefing
12-01 06:21:49.034 30442 547 I OpmlReader: Using title: behind_the_bastards
12-01 06:21:49.034 30442 547 I OpmlReader: Using title: boonta_vista
12-01 06:21:49.034 30442 547 I OpmlReader: Using title: brap_talk_motorcycle_podcast
12-01 06:21:49.034 30442 547 I OpmlReader: Using title: conspiracy_commission
12-01 06:21:49.034 30442 547 I OpmlReader: Using title: expanse
12-01 06:21:49.034 30442 547 I OpmlReader: Using title: friendlyjordies_podcast
12-01 06:21:49.034 30442 547 I OpmlReader: Using title: front_end_chatter
12-01 06:21:49.034 30442 547 I OpmlReader: Using title: full_story
12-01 06:21:49.034 30442 547 I OpmlReader: Using title: guardian_australia_reads
12-01 06:21:49.034 30442 547 I OpmlReader: Using title: gypsy_tales
12-01 06:21:49.034 30442 547 I OpmlReader: Using title: if_youre_listening
12-01 06:21:49.034 30442 547 I OpmlReader: Using title: knowledge_fight
12-01 06:21:49.034 30442 547 I OpmlReader: Using title: linux_unplugged
12-01 06:21:49.034 30442 547 I OpmlReader: Using title: marianna_in_conspiracyland
12-01 06:21:49.034 30442 547 I OpmlReader: Using title: moms_behind_moto
12-01 06:21:49.034 30442 547 I OpmlReader: Using title: mushroom_case_daily
12-01 06:21:49.034 30442 547 I OpmlReader: Using title: no_one_saw_it_coming
12-01 06:21:49.034 30442 547 I OpmlReader: Using title: politics_now
12-01 06:21:49.034 30442 547 I OpmlReader: Using title: programming_electronics_academy_podcast
12-01 06:21:49.034 30442 547 I OpmlReader: Using title: programming_throwdown
12-01 06:21:49.034 30442 547 I OpmlReader: Using title: qaa_podcast
12-01 06:21:49.034 30442 547 I OpmlReader: Using title: rc_plane_lab
12-01 06:21:49.034 30442 547 I OpmlReader: Using title: raspberry_pi
12-01 06:21:49.034 30442 547 I OpmlReader: Using title: sbs_french__sbs_en_franais
12-01 06:21:49.034 30442 547 I OpmlReader: Using title: sbs_news_in_depth
12-01 06:21:49.034 30442 547 I OpmlReader: Using title: selfhosted
12-01 06:21:49.034 30442 547 I OpmlReader: Using title: serial
12-01 06:21:49.034 30442 547 I OpmlReader: Using title: some_dare_call_it_conspiracy
12-01 06:21:49.034 30442 547 I OpmlReader: Using title: tinfoil_tales
12-01 06:21:49.034 30442 547 I OpmlReader: Using title: torq_moto
12-01 06:21:49.034 30442 547 I OpmlReader: Using title: talk_python_to_me
12-01 06:21:49.034 30442 547 I OpmlReader: Using title: the_conditional_release_program
12-01 06:21:49.034 30442 547 I OpmlReader: Using title: the_dirt_unit
12-01 06:21:49.034 30442 547 I OpmlReader: Using title: the_dollop_with_dave_anthony_and_gareth_reynolds
12-01 06:21:49.034 30442 547 I OpmlReader: Using title: the_good_liars_tell_the_truth
12-01 06:21:49.034 30442 547 I OpmlReader: Using title: the_hard_enduro_channel
12-01 06:21:49.035 30442 547 I OpmlReader: Using title: the_louis_theroux_podcast
12-01 06:21:49.035 30442 547 I OpmlReader: Using title: the_mental4moto_podcast
12-01 06:21:49.035 30442 547 I OpmlReader: Using title: the_moto_academy
12-01 06:21:49.035 30442 547 I OpmlReader: Using title: the_podcasters_guide_to_the_conspiracy
12-01 06:21:49.035 30442 547 I OpmlReader: Using title: the_pulpmxcom_show
12-01 06:21:49.035 30442 547 I OpmlReader: Using title: the_python_podcastinit
12-01 06:21:49.035 30442 547 I OpmlReader: Using title: the_racer_x_podcast_network
12-01 06:21:49.035 30442 547 I OpmlReader: Using title: the_shot_podcast
12-01 06:21:49.035 30442 547 I OpmlReader: Using title: the_steve_matthes_show_on_racerx
12-01 06:21:49.035 30442 547 I OpmlReader: Using title: things_fell_apart
12-01 06:21:49.035 30442 547 I OpmlReader: Using title: this_week
12-01 06:21:49.035 30442 547 I OpmlReader: Using title: title_24
12-01 06:21:49.035 30442 547 I OpmlReader: Using title: trace
12-01 06:21:49.035 30442 547 I OpmlReader: Using title: trialtube_podcast
12-01 06:21:49.035 30442 547 I OpmlReader: Using title: two_dudes_talking_motorcycles
12-01 06:21:49.035 30442 547 I OpmlReader: Using title: unravel
12-01 06:21:49.035 30442 547 I OpmlReader: Using title: we_went_fast
12-01 06:21:49.036 30442 30442 D ViewRootImpl@843daa3[OpmlImportActivity]: dispatchAttachedToWindow
12-01 06:21:49.066 30442 30442 D ViewRootImpl@843daa3[OpmlImportActivity]: Relayout returned: oldFrame=[0,0][0,0] newFrame=[0,0][1080,1920] result=0x27 surface={isValid=true 501238926848} surfaceGenerationChanged=true
12-01 06:21:49.066 30442 30442 D ViewRootImpl@843daa3[OpmlImportActivity]: mHardwareRenderer.initialize() mSurface={isValid=true 501238926848} hwInitialized=true
12-01 06:21:49.071 30442 30480 D mali_winsys: EGLint new_window_surface(egl_winsys_display*, void*, EGLSurface, EGLConfig, egl_winsys_surface**, egl_color_buffer_format*, EGLBoolean) returns 0x3000, [1080x1920]-format:1
12-01 06:21:49.071 30442 30442 D AbsListView: onsize change
12-01 06:21:49.102 30442 30442 D OpmlImportBaseActivity: Parsing was successful
12-01 06:21:49.105 30442 30442 D TextView: setTypeface with style : 0
12-01 06:21:49.107 30442 30442 D TextView: setTypeface with style : 0
12-01 06:21:49.107 30442 30442 D ViewRootImpl@843daa3[OpmlImportActivity]: MSG_RESIZED_REPORT: ci=Rect(0, 72 - 0, 0) vi=Rect(0, 72 - 0, 0) or=1
12-01 06:21:49.107 30442 30442 D ViewRootImpl@843daa3[OpmlImportActivity]: MSG_WINDOW_FOCUS_CHANGED 1
12-01 06:21:49.107 30442 30442 D ViewRootImpl@843daa3[OpmlImportActivity]: mHardwareRenderer.initializeIfNeeded()#2 mSurface={isValid=true 501238926848}
12-01 06:21:49.108 30442 30442 V InputMethodManager: Starting input: tba=android.view.inputmethod.EditorInfo@2b358a6 nm : de.danoeh.antennapod ic=null
12-01 06:21:49.108 30442 30442 I InputMethodManager: [IMM] startInputInner - mService.startInputOrWindowGainedFocus
12-01 06:21:49.109 30442 30442 D InputTransport: Input channel constructed: fd=215
12-01 06:21:49.114 30442 30442 D TextView: setTypeface with style : 0
12-01 06:21:49.127 30442 30442 D TextView: setTypeface with style : 0
12-01 06:21:49.133 30442 30442 D TextView: setTypeface with style : 0
12-01 06:21:49.138 30442 30442 D TextView: setTypeface with style : 0
12-01 06:21:49.143 30442 30442 D TextView: setTypeface with style : 0
12-01 06:21:49.148 30442 30442 D TextView: setTypeface with style : 0
12-01 06:21:49.157 30442 30442 D TextView: setTypeface with style : 0
12-01 06:21:49.162 30442 30442 D TextView: setTypeface with style : 0
12-01 06:21:49.168 30442 30442 D TextView: setTypeface with style : 0
12-01 06:21:49.173 30442 30442 D TextView: setTypeface with style : 0
12-01 06:21:49.200 30442 30442 D ViewRootImpl@eec2d68[MainActivity]: mHardwareRenderer.destroy()#1
12-01 06:21:49.205 30442 30442 D ViewRootImpl@eec2d68[MainActivity]: Relayout returned: oldFrame=[0,0][1080,1920] newFrame=[0,0][1080,1920] result=0x5 surface={isValid=false 0} surfaceGenerationChanged=true
12-01 06:21:49.206 30442 30442 D ShownotesWebView: Page finished
12-01 06:21:49.257 30442 30442 D ItemDescriptionFragment: Restoring from preferences
12-01 06:21:49.257 30442 30442 D ItemDescriptionFragment: Restored scroll Position: 0
12-01 06:21:49.559 30442 30442 D PlaybackController: Releasing PlaybackController
12-01 06:21:49.569 30442 30442 D PlaybackController: Releasing PlaybackController
12-01 06:21:49.574 30442 30442 D PlaybackController: Releasing PlaybackController
12-01 06:21:49.579 30442 30442 D PlaybackController: Releasing PlaybackController
12-01 06:21:49.596 30442 30442 D ViewRootImpl@eec2d68[MainActivity]: Relayout returned: oldFrame=[0,0][1080,1920] newFrame=[0,0][1080,1920] result=0x1 surface={isValid=false 0} surfaceGenerationChanged=false
12-01 06:21:50.957 30442 30442 D ViewRootImpl@843daa3[OpmlImportActivity]: ViewPostImeInputStage processPointer 0
12-01 06:21:51.016 30442 30442 D AbsListView: reportScrollStateChange() newState : 1
12-01 06:21:51.023 30442 30442 D TextView: setTypeface with style : 0
12-01 06:21:51.411 30442 30442 D ViewRootImpl@843daa3[OpmlImportActivity]: ViewPostImeInputStage processPointer 1
12-01 06:21:51.411 30442 30442 D AbsListView: onTouchUp() mTouchMode : 3
12-01 06:21:51.411 30442 30442 D AbsListView: onTouchUp() TOUCH_MODE_SCROLL initialVelocity : -123
12-01 06:21:51.411 30442 30442 D AbsListView: reportScrollStateChange() newState : 0
12-01 06:21:52.158 30442 30442 D ViewRootImpl@843daa3[OpmlImportActivity]: ViewPostImeInputStage processPointer 0
12-01 06:21:52.219 30442 30442 D AbsListView: reportScrollStateChange() newState : 1
12-01 06:21:52.676 30442 30442 D ViewRootImpl@843daa3[OpmlImportActivity]: ViewPostImeInputStage processPointer 1
12-01 06:21:52.677 30442 30442 D AbsListView: onTouchUp() mTouchMode : 3
12-01 06:21:52.677 30442 30442 D AbsListView: onTouchUp() TOUCH_MODE_SCROLL initialVelocity : -1063
12-01 06:21:52.677 30442 30442 D AbsListView: reportScrollStateChange() newState : 2
12-01 06:21:52.954 30442 30442 D AbsListView: reportScrollStateChange() newState : 0
12-01 06:21:53.180 30442 30442 D ViewRootImpl@843daa3[OpmlImportActivity]: ViewPostImeInputStage processPointer 0
12-01 06:21:53.237 30442 30442 D AbsListView: reportScrollStateChange() newState : 1
12-01 06:21:53.656 30442 30442 D ViewRootImpl@843daa3[OpmlImportActivity]: ViewPostImeInputStage processPointer 1
12-01 06:21:53.656 30442 30442 D AbsListView: onTouchUp() mTouchMode : 3
12-01 06:21:53.656 30442 30442 D AbsListView: onTouchUp() TOUCH_MODE_SCROLL initialVelocity : -988
12-01 06:21:53.657 30442 30442 D AbsListView: reportScrollStateChange() newState : 2
12-01 06:21:53.922 30442 30442 D AbsListView: reportScrollStateChange() newState : 0
12-01 06:21:55.332 30442 30442 D ViewRootImpl@843daa3[OpmlImportActivity]: ViewPostImeInputStage processPointer 0
12-01 06:21:55.471 30442 30442 D ViewRootImpl@843daa3[OpmlImportActivity]: ViewPostImeInputStage processPointer 1
12-01 06:21:55.471 30442 30442 D AbsListView: onTouchUp() mTouchMode : 2
12-01 06:21:56.429 30442 30442 D ViewRootImpl@843daa3[OpmlImportActivity]: ViewPostImeInputStage processPointer 0
12-01 06:21:56.556 30442 30442 D ViewRootImpl@843daa3[OpmlImportActivity]: ViewPostImeInputStage processPointer 1
12-01 06:21:56.557 30442 545 D DBReader: Extracting Feedlist
12-01 06:21:56.565 30442 545 D FeedDbWriter: Found no existing Feed with title moms_behind_moto. Adding as new one.
12-01 06:21:56.566 30442 30796 D de.danoeh.antennapod.storage.database.PodDBAdapter@f5e76c0: Inserting new Feed into db
12-01 06:21:56.606 30442 545 D DBReader: getFeed() called with: feedId = [48]
12-01 06:21:56.609 30442 545 D DBReader: getFeedItemList() called with: feed = [de.danoeh.antennapod.model.feed.Feed@4f]
12-01 06:21:56.612 30442 545 D DBReader: getFavoriteIDList() called
12-01 06:21:56.616 30442 545 D DBReader: getQueueIDList() called
12-01 06:21:56.634 30442 1020 D DBReader: Extracting Feedlist
12-01 06:21:56.666 30442 30442 D ViewRootImpl@843daa3[OpmlImportActivity]: MSG_WINDOW_FOCUS_CHANGED 0
12-01 06:21:56.672 30442 30442 D ViewRootImpl@eec2d68[MainActivity]: mHardwareRenderer.destroy()#1
12-01 06:21:56.677 30442 30442 D ViewRootImpl@eec2d68[MainActivity]: Relayout returned: oldFrame=[0,0][1080,1920] newFrame=[0,0][1080,1920] result=0x1 surface={isValid=false 0} surfaceGenerationChanged=false
12-01 06:21:56.678 30442 30442 D MainActivity: handleNavIntent()
12-01 06:21:56.684 30442 30442 D PlaybackController: Trying to connect to service
12-01 06:21:56.687 30442 30442 D PlaybackController: Result for service binding: true
12-01 06:21:56.690 30442 1019 D DBReader: getFavoriteIDList() called
12-01 06:21:56.691 30442 1019 D DBReader: getQueueIDList() called
12-01 06:21:56.691 30442 1019 D DBReader: Extracting Feedlist
12-01 06:21:56.694 30442 519 D DBReader: getFavoriteIDList() called
12-01 06:21:56.695 30442 519 D DBReader: getQueueIDList() called
12-01 06:21:56.695 30442 519 D DBReader: Extracting Feedlist
12-01 06:21:56.698 30442 30442 D PlaybackController: Trying to connect to service
12-01 06:21:56.702 30442 30442 D PlaybackController: Result for service binding: true
12-01 06:21:56.702 30442 30442 D ExternalPlayerFragment: Loading media info
12-01 06:21:56.702 30442 30442 D ExternalPlayerFragment: Loading media info
12-01 06:21:56.708 30442 30442 D PlaybackController: Trying to connect to service
12-01 06:21:56.710 30442 1021 D DBReader: getFavoriteIDList() called
12-01 06:21:56.712 30442 30442 D PlaybackController: Result for service binding: true
12-01 06:21:56.716 30442 1021 D DBReader: getQueueIDList() called
12-01 06:21:56.720 30442 547 D DBReader: getFavoriteIDList() called
12-01 06:21:56.720 30442 30459 D ConnectivityManager: requestNetwork; CallingUid : 10275, CallingPid : 30442
12-01 06:21:56.720 30442 1021 D DBReader: Extracting Feedlist
12-01 06:21:56.721 30442 547 D DBReader: getQueueIDList() called
12-01 06:21:56.723 30442 30442 D PlaybackController: Trying to connect to service
12-01 06:21:56.725 30442 547 D DBReader: Extracting Feedlist
12-01 06:21:56.726 30442 30442 D PlaybackController: Result for service binding: true
12-01 06:21:56.726 30442 30442 D ItemDescriptionFragment: load()
12-01 06:21:56.726 30442 30442 D ItemDescriptionFragment: load()
12-01 06:21:56.728 30442 30442 D MainActivity: handleNavIntent()
12-01 06:21:56.729 30442 1020 D DBReader: getFavoriteIDList() called
12-01 06:21:56.731 30442 1019 D DBReader: Extracting Feedlist
12-01 06:21:56.734 30442 1030 D DBReader: Extracting Feedlist
12-01 06:21:56.735 30442 1020 D DBReader: getQueueIDList() called
12-01 06:21:56.736 30442 1020 D DBReader: Extracting Feedlist
12-01 06:21:56.747 30442 1020 D DBReader: loadDescriptionOfFeedItem() called with: item = [FeedItem [id=592, title=Pope Leo is traveling to Turkey and Lebanon on the first foreign trip of his papacy, feedId=6, pubDate=Fri Nov 28 08:05:13 GMT+11:00 2025]]
12-01 06:21:56.756 30442 1020 D Timeline: Recognized 0 timecodes
12-01 06:21:56.757 30442 30442 D ViewRootImpl@eec2d68[MainActivity]: Relayout returned: oldFrame=[0,0][1080,1920] newFrame=[0,0][1080,1920] result=0x7 surface={isValid=true 501348962816} surfaceGenerationChanged=true
12-01 06:21:56.758 30442 30442 D ViewRootImpl@eec2d68[MainActivity]: mHardwareRenderer.initialize() mSurface={isValid=true 501348962816} hwInitialized=true
12-01 06:21:56.758 30442 30480 D mali_winsys: EGLint new_window_surface(egl_winsys_display*, void*, EGLSurface, EGLConfig, egl_winsys_surface**, egl_color_buffer_format*, EGLBoolean) returns 0x3000, [1080x1920]-format:1
12-01 06:21:56.761 30442 30442 D PlaybackController: Querying service info
12-01 06:21:56.761 30442 30442 D PlaybackController: status: PAUSED
12-01 06:21:56.762 30442 30442 D PlaybackController: Connection to Service established
12-01 06:21:56.762 30442 30442 D PlaybackController: Querying service info
12-01 06:21:56.762 30442 30442 D PlaybackController: status: PAUSED
12-01 06:21:56.762 30442 30442 D ExternalPlayerFragment: Loading media info
12-01 06:21:56.762 30442 30442 D PlaybackController: Connection to Service established
12-01 06:21:56.762 30442 30442 D PlaybackController: Querying service info
12-01 06:21:56.762 30442 30442 D PlaybackController: status: PAUSED
12-01 06:21:56.762 30442 30442 D PlaybackController: Connection to Service established
12-01 06:21:56.764 30442 30442 D PlaybackController: Querying service info
12-01 06:21:56.765 30442 30442 D PlaybackController: status: PAUSED
12-01 06:21:56.765 30442 30442 D ItemDescriptionFragment: load()
12-01 06:21:56.765 30442 30442 D PlaybackController: Connection to Service established
12-01 06:21:56.765 30442 547 D DBReader: loadDescriptionOfFeedItem() called with: item = [FeedItem [id=592, title=Pope Leo is traveling to Turkey and Lebanon on the first foreign trip of his papacy, feedId=6, pubDate=Fri Nov 28 08:05:13 GMT+11:00 2025]]
12-01 06:21:56.767 30442 547 D Timeline: Recognized 0 timecodes
12-01 06:21:56.798 30442 30442 D ViewRootImpl@eec2d68[MainActivity]: MSG_WINDOW_FOCUS_CHANGED 1
12-01 06:21:56.798 30442 30442 D ViewRootImpl@eec2d68[MainActivity]: mHardwareRenderer.initializeIfNeeded()#2 mSurface={isValid=true 501348962816}
12-01 06:21:56.813 30442 30442 D SEM_CLIP_SemClipboardManager: isCocktailBarDisplayed : false
12-01 06:21:56.815 30442 30442 V InputMethodManager: Starting input: tba=android.view.inputmethod.EditorInfo@8606ac0 nm : de.danoeh.antennapod ic=null
12-01 06:21:56.815 30442 30442 I InputMethodManager: [IMM] startInputInner - mService.startInputOrWindowGainedFocus
12-01 06:21:56.816 30442 30442 D InputTransport: Input channel constructed: fd=110
12-01 06:21:56.816 30442 30442 D InputTransport: Input channel destroyed: fd=215
12-01 06:21:56.816 30442 30442 D AudioPlayerFragment: currentPosition 00:00:00
12-01 06:21:56.818 30442 30442 D ItemDescriptionFragment: Saving preferences
12-01 06:21:56.818 30442 30442 D ItemDescriptionFragment: Saving scroll position: 0
12-01 06:21:56.823 30442 30442 D ItemDescriptionFragment: Webview loaded
12-01 06:21:56.862 30442 30459 I WM-Processor: Moving WorkSpec (79b759d5-657f-4781-8cc8-08790833e822) to the foreground
12-01 06:21:56.882 30442 30480 D OpenGLRenderer: endAllActiveAnimators on 0x75094ba000 (RippleDrawable) with handle 0x7503e16400
12-01 06:21:56.883 30442 30442 D ViewRootImpl@843daa3[OpmlImportActivity]: mHardwareRenderer.destroy()#1
12-01 06:21:56.886 30442 30442 D ViewRootImpl@843daa3[OpmlImportActivity]: Relayout returned: oldFrame=[0,0][1080,1920] newFrame=[0,0][1080,1920] result=0x5 surface={isValid=false 0} surfaceGenerationChanged=true
12-01 06:21:56.892 30442 30442 I WM-SystemFgDispatcher: Started foreground service Intent { act=ACTION_START_FOREGROUND cmp=de.danoeh.antennapod/androidx.work.impl.foreground.SystemForegroundService launchParam=MultiScreenLaunchParams { mDisplayId=0 mFlags=0 } (has extras) }
12-01 06:21:56.893 30442 30442 D ShownotesWebView: Page finished
12-01 06:21:56.897 30442 30536 D DBReader: Extracting Feedlist
12-01 06:21:56.917 30442 1068 D UserPreferences: User data folder not writable or not set. Trying default.
12-01 06:21:56.918 30442 1069 D UserPreferences: User data folder not writable or not set. Trying default.
12-01 06:21:56.919 30442 1070 D UserPreferences: User data folder not writable or not set. Trying default.
12-01 06:21:56.920 30442 1068 D DownloadRequestCreat: Requesting download of url https://feeds.wdjh.org/podcasts/sbs_french__sbs_en_franais.rss
12-01 06:21:56.920 30442 1068 D HttpDownloader: addHeader("If-Modified-Since", "Sun, 30 Nov 2025 05:23:50 GMT")
12-01 06:21:56.922 30442 1070 D DownloadRequestCreat: Requesting download of url https://feeds.wdjh.org/podcasts/friendlyjordies_podcast.rss
12-01 06:21:56.922 30442 1070 D HttpDownloader: addHeader("If-Modified-Since", "Sun, 30 Nov 2025 12:38:06 GMT")
12-01 06:21:56.923 30442 1069 D DownloadRequestCreat: Requesting download of url https://feeds.wdjh.org/podcasts/no_one_saw_it_coming.rss
12-01 06:21:56.924 30442 1069 D HttpDownloader: addHeader("If-Modified-Since", "Sun, 30 Nov 2025 05:23:08 GMT")
12-01 06:21:56.927 30442 1071 D UserPreferences: User data folder not writable or not set. Trying default.
12-01 06:21:56.930 30442 1071 D DownloadRequestCreat: Requesting download of url https://feeds.wdjh.org/podcasts/tinfoil_tales.rss
12-01 06:21:56.930 30442 1071 D HttpDownloader: addHeader("If-Modified-Since", "Sun, 30 Nov 2025 05:24:19 GMT")
12-01 06:21:56.933 30442 1068 D HttpDownloader: Response code is 304
12-01 06:21:56.934 30442 1068 D HttpDownloader: Feed 'https://feeds.wdjh.org/podcasts/sbs_french__sbs_en_franais.rss' not modified since last update, Download canceled
12-01 06:21:56.934 30442 1068 D HttpDownloader: Download was cancelled
12-01 06:21:56.938 30442 1068 D UserPreferences: User data folder not writable or not set. Trying default.
12-01 06:21:56.939 30442 1070 D HttpDownloader: Response code is 304
12-01 06:21:56.939 30442 1070 D HttpDownloader: Feed 'https://feeds.wdjh.org/podcasts/friendlyjordies_podcast.rss' not modified since last update, Download canceled
12-01 06:21:56.939 30442 1070 D HttpDownloader: Download was cancelled
12-01 06:21:56.940 30442 1068 D DownloadRequestCreat: Requesting download of url https://feeds.wdjh.org/podcasts/guardian_australia_reads.rss
12-01 06:21:56.941 30442 1068 D HttpDownloader: addHeader("If-Modified-Since", "Sun, 30 Nov 2025 14:36:06 GMT")
12-01 06:21:56.941 30442 1069 D HttpDownloader: Response code is 304
12-01 06:21:56.941 30442 1069 D HttpDownloader: Feed 'https://feeds.wdjh.org/podcasts/no_one_saw_it_coming.rss' not modified since last update, Download canceled
12-01 06:21:56.941 30442 1069 D HttpDownloader: Download was cancelled
12-01 06:21:56.942 30442 1071 D HttpDownloader: Response code is 304
12-01 06:21:56.942 30442 1071 D HttpDownloader: Feed 'https://feeds.wdjh.org/podcasts/tinfoil_tales.rss' not modified since last update, Download canceled
12-01 06:21:56.942 30442 1071 D HttpDownloader: Download was cancelled
12-01 06:21:56.944 30442 30442 D ItemDescriptionFragment: Restoring from preferences
12-01 06:21:56.944 30442 30442 D ItemDescriptionFragment: Restored scroll Position: 0
12-01 06:21:56.944 30442 1070 D UserPreferences: User data folder not writable or not set. Trying default.
12-01 06:21:56.950 30442 1070 D DownloadRequestCreat: Requesting download of url https://feeds.wdjh.org/podcasts/this_week.rss
12-01 06:21:56.950 30442 1069 D UserPreferences: User data folder not writable or not set. Trying default.
12-01 06:21:56.950 30442 1068 D HttpDownloader: Response code is 304
12-01 06:21:56.950 30442 1068 D HttpDownloader: Feed 'https://feeds.wdjh.org/podcasts/guardian_australia_reads.rss' not modified since last update, Download canceled
12-01 06:21:56.950 30442 1068 D HttpDownloader: Download was cancelled
12-01 06:21:56.950 30442 1070 D HttpDownloader: addHeader("If-Modified-Since", "Sun, 30 Nov 2025 05:25:54 GMT")
12-01 06:21:56.952 30442 1069 D DownloadRequestCreat: Requesting download of url https://feeds.wdjh.org/podcasts/expanse.rss
12-01 06:21:56.953 30442 1069 D HttpDownloader: addHeader("If-Modified-Since", "Sun, 30 Nov 2025 11:57:37 GMT")
12-01 06:21:56.957 30442 1070 D HttpDownloader: Response code is 304
12-01 06:21:56.957 30442 1070 D HttpDownloader: Feed 'https://feeds.wdjh.org/podcasts/this_week.rss' not modified since last update, Download canceled
12-01 06:21:56.957 30442 1070 D HttpDownloader: Download was cancelled
12-01 06:21:56.958 30442 1071 D UserPreferences: User data folder not writable or not set. Trying default.
12-01 06:21:56.960 30442 1071 D DownloadRequestCreat: Requesting download of url https://feeds.wdjh.org/podcasts/adventures_in_hellwqrld.rss
12-01 06:21:56.961 30442 1071 D HttpDownloader: addHeader("If-Modified-Since", "Sun, 30 Nov 2025 07:05:13 GMT")
12-01 06:21:56.963 30442 1069 D HttpDownloader: Response code is 304
12-01 06:21:56.963 30442 1069 D HttpDownloader: Feed 'https://feeds.wdjh.org/podcasts/expanse.rss' not modified since last update, Download canceled
12-01 06:21:56.963 30442 1069 D HttpDownloader: Download was cancelled
12-01 06:21:56.965 30442 1068 D UserPreferences: User data folder not writable or not set. Trying default.
12-01 06:21:56.967 30442 1068 D DownloadRequestCreat: Requesting download of url https://www.abc.net.au/feeds/9863562/podcast.xml
12-01 06:21:56.971 30442 1070 D UserPreferences: User data folder not writable or not set. Trying default.
12-01 06:21:56.972 30442 1071 D HttpDownloader: Response code is 304
12-01 06:21:56.972 30442 1071 D HttpDownloader: Feed 'https://feeds.wdjh.org/podcasts/adventures_in_hellwqrld.rss' not modified since last update, Download canceled
12-01 06:21:56.972 30442 1071 D HttpDownloader: Download was cancelled
12-01 06:21:56.973 30442 1070 D DownloadRequestCreat: Requesting download of url https://feeds.wdjh.org/podcasts/unravel.rss
12-01 06:21:56.973 30442 1070 D HttpDownloader: addHeader("If-Modified-Since", "Sun, 30 Nov 2025 05:26:16 GMT")
12-01 06:21:56.980 30442 1070 D HttpDownloader: Response code is 304
12-01 06:21:56.980 30442 1070 D HttpDownloader: Feed 'https://feeds.wdjh.org/podcasts/unravel.rss' not modified since last update, Download canceled
12-01 06:21:56.980 30442 1070 D HttpDownloader: Download was cancelled
12-01 06:21:56.981 30442 1069 D UserPreferences: User data folder not writable or not set. Trying default.
12-01 06:21:56.983 30442 1069 D DownloadRequestCreat: Requesting download of url https://feeds.wdjh.org/podcasts/knowledge_fight.rss
12-01 06:21:56.984 30442 1069 D HttpDownloader: addHeader("If-Modified-Since", "Sun, 30 Nov 2025 05:22:38 GMT")
12-01 06:21:56.984 30442 1071 D UserPreferences: User data folder not writable or not set. Trying default.
12-01 06:21:56.986 30442 1071 D DownloadRequestCreat: Requesting download of url https://feeds.wdjh.org/podcasts/the_podcasters_guide_to_the_conspiracy.rss
12-01 06:21:56.986 30442 1071 D HttpDownloader: addHeader("If-Modified-Since", "Sun, 30 Nov 2025 05:25:09 GMT")
12-01 06:21:56.987 30442 1070 D UserPreferences: User data folder not writable or not set. Trying default.
12-01 06:21:56.989 30442 1070 D DownloadRequestCreat: Requesting download of url https://feeds.wdjh.org/podcasts/all_in_the_mind.rss
12-01 06:21:56.989 30442 1070 D HttpDownloader: addHeader("If-Modified-Since", "Sun, 30 Nov 2025 07:22:30 GMT")
12-01 06:21:56.991 30442 1069 D HttpDownloader: Response code is 304
12-01 06:21:56.991 30442 1069 D HttpDownloader: Feed 'https://feeds.wdjh.org/podcasts/knowledge_fight.rss' not modified since last update, Download canceled
12-01 06:21:56.991 30442 1069 D HttpDownloader: Download was cancelled
12-01 06:21:56.994 30442 1069 D UserPreferences: User data folder not writable or not set. Trying default.
12-01 06:21:56.995 30442 1070 D HttpDownloader: Response code is 304
12-01 06:21:56.995 30442 1070 D HttpDownloader: Feed 'https://feeds.wdjh.org/podcasts/all_in_the_mind.rss' not modified since last update, Download canceled
12-01 06:21:56.995 30442 1070 D HttpDownloader: Download was cancelled
12-01 06:21:56.998 30442 1071 D HttpDownloader: Response code is 304
12-01 06:21:56.998 30442 1071 D HttpDownloader: Feed 'https://feeds.wdjh.org/podcasts/the_podcasters_guide_to_the_conspiracy.rss' not modified since last update, Download canceled
12-01 06:21:56.998 30442 1071 D HttpDownloader: Download was cancelled
12-01 06:21:56.999 30442 1069 D DownloadRequestCreat: Requesting download of url https://feeds.wdjh.org/podcasts/qaa_podcast.rss
12-01 06:21:56.999 30442 1069 D HttpDownloader: addHeader("If-Modified-Since", "Sun, 30 Nov 2025 05:23:33 GMT")
12-01 06:21:57.001 30442 1070 D UserPreferences: User data folder not writable or not set. Trying default.
12-01 06:21:57.003 30442 1070 D DownloadRequestCreat: Requesting download of url https://feeds.wdjh.org/podcasts/if_youre_listening.rss
12-01 06:21:57.003 30442 1070 D HttpDownloader: addHeader("If-Modified-Since", "Sun, 30 Nov 2025 19:20:12 GMT")
12-01 06:21:57.004 30442 1071 D UserPreferences: User data folder not writable or not set. Trying default.
12-01 06:21:57.007 30442 1071 D DownloadRequestCreat: Requesting download of url https://feeds.wdjh.org/podcasts/the_steve_matthes_show_on_racerx.rss
12-01 06:21:57.007 30442 1071 D HttpDownloader: addHeader("If-Modified-Since", "Sun, 30 Nov 2025 05:25:45 GMT")
12-01 06:21:57.013 30442 1069 D HttpDownloader: Response code is 304
12-01 06:21:57.013 30442 1069 D HttpDownloader: Feed 'https://feeds.wdjh.org/podcasts/qaa_podcast.rss' not modified since last update, Download canceled
12-01 06:21:57.013 30442 1069 D HttpDownloader: Download was cancelled
12-01 06:21:57.018 30442 1069 D UserPreferences: User data folder not writable or not set. Trying default.
12-01 06:21:57.018 30442 1070 D HttpDownloader: Response code is 304
12-01 06:21:57.018 30442 1070 D HttpDownloader: Feed 'https://feeds.wdjh.org/podcasts/if_youre_listening.rss' not modified since last update, Download canceled
12-01 06:21:57.018 30442 1070 D HttpDownloader: Download was cancelled
12-01 06:21:57.019 30442 1071 D HttpDownloader: Response code is 304
12-01 06:21:57.019 30442 1071 D HttpDownloader: Feed 'https://feeds.wdjh.org/podcasts/the_steve_matthes_show_on_racerx.rss' not modified since last update, Download canceled
12-01 06:21:57.019 30442 1071 D HttpDownloader: Download was cancelled
12-01 06:21:57.021 30442 1069 D DownloadRequestCreat: Requesting download of url https://feeds.wdjh.org/podcasts/the_good_liars_tell_the_truth.rss
12-01 06:21:57.021 30442 1069 D HttpDownloader: addHeader("If-Modified-Since", "Sun, 30 Nov 2025 05:24:46 GMT")
12-01 06:21:57.022 30442 1070 D UserPreferences: User data folder not writable or not set. Trying default.
12-01 06:21:57.025 30442 1070 D DownloadRequestCreat: Requesting download of url https://feeds.wdjh.org/podcasts/rc_plane_lab.rss
12-01 06:21:57.025 30442 1070 D HttpDownloader: addHeader("If-Modified-Since", "Sun, 30 Nov 2025 05:23:38 GMT")
12-01 06:21:57.026 30442 1071 D UserPreferences: User data folder not writable or not set. Trying default.
12-01 06:21:57.028 30442 1069 D HttpDownloader: Response code is 304
12-01 06:21:57.028 30442 1069 D HttpDownloader: Feed 'https://feeds.wdjh.org/podcasts/the_good_liars_tell_the_truth.rss' not modified since last update, Download canceled
12-01 06:21:57.028 30442 1069 D HttpDownloader: Download was cancelled
12-01 06:21:57.029 30442 1071 D DownloadRequestCreat: Requesting download of url https://feeds.wdjh.org/podcasts/behind_the_bastards.rss
12-01 06:21:57.030 30442 1071 D HttpDownloader: addHeader("If-Modified-Since", "Sun, 30 Nov 2025 08:45:53 GMT")
12-01 06:21:57.032 30442 1070 D HttpDownloader: Response code is 304
12-01 06:21:57.032 30442 1070 D HttpDownloader: Feed 'https://feeds.wdjh.org/podcasts/rc_plane_lab.rss' not modified since last update, Download canceled
12-01 06:21:57.032 30442 1070 D HttpDownloader: Download was cancelled
12-01 06:21:57.038 30442 1071 D HttpDownloader: Response code is 304
12-01 06:21:57.038 30442 1069 D UserPreferences: User data folder not writable or not set. Trying default.
12-01 06:21:57.038 30442 1071 D HttpDownloader: Feed 'https://feeds.wdjh.org/podcasts/behind_the_bastards.rss' not modified since last update, Download canceled
12-01 06:21:57.038 30442 1071 D HttpDownloader: Download was cancelled
12-01 06:21:57.041 30442 1069 D DownloadRequestCreat: Requesting download of url https://feeds.wdjh.org/podcasts/the_pulpmxcom_show.rss
12-01 06:21:57.042 30442 1069 D HttpDownloader: addHeader("If-Modified-Since", "Sun, 30 Nov 2025 05:25:15 GMT")
12-01 06:21:57.043 30442 1071 D UserPreferences: User data folder not writable or not set. Trying default.
12-01 06:21:57.046 30442 1071 D DownloadRequestCreat: Requesting download of url https://feeds.wdjh.org/podcasts/title_24.rss
12-01 06:21:57.046 30442 1071 D HttpDownloader: addHeader("If-Modified-Since", "Sun, 30 Nov 2025 05:25:59 GMT")
12-01 06:21:57.047 30442 1070 D UserPreferences: User data folder not writable or not set. Trying default.
12-01 06:21:57.048 30442 1070 D DownloadRequestCreat: Requesting download of url https://feeds.wdjh.org/podcasts/abc_news_daily.rss
12-01 06:21:57.049 30442 1070 D HttpDownloader: addHeader("If-Modified-Since", "Sun, 30 Nov 2025 05:51:47 GMT")
12-01 06:21:57.059 30442 1069 D HttpDownloader: Response code is 304
12-01 06:21:57.059 30442 1069 D HttpDownloader: Feed 'https://feeds.wdjh.org/podcasts/the_pulpmxcom_show.rss' not modified since last update, Download canceled
12-01 06:21:57.059 30442 1069 D HttpDownloader: Download was cancelled
12-01 06:21:57.064 30442 1071 D HttpDownloader: Response code is 304
12-01 06:21:57.064 30442 1071 D HttpDownloader: Feed 'https://feeds.wdjh.org/podcasts/title_24.rss' not modified since last update, Download canceled
12-01 06:21:57.064 30442 1071 D HttpDownloader: Download was cancelled
12-01 06:21:57.064 30442 1070 D HttpDownloader: Response code is 304
12-01 06:21:57.064 30442 1070 D HttpDownloader: Feed 'https://feeds.wdjh.org/podcasts/abc_news_daily.rss' not modified since last update, Download canceled
12-01 06:21:57.064 30442 1070 D HttpDownloader: Download was cancelled
12-01 06:21:57.068 30442 1069 D UserPreferences: User data folder not writable or not set. Trying default.
12-01 06:21:57.072 30442 1069 D DownloadRequestCreat: Requesting download of url https://feeds.wdjh.org/podcasts/we_went_fast.rss
12-01 06:21:57.073 30442 1069 D HttpDownloader: addHeader("If-Modified-Since", "Sun, 30 Nov 2025 05:26:20 GMT")
12-01 06:21:57.077 30442 1071 D UserPreferences: User data folder not writable or not set. Trying default.
12-01 06:21:57.081 30442 1069 D HttpDownloader: Response code is 304
12-01 06:21:57.081 30442 1069 D HttpDownloader: Feed 'https://feeds.wdjh.org/podcasts/we_went_fast.rss' not modified since last update, Download canceled
12-01 06:21:57.081 30442 1069 D HttpDownloader: Download was cancelled
12-01 06:21:57.081 30442 1071 D DownloadRequestCreat: Requesting download of url https://feeds.wdjh.org/podcasts/full_story.rss
12-01 06:21:57.081 30442 1071 D HttpDownloader: addHeader("If-Modified-Since", "Sun, 30 Nov 2025 14:21:00 GMT")
12-01 06:21:57.085 30442 1070 D UserPreferences: User data folder not writable or not set. Trying default.
12-01 06:21:57.089 30442 1069 D UserPreferences: User data folder not writable or not set. Trying default.
12-01 06:21:57.089 30442 1070 D DownloadRequestCreat: Requesting download of url https://feeds.wdjh.org/podcasts/politics_now.rss
12-01 06:21:57.090 30442 1070 D HttpDownloader: addHeader("If-Modified-Since", "Sun, 30 Nov 2025 05:23:12 GMT")
12-01 06:21:57.088 30442 1071 D HttpDownloader: Response code is 304
12-01 06:21:57.091 30442 1071 D HttpDownloader: Feed 'https://feeds.wdjh.org/podcasts/full_story.rss' not modified since last update, Download canceled
12-01 06:21:57.091 30442 1071 D HttpDownloader: Download was cancelled
12-01 06:21:57.091 30442 1069 D DownloadRequestCreat: Requesting download of url https://feeds.wdjh.org/podcasts/mushroom_case_daily.rss
12-01 06:21:57.091 30442 1069 D HttpDownloader: addHeader("If-Modified-Since", "Sun, 30 Nov 2025 05:23:03 GMT")
12-01 06:21:57.097 30442 1071 D UserPreferences: User data folder not writable or not set. Trying default.
12-01 06:21:57.097 30442 1069 D HttpDownloader: Response code is 304
12-01 06:21:57.097 30442 1069 D HttpDownloader: Feed 'https://feeds.wdjh.org/podcasts/mushroom_case_daily.rss' not modified since last update, Download canceled
12-01 06:21:57.097 30442 1069 D HttpDownloader: Download was cancelled
12-01 06:21:57.100 30442 1071 D DownloadRequestCreat: Requesting download of url https://feeds.wdjh.org/podcasts/gypsy_tales.rss
12-01 06:21:57.100 30442 1071 D HttpDownloader: addHeader("If-Modified-Since", "Sun, 30 Nov 2025 19:11:32 GMT")
12-01 06:21:57.101 30442 1070 D HttpDownloader: Response code is 304
12-01 06:21:57.101 30442 1070 D HttpDownloader: Feed 'https://feeds.wdjh.org/podcasts/politics_now.rss' not modified since last update, Download canceled
12-01 06:21:57.101 30442 1070 D HttpDownloader: Download was cancelled
12-01 06:21:57.101 30442 1069 D UserPreferences: User data folder not writable or not set. Trying default.
12-01 06:21:57.105 30442 1069 D DownloadRequestCreat: Requesting download of url https://feeds.wdjh.org/podcasts/some_dare_call_it_conspiracy.rss
12-01 06:21:57.105 30442 1071 D HttpDownloader: Response code is 304
12-01 06:21:57.105 30442 1071 D HttpDownloader: Feed 'https://feeds.wdjh.org/podcasts/gypsy_tales.rss' not modified since last update, Download canceled
12-01 06:21:57.105 30442 1071 D HttpDownloader: Download was cancelled
12-01 06:21:57.106 30442 1070 W NotificationManager: notify: id corrupted: sent 2131362420, got back 0
12-01 06:21:57.106 30442 1070 D UserPreferences: User data folder not writable or not set. Trying default.
12-01 06:21:57.106 30442 1069 D HttpDownloader: addHeader("If-Modified-Since", "Sun, 30 Nov 2025 05:24:13 GMT")
12-01 06:21:57.108 30442 1070 D DownloadRequestCreat: Requesting download of url https://feeds.wdjh.org/podcasts/all_things_considered.rss
12-01 06:21:57.108 30442 1070 D HttpDownloader: addHeader("If-Modified-Since", "Sun, 30 Nov 2025 07:26:40 GMT")
12-01 06:21:57.108 30442 1071 W NotificationManager: notify: id corrupted: sent 2131362420, got back 0
12-01 06:21:57.108 30442 1071 D UserPreferences: User data folder not writable or not set. Trying default.
12-01 06:21:57.110 30442 1071 D DownloadRequestCreat: Requesting download of url https://feeds.wdjh.org/podcasts/the_racer_x_podcast_network.rss
12-01 06:21:57.110 30442 1071 D HttpDownloader: addHeader("If-Modified-Since", "Sun, 30 Nov 2025 05:25:32 GMT")
12-01 06:21:57.116 30442 1069 D HttpDownloader: Response code is 304
12-01 06:21:57.116 30442 1069 D HttpDownloader: Feed 'https://feeds.wdjh.org/podcasts/some_dare_call_it_conspiracy.rss' not modified since last update, Download canceled
12-01 06:21:57.116 30442 1069 D HttpDownloader: Download was cancelled
12-01 06:21:57.119 30442 1069 W NotificationManager: notify: id corrupted: sent 2131362420, got back 0
12-01 06:21:57.119 30442 1069 D UserPreferences: User data folder not writable or not set. Trying default.
12-01 06:21:57.120 30442 1071 D HttpDownloader: Response code is 304
12-01 06:21:57.120 30442 1071 D HttpDownloader: Feed 'https://feeds.wdjh.org/podcasts/the_racer_x_podcast_network.rss' not modified since last update, Download canceled
12-01 06:21:57.120 30442 1071 D HttpDownloader: Download was cancelled
12-01 06:21:57.121 30442 1070 D HttpDownloader: Response code is 304
12-01 06:21:57.121 30442 1070 D HttpDownloader: Feed 'https://feeds.wdjh.org/podcasts/all_things_considered.rss' not modified since last update, Download canceled
12-01 06:21:57.121 30442 1070 D HttpDownloader: Download was cancelled
12-01 06:21:57.121 30442 1069 D DownloadRequestCreat: Requesting download of url https://feeds.wdjh.org/podcasts/the_shot_podcast.rss
12-01 06:21:57.121 30442 1069 D HttpDownloader: addHeader("If-Modified-Since", "Sun, 30 Nov 2025 05:25:38 GMT")
12-01 06:21:57.123 30442 1071 W NotificationManager: notify: id corrupted: sent 2131362420, got back 0
12-01 06:21:57.123 30442 1071 D UserPreferences: User data folder not writable or not set. Trying default.
12-01 06:21:57.125 30442 1071 D DownloadRequestCreat: Requesting download of url https://feeds.wdjh.org/podcasts/serial.rss
12-01 06:21:57.125 30442 1071 D HttpDownloader: addHeader("If-Modified-Since", "Sun, 30 Nov 2025 05:24:07 GMT")
12-01 06:21:57.125 30442 1069 D HttpDownloader: Response code is 304
12-01 06:21:57.125 30442 1069 D HttpDownloader: Feed 'https://feeds.wdjh.org/podcasts/the_shot_podcast.rss' not modified since last update, Download canceled
12-01 06:21:57.125 30442 1069 D HttpDownloader: Download was cancelled
12-01 06:21:57.127 30442 1070 W NotificationManager: notify: id corrupted: sent 2131362420, got back 0
12-01 06:21:57.127 30442 1070 D UserPreferences: User data folder not writable or not set. Trying default.
12-01 06:21:57.130 30442 1071 D HttpDownloader: Response code is 304
12-01 06:21:57.130 30442 1071 D HttpDownloader: Feed 'https://feeds.wdjh.org/podcasts/serial.rss' not modified since last update, Download canceled
12-01 06:21:57.130 30442 1071 D HttpDownloader: Download was cancelled
12-01 06:21:57.130 30442 1070 D DownloadRequestCreat: Requesting download of url https://feeds.wdjh.org/podcasts/the_dollop_with_dave_anthony_and_gareth_reynolds.rss
12-01 06:21:57.131 30442 1070 D HttpDownloader: addHeader("If-Modified-Since", "Sun, 30 Nov 2025 05:24:41 GMT")
12-01 06:21:57.132 30442 1069 D UserPreferences: User data folder not writable or not set. Trying default.
12-01 06:21:57.133 30442 1069 D DownloadRequestCreat: Requesting download of url https://feeds.wdjh.org/podcasts/front_end_chatter.rss
12-01 06:21:57.134 30442 1069 D HttpDownloader: addHeader("If-Modified-Since", "Sun, 30 Nov 2025 14:18:55 GMT")
12-01 06:21:57.134 30442 1071 W NotificationManager: notify: id corrupted: sent 2131362420, got back 0
12-01 06:21:57.134 30442 1071 D UserPreferences: User data folder not writable or not set. Trying default.
12-01 06:21:57.136 30442 1070 D HttpDownloader: Response code is 304
12-01 06:21:57.136 30442 1070 D HttpDownloader: Feed 'https://feeds.wdjh.org/podcasts/the_dollop_with_dave_anthony_and_gareth_reynolds.rss' not modified since last update, Download canceled
12-01 06:21:57.136 30442 1070 D HttpDownloader: Download was cancelled
12-01 06:21:57.137 30442 1071 D DownloadRequestCreat: Requesting download of url https://feeds.wdjh.org/podcasts/trace.rss
12-01 06:21:57.138 30442 1071 D HttpDownloader: addHeader("If-Modified-Since", "Sun, 30 Nov 2025 05:26:03 GMT")
12-01 06:21:57.138 30442 1069 D HttpDownloader: Response code is 304
12-01 06:21:57.138 30442 1069 D HttpDownloader: Feed 'https://feeds.wdjh.org/podcasts/front_end_chatter.rss' not modified since last update, Download canceled
12-01 06:21:57.138 30442 1069 D HttpDownloader: Download was cancelled
12-01 06:21:57.140 30442 1070 W NotificationManager: notify: id corrupted: sent 2131362420, got back 0
12-01 06:21:57.140 30442 1070 D UserPreferences: User data folder not writable or not set. Trying default.
12-01 06:21:57.141 30442 1070 D DownloadRequestCreat: Requesting download of url https://feeds.wdjh.org/podcasts/the_conditional_release_program.rss
12-01 06:21:57.142 30442 1070 D HttpDownloader: addHeader("If-Modified-Since", "Sun, 30 Nov 2025 05:24:35 GMT")
12-01 06:21:57.143 30442 1071 D HttpDownloader: Response code is 304
12-01 06:21:57.143 30442 1071 D HttpDownloader: Feed 'https://feeds.wdjh.org/podcasts/trace.rss' not modified since last update, Download canceled
12-01 06:21:57.143 30442 1071 D HttpDownloader: Download was cancelled
12-01 06:21:57.143 30442 1069 W NotificationManager: notify: id corrupted: sent 2131362420, got back 0
12-01 06:21:57.143 30442 1069 D UserPreferences: User data folder not writable or not set. Trying default.
12-01 06:21:57.146 30442 1069 D DownloadRequestCreat: Requesting download of url https://feeds.wdjh.org/podcasts/the_hard_enduro_channel.rss
12-01 06:21:57.146 30442 1069 D HttpDownloader: addHeader("If-Modified-Since", "Sun, 30 Nov 2025 05:24:50 GMT")
12-01 06:21:57.148 30442 1070 D HttpDownloader: Response code is 304
12-01 06:21:57.148 30442 1070 D HttpDownloader: Feed 'https://feeds.wdjh.org/podcasts/the_conditional_release_program.rss' not modified since last update, Download canceled
12-01 06:21:57.148 30442 1070 D HttpDownloader: Download was cancelled
12-01 06:21:57.148 30442 1071 W NotificationManager: notify: id corrupted: sent 2131362420, got back 0
12-01 06:21:57.148 30442 1071 D UserPreferences: User data folder not writable or not set. Trying default.
12-01 06:21:57.150 30442 1071 D DownloadRequestCreat: Requesting download of url https://feeds.wdjh.org/podcasts/conspiracy_commission.rss
12-01 06:21:57.150 30442 1071 D HttpDownloader: addHeader("If-Modified-Since", "Sun, 30 Nov 2025 11:36:01 GMT")
12-01 06:21:57.151 30442 1069 D HttpDownloader: Response code is 304
12-01 06:21:57.151 30442 1069 D HttpDownloader: Feed 'https://feeds.wdjh.org/podcasts/the_hard_enduro_channel.rss' not modified since last update, Download canceled
12-01 06:21:57.151 30442 1069 D HttpDownloader: Download was cancelled
12-01 06:21:57.152 30442 1070 W NotificationManager: notify: id corrupted: sent 2131362420, got back 0
12-01 06:21:57.152 30442 1070 D UserPreferences: User data folder not writable or not set. Trying default.
12-01 06:21:57.153 30442 1070 D DownloadRequestCreat: Requesting download of url https://feeds.wdjh.org/podcasts/background_briefing.rss
12-01 06:21:57.154 30442 1070 D HttpDownloader: addHeader("If-Modified-Since", "Sun, 30 Nov 2025 07:54:32 GMT")
12-01 06:21:57.155 30442 1069 W NotificationManager: notify: id corrupted: sent 2131362420, got back 0
12-01 06:21:57.155 30442 1069 D UserPreferences: User data folder not writable or not set. Trying default.
12-01 06:21:57.155 30442 1071 D HttpDownloader: Response code is 304
12-01 06:21:57.156 30442 1071 D HttpDownloader: Feed 'https://feeds.wdjh.org/podcasts/conspiracy_commission.rss' not modified since last update, Download canceled
12-01 06:21:57.156 30442 1071 D HttpDownloader: Download was cancelled
12-01 06:21:57.157 30442 1069 D DownloadRequestCreat: Requesting download of url https://feeds.wdjh.org/podcasts/the_moto_academy.rss
12-01 06:21:57.157 30442 1069 D HttpDownloader: addHeader("If-Modified-Since", "Sun, 30 Nov 2025 05:25:03 GMT")
12-01 06:21:57.158 30442 1070 D HttpDownloader: Response code is 304
12-01 06:21:57.159 30442 1070 D HttpDownloader: Feed 'https://feeds.wdjh.org/podcasts/background_briefing.rss' not modified since last update, Download canceled
12-01 06:21:57.159 30442 1070 D HttpDownloader: Download was cancelled
12-01 06:21:57.159 30442 1071 W NotificationManager: notify: id corrupted: sent 2131362420, got back 0
12-01 06:21:57.160 30442 1071 D UserPreferences: User data folder not writable or not set. Trying default.
12-01 06:21:57.161 30442 1071 D DownloadRequestCreat: Requesting download of url https://feeds.wdjh.org/podcasts/boonta_vista.rss
12-01 06:21:57.162 30442 1071 D HttpDownloader: addHeader("If-Modified-Since", "Sun, 30 Nov 2025 09:10:17 GMT")
12-01 06:21:57.163 30442 1069 D HttpDownloader: Response code is 304
12-01 06:21:57.163 30442 1069 D HttpDownloader: Feed 'https://feeds.wdjh.org/podcasts/the_moto_academy.rss' not modified since last update, Download canceled
12-01 06:21:57.163 30442 1069 D HttpDownloader: Download was cancelled
12-01 06:21:57.164 30442 1070 W NotificationManager: notify: id corrupted: sent 2131362420, got back 0
12-01 06:21:57.164 30442 1070 D UserPreferences: User data folder not writable or not set. Trying default.
12-01 06:21:57.166 30442 1070 D DownloadRequestCreat: Requesting download of url https://feeds.wdjh.org/podcasts/things_fell_apart.rss
12-01 06:21:57.167 30442 1070 D HttpDownloader: addHeader("If-Modified-Since", "Sun, 30 Nov 2025 05:25:49 GMT")
12-01 06:21:57.168 30442 1069 W NotificationManager: notify: id corrupted: sent 2131362420, got back 0
12-01 06:21:57.168 30442 1069 D UserPreferences: User data folder not writable or not set. Trying default.
12-01 06:21:57.168 30442 1071 D HttpDownloader: Response code is 304
12-01 06:21:57.168 30442 1071 D HttpDownloader: Feed 'https://feeds.wdjh.org/podcasts/boonta_vista.rss' not modified since last update, Download canceled
12-01 06:21:57.168 30442 1071 D HttpDownloader: Download was cancelled
12-01 06:21:57.169 30442 1068 D HttpDownloader: Response code is 200
12-01 06:21:57.170 30442 1069 D DownloadRequestCreat: Requesting download of url https://feeds.wdjh.org/podcasts/moms_behind_moto.rss
12-01 06:21:57.170 30442 1068 D HttpDownloader: Getting size of download
12-01 06:21:57.170 30442 1068 D HttpDownloader: Size is -1
12-01 06:21:57.170 30442 1068 D UserPreferences: User data folder not writable or not set. Trying default.
12-01 06:21:57.171 30442 1068 D HttpDownloader: Free space is 6039547904
12-01 06:21:57.171 30442 1068 D HttpDownloader: Starting download
12-01 06:21:57.172 30442 1068 D HttpDownloader: Download was successful
12-01 06:21:57.173 30442 1068 D TypeGetter: Recognized type RSS 2.0
12-01 06:21:57.173 30442 1070 D HttpDownloader: Response code is 304
12-01 06:21:57.173 30442 1070 D HttpDownloader: Feed 'https://feeds.wdjh.org/podcasts/things_fell_apart.rss' not modified since last update, Download canceled
12-01 06:21:57.173 30442 1070 D HttpDownloader: Download was cancelled
12-01 06:21:57.173 30442 1068 D SyndHandler: Recognized ITunes namespace
12-01 06:21:57.173 30442 1068 D SyndHandler: Recognized Atom namespace
