12-01 06:21:57.174 30442 1071 W NotificationManager: notify: id corrupted: sent 2131362420, got back 0
12-01 06:21:57.174 30442 1071 D UserPreferences: User data folder not writable or not set. Trying default.
12-01 06:21:57.178 30442 1071 D DownloadRequestCreat: Requesting download of url https://feeds.wdjh.org/podcasts/torq_moto.rss
12-01 06:21:57.178 30442 1071 D HttpDownloader: addHeader("If-Modified-Since", "Sun, 30 Nov 2025 05:24:23 GMT")
12-01 06:21:57.179 30442 1070 W NotificationManager: notify: id corrupted: sent 2131362420, got back 0
12-01 06:21:57.179 30442 1070 D UserPreferences: User data folder not writable or not set. Trying default.
12-01 06:21:57.182 30442 1070 D DownloadRequestCreat: Requesting download of url https://feeds.wdjh.org/podcasts/abc_rewind.rss
12-01 06:21:57.183 30442 1070 D HttpDownloader: addHeader("If-Modified-Since", "Sun, 30 Nov 2025 06:07:52 GMT")
12-01 06:21:57.189 30442 1069 D HttpDownloader: Response code is 200
12-01 06:21:57.189 30442 1069 D HttpDownloader: Getting size of download
12-01 06:21:57.189 30442 1069 D HttpDownloader: Size is 11307
12-01 06:21:57.189 30442 1069 D UserPreferences: User data folder not writable or not set. Trying default.
12-01 06:21:57.191 30442 1069 D HttpDownloader: Free space is 6039515136
12-01 06:21:57.191 30442 1069 D HttpDownloader: Starting download
12-01 06:21:57.192 30442 1069 D HttpDownloader: Download was successful
12-01 06:21:57.193 30442 1069 D TypeGetter: Recognized type RSS 2.0
12-01 06:21:57.194 30442 1069 D SyndHandler: Recognized Atom namespace
12-01 06:21:57.194 30442 1069 D SyndHandler: Recognized Content namespace
12-01 06:21:57.194 30442 1069 D SyndHandler: Recognized ITunes namespace
12-01 06:21:57.197 30442 1070 D HttpDownloader: Response code is 304
12-01 06:21:57.197 30442 1070 D HttpDownloader: Feed 'https://feeds.wdjh.org/podcasts/abc_rewind.rss' not modified since last update, Download canceled
12-01 06:21:57.197 30442 1070 D HttpDownloader: Download was cancelled
12-01 06:21:57.197 30442 1071 D HttpDownloader: Response code is 304
12-01 06:21:57.197 30442 1071 D HttpDownloader: Feed 'https://feeds.wdjh.org/podcasts/torq_moto.rss' not modified since last update, Download canceled
12-01 06:21:57.197 30442 1071 D HttpDownloader: Download was cancelled
12-01 06:21:57.203 30442 1070 D UserPreferences: User data folder not writable or not set. Trying default.
12-01 06:21:57.205 30442 1069 D FeedParserTask: Moms Behind Moto (Mod) parsed
12-01 06:21:57.206 30442 1069 D FeedParserTask: Deletion of file '/storage/emulated/0/Android/data/de.danoeh.antennapod/files/cache/feed-moms_behind_moto48' successful
12-01 06:21:57.206 30442 1069 D DBReader: getFeed() called with: feedId = [48]
12-01 06:21:57.207 30442 1069 D DBReader: getFeedItemList() called with: feed = [de.danoeh.antennapod.model.feed.Feed@4f]
12-01 06:21:57.207 30442 1068 D FeedParserTask: Media Watch parsed
12-01 06:21:57.207 30442 1068 D FeedParserTask: Deletion of file '/storage/emulated/0/Android/data/de.danoeh.antennapod/files/cache/feed-Media Watch45' successful
12-01 06:21:57.207 30442 1071 W NotificationManager: notify: id corrupted: sent 2131362420, got back 0
12-01 06:21:57.207 30442 1071 D UserPreferences: User data folder not writable or not set. Trying default.
12-01 06:21:57.207 30442 1070 D DownloadRequestCreat: Requesting download of url https://feeds.wdjh.org/podcasts/marianna_in_conspiracyland.rss
12-01 06:21:57.208 30442 1069 D DBReader: getFavoriteIDList() called
12-01 06:21:57.208 30442 1069 D DBReader: getQueueIDList() called
12-01 06:21:57.208 30442 1070 D HttpDownloader: addHeader("If-Modified-Since", "Sun, 30 Nov 2025 05:22:50 GMT")
12-01 06:21:57.209 30442 1071 D DownloadRequestCreat: Requesting download of url https://feeds.wdjh.org/podcasts/the_dirt_unit.rss
12-01 06:21:57.211 30442 1069 D FeedDbWriter: Feed with title Moms Behind Moto (Mod) already exists. Syncing new with existing one.
12-01 06:21:57.211 30442 1069 D FeedDbWriter: Found new item: Moms Behind Moto with Zak Mashburn
12-01 06:21:57.211 30442 1069 D FeedDbWriter: Found new item: Lorettas X Mom Forum
12-01 06:21:57.211 30442 1069 D FeedDbWriter: Found new item: We are back baby!!
12-01 06:21:57.211 30442 1069 D FeedDbWriter: Found new item: MBM X Hannah Morais
12-01 06:21:57.211 30442 1069 D FeedDbWriter: Found new item: MBM X Sara Kitchen
12-01 06:21:57.212 30442 30796 D de.danoeh.antennapod.storage.database.PodDBAdapter@f5e76c0: Updating existing Feed in db
12-01 06:21:57.218 30442 1070 D HttpDownloader: Response code is 304
12-01 06:21:57.218 30442 1070 D HttpDownloader: Feed 'https://feeds.wdjh.org/podcasts/marianna_in_conspiracyland.rss' not modified since last update, Download canceled
12-01 06:21:57.218 30442 1070 D HttpDownloader: Download was cancelled
12-01 06:21:57.223 30442 1071 D HttpDownloader: Response code is 200
12-01 06:21:57.224 30442 1071 D HttpDownloader: Getting size of download
12-01 06:21:57.224 30442 1071 D HttpDownloader: Size is 19008
12-01 06:21:57.224 30442 1071 D UserPreferences: User data folder not writable or not set. Trying default.
12-01 06:21:57.224 30442 30442 D ViewRootImpl@843daa3[OpmlImportActivity]: mHardwareRenderer.destroy()#4
12-01 06:21:57.224 30442 30442 D ViewRootImpl@843daa3[OpmlImportActivity]: dispatchDetachedFromWindow
12-01 06:21:57.224 30442 1069 D DBReader: getFeedDownloadLog() called with: feed = [48]
12-01 06:21:57.226 30442 1071 D HttpDownloader: Free space is 6039543808
12-01 06:21:57.226 30442 1071 D HttpDownloader: Starting download
12-01 06:21:57.227 30442 1068 D DBReader: getFeed() called with: feedId = [45]
12-01 06:21:57.229 30442 1071 D HttpDownloader: Download was successful
12-01 06:21:57.229 30442 1068 D DBReader: getFeedItemList() called with: feed = [de.danoeh.antennapod.model.feed.Feed@4c]
12-01 06:21:57.229 30442 1071 D TypeGetter: Recognized type RSS 2.0
12-01 06:21:57.230 30442 1071 D SyndHandler: Recognized Atom namespace
12-01 06:21:57.230 30442 1071 D SyndHandler: Recognized DublinCore namespace
12-01 06:21:57.230 30442 1071 D SyndHandler: Recognized ITunes namespace
12-01 06:21:57.231 30442 1068 D DBReader: getFavoriteIDList() called
12-01 06:21:57.232 30442 1068 D DBReader: getQueueIDList() called
12-01 06:21:57.232 30442 1068 D FeedDbWriter: Feed with title Media Watch already exists. Syncing new with existing one.
12-01 06:21:57.233 30442 1070 W NotificationManager: notify: id corrupted: sent 2131362420, got back 0
12-01 06:21:57.233 30442 30442 D InputTransport: Input channel destroyed: fd=105
12-01 06:21:57.234 30442 30796 D de.danoeh.antennapod.storage.database.PodDBAdapter@f5e76c0: Updating existing Feed in db
12-01 06:21:57.246 30442 1071 D FeedParserTask: The Dirt Unit (Mod) parsed
12-01 06:21:57.246 30442 1071 D FeedParserTask: Deletion of file '/storage/emulated/0/Android/data/de.danoeh.antennapod/files/cache/feed-The Dirt Unit Mod26' successful
12-01 06:21:57.257 30442 1068 D DBReader: getFeedDownloadLog() called with: feed = [45]
12-01 06:21:57.257 30442 1071 D DBReader: getFeed() called with: feedId = [26]
12-01 06:21:57.259 30442 1021 D DBReader: Extracting Feedlist
12-01 06:21:57.262 30442 1019 D DBReader: Extracting Feedlist
12-01 06:21:57.281 30442 1068 W NotificationManager: notify: id corrupted: sent 2131362420, got back 0
12-01 06:21:57.282 30442 1071 D DBReader: getFeedItemList() called with: feed = [de.danoeh.antennapod.model.feed.Feed@39]
12-01 06:21:57.284 30442 1020 D DBReader: Extracting Feedlist
12-01 06:21:57.286 30442 519 D DBReader: Extracting Feedlist
12-01 06:21:57.289 30442 1071 D DBReader: getFavoriteIDList() called
12-01 06:21:57.296 30442 1071 D DBReader: getQueueIDList() called
12-01 06:21:57.298 30442 1071 D FeedDbWriter: Feed with title The Dirt Unit (Mod) already exists. Syncing new with existing one.
12-01 06:21:57.299 30442 30796 D de.danoeh.antennapod.storage.database.PodDBAdapter@f5e76c0: Updating existing Feed in db
12-01 06:21:57.315 30442 1071 D DBReader: getFeedDownloadLog() called with: feed = [26]
12-01 06:21:57.323 30442 545 D DBReader: Extracting Feedlist
12-01 06:21:57.325 30442 547 D DBReader: Extracting Feedlist
12-01 06:21:57.329 30442 30536 D DBReader: Extracting Feedlist
12-01 06:21:57.349 30442 30536 D AutoDownloadManager: autodownloadUndownloadedItems
12-01 06:21:57.353 30442 30537 D DownloadAlgorithm: Performing auto-dl of undownloaded episodes
12-01 06:21:57.353 30442 30537 D DBReader: getRecentlyPublishedEpisodes() called with: offset=0, limit=2147483647
12-01 06:21:57.354 30442 30537 D DBReader: getFavoriteIDList() called
12-01 06:21:57.354 30442 30537 D DBReader: getQueueIDList() called
12-01 06:21:57.355 30442 30537 D DBReader: Extracting Feedlist
12-01 06:21:57.359 30442 30537 D DBReader: getQueue() called
12-01 06:21:57.362 30442 30537 D DBReader: getFavoriteIDList() called
12-01 06:21:57.362 30442 30537 D DBReader: getQueueIDList() called
12-01 06:21:57.363 30442 30537 D DBReader: Extracting Feedlist
12-01 06:21:57.383 30442 30496 I WM-WorkerWrapper: Worker result SUCCESS for Work [ id=79b759d5-657f-4781-8cc8-08790833e822, tags={ feedUpdate, de.danoeh.antennapod.net.download.service.feed.FeedUpdateWorker } ]
12-01 06:21:57.386 30442 30442 I WM-SystemFgDispatcher: Stopping foreground service
12-01 06:21:57.417 30442 30537 I APNullCleanupAlgorithm: performCleanup: Not removing anything
12-01 06:21:57.417 30442 30537 D DownloadAlgorithm: Enqueueing 25 items for download
12-01 06:21:57.531 30442 30790 D SyncService: Downloaded subscription changes: SubscriptionChange [added=[], removed=[], timestamp=1764530512]
12-01 06:21:57.531 30442 30790 D SyncService: Added: https://feeds.wdjh.org/podcasts/moms_behind_moto.rss
12-01 06:21:57.532 30442 30790 D SyncService: Removed:
12-01 06:21:58.696 30442 30543 D DBReader: getFavoriteIDList() called
12-01 06:21:58.696 30442 30543 D DBReader: getQueueIDList() called
12-01 06:21:58.697 30442 30543 D DBReader: Extracting Feedlist
12-01 06:21:58.702 30442 30800 D DBReader: getFavoriteIDList() called
12-01 06:21:58.703 30442 30800 D DBReader: getQueueIDList() called
12-01 06:21:58.703 30442 30800 D DBReader: Extracting Feedlist
12-01 06:21:58.705 30442 30543 D UserPreferences: User data folder not writable or not set. Trying default.
12-01 06:21:58.708 30442 30543 D DownloadRequestCreat: Requesting download of url https://feeds.wdjh.org/podcasts/abc_news_daily/20251128_89.mp3
12-01 06:21:58.710 30442 30800 D UserPreferences: User data folder not writable or not set. Trying default.
12-01 06:21:58.711 30442 30536 D DBReader: getFavoriteIDList() called
12-01 06:21:58.713 30442 30536 D DBReader: getQueueIDList() called
12-01 06:21:58.714 30442 30800 D DownloadRequestCreat: Requesting download of url https://feeds.wdjh.org/podcasts/full_story/20251127_27-20897-FS_HANSON.mp3
12-01 06:21:58.723 30442 30536 D DBReader: Extracting Feedlist
12-01 06:21:58.724 30442 30543 D HttpDownloader: addHeader("Accept-Encoding", "identity")
12-01 06:21:58.734 30442 30800 D HttpDownloader: addHeader("Accept-Encoding", "identity")
12-01 06:21:58.739 30442 30790 D DBReader: Extracting Feedlist
12-01 06:21:58.742 30442 30543 D HttpDownloader: Response code is 404
12-01 06:21:58.742 30442 30543 D HttpDownloader: onFail() called with: reason = [ERROR_NOT_FOUND], reasonDetailed = [404]
12-01 06:21:58.742 30442 30536 D UserPreferences: User data folder not writable or not set. Trying default.
12-01 06:21:58.744 30442 30536 D DownloadRequestCreat: Requesting download of url https://feeds.wdjh.org/podcasts/all_things_considered/20251127_20251127_atc_pope_leo_is_traveling_to_turkey_and_lebanon_on_the_first_foreign_trip_of_his_papacy.mp3
12-01 06:21:58.747 30442 30543 E EpisodeDownloadWorker: Download failed
12-01 06:21:58.748 30442 30442 D MainActivity: onEvent(de.danoeh.antennapod.event.MessageEvent@3c8bb83)
12-01 06:21:58.750 30442 30442 D TextView: setTypeface with style : 0
12-01 06:21:58.752 30442 30543 D EpisodeDownloadWorker: Worker for https://feeds.wdjh.org/podcasts/abc_news_daily/20251128_89.mp3 returned.
12-01 06:21:58.754 30442 30442 D TextView: setTypeface with style : 0
12-01 06:21:58.760 30442 30800 D HttpDownloader: Response code is 404
12-01 06:21:58.761 30442 30800 D HttpDownloader: onFail() called with: reason = [ERROR_NOT_FOUND], reasonDetailed = [404]
12-01 06:21:58.762 30442 30800 E EpisodeDownloadWorker: Download failed
12-01 06:21:58.767 30442 30442 D ItemDescriptionFragment: Saving preferences
12-01 06:21:58.767 30442 30442 D ItemDescriptionFragment: Saving scroll position: 0
12-01 06:21:58.769 30442 30543 D DBReader: getFavoriteIDList() called
12-01 06:21:58.769 30442 30800 D EpisodeDownloadWorker: Worker for https://feeds.wdjh.org/podcasts/full_story/20251127_27-20897-FS_HANSON.mp3 returned.
12-01 06:21:58.769 30442 30543 D DBReader: getQueueIDList() called
12-01 06:21:58.771 30442 30442 D MainActivity: onEvent(de.danoeh.antennapod.event.MessageEvent@3dd6bcf)
12-01 06:21:58.773 30442 30543 D DBReader: Extracting Feedlist
12-01 06:21:58.775 30442 30442 D TextView: setTypeface with style : 0
12-01 06:21:58.776 30442 30442 D TextView: setTypeface with style : 0
12-01 06:21:58.782 30442 30442 D ItemDescriptionFragment: Saving preferences
12-01 06:21:58.782 30442 30442 D ItemDescriptionFragment: Saving scroll position: 0
12-01 06:21:58.787 30442 30800 D DBReader: getFavoriteIDList() called
12-01 06:21:58.787 30442 30536 D HttpDownloader: addHeader("Accept-Encoding", "identity")
12-01 06:21:58.790 30442 30800 D DBReader: getQueueIDList() called
12-01 06:21:58.791 30442 30800 D DBReader: Extracting Feedlist
12-01 06:21:58.792 30442 30543 D UserPreferences: User data folder not writable or not set. Trying default.
12-01 06:21:58.793 30442 30543 D DownloadRequestCreat: Requesting download of url https://feeds.wdjh.org/podcasts/all_things_considered/20251127_20251127_atc_there_s_reason_to_be_optimistic_about_the_the_movies_coming_this_holiday_season.mp3
12-01 06:21:58.806 30442 30800 D UserPreferences: User data folder not writable or not set. Trying default.
12-01 06:21:58.807 30442 30543 D HttpDownloader: addHeader("Accept-Encoding", "identity")
12-01 06:21:58.810 30442 30800 D DownloadRequestCreat: Requesting download of url https://feeds.wdjh.org/podcasts/all_things_considered/20251127_20251127_atc_the_afghan_resettlement_effort_faces_a_defining_test_after_the_dc_shooting.mp3
12-01 06:21:58.821 30442 30800 D HttpDownloader: addHeader("Accept-Encoding", "identity")
12-01 06:21:58.821 30442 30790 D SyncService: Processing 0 actions
12-01 06:21:58.824 30442 30790 D DBReader: getFavoriteIDList() called
12-01 06:21:58.825 30442 30790 D DBReader: getQueueIDList() called
12-01 06:21:58.825 30442 30790 D DBReader: Extracting Feedlist
12-01 06:21:58.830 30442 30790 D UserPreferences: User data folder not writable or not set. Trying default.
12-01 06:21:58.830 30442 30536 D HttpDownloader: Response code is 404
12-01 06:21:58.830 30442 30536 D HttpDownloader: onFail() called with: reason = [ERROR_NOT_FOUND], reasonDetailed = [404]
12-01 06:21:58.832 30442 30790 D DownloadRequestCreat: Requesting download of url https://feeds.wdjh.org/podcasts/sbs_french__sbs_en_franais/20251128_20251128082014-french-3218b267-e5d8-4373-9653-ed6f03af0dd5.mp3
12-01 06:21:58.832 30442 30536 E EpisodeDownloadWorker: Download failed
12-01 06:21:58.833 30442 30536 D EpisodeDownloadWorker: Worker for https://feeds.wdjh.org/podcasts/all_things_considered/20251127_20251127_atc_pope_leo_is_traveling_to_turkey_and_lebanon_on_the_first_foreign_trip_of_his_papacy.mp3 returned.
12-01 06:21:58.833 30442 30442 D MainActivity: onEvent(de.danoeh.antennapod.event.MessageEvent@37f7d89)
12-01 06:21:58.835 30442 30442 D TextView: setTypeface with style : 0
12-01 06:21:58.836 30442 30442 D TextView: setTypeface with style : 0
12-01 06:21:58.840 30442 30543 D HttpDownloader: Response code is 404
12-01 06:21:58.840 30442 30543 D HttpDownloader: onFail() called with: reason = [ERROR_NOT_FOUND], reasonDetailed = [404]
12-01 06:21:58.841 30442 30800 D HttpDownloader: Response code is 404
12-01 06:21:58.841 30442 30800 D HttpDownloader: onFail() called with: reason = [ERROR_NOT_FOUND], reasonDetailed = [404]
12-01 06:21:58.842 30442 30543 E EpisodeDownloadWorker: Download failed
12-01 06:21:58.842 30442 30800 E EpisodeDownloadWorker: Download failed
12-01 06:21:58.843 30442 30543 D EpisodeDownloadWorker: Worker for https://feeds.wdjh.org/podcasts/all_things_considered/20251127_20251127_atc_there_s_reason_to_be_optimistic_about_the_the_movies_coming_this_holiday_season.mp3 returned.
12-01 06:21:58.843 30442 30800 D EpisodeDownloadWorker: Worker for https://feeds.wdjh.org/podcasts/all_things_considered/20251127_20251127_atc_the_afghan_resettlement_effort_faces_a_defining_test_after_the_dc_shooting.mp3 returned.
12-01 06:21:58.850 30442 30442 D MainActivity: onEvent(de.danoeh.antennapod.event.MessageEvent@3e72343)
12-01 06:21:58.851 30442 30442 D TextView: setTypeface with style : 0
12-01 06:21:58.853 30442 30442 D TextView: setTypeface with style : 0
12-01 06:21:58.853 30442 30470 I WM-WorkerWrapper: Worker result FAILURE for Work [ id=f05d45bf-ca97-42dd-89d3-4cfbebcbc9ee, tags={ de.danoeh.antennapod.net.download.service.episode.EpisodeDownloadWorker, episodeUrl:https://feeds.wdjh.org/podcasts/abc_news_daily/20251128_89.mp3, episodeDownload } ]
12-01 06:21:58.856 30442 30536 D DBReader: getFavoriteIDList() called
12-01 06:21:58.857 30442 30442 D MainActivity: onEvent(de.danoeh.antennapod.event.MessageEvent@be56316)
12-01 06:21:58.858 30442 30543 D DBReader: getFavoriteIDList() called
12-01 06:21:58.859 30442 30800 D DBReader: getFavoriteIDList() called
12-01 06:21:58.859 30442 30442 D TextView: setTypeface with style : 0
12-01 06:21:58.861 30442 30442 D TextView: setTypeface with style : 0
12-01 06:21:58.864 30442 30442 D ViewRootImpl@eec2d68[MainActivity]: ViewPostImeInputStage processPointer 0
12-01 06:21:58.868 30442 30470 I WM-WorkerWrapper: Worker result FAILURE for Work [ id=d44a8bf6-aa5c-4e59-9ac1-8731f9e834fb, tags={ episodeUrl:https://feeds.wdjh.org/podcasts/full_story/20251127_27-20897-FS_HANSON.mp3, de.danoeh.antennapod.net.download.service.episode.EpisodeDownloadWorker, episodeDownload } ]
12-01 06:21:58.891 30442 30790 D HttpDownloader: addHeader("Accept-Encoding", "identity")
12-01 06:21:58.899 30442 30536 D DBReader: getQueueIDList() called
12-01 06:21:58.901 30442 30790 D HttpDownloader: Response code is 404
12-01 06:21:58.901 30442 30790 D HttpDownloader: onFail() called with: reason = [ERROR_NOT_FOUND], reasonDetailed = [404]
12-01 06:21:58.903 30442 30790 E EpisodeDownloadWorker: Download failed
12-01 06:21:58.904 30442 30790 D EpisodeDownloadWorker: Worker for https://feeds.wdjh.org/podcasts/sbs_french__sbs_en_franais/20251128_20251128082014-french-3218b267-e5d8-4373-9653-ed6f03af0dd5.mp3 returned.
12-01 06:21:58.919 30442 30800 D DBReader: getQueueIDList() called
12-01 06:21:58.919 30442 30543 D DBReader: getQueueIDList() called
12-01 06:21:58.921 30442 30536 D DBReader: Extracting Feedlist
12-01 06:21:58.928 30442 30790 D DBReader: getFavoriteIDList() called
12-01 06:21:58.929 30442 30800 D DBReader: Extracting Feedlist
12-01 06:21:58.929 30442 30543 D DBReader: Extracting Feedlist
12-01 06:21:58.945 30442 30790 D DBReader: getQueueIDList() called
12-01 06:21:58.948 30442 30536 D UserPreferences: User data folder not writable or not set. Trying default.
12-01 06:21:58.949 30442 30790 D DBReader: Extracting Feedlist
12-01 06:21:58.950 30442 30543 D UserPreferences: User data folder not writable or not set. Trying default.
12-01 06:21:58.951 30442 30800 D UserPreferences: User data folder not writable or not set. Trying default.
12-01 06:21:58.954 30442 30442 D MainActivity: onEvent(de.danoeh.antennapod.event.MessageEvent@78205ab)
12-01 06:21:58.956 30442 30442 D TextView: setTypeface with style : 0
12-01 06:21:58.957 30442 30790 D UserPreferences: User data folder not writable or not set. Trying default.
12-01 06:21:58.957 30442 30442 D TextView: setTypeface with style : 0
12-01 06:21:58.957 30442 30543 D DownloadRequestCreat: Requesting download of url https://feeds.wdjh.org/podcasts/abc_rewind/20251128_63.mp3
12-01 06:21:58.959 30442 30536 D DownloadRequestCreat: Requesting download of url https://feeds.wdjh.org/podcasts/sbs_french__sbs_en_franais/20251128_20251128075814-french-8656a917-6e99-460e-8e3d-5426b1ebf6b6.mp3
12-01 06:21:58.960 30442 30800 D DownloadRequestCreat: Requesting download of url https://feeds.wdjh.org/podcasts/abc_rewind/20251128_61.mp3
12-01 06:21:58.964 30442 30790 D DownloadRequestCreat: Requesting download of url https://feeds.wdjh.org/podcasts/knowledge_fight/20251128_Nov15-2025.mp3
12-01 06:21:58.979 30442 30470 I WM-WorkerWrapper: Worker result SUCCESS for Work [ id=8752d465-e7fa-41e0-a00d-aad196cda948, tags={ de.danoeh.antennapod.net.sync.service.SyncService } ]
12-01 06:21:58.980 30442 30543 D HttpDownloader: addHeader("Accept-Encoding", "identity")
12-01 06:21:58.986 30442 30536 D HttpDownloader: addHeader("Accept-Encoding", "identity")
12-01 06:21:58.990 30442 30543 D HttpDownloader: Response code is 404
12-01 06:21:58.990 30442 30543 D HttpDownloader: onFail() called with: reason = [ERROR_NOT_FOUND], reasonDetailed = [404]
12-01 06:21:58.991 30442 30543 E EpisodeDownloadWorker: Download failed
12-01 06:21:58.992 30442 30543 D EpisodeDownloadWorker: Worker for https://feeds.wdjh.org/podcasts/abc_rewind/20251128_63.mp3 returned.
12-01 06:21:58.994 30442 30536 D HttpDownloader: Response code is 404
12-01 06:21:58.994 30442 30536 D HttpDownloader: onFail() called with: reason = [ERROR_NOT_FOUND], reasonDetailed = [404]
12-01 06:21:58.995 30442 30536 E EpisodeDownloadWorker: Download failed
12-01 06:21:58.995 30442 30543 D DBReader: getFavoriteIDList() called
12-01 06:21:58.996 30442 30543 D DBReader: getQueueIDList() called
12-01 06:21:58.996 30442 30536 D EpisodeDownloadWorker: Worker for https://feeds.wdjh.org/podcasts/sbs_french__sbs_en_franais/20251128_20251128075814-french-8656a917-6e99-460e-8e3d-5426b1ebf6b6.mp3 returned.
12-01 06:21:58.996 30442 30543 D DBReader: Extracting Feedlist
12-01 06:21:58.998 30442 30800 D HttpDownloader: addHeader("Accept-Encoding", "identity")
12-01 06:21:58.999 30442 30536 D DBReader: getFavoriteIDList() called
12-01 06:21:59.000 30442 30536 D DBReader: getQueueIDList() called
12-01 06:21:59.000 30442 30536 D DBReader: Extracting Feedlist
12-01 06:21:59.001 30442 30543 D UserPreferences: User data folder not writable or not set. Trying default.
12-01 06:21:59.003 30442 30543 D DownloadRequestCreat: Requesting download of url https://feeds.wdjh.org/podcasts/the_conditional_release_program/20251128_stream.mp3
12-01 06:21:59.010 30442 30800 D HttpDownloader: Response code is 404
12-01 06:21:59.010 30442 30800 D HttpDownloader: onFail() called with: reason = [ERROR_NOT_FOUND], reasonDetailed = [404]
12-01 06:21:59.011 30442 30800 E EpisodeDownloadWorker: Download failed
12-01 06:21:59.011 30442 30800 D EpisodeDownloadWorker: Worker for https://feeds.wdjh.org/podcasts/abc_rewind/20251128_61.mp3 returned.
12-01 06:21:59.026 30442 30790 D HttpDownloader: addHeader("Accept-Encoding", "identity")
12-01 06:21:59.028 30442 30536 D UserPreferences: User data folder not writable or not set. Trying default.
12-01 06:21:59.030 30442 30536 D DownloadRequestCreat: Requesting download of url https://feeds.wdjh.org/podcasts/mushroom_case_daily/20251128_b8.mp3
12-01 06:21:59.034 30442 30790 D HttpDownloader: Response code is 404
12-01 06:21:59.034 30442 30790 D HttpDownloader: onFail() called with: reason = [ERROR_NOT_FOUND], reasonDetailed = [404]
12-01 06:21:59.037 30442 30790 E EpisodeDownloadWorker: Download failed
12-01 06:21:59.038 30442 30790 D EpisodeDownloadWorker: Worker for https://feeds.wdjh.org/podcasts/knowledge_fight/20251128_Nov15-2025.mp3 returned.
12-01 06:21:59.041 30442 30800 D DBReader: getFavoriteIDList() called
12-01 06:21:59.049 30442 30442 D ViewRootImpl@eec2d68[MainActivity]: ViewPostImeInputStage processPointer 1
12-01 06:21:59.056 30442 30442 D MainActivity: onEvent(de.danoeh.antennapod.event.MessageEvent@700ba4c)
12-01 06:21:59.058 30442 30442 D TextView: setTypeface with style : 0
12-01 06:21:59.060 30442 30442 D TextView: setTypeface with style : 0
12-01 06:21:59.063 30442 30470 I WM-WorkerWrapper: Worker result FAILURE for Work [ id=d4720903-924f-4dce-8a8c-0cf43ae1eeaa, tags={ episodeUrl:https://feeds.wdjh.org/podcasts/all_things_considered/20251127_20251127_atc_pope_leo_is_traveling_to_turkey_and_lebanon_on_the_first_foreign_trip_of_his_papacy.mp3, de.danoeh.antennapod.net.download.service.episode.EpisodeDownloadWorker, episodeDownload } ]
12-01 06:21:59.063 30442 30442 D MainActivity: onEvent(de.danoeh.antennapod.event.MessageEvent@9ce7713)
12-01 06:21:59.064 30442 30790 D DBReader: getFavoriteIDList() called
12-01 06:21:59.064 30442 30800 D DBReader: getQueueIDList() called
12-01 06:21:59.065 30442 30442 D TextView: setTypeface with style : 0
12-01 06:21:59.067 30442 30442 D TextView: setTypeface with style : 0
12-01 06:21:59.071 30442 30442 D NavDrawerFragment: saveLastNavFragment(tag: SubscriptionFragment)
12-01 06:21:59.071 30442 30442 D MainActivity: loadFragment(tag: SubscriptionFragment, args: null)
12-01 06:21:59.075 30442 30790 D DBReader: getQueueIDList() called
12-01 06:21:59.075 30442 30800 D DBReader: Extracting Feedlist
12-01 06:21:59.076 30442 30543 D HttpDownloader: addHeader("Accept-Encoding", "identity")
12-01 06:21:59.077 30442 30470 I WM-WorkerWrapper: Worker result FAILURE for Work [ id=41bed1d8-7dd8-4993-a1a6-f13c228bfbef, tags={ de.danoeh.antennapod.net.download.service.episode.EpisodeDownloadWorker, episodeUrl:https://feeds.wdjh.org/podcasts/all_things_considered/20251127_20251127_atc_there_s_reason_to_be_optimistic_about_the_the_movies_coming_this_holiday_season.mp3, episodeDownload } ]
12-01 06:21:59.086 30442 30790 D DBReader: Extracting Feedlist
12-01 06:21:59.087 30442 30543 D HttpDownloader: Response code is 404
12-01 06:21:59.087 30442 30543 D HttpDownloader: onFail() called with: reason = [ERROR_NOT_FOUND], reasonDetailed = [404]
12-01 06:21:59.088 30442 30543 E EpisodeDownloadWorker: Download failed
12-01 06:21:59.090 30442 30543 D EpisodeDownloadWorker: Worker for https://feeds.wdjh.org/podcasts/the_conditional_release_program/20251128_stream.mp3 returned.
12-01 06:21:59.090 30442 30800 D UserPreferences: User data folder not writable or not set. Trying default.
12-01 06:21:59.091 30442 30800 D DownloadRequestCreat: Requesting download of url https://feeds.wdjh.org/podcasts/background_briefing/20251129_ph.mp3
12-01 06:21:59.154 30442 30536 D HttpDownloader: addHeader("Accept-Encoding", "identity")
12-01 06:21:59.155 30442 30790 D UserPreferences: User data folder not writable or not set. Trying default.
12-01 06:21:59.162 30442 30790 D DownloadRequestCreat: Requesting download of url https://feeds.wdjh.org/podcasts/the_steve_matthes_show_on_racerx/20251130_251129_wsx_pulpcasts.mp3
12-01 06:21:59.163 30442 30442 D ItemDescriptionFragment: Saving preferences
12-01 06:21:59.163 30442 30442 D ItemDescriptionFragment: Saving scroll position: 0
12-01 06:21:59.166 30442 30536 D HttpDownloader: Response code is 404
12-01 06:21:59.166 30442 30536 D HttpDownloader: onFail() called with: reason = [ERROR_NOT_FOUND], reasonDetailed = [404]
12-01 06:21:59.169 30442 30536 E EpisodeDownloadWorker: Download failed
12-01 06:21:59.171 30442 30536 D EpisodeDownloadWorker: Worker for https://feeds.wdjh.org/podcasts/mushroom_case_daily/20251128_b8.mp3 returned.
12-01 06:21:59.216 30442 30543 D DBReader: getFavoriteIDList() called
12-01 06:21:59.235 30442 30536 D DBReader: getFavoriteIDList() called
12-01 06:21:59.235 30442 30543 D DBReader: getQueueIDList() called
12-01 06:21:59.242 30442 30536 D DBReader: getQueueIDList() called
12-01 06:21:59.242 30442 30543 D DBReader: Extracting Feedlist
12-01 06:21:59.242 30442 30800 D HttpDownloader: addHeader("Accept-Encoding", "identity")
12-01 06:21:59.248 30442 30790 D HttpDownloader: addHeader("Accept-Encoding", "identity")
12-01 06:21:59.256 30442 30442 D MainActivity: onEvent(de.danoeh.antennapod.event.MessageEvent@a8c9726)
12-01 06:21:59.258 30442 30442 D TextView: setTypeface with style : 0
12-01 06:21:59.258 30442 30470 I WM-WorkerWrapper: Worker result FAILURE for Work [ id=9c1bfafb-8f16-4a7e-846b-45b30e75e291, tags={ de.danoeh.antennapod.net.download.service.episode.EpisodeDownloadWorker, episodeUrl:https://feeds.wdjh.org/podcasts/all_things_considered/20251127_20251127_atc_the_afghan_resettlement_effort_faces_a_defining_test_after_the_dc_shooting.mp3, episodeDownload } ]
12-01 06:21:59.261 30442 30442 D TextView: setTypeface with style : 0
12-01 06:21:59.262 30442 30536 D DBReader: Extracting Feedlist
12-01 06:21:59.265 30442 30442 D MainActivity: onEvent(de.danoeh.antennapod.event.MessageEvent@b751775)
12-01 06:21:59.266 30442 30800 D HttpDownloader: Response code is 404
12-01 06:21:59.266 30442 30543 D UserPreferences: User data folder not writable or not set. Trying default.
12-01 06:21:59.266 30442 30800 D HttpDownloader: onFail() called with: reason = [ERROR_NOT_FOUND], reasonDetailed = [404]
12-01 06:21:59.267 30442 30442 D TextView: setTypeface with style : 0
12-01 06:21:59.268 30442 30800 E EpisodeDownloadWorker: Download failed
12-01 06:21:59.268 30442 30442 D TextView: setTypeface with style : 0
12-01 06:21:59.269 30442 30800 D EpisodeDownloadWorker: Worker for https://feeds.wdjh.org/podcasts/background_briefing/20251129_ph.mp3 returned.
12-01 06:21:59.269 30442 30536 D UserPreferences: User data folder not writable or not set. Trying default.
12-01 06:21:59.270 30442 30790 D HttpDownloader: Response code is 404
12-01 06:21:59.271 30442 30790 D HttpDownloader: onFail() called with: reason = [ERROR_NOT_FOUND], reasonDetailed = [404]
12-01 06:21:59.272 30442 30790 E EpisodeDownloadWorker: Download failed
12-01 06:21:59.273 30442 30536 D DownloadRequestCreat: Requesting download of url https://feeds.wdjh.org/podcasts/sbs_french__sbs_en_franais/20251129_20251129140016-french-5f122eb7-3ad2-4c02-bdd1-ef71284f277e.mp3
12-01 06:21:59.274 30442 30790 D EpisodeDownloadWorker: Worker for https://feeds.wdjh.org/podcasts/the_steve_matthes_show_on_racerx/20251130_251129_wsx_pulpcasts.mp3 returned.
12-01 06:21:59.269 30442 30543 D DownloadRequestCreat: Requesting download of url https://feeds.wdjh.org/podcasts/politics_now/20251129_n6.mp3
12-01 06:21:59.280 30442 30442 D TextView: setTypeface with style : 0
12-01 06:21:59.280 30442 30442 D TextView: setTypeface with style : 0
12-01 06:21:59.282 30442 30442 D TextView: setTypeface with style : 0
12-01 06:21:59.290 30442 30442 D TextView: setTypeface with style : 0
12-01 06:21:59.291 30442 30442 D TextView: setTypeface with style : 0
12-01 06:21:59.292 30442 30800 D DBReader: getFavoriteIDList() called
12-01 06:21:59.292 30442 30442 D TextView: setTypeface with style : 0
12-01 06:21:59.293 30442 30442 D TextView: setTypeface with style : 0
12-01 06:21:59.294 30442 30790 D DBReader: getFavoriteIDList() called
12-01 06:21:59.296 30442 30442 D TextView: setTypeface with style : 0
12-01 06:21:59.296 30442 30442 D TextView: setTypeface with style : 0
12-01 06:21:59.298 30442 30442 D TextView: setTypeface with style : 0
12-01 06:21:59.302 30442 30442 D TextView: setTypeface with style : 0
12-01 06:21:59.304 30442 30442 D TextView: setTypeface with style : 0
12-01 06:21:59.304 30442 30800 D DBReader: getQueueIDList() called
12-01 06:21:59.305 30442 30790 D DBReader: getQueueIDList() called
12-01 06:21:59.305 30442 30442 D TextView: setTypeface with style : 0
12-01 06:21:59.306 30442 30536 D HttpDownloader: addHeader("Accept-Encoding", "identity")
12-01 06:21:59.307 30442 30442 D TextView: setTypeface with style : 0
12-01 06:21:59.308 30442 30442 D TextView: setTypeface with style : 0
12-01 06:21:59.310 30442 30442 D TextView: setTypeface with style : 0
12-01 06:21:59.312 30442 30442 D TextView: setTypeface with style : 0
12-01 06:21:59.315 30442 30800 D DBReader: Extracting Feedlist
12-01 06:21:59.315 30442 30790 D DBReader: Extracting Feedlist
12-01 06:21:59.316 30442 30543 D HttpDownloader: addHeader("Accept-Encoding", "identity")
12-01 06:21:59.320 30442 1030 D DBReader: Extracting Feedlist
12-01 06:21:59.324 30442 30790 D UserPreferences: User data folder not writable or not set. Trying default.
12-01 06:21:59.325 30442 30536 D HttpDownloader: Response code is 404
12-01 06:21:59.325 30442 30536 D HttpDownloader: onFail() called with: reason = [ERROR_NOT_FOUND], reasonDetailed = [404]
12-01 06:21:59.326 30442 30536 E EpisodeDownloadWorker: Download failed
12-01 06:21:59.327 30442 30536 D EpisodeDownloadWorker: Worker for https://feeds.wdjh.org/podcasts/sbs_french__sbs_en_franais/20251129_20251129140016-french-5f122eb7-3ad2-4c02-bdd1-ef71284f277e.mp3 returned.
12-01 06:21:59.329 30442 30800 D UserPreferences: User data folder not writable or not set. Trying default.
12-01 06:21:59.329 30442 30790 D DownloadRequestCreat: Requesting download of url https://feeds.wdjh.org/podcasts/the_racer_x_podcast_network/20251128_WeegeshowWednesdayAus_1.mp3
12-01 06:21:59.330 30442 30800 D DownloadRequestCreat: Requesting download of url https://feeds.wdjh.org/podcasts/sbs_french__sbs_en_franais/20251129_20251129080514-french-20de8e09-e60d-483d-a5ae-543038947af9.mp3
12-01 06:21:59.331 30442 30543 D HttpDownloader: Response code is 404
12-01 06:21:59.331 30442 30543 D HttpDownloader: onFail() called with: reason = [ERROR_NOT_FOUND], reasonDetailed = [404]
12-01 06:21:59.332 30442 30543 E EpisodeDownloadWorker: Download failed
12-01 06:21:59.333 30442 30543 D EpisodeDownloadWorker: Worker for https://feeds.wdjh.org/podcasts/politics_now/20251129_n6.mp3 returned.
12-01 06:21:59.343 30442 30442 D ItemDescriptionFragment: Saving preferences
12-01 06:21:59.343 30442 30442 D ItemDescriptionFragment: Saving scroll position: 0
12-01 06:21:59.355 30442 30470 I WM-WorkerWrapper: Worker result FAILURE for Work [ id=07f7dff3-625f-49d5-b9cd-555de665eb8c, tags={ episodeUrl:https://feeds.wdjh.org/podcasts/sbs_french__sbs_en_franais/20251128_20251128082014-french-3218b267-e5d8-4373-9653-ed6f03af0dd5.mp3, de.danoeh.antennapod.net.download.service.episode.EpisodeDownloadWorker, episodeDownload } ]
12-01 06:21:59.360 30442 30442 D MainActivity: onEvent(de.danoeh.antennapod.event.MessageEvent@3a5db7)
12-01 06:21:59.363 30442 30536 D DBReader: getFavoriteIDList() called
12-01 06:21:59.364 30442 30442 D TextView: setTypeface with style : 0
12-01 06:21:59.364 30442 30543 D DBReader: getFavoriteIDList() called
12-01 06:21:59.365 30442 30442 D TextView: setTypeface with style : 0
12-01 06:21:59.369 30442 30442 D MainActivity: onEvent(de.danoeh.antennapod.event.MessageEvent@9e004cb)
12-01 06:21:59.371 30442 30442 D TextView: setTypeface with style : 0
12-01 06:21:59.373 30442 30442 D TextView: setTypeface with style : 0
12-01 06:21:59.375 30442 30790 D HttpDownloader: addHeader("Accept-Encoding", "identity")
12-01 06:21:59.381 30442 30543 D DBReader: getQueueIDList() called
12-01 06:21:59.381 30442 30536 D DBReader: getQueueIDList() called
12-01 06:21:59.382 30442 30800 D HttpDownloader: addHeader("Accept-Encoding", "identity")
12-01 06:21:59.386 30442 30790 D HttpDownloader: Response code is 404
12-01 06:21:59.386 30442 30790 D HttpDownloader: onFail() called with: reason = [ERROR_NOT_FOUND], reasonDetailed = [404]
12-01 06:21:59.389 30442 30800 D HttpDownloader: Response code is 404
12-01 06:21:59.389 30442 30800 D HttpDownloader: onFail() called with: reason = [ERROR_NOT_FOUND], reasonDetailed = [404]
12-01 06:21:59.390 30442 30790 E EpisodeDownloadWorker: Download failed
12-01 06:21:59.391 30442 30800 E EpisodeDownloadWorker: Download failed
12-01 06:21:59.392 30442 30800 D EpisodeDownloadWorker: Worker for https://feeds.wdjh.org/podcasts/sbs_french__sbs_en_franais/20251129_20251129080514-french-20de8e09-e60d-483d-a5ae-543038947af9.mp3 returned.
12-01 06:21:59.394 30442 30543 D DBReader: Extracting Feedlist
12-01 06:21:59.394 30442 30790 D EpisodeDownloadWorker: Worker for https://feeds.wdjh.org/podcasts/the_racer_x_podcast_network/20251128_WeegeshowWednesdayAus_1.mp3 returned.
12-01 06:21:59.395 30442 30536 D DBReader: Extracting Feedlist
12-01 06:21:59.420 30442 30800 D DBReader: getFavoriteIDList() called
12-01 06:21:59.425 30442 30543 D UserPreferences: User data folder not writable or not set. Trying default.
12-01 06:21:59.426 30442 30790 D DBReader: getFavoriteIDList() called
12-01 06:21:59.428 30442 30543 D DownloadRequestCreat: Requesting download of url https://feeds.wdjh.org/podcasts/rc_plane_lab/20251128_EP199.mp3
12-01 06:21:59.429 30442 30536 D UserPreferences: User data folder not writable or not set. Trying default.
12-01 06:21:59.432 30442 30536 D DownloadRequestCreat: Requesting download of url https://feeds.wdjh.org/podcasts/boonta_vista/20251129_2220966239-boontavista-episode-424.mp3
12-01 06:21:59.433 30442 30800 D DBReader: getQueueIDList() called
12-01 06:21:59.433 30442 30790 D DBReader: getQueueIDList() called
12-01 06:21:59.434 30442 30800 D DBReader: Extracting Feedlist
12-01 06:21:59.434 30442 30790 D DBReader: Extracting Feedlist
12-01 06:21:59.442 30442 30543 D HttpDownloader: addHeader("Accept-Encoding", "identity")
12-01 06:21:59.445 30442 30790 D UserPreferences: User data folder not writable or not set. Trying default.
12-01 06:21:59.448 30442 30800 D UserPreferences: User data folder not writable or not set. Trying default.
12-01 06:21:59.450 30442 30543 D HttpDownloader: Response code is 404
12-01 06:21:59.450 30442 30543 D HttpDownloader: onFail() called with: reason = [ERROR_NOT_FOUND], reasonDetailed = [404]
12-01 06:21:59.450 30442 30536 D HttpDownloader: addHeader("Accept-Encoding", "identity")
12-01 06:21:59.451 30442 30790 D DownloadRequestCreat: Requesting download of url https://feeds.wdjh.org/podcasts/all_in_the_mind/20251130_1u.mp3
12-01 06:21:59.451 30442 30543 E EpisodeDownloadWorker: Download failed
12-01 06:21:59.452 30442 30543 D EpisodeDownloadWorker: Worker for https://feeds.wdjh.org/podcasts/rc_plane_lab/20251128_EP199.mp3 returned.
12-01 06:21:59.453 30442 30442 D ItemDescriptionFragment: Saving preferences
12-01 06:21:59.453 30442 30442 D ItemDescriptionFragment: Saving scroll position: 0
12-01 06:21:59.458 30442 30800 D DownloadRequestCreat: Requesting download of url https://feeds.wdjh.org/podcasts/abc_rewind/20251129_06.mp3
12-01 06:21:59.469 30442 30536 D HttpDownloader: Response code is 404
12-01 06:21:59.469 30442 30536 D HttpDownloader: onFail() called with: reason = [ERROR_NOT_FOUND], reasonDetailed = [404]
12-01 06:21:59.471 30442 30536 E EpisodeDownloadWorker: Download failed
12-01 06:21:59.472 30442 30536 D EpisodeDownloadWorker: Worker for https://feeds.wdjh.org/podcasts/boonta_vista/20251129_2220966239-boontavista-episode-424.mp3 returned.
12-01 06:21:59.490 30442 30543 D DBReader: getFavoriteIDList() called
12-01 06:21:59.491 30442 30790 D HttpDownloader: addHeader("Accept-Encoding", "identity")
12-01 06:21:59.496 30442 30536 D DBReader: getFavoriteIDList() called
12-01 06:21:59.497 30442 30543 D DBReader: getQueueIDList() called
12-01 06:21:59.497 30442 30800 D HttpDownloader: addHeader("Accept-Encoding", "identity")
12-01 06:21:59.499 30442 30790 D HttpDownloader: Response code is 404
12-01 06:21:59.500 30442 30790 D HttpDownloader: onFail() called with: reason = [ERROR_NOT_FOUND], reasonDetailed = [404]
12-01 06:21:59.501 30442 30790 E EpisodeDownloadWorker: Download failed
12-01 06:21:59.501 30442 30790 D EpisodeDownloadWorker: Worker for https://feeds.wdjh.org/podcasts/all_in_the_mind/20251130_1u.mp3 returned.
12-01 06:21:59.504 30442 30536 D DBReader: getQueueIDList() called
12-01 06:21:59.504 30442 30543 D DBReader: Extracting Feedlist
12-01 06:21:59.504 30442 30800 D HttpDownloader: Response code is 404
12-01 06:21:59.504 30442 30800 D HttpDownloader: onFail() called with: reason = [ERROR_NOT_FOUND], reasonDetailed = [404]
12-01 06:21:59.507 30442 30790 D DBReader: getFavoriteIDList() called
12-01 06:21:59.507 30442 30800 E EpisodeDownloadWorker: Download failed
12-01 06:21:59.509 30442 30800 D EpisodeDownloadWorker: Worker for https://feeds.wdjh.org/podcasts/abc_rewind/20251129_06.mp3 returned.
12-01 06:21:59.509 30442 30536 D DBReader: Extracting Feedlist
12-01 06:21:59.531 30442 30442 D MainActivity: onEvent(de.danoeh.antennapod.event.MessageEvent@81b674a)
12-01 06:21:59.533 30442 30442 D TextView: setTypeface with style : 0
12-01 06:21:59.534 30442 30543 D UserPreferences: User data folder not writable or not set. Trying default.
12-01 06:21:59.534 30442 30442 D TextView: setTypeface with style : 0
12-01 06:21:59.537 30442 30543 D DownloadRequestCreat: Requesting download of url https://feeds.wdjh.org/podcasts/sbs_french__sbs_en_franais/20251130_20251130080108-french-2835b984-fba8-4c0b-ae17-ad98ca62e21b.mp3
12-01 06:21:59.541 30442 30790 D DBReader: getQueueIDList() called
12-01 06:21:59.542 30442 30442 D ItemDescriptionFragment: Saving preferences
12-01 06:21:59.542 30442 30442 D ItemDescriptionFragment: Saving scroll position: 0
12-01 06:21:59.545 30442 30442 D TextView: setTypeface with style : 0
12-01 06:21:59.546 30442 30442 D TextView: setTypeface with style : 0
12-01 06:21:59.546 30442 30536 D UserPreferences: User data folder not writable or not set. Trying default.
12-01 06:21:59.547 30442 30442 D TextView: setTypeface with style : 0
12-01 06:21:59.548 30442 30536 D DownloadRequestCreat: Requesting download of url https://feeds.wdjh.org/podcasts/sbs_french__sbs_en_franais/20251130_20251130140019-french-e8af9bb9-bb18-4889-acc8-784690a32aa9.mp3
12-01 06:21:59.551 30442 30543 D HttpDownloader: addHeader("Accept-Encoding", "identity")
12-01 06:21:59.552 30442 30442 D TextView: setTypeface with style : 0
12-01 06:21:59.556 30442 30790 D DBReader: Extracting Feedlist
12-01 06:21:59.557 30442 30536 D HttpDownloader: addHeader("Accept-Encoding", "identity")
12-01 06:21:59.559 30442 30496 I WM-WorkerWrapper: Worker result FAILURE for Work [ id=a2639d9b-509c-4d30-bd2a-4aa38b585e62, tags={ episodeUrl:https://feeds.wdjh.org/podcasts/abc_rewind/20251128_63.mp3, de.danoeh.antennapod.net.download.service.episode.EpisodeDownloadWorker, episodeDownload } ]
12-01 06:21:59.560 30442 30543 D HttpDownloader: Response code is 404
12-01 06:21:59.560 30442 30543 D HttpDownloader: onFail() called with: reason = [ERROR_NOT_FOUND], reasonDetailed = [404]
12-01 06:21:59.562 30442 30543 E EpisodeDownloadWorker: Download failed
12-01 06:21:59.563 30442 30543 D EpisodeDownloadWorker: Worker for https://feeds.wdjh.org/podcasts/sbs_french__sbs_en_franais/20251130_20251130080108-french-2835b984-fba8-4c0b-ae17-ad98ca62e21b.mp3 returned.
12-01 06:21:59.563 30442 30442 D TextView: setTypeface with style : 0
12-01 06:21:59.564 30442 30442 D TextView: setTypeface with style : 0
12-01 06:21:59.565 30442 30442 D TextView: setTypeface with style : 0
12-01 06:21:59.566 30442 30790 D UserPreferences: User data folder not writable or not set. Trying default.
12-01 06:21:59.567 30442 30442 D TextView: setTypeface with style : 0
12-01 06:21:59.569 30442 30790 D DownloadRequestCreat: Requesting download of url https://feeds.wdjh.org/podcasts/unravel/20251127_9v.mp3
12-01 06:21:59.571 30442 30442 D TextView: setTypeface with style : 0
12-01 06:21:59.573 30442 30442 D TextView: setTypeface with style : 0
12-01 06:21:59.574 30442 30442 D TextView: setTypeface with style : 0
12-01 06:21:59.576 30442 30442 D TextView: setTypeface with style : 0
12-01 06:21:59.576 30442 30536 D HttpDownloader: Response code is 404
12-01 06:21:59.576 30442 30536 D HttpDownloader: onFail() called with: reason = [ERROR_NOT_FOUND], reasonDetailed = [404]
12-01 06:21:59.577 30442 30536 E EpisodeDownloadWorker: Download failed
12-01 06:21:59.578 30442 30536 D EpisodeDownloadWorker: Worker for https://feeds.wdjh.org/podcasts/sbs_french__sbs_en_franais/20251130_20251130140019-french-e8af9bb9-bb18-4889-acc8-784690a32aa9.mp3 returned.
12-01 06:21:59.582 30442 30442 D TextView: setTypeface with style : 0
12-01 06:21:59.583 30442 30442 D TextView: setTypeface with style : 0
12-01 06:21:59.584 30442 30442 D TextView: setTypeface with style : 0
12-01 06:21:59.586 30442 30442 D TextView: setTypeface with style : 0
12-01 06:21:59.586 30442 30496 I WM-WorkerWrapper: Worker result FAILURE for Work [ id=012f5f2e-7a79-445d-bc1b-5b7f0aecbf18, tags={ de.danoeh.antennapod.net.download.service.episode.EpisodeDownloadWorker, episodeUrl:https://feeds.wdjh.org/podcasts/sbs_french__sbs_en_franais/20251128_20251128075814-french-8656a917-6e99-460e-8e3d-5426b1ebf6b6.mp3, episodeDownload } ]
12-01 06:21:59.590 30442 30442 D TextView: setTypeface with style : 0
12-01 06:21:59.591 30442 30442 D TextView: setTypeface with style : 0
12-01 06:21:59.592 30442 30442 D TextView: setTypeface with style : 0
12-01 06:21:59.593 30442 30442 D TextView: setTypeface with style : 0
12-01 06:21:59.598 30442 30442 D TextView: setTypeface with style : 0
12-01 06:21:59.599 30442 30442 D TextView: setTypeface with style : 0
12-01 06:21:59.600 30442 30442 D TextView: setTypeface with style : 0
12-01 06:21:59.600 30442 30790 D HttpDownloader: addHeader("Accept-Encoding", "identity")
12-01 06:21:59.602 30442 30442 D TextView: setTypeface with style : 0
12-01 06:21:59.604 30442 30496 I WM-WorkerWrapper: Worker result FAILURE for Work [ id=d2996be9-bb71-45ce-8190-2faba1501297, tags={ de.danoeh.antennapod.net.download.service.episode.EpisodeDownloadWorker, episodeUrl:https://feeds.wdjh.org/podcasts/abc_rewind/20251128_61.mp3, episodeDownload } ]
12-01 06:21:59.609 30442 30442 D TextView: setTypeface with style : 0
12-01 06:21:59.609 30442 30790 D HttpDownloader: Response code is 404
12-01 06:21:59.609 30442 30790 D HttpDownloader: onFail() called with: reason = [ERROR_NOT_FOUND], reasonDetailed = [404]
12-01 06:21:59.610 30442 30442 D TextView: setTypeface with style : 0
12-01 06:21:59.610 30442 30790 E EpisodeDownloadWorker: Download failed
12-01 06:21:59.611 30442 30442 D TextView: setTypeface with style : 0
12-01 06:21:59.612 30442 30790 D EpisodeDownloadWorker: Worker for https://feeds.wdjh.org/podcasts/unravel/20251127_9v.mp3 returned.
12-01 06:21:59.613 30442 30442 D TextView: setTypeface with style : 0
12-01 06:21:59.617 30442 30442 D TextView: setTypeface with style : 0
12-01 06:21:59.618 30442 30442 D TextView: setTypeface with style : 0
12-01 06:21:59.619 30442 30442 D TextView: setTypeface with style : 0
12-01 06:21:59.621 30442 30496 I WM-WorkerWrapper: Worker result FAILURE for Work [ id=ba1caec7-309d-4c3c-b881-aa91ab481bf3, tags={ episodeUrl:https://feeds.wdjh.org/podcasts/knowledge_fight/20251128_Nov15-2025.mp3, de.danoeh.antennapod.net.download.service.episode.EpisodeDownloadWorker, episodeDownload } ]
12-01 06:21:59.621 30442 30442 D TextView: setTypeface with style : 0
12-01 06:21:59.625 30442 30442 D TextView: setTypeface with style : 0
12-01 06:21:59.626 30442 30442 D TextView: setTypeface with style : 0
12-01 06:21:59.628 30442 30442 D TextView: setTypeface with style : 0
12-01 06:21:59.630 30442 30442 D TextView: setTypeface with style : 0
12-01 06:21:59.637 30442 30442 D TextView: setTypeface with style : 0
12-01 06:21:59.638 30442 30442 D TextView: setTypeface with style : 0
12-01 06:21:59.640 30442 30442 D TextView: setTypeface with style : 0
12-01 06:21:59.641 30442 30442 D TextView: setTypeface with style : 0
12-01 06:21:59.645 30442 30442 D TextView: setTypeface with style : 0
12-01 06:21:59.646 30442 30442 D TextView: setTypeface with style : 0
12-01 06:21:59.647 30442 30442 D TextView: setTypeface with style : 0
12-01 06:21:59.649 30442 30442 D TextView: setTypeface with style : 0
12-01 06:21:59.653 30442 30442 D TextView: setTypeface with style : 0
12-01 06:21:59.654 30442 30442 D TextView: setTypeface with style : 0
12-01 06:21:59.655 30442 30459 I WM-WorkerWrapper: Worker result FAILURE for Work [ id=fed5745d-f463-4051-a180-2662e5fc7b21, tags={ de.danoeh.antennapod.net.download.service.episode.EpisodeDownloadWorker, episodeUrl:https://feeds.wdjh.org/podcasts/the_conditional_release_program/20251128_stream.mp3, episodeDownload } ]
12-01 06:21:59.656 30442 30442 D TextView: setTypeface with style : 0
12-01 06:21:59.657 30442 30442 D TextView: setTypeface with style : 0
12-01 06:21:59.664 30442 30442 D TextView: setTypeface with style : 0
12-01 06:21:59.665 30442 30442 D TextView: setTypeface with style : 0
12-01 06:21:59.666 30442 30442 D TextView: setTypeface with style : 0
12-01 06:21:59.668 30442 30442 D TextView: setTypeface with style : 0
12-01 06:21:59.672 30442 30442 D TextView: setTypeface with style : 0
12-01 06:21:59.673 30442 30442 D TextView: setTypeface with style : 0
12-01 06:21:59.675 30442 30442 D TextView: setTypeface with style : 0
12-01 06:21:59.676 30442 30442 D TextView: setTypeface with style : 0
12-01 06:21:59.681 30442 30442 D TextView: setTypeface with style : 0
12-01 06:21:59.682 30442 30442 D TextView: setTypeface with style : 0
12-01 06:21:59.683 30442 30442 D TextView: setTypeface with style : 0
12-01 06:21:59.685 30442 30442 D TextView: setTypeface with style : 0
12-01 06:21:59.688 30442 30470 I WM-WorkerWrapper: Worker result FAILURE for Work [ id=5d48f5a6-8eea-499a-9494-19f37c68c43d, tags={ episodeUrl:https://feeds.wdjh.org/podcasts/mushroom_case_daily/20251128_b8.mp3, de.danoeh.antennapod.net.download.service.episode.EpisodeDownloadWorker, episodeDownload } ]
12-01 06:21:59.719 30442 30470 I WM-WorkerWrapper: Worker result FAILURE for Work [ id=81a5718e-cb5c-4167-8c52-0b4e65f6d728, tags={ de.danoeh.antennapod.net.download.service.episode.EpisodeDownloadWorker, episodeUrl:https://feeds.wdjh.org/podcasts/background_briefing/20251129_ph.mp3, episodeDownload } ]
12-01 06:21:59.727 30442 30442 D MainActivity: onEvent(de.danoeh.antennapod.event.MessageEvent@f41e3f1)
12-01 06:21:59.729 30442 30442 D TextView: setTypeface with style : 0
