12-01 06:15:43.562 30442 30442 D ViewRootImpl@fa41c15[MainActivity]: ViewPostImeInputStage processPointer 0
12-01 06:15:43.564 30442 30442 D ItemDescriptionFragment: Saving preferences
12-01 06:15:43.564 30442 30442 D ItemDescriptionFragment: Saving scroll position: 0
12-01 06:15:43.571 30442 30442 D ItemDescriptionFragment: Saving preferences
12-01 06:15:43.571 30442 30442 D ItemDescriptionFragment: Saving scroll position: 0
12-01 06:15:43.585 30442 30498 I WM-WorkerWrapper: Worker result FAILURE for Work [ id=72f390c3-c529-41ad-9cbd-94edcdb53482, tags={ de.danoeh.antennapod.net.download.service.episode.EpisodeDownloadWorker, episodeUrl:https://feeds.wdjh.org/podcasts/background_briefing/20251129_ph.mp3, episodeDownload } ]
12-01 06:15:43.593 30442 30498 I WM-WorkerWrapper: Worker result FAILURE for Work [ id=903abf25-e155-459c-998c-8301d0e778d8, tags={ de.danoeh.antennapod.net.download.service.episode.EpisodeDownloadWorker, episodeUrl:https://feeds.wdjh.org/podcasts/the_steve_matthes_show_on_racerx/20251130_251129_wsx_pulpcasts.mp3, episodeDownload } ]
12-01 06:15:43.601 30442 30498 I WM-WorkerWrapper: Worker result FAILURE for Work [ id=fd525724-ef3b-4106-8b3f-35156859995f, tags={ episodeUrl:https://feeds.wdjh.org/podcasts/politics_now/20251129_n6.mp3, de.danoeh.antennapod.net.download.service.episode.EpisodeDownloadWorker, episodeDownload } ]
12-01 06:15:43.654 30442 30498 I WM-WorkerWrapper: Worker result FAILURE for Work [ id=2f1b0a98-082d-4903-babe-d8bde19567b0, tags={ de.danoeh.antennapod.net.download.service.episode.EpisodeDownloadWorker, episodeUrl:https://feeds.wdjh.org/podcasts/sbs_french__sbs_en_franais/20251129_20251129140016-french-5f122eb7-3ad2-4c02-bdd1-ef71284f277e.mp3, episodeDownload } ]
12-01 06:15:43.686 30442 30442 D AudioPlayerFragment: currentPosition 00:08:25
12-01 06:15:43.746 30442 30459 I WM-WorkerWrapper: Worker result FAILURE for Work [ id=8cfc73b5-b68a-4386-ab8b-281a0b9ad479, tags={ de.danoeh.antennapod.net.download.service.episode.EpisodeDownloadWorker, episodeUrl:https://feeds.wdjh.org/podcasts/sbs_french__sbs_en_franais/20251129_20251129080514-french-20de8e09-e60d-483d-a5ae-543038947af9.mp3, episodeDownload } ]
12-01 06:15:43.839 30442 30496 I WM-WorkerWrapper: Worker result FAILURE for Work [ id=03e9005f-8a18-44f1-b925-686af7f6614b, tags={ de.danoeh.antennapod.net.download.service.episode.EpisodeDownloadWorker, episodeUrl:https://feeds.wdjh.org/podcasts/boonta_vista/20251129_2220966239-boontavista-episode-424.mp3, episodeDownload } ]
12-01 06:15:43.863 30442 30496 I WM-WorkerWrapper: Worker result FAILURE for Work [ id=695c12fd-da68-411b-b9a9-7fdd3afd1870, tags={ episodeUrl:https://feeds.wdjh.org/podcasts/the_racer_x_podcast_network/20251128_WeegeshowWednesdayAus_1.mp3, de.danoeh.antennapod.net.download.service.episode.EpisodeDownloadWorker, episodeDownload } ]
12-01 06:15:43.869 30442 30496 I WM-WorkerWrapper: Worker result FAILURE for Work [ id=65f4c725-a5d6-408b-8872-fd3271d137c2, tags={ episodeUrl:https://feeds.wdjh.org/podcasts/rc_plane_lab/20251128_EP199.mp3, de.danoeh.antennapod.net.download.service.episode.EpisodeDownloadWorker, episodeDownload } ]
12-01 06:15:43.912 30442 30496 I WM-WorkerWrapper: Worker result FAILURE for Work [ id=034ef276-3509-49c6-ad9d-9ffc46447ee5, tags={ episodeUrl:https://feeds.wdjh.org/podcasts/abc_rewind/20251129_06.mp3, de.danoeh.antennapod.net.download.service.episode.EpisodeDownloadWorker, episodeDownload } ]
12-01 06:15:43.926 30442 30496 I WM-WorkerWrapper: Worker result FAILURE for Work [ id=2ca8a523-e29c-4c0f-917b-e02f29218bb1, tags={ episodeUrl:https://feeds.wdjh.org/podcasts/all_in_the_mind/20251130_1u.mp3, de.danoeh.antennapod.net.download.service.episode.EpisodeDownloadWorker, episodeDownload } ]
12-01 06:15:43.935 30442 30496 I WM-WorkerWrapper: Worker result FAILURE for Work [ id=1cd6ed06-0b67-4e07-9710-f13e9a5d4272, tags={ episodeUrl:https://feeds.wdjh.org/podcasts/sbs_french__sbs_en_franais/20251130_20251130080108-french-2835b984-fba8-4c0b-ae17-ad98ca62e21b.mp3, de.danoeh.antennapod.net.download.service.episode.EpisodeDownloadWorker, episodeDownload } ]
12-01 06:15:43.960 30442 30496 I WM-WorkerWrapper: Worker result FAILURE for Work [ id=bcdf3a5c-14d0-4fec-b354-99c14500e7a8, tags={ de.danoeh.antennapod.net.download.service.episode.EpisodeDownloadWorker, episodeUrl:https://feeds.wdjh.org/podcasts/sbs_french__sbs_en_franais/20251130_20251130140019-french-e8af9bb9-bb18-4889-acc8-784690a32aa9.mp3, episodeDownload } ]
12-01 06:15:43.971 30442 30496 I WM-WorkerWrapper: Worker result FAILURE for Work [ id=dcd3301d-03ec-4158-879b-24f6dcf120d8, tags={ de.danoeh.antennapod.net.download.service.episode.EpisodeDownloadWorker, episodeUrl:https://feeds.wdjh.org/podcasts/unravel/20251127_9v.mp3, episodeDownload } ]
12-01 06:15:44.086 30442 30442 D ViewRootImpl@fa41c15[MainActivity]: ViewPostImeInputStage processPointer 1
12-01 06:15:44.095 30442 30442 D ConnectivityManager: unregisterNetworkCallback; CallingUid : 10275, CallingPid : 30442
12-01 06:15:44.101 30442 30497 E ConnectivityManager.CallbackHandler: callback not found for RELEASED message
12-01 06:15:44.646 30442 30442 D AudioPlayerFragment: currentPosition 00:08:26
12-01 06:15:45.646 30442 30442 D AudioPlayerFragment: currentPosition 00:08:27
12-01 06:15:46.646 30442 30442 D AudioPlayerFragment: currentPosition 00:08:28
12-01 06:15:47.646 30442 30442 D AudioPlayerFragment: currentPosition 00:08:29
12-01 06:15:47.743 30442 30442 D PlaybackService: Saving current position to 509903
12-01 06:15:48.647 30442 30442 D AudioPlayerFragment: currentPosition 00:08:30
12-01 06:15:49.646 30442 30442 D AudioPlayerFragment: currentPosition 00:08:31
12-01 06:15:49.672 30442 30442 D ViewRootImpl@fa41c15[MainActivity]: ViewPostImeInputStage processPointer 0
12-01 06:15:50.220 30442 30442 D ViewRootImpl@fa41c15[MainActivity]: ViewPostImeInputStage processPointer 1
12-01 06:15:50.644 30442 30442 D AudioPlayerFragment: currentPosition 00:08:32
12-01 06:15:51.495 30442 30442 D ViewRootImpl@fa41c15[MainActivity]: ViewPostImeInputStage processPointer 0
12-01 06:15:51.644 30442 30442 D AudioPlayerFragment: currentPosition 00:08:33
12-01 06:15:52.023 30442 30442 D ViewRootImpl@fa41c15[MainActivity]: ViewPostImeInputStage processPointer 1
12-01 06:15:52.646 30442 30442 D AudioPlayerFragment: currentPosition 00:08:34
12-01 06:15:52.742 30442 30442 D PlaybackService: Saving current position to 514897
12-01 06:15:53.645 30442 30442 D AudioPlayerFragment: currentPosition 00:08:35
12-01 06:15:54.646 30442 30442 D AudioPlayerFragment: currentPosition 00:08:36
12-01 06:15:55.646 30442 30442 D AudioPlayerFragment: currentPosition 00:08:37
12-01 06:15:56.646 30442 30442 D AudioPlayerFragment: currentPosition 00:08:38
12-01 06:15:57.628 30442 30442 D ViewRootImpl@fa41c15[MainActivity]: ViewPostImeInputStage processPointer 0
12-01 06:15:57.644 30442 30442 D AudioPlayerFragment: currentPosition 00:08:39
12-01 06:15:57.742 30442 30442 D PlaybackService: Saving current position to 519901
12-01 06:15:58.123 30442 30442 D ViewRootImpl@fa41c15[MainActivity]: ViewPostImeInputStage processPointer 1
12-01 06:15:58.644 30442 30442 D AudioPlayerFragment: currentPosition 00:08:40
12-01 06:15:58.712 30442 30442 D ViewRootImpl@fa41c15[MainActivity]: ViewPostImeInputStage processPointer 0
12-01 06:15:59.045 30442 30442 D ViewRootImpl@fa41c15[MainActivity]: ViewPostImeInputStage processPointer 1
12-01 06:15:59.627 30442 30442 D ViewRootImpl@fa41c15[MainActivity]: ViewPostImeInputStage processPointer 0
12-01 06:15:59.644 30442 30442 D AudioPlayerFragment: currentPosition 00:08:41
12-01 06:16:00.026 30442 30442 D ViewRootImpl@fa41c15[MainActivity]: ViewPostImeInputStage processPointer 1
12-01 06:16:00.645 30442 30442 D AudioPlayerFragment: currentPosition 00:08:42
12-01 06:16:01.648 30442 30442 D AudioPlayerFragment: currentPosition 00:08:43
12-01 06:16:02.646 30442 30442 D AudioPlayerFragment: currentPosition 00:08:44
12-01 06:16:02.743 30442 30442 D PlaybackService: Saving current position to 524903
12-01 06:16:03.645 30442 30442 D AudioPlayerFragment: currentPosition 00:08:45
12-01 06:16:04.463 30442 30442 D ViewRootImpl@fa41c15[MainActivity]: ViewPostImeInputStage processPointer 0
12-01 06:16:04.592 30442 30442 D ViewRootImpl@fa41c15[MainActivity]: ViewPostImeInputStage processPointer 1
12-01 06:16:04.597 30442 30442 D NavDrawerFragment: saveLastNavFragment(tag: SubscriptionFragment)
12-01 06:16:04.612 30442 30442 D MainActivity: loadFragment(tag: SubscriptionFragment, args: null)
12-01 06:16:04.655 30442 30442 D TextView: setTypeface with style : 0
12-01 06:16:04.656 30442 30442 D TextView: setTypeface with style : 0
12-01 06:16:04.658 30442 30442 D TextView: setTypeface with style : 0
12-01 06:16:04.678 30442 30442 D TextView: setTypeface with style : 0
12-01 06:16:04.679 30442 30442 D TextView: setTypeface with style : 0
12-01 06:16:04.682 30442 30442 D TextView: setTypeface with style : 0
12-01 06:16:04.683 30442 30442 D TextView: setTypeface with style : 0
12-01 06:16:04.686 30442 30442 D TextView: setTypeface with style : 0
12-01 06:16:04.687 30442 30442 D TextView: setTypeface with style : 0
12-01 06:16:04.689 30442 30442 D TextView: setTypeface with style : 0
12-01 06:16:04.695 30442 30442 D TextView: setTypeface with style : 0
12-01 06:16:04.696 30442 30442 D TextView: setTypeface with style : 0
12-01 06:16:04.699 30442 30442 D TextView: setTypeface with style : 0
12-01 06:16:04.702 30442 30442 D TextView: setTypeface with style : 0
12-01 06:16:04.703 30442 30442 D TextView: setTypeface with style : 0
12-01 06:16:04.707 30442 30442 D TextView: setTypeface with style : 0
12-01 06:16:04.710 30442 30442 D TextView: setTypeface with style : 0
12-01 06:16:04.721 30442 30442 D ItemDescriptionFragment: Saving preferences
12-01 06:16:04.721 30442 30442 D ItemDescriptionFragment: Saving scroll position: 0
12-01 06:16:04.724 30442 31923 D DBReader: Extracting Feedlist
12-01 06:16:04.729 30442 30442 D AudioPlayerFragment: currentPosition 00:08:46
12-01 06:16:04.743 30442 30442 D ItemDescriptionFragment: Saving preferences
12-01 06:16:04.743 30442 30442 D ItemDescriptionFragment: Saving scroll position: 0
12-01 06:16:04.779 30442 30442 D TextView: setTypeface with style : 0
12-01 06:16:04.784 30442 30442 D TextView: setTypeface with style : 0
12-01 06:16:04.789 30442 30442 D TextView: setTypeface with style : 0
12-01 06:16:04.829 30442 30442 D TextView: setTypeface with style : 0
12-01 06:16:04.875 30442 30442 D TextView: setTypeface with style : 0
12-01 06:16:04.876 30442 30442 D TextView: setTypeface with style : 0
12-01 06:16:04.877 30442 30442 D TextView: setTypeface with style : 0
12-01 06:16:04.879 30442 30442 D TextView: setTypeface with style : 0
12-01 06:16:04.883 30442 30442 D TextView: setTypeface with style : 0
12-01 06:16:04.884 30442 30442 D TextView: setTypeface with style : 0
12-01 06:16:04.885 30442 30442 D TextView: setTypeface with style : 0
12-01 06:16:04.886 30442 30442 D TextView: setTypeface with style : 0
12-01 06:16:04.892 30442 30442 D TextView: setTypeface with style : 0
12-01 06:16:04.893 30442 30442 D TextView: setTypeface with style : 0
12-01 06:16:04.894 30442 30442 D TextView: setTypeface with style : 0
12-01 06:16:04.896 30442 30442 D TextView: setTypeface with style : 0
12-01 06:16:04.900 30442 30442 D TextView: setTypeface with style : 0
12-01 06:16:04.901 30442 30442 D TextView: setTypeface with style : 0
12-01 06:16:04.902 30442 30442 D TextView: setTypeface with style : 0
12-01 06:16:04.903 30442 30442 D TextView: setTypeface with style : 0
12-01 06:16:04.908 30442 30442 D TextView: setTypeface with style : 0
12-01 06:16:04.908 30442 30442 D TextView: setTypeface with style : 0
12-01 06:16:04.910 30442 30442 D TextView: setTypeface with style : 0
12-01 06:16:04.911 30442 30442 D TextView: setTypeface with style : 0
12-01 06:16:04.917 30442 30442 D TextView: setTypeface with style : 0
12-01 06:16:04.918 30442 30442 D TextView: setTypeface with style : 0
12-01 06:16:04.919 30442 30442 D TextView: setTypeface with style : 0
12-01 06:16:04.921 30442 30442 D TextView: setTypeface with style : 0
12-01 06:16:04.925 30442 30442 D TextView: setTypeface with style : 0
12-01 06:16:04.926 30442 30442 D TextView: setTypeface with style : 0
12-01 06:16:04.927 30442 30442 D TextView: setTypeface with style : 0
12-01 06:16:04.928 30442 30442 D TextView: setTypeface with style : 0
12-01 06:16:04.933 30442 30442 D TextView: setTypeface with style : 0
12-01 06:16:04.934 30442 30442 D TextView: setTypeface with style : 0
12-01 06:16:04.935 30442 30442 D TextView: setTypeface with style : 0
12-01 06:16:04.937 30442 30442 D TextView: setTypeface with style : 0
12-01 06:16:04.943 30442 30442 D TextView: setTypeface with style : 0
12-01 06:16:04.944 30442 30442 D TextView: setTypeface with style : 0
12-01 06:16:04.945 30442 30442 D TextView: setTypeface with style : 0
12-01 06:16:04.946 30442 30442 D TextView: setTypeface with style : 0
12-01 06:16:04.950 30442 30442 D TextView: setTypeface with style : 0
12-01 06:16:04.951 30442 30442 D TextView: setTypeface with style : 0
12-01 06:16:04.952 30442 30442 D TextView: setTypeface with style : 0
12-01 06:16:04.953 30442 30442 D TextView: setTypeface with style : 0
12-01 06:16:04.958 30442 30442 D TextView: setTypeface with style : 0
12-01 06:16:04.959 30442 30442 D TextView: setTypeface with style : 0
12-01 06:16:04.960 30442 30442 D TextView: setTypeface with style : 0
12-01 06:16:04.961 30442 30442 D TextView: setTypeface with style : 0
12-01 06:16:05.644 30442 30442 D AudioPlayerFragment: currentPosition 00:08:47
12-01 06:16:05.775 30442 30453 I art : Background partial concurrent mark sweep GC freed 26501(1233KB) AllocSpace objects, 0(0B) LOS objects, 22% free, 55MB/71MB, paused 1.295ms total 115.472ms
12-01 06:16:06.644 30442 30442 D AudioPlayerFragment: currentPosition 00:08:48
12-01 06:16:07.158 30442 30442 D ViewRootImpl@fa41c15[MainActivity]: ViewPostImeInputStage processPointer 0
12-01 06:16:07.236 30442 30442 D TextView: setTypeface with style : 0
12-01 06:16:07.238 30442 30442 D TextView: setTypeface with style : 0
12-01 06:16:07.240 30442 30442 D TextView: setTypeface with style : 0
12-01 06:16:07.252 30442 30442 D TextView: setTypeface with style : 0
12-01 06:16:07.285 30442 30442 D TextView: setTypeface with style : 0
12-01 06:16:07.286 30442 30442 D TextView: setTypeface with style : 0
12-01 06:16:07.288 30442 30442 D TextView: setTypeface with style : 0
12-01 06:16:07.290 30442 30442 D TextView: setTypeface with style : 0
12-01 06:16:07.295 30442 30442 D TextView: setTypeface with style : 0
12-01 06:16:07.296 30442 30442 D TextView: setTypeface with style : 0
12-01 06:16:07.297 30442 30442 D TextView: setTypeface with style : 0
12-01 06:16:07.299 30442 30442 D TextView: setTypeface with style : 0
12-01 06:16:07.390 30442 30442 D TextView: setTypeface with style : 0
12-01 06:16:07.392 30442 30442 D TextView: setTypeface with style : 0
12-01 06:16:07.396 30442 30442 D TextView: setTypeface with style : 0
12-01 06:16:07.401 30442 30442 D TextView: setTypeface with style : 0
12-01 06:16:07.406 30442 30442 D ViewRootImpl@fa41c15[MainActivity]: ViewPostImeInputStage processPointer 1
12-01 06:16:07.436 30442 30442 D TextView: setTypeface with style : 0
12-01 06:16:07.437 30442 30442 D TextView: setTypeface with style : 0
12-01 06:16:07.439 30442 30442 D TextView: setTypeface with style : 0
12-01 06:16:07.441 30442 30442 D TextView: setTypeface with style : 0
12-01 06:16:07.447 30442 30442 D TextView: setTypeface with style : 0
12-01 06:16:07.449 30442 30442 D TextView: setTypeface with style : 0
12-01 06:16:07.451 30442 30442 D TextView: setTypeface with style : 0
12-01 06:16:07.453 30442 30442 D TextView: setTypeface with style : 0
12-01 06:16:07.607 30442 30442 D TextView: setTypeface with style : 0
12-01 06:16:07.609 30442 30442 D TextView: setTypeface with style : 0
12-01 06:16:07.611 30442 30442 D TextView: setTypeface with style : 0
12-01 06:16:07.614 30442 30442 D TextView: setTypeface with style : 0
12-01 06:16:07.624 30442 30442 D TextView: setTypeface with style : 0
12-01 06:16:07.625 30442 30442 D TextView: setTypeface with style : 0
12-01 06:16:07.628 30442 30442 D TextView: setTypeface with style : 0
12-01 06:16:07.631 30442 30442 D TextView: setTypeface with style : 0
12-01 06:16:07.650 30442 30442 D AudioPlayerFragment: currentPosition 00:08:49
12-01 06:16:07.744 30442 30442 D PlaybackService: Saving current position to 529901
12-01 06:16:07.786 30442 30442 D TextView: setTypeface with style : 0
12-01 06:16:07.787 30442 30442 D TextView: setTypeface with style : 0
12-01 06:16:07.789 30442 30442 D TextView: setTypeface with style : 0
12-01 06:16:07.791 30442 30442 D TextView: setTypeface with style : 0
12-01 06:16:08.334 30442 30442 D ViewRootImpl@fa41c15[MainActivity]: ViewPostImeInputStage processPointer 0
12-01 06:16:08.463 30442 30442 D ViewRootImpl@fa41c15[MainActivity]: ViewPostImeInputStage processPointer 1
12-01 06:16:08.644 30442 30442 D AudioPlayerFragment: currentPosition 00:08:50
12-01 06:16:09.067 30442 30442 D ViewRootImpl@fa41c15[MainActivity]: ViewPostImeInputStage processPointer 0
12-01 06:16:09.325 30442 30442 D ViewRootImpl@fa41c15[MainActivity]: ViewPostImeInputStage processPointer 1
12-01 06:16:09.555 30442 30442 D AutoUpdateManager: Run auto update immediately in background.
12-01 06:16:09.595 30442 30470 D ConnectivityManager: requestNetwork; CallingUid : 10275, CallingPid : 30442
12-01 06:16:09.616 30442 30498 I WM-Processor: Moving WorkSpec (3cabb0c9-3a2c-4c3a-9df8-f0dbbfed2cc2) to the foreground
12-01 06:16:09.624 30442 30442 I WM-SystemFgDispatcher: Started foreground service Intent { act=ACTION_START_FOREGROUND cmp=de.danoeh.antennapod/androidx.work.impl.foreground.SystemForegroundService launchParam=MultiScreenLaunchParams { mDisplayId=0 mFlags=0 } (has extras) }
12-01 06:16:09.643 30442 30800 D DBReader: Extracting Feedlist
12-01 06:16:09.651 30442 30442 D AudioPlayerFragment: currentPosition 00:08:51
12-01 06:16:09.661 30442 32724 D UserPreferences: User data folder not writable or not set. Trying default.
12-01 06:16:09.667 30442 32725 D UserPreferences: User data folder not writable or not set. Trying default.
12-01 06:16:09.669 30442 32727 D UserPreferences: User data folder not writable or not set. Trying default.
12-01 06:16:09.669 30442 32726 D UserPreferences: User data folder not writable or not set. Trying default.
12-01 06:16:09.669 30442 32724 D DownloadRequestCreat: Requesting download of url https://feeds.wdjh.org/podcasts/friendlyjordies_podcast.rss
12-01 06:16:09.670 30442 32724 D HttpDownloader: addHeader("If-Modified-Since", "Sun, 30 Nov 2025 12:38:06 GMT")
12-01 06:16:09.673 30442 32725 D DownloadRequestCreat: Requesting download of url https://feeds.wdjh.org/podcasts/the_good_liars_tell_the_truth.rss
12-01 06:16:09.674 30442 32725 D HttpDownloader: addHeader("If-Modified-Since", "Sun, 30 Nov 2025 05:24:46 GMT")
12-01 06:16:09.680 30442 32727 D DownloadRequestCreat: Requesting download of url https://feeds.wdjh.org/podcasts/full_story.rss
12-01 06:16:09.681 30442 32727 D HttpDownloader: addHeader("If-Modified-Since", "Sun, 30 Nov 2025 14:21:00 GMT")
12-01 06:16:09.684 30442 32726 D DownloadRequestCreat: Requesting download of url https://feeds.wdjh.org/podcasts/boonta_vista.rss
12-01 06:16:09.684 30442 32726 D HttpDownloader: addHeader("If-Modified-Since", "Sun, 30 Nov 2025 09:10:17 GMT")
12-01 06:16:09.688 30442 32725 D HttpDownloader: Response code is 304
12-01 06:16:09.688 30442 32725 D HttpDownloader: Feed 'https://feeds.wdjh.org/podcasts/the_good_liars_tell_the_truth.rss' not modified since last update, Download canceled
12-01 06:16:09.688 30442 32725 D HttpDownloader: Download was cancelled
12-01 06:16:09.689 30442 32727 D HttpDownloader: Response code is 304
12-01 06:16:09.689 30442 32727 D HttpDownloader: Feed 'https://feeds.wdjh.org/podcasts/full_story.rss' not modified since last update, Download canceled
12-01 06:16:09.689 30442 32727 D HttpDownloader: Download was cancelled
12-01 06:16:09.691 30442 32726 D HttpDownloader: Response code is 304
12-01 06:16:09.691 30442 32726 D HttpDownloader: Feed 'https://feeds.wdjh.org/podcasts/boonta_vista.rss' not modified since last update, Download canceled
12-01 06:16:09.691 30442 32726 D HttpDownloader: Download was cancelled
12-01 06:16:09.687 30442 32724 D HttpDownloader: Response code is 304
12-01 06:16:09.692 30442 32724 D HttpDownloader: Feed 'https://feeds.wdjh.org/podcasts/friendlyjordies_podcast.rss' not modified since last update, Download canceled
12-01 06:16:09.692 30442 32724 D HttpDownloader: Download was cancelled
12-01 06:16:09.695 30442 32725 D UserPreferences: User data folder not writable or not set. Trying default.
12-01 06:16:09.698 30442 32725 D DownloadRequestCreat: Requesting download of url https://feeds.wdjh.org/podcasts/knowledge_fight.rss
12-01 06:16:09.698 30442 32725 D HttpDownloader: addHeader("If-Modified-Since", "Sun, 30 Nov 2025 05:22:38 GMT")
12-01 06:16:09.699 30442 32727 D UserPreferences: User data folder not writable or not set. Trying default.
12-01 06:16:09.702 30442 32727 D DownloadRequestCreat: Requesting download of url https://feeds.wdjh.org/podcasts/serial.rss
12-01 06:16:09.702 30442 32727 D HttpDownloader: addHeader("If-Modified-Since", "Sun, 30 Nov 2025 05:24:07 GMT")
12-01 06:16:09.705 30442 32725 D HttpDownloader: Response code is 304
12-01 06:16:09.705 30442 32725 D HttpDownloader: Feed 'https://feeds.wdjh.org/podcasts/knowledge_fight.rss' not modified since last update, Download canceled
12-01 06:16:09.705 30442 32725 D HttpDownloader: Download was cancelled
12-01 06:16:09.706 30442 32726 D UserPreferences: User data folder not writable or not set. Trying default.
12-01 06:16:09.708 30442 32727 D HttpDownloader: Response code is 304
12-01 06:16:09.708 30442 32727 D HttpDownloader: Feed 'https://feeds.wdjh.org/podcasts/serial.rss' not modified since last update, Download canceled
12-01 06:16:09.708 30442 32727 D HttpDownloader: Download was cancelled
12-01 06:16:09.710 30442 32726 D DownloadRequestCreat: Requesting download of url https://feeds.wdjh.org/podcasts/abc_rewind.rss
12-01 06:16:09.710 30442 32726 D HttpDownloader: addHeader("If-Modified-Since", "Sun, 30 Nov 2025 06:07:52 GMT")
12-01 06:16:09.713 30442 32724 D UserPreferences: User data folder not writable or not set. Trying default.
12-01 06:16:09.716 30442 32724 D DownloadRequestCreat: Requesting download of url https://feeds.wdjh.org/podcasts/the_conditional_release_program.rss
12-01 06:16:09.716 30442 32726 D HttpDownloader: Response code is 304
12-01 06:16:09.716 30442 32726 D HttpDownloader: Feed 'https://feeds.wdjh.org/podcasts/abc_rewind.rss' not modified since last update, Download canceled
12-01 06:16:09.716 30442 32726 D HttpDownloader: Download was cancelled
12-01 06:16:09.716 30442 32724 D HttpDownloader: addHeader("If-Modified-Since", "Sun, 30 Nov 2025 05:24:35 GMT")
12-01 06:16:09.720 30442 32725 D UserPreferences: User data folder not writable or not set. Trying default.
12-01 06:16:09.721 30442 32724 D HttpDownloader: Response code is 304
12-01 06:16:09.721 30442 32724 D HttpDownloader: Feed 'https://feeds.wdjh.org/podcasts/the_conditional_release_program.rss' not modified since last update, Download canceled
12-01 06:16:09.721 30442 32724 D HttpDownloader: Download was cancelled
12-01 06:16:09.723 30442 32727 D UserPreferences: User data folder not writable or not set. Trying default.
12-01 06:16:09.728 30442 32726 D UserPreferences: User data folder not writable or not set. Trying default.
12-01 06:16:09.729 30442 32725 D DownloadRequestCreat: Requesting download of url https://feeds.wdjh.org/podcasts/politics_now.rss
12-01 06:16:09.729 30442 32725 D HttpDownloader: addHeader("If-Modified-Since", "Sun, 30 Nov 2025 05:23:12 GMT")
12-01 06:16:09.731 30442 32727 D DownloadRequestCreat: Requesting download of url https://feeds.wdjh.org/podcasts/the_dirt_unit.rss
12-01 06:16:09.733 30442 32726 D DownloadRequestCreat: Requesting download of url https://feeds.wdjh.org/podcasts/guardian_australia_reads.rss
12-01 06:16:09.734 30442 32726 D HttpDownloader: addHeader("If-Modified-Since", "Sun, 30 Nov 2025 14:36:06 GMT")
12-01 06:16:09.734 30442 32724 D UserPreferences: User data folder not writable or not set. Trying default.
12-01 06:16:09.734 30442 32725 D HttpDownloader: Response code is 304
12-01 06:16:09.734 30442 32725 D HttpDownloader: Feed 'https://feeds.wdjh.org/podcasts/politics_now.rss' not modified since last update, Download canceled
12-01 06:16:09.734 30442 32725 D HttpDownloader: Download was cancelled
12-01 06:16:09.739 30442 32727 D HttpDownloader: Response code is 200
12-01 06:16:09.740 30442 32727 D HttpDownloader: Getting size of download
12-01 06:16:09.740 30442 32727 D HttpDownloader: Size is 19008
12-01 06:16:09.740 30442 32727 D UserPreferences: User data folder not writable or not set. Trying default.
12-01 06:16:09.744 30442 32725 D UserPreferences: User data folder not writable or not set. Trying default.
12-01 06:16:09.744 30442 32724 D DownloadRequestCreat: Requesting download of url https://feeds.wdjh.org/podcasts/trace.rss
12-01 06:16:09.745 30442 32724 D HttpDownloader: addHeader("If-Modified-Since", "Sun, 30 Nov 2025 05:26:03 GMT")
12-01 06:16:09.745 30442 32727 D HttpDownloader: Free space is 6043652096
12-01 06:16:09.745 30442 32727 D HttpDownloader: Starting download
12-01 06:16:09.745 30442 32727 D HttpDownloader: Download was successful
12-01 06:16:09.746 30442 32726 D HttpDownloader: Response code is 304
12-01 06:16:09.746 30442 32726 D HttpDownloader: Feed 'https://feeds.wdjh.org/podcasts/guardian_australia_reads.rss' not modified since last update, Download canceled
12-01 06:16:09.746 30442 32726 D HttpDownloader: Download was cancelled
12-01 06:16:09.747 30442 32725 D DownloadRequestCreat: Requesting download of url https://www.abc.net.au/feeds/9863562/podcast.xml
12-01 06:16:09.749 30442 32726 D UserPreferences: User data folder not writable or not set. Trying default.
12-01 06:16:09.750 30442 32727 D TypeGetter: Recognized type RSS 2.0
12-01 06:16:09.752 30442 32726 D DownloadRequestCreat: Requesting download of url https://feeds.wdjh.org/podcasts/marianna_in_conspiracyland.rss
12-01 06:16:09.752 30442 32726 D HttpDownloader: addHeader("If-Modified-Since", "Sun, 30 Nov 2025 05:22:50 GMT")
12-01 06:16:09.754 30442 32724 D HttpDownloader: Response code is 304
12-01 06:16:09.754 30442 32724 D HttpDownloader: Feed 'https://feeds.wdjh.org/podcasts/trace.rss' not modified since last update, Download canceled
12-01 06:16:09.754 30442 32724 D HttpDownloader: Download was cancelled
12-01 06:16:09.761 30442 32724 D UserPreferences: User data folder not writable or not set. Trying default.
12-01 06:16:09.762 30442 32727 D SyndHandler: Recognized Atom namespace
12-01 06:16:09.762 30442 32727 D SyndHandler: Recognized DublinCore namespace
12-01 06:16:09.762 30442 32727 D SyndHandler: Recognized ITunes namespace
12-01 06:16:09.764 30442 32724 D DownloadRequestCreat: Requesting download of url https://feeds.wdjh.org/podcasts/conspiracy_commission.rss
12-01 06:16:09.764 30442 32724 D HttpDownloader: addHeader("If-Modified-Since", "Sun, 30 Nov 2025 11:36:01 GMT")
12-01 06:16:09.769 30442 32726 D HttpDownloader: Response code is 304
12-01 06:16:09.769 30442 32726 D HttpDownloader: Feed 'https://feeds.wdjh.org/podcasts/marianna_in_conspiracyland.rss' not modified since last update, Download canceled
12-01 06:16:09.769 30442 32726 D HttpDownloader: Download was cancelled
12-01 06:16:09.773 30442 32726 W NotificationManager: notify: id corrupted: sent 2131362420, got back 0
12-01 06:16:09.773 30442 32726 D UserPreferences: User data folder not writable or not set. Trying default.
12-01 06:16:09.773 30442 32724 D HttpDownloader: Response code is 304
12-01 06:16:09.774 30442 32724 D HttpDownloader: Feed 'https://feeds.wdjh.org/podcasts/conspiracy_commission.rss' not modified since last update, Download canceled
12-01 06:16:09.774 30442 32724 D HttpDownloader: Download was cancelled
12-01 06:16:09.775 30442 32726 D DownloadRequestCreat: Requesting download of url https://feeds.wdjh.org/podcasts/things_fell_apart.rss
12-01 06:16:09.776 30442 32726 D HttpDownloader: addHeader("If-Modified-Since", "Sun, 30 Nov 2025 05:25:49 GMT")
12-01 06:16:09.778 30442 32724 W NotificationManager: notify: id corrupted: sent 2131362420, got back 0
12-01 06:16:09.778 30442 32724 D UserPreferences: User data folder not writable or not set. Trying default.
12-01 06:16:09.781 30442 32724 D DownloadRequestCreat: Requesting download of url https://feeds.wdjh.org/podcasts/front_end_chatter.rss
12-01 06:16:09.781 30442 32724 D HttpDownloader: addHeader("If-Modified-Since", "Sun, 30 Nov 2025 14:18:55 GMT")
12-01 06:16:09.787 30442 32726 D HttpDownloader: Response code is 304
12-01 06:16:09.787 30442 32726 D HttpDownloader: Feed 'https://feeds.wdjh.org/podcasts/things_fell_apart.rss' not modified since last update, Download canceled
12-01 06:16:09.787 30442 32726 D HttpDownloader: Download was cancelled
12-01 06:16:09.792 30442 32726 W NotificationManager: notify: id corrupted: sent 2131362420, got back 0
12-01 06:16:09.792 30442 32726 D UserPreferences: User data folder not writable or not set. Trying default.
12-01 06:16:09.792 30442 32724 D HttpDownloader: Response code is 304
12-01 06:16:09.792 30442 32724 D HttpDownloader: Feed 'https://feeds.wdjh.org/podcasts/front_end_chatter.rss' not modified since last update, Download canceled
12-01 06:16:09.792 30442 32724 D HttpDownloader: Download was cancelled
12-01 06:16:09.794 30442 32726 D DownloadRequestCreat: Requesting download of url https://feeds.wdjh.org/podcasts/the_racer_x_podcast_network.rss
12-01 06:16:09.794 30442 32726 D HttpDownloader: addHeader("If-Modified-Since", "Sun, 30 Nov 2025 05:25:32 GMT")
12-01 06:16:09.797 30442 32724 W NotificationManager: notify: id corrupted: sent 2131362420, got back 0
12-01 06:16:09.797 30442 32724 D UserPreferences: User data folder not writable or not set. Trying default.
12-01 06:16:09.799 30442 32727 D FeedParserTask: The Dirt Unit (Mod) parsed
12-01 06:16:09.799 30442 32727 D FeedParserTask: Deletion of file '/storage/emulated/0/Android/data/de.danoeh.antennapod/files/cache/feed-The Dirt Unit Mod26' successful
12-01 06:16:09.799 30442 32727 D DBReader: getFeed() called with: feedId = [26]
12-01 06:16:09.800 30442 32724 D DownloadRequestCreat: Requesting download of url https://feeds.wdjh.org/podcasts/all_things_considered.rss
12-01 06:16:09.800 30442 32724 D HttpDownloader: addHeader("If-Modified-Since", "Sun, 30 Nov 2025 07:26:40 GMT")
12-01 06:16:09.800 30442 32726 D HttpDownloader: Response code is 304
12-01 06:16:09.800 30442 32726 D HttpDownloader: Feed 'https://feeds.wdjh.org/podcasts/the_racer_x_podcast_network.rss' not modified since last update, Download canceled
12-01 06:16:09.800 30442 32726 D HttpDownloader: Download was cancelled
12-01 06:16:09.801 30442 32727 D DBReader: getFeedItemList() called with: feed = [de.danoeh.antennapod.model.feed.Feed@39]
12-01 06:16:09.803 30442 32726 W NotificationManager: notify: id corrupted: sent 2131362420, got back 0
12-01 06:16:09.803 30442 32726 D UserPreferences: User data folder not writable or not set. Trying default.
12-01 06:16:09.803 30442 32727 D DBReader: getFavoriteIDList() called
12-01 06:16:09.805 30442 32726 D DownloadRequestCreat: Requesting download of url https://feeds.wdjh.org/podcasts/expanse.rss
12-01 06:16:09.805 30442 32724 D HttpDownloader: Response code is 304
12-01 06:16:09.805 30442 32724 D HttpDownloader: Feed 'https://feeds.wdjh.org/podcasts/all_things_considered.rss' not modified since last update, Download canceled
12-01 06:16:09.805 30442 32724 D HttpDownloader: Download was cancelled
12-01 06:16:09.805 30442 32726 D HttpDownloader: addHeader("If-Modified-Since", "Sun, 30 Nov 2025 11:57:37 GMT")
12-01 06:16:09.807 30442 32727 D DBReader: getQueueIDList() called
12-01 06:16:09.810 30442 32724 D UserPreferences: User data folder not writable or not set. Trying default.
12-01 06:16:09.812 30442 32727 D FeedDbWriter: Feed with title The Dirt Unit (Mod) already exists. Syncing new with existing one.
12-01 06:16:09.813 30442 32724 D DownloadRequestCreat: Requesting download of url https://feeds.wdjh.org/podcasts/the_dollop_with_dave_anthony_and_gareth_reynolds.rss
12-01 06:16:09.813 30442 32724 D HttpDownloader: addHeader("If-Modified-Since", "Sun, 30 Nov 2025 05:24:41 GMT")
12-01 06:16:09.813 30442 30796 D de.danoeh.antennapod.storage.database.PodDBAdapter@f5e76c0: Updating existing Feed in db
12-01 06:16:09.819 30442 32726 D HttpDownloader: Response code is 304
12-01 06:16:09.819 30442 32726 D HttpDownloader: Feed 'https://feeds.wdjh.org/podcasts/expanse.rss' not modified since last update, Download canceled
12-01 06:16:09.819 30442 32726 D HttpDownloader: Download was cancelled
12-01 06:16:09.823 30442 32724 D HttpDownloader: Response code is 304
12-01 06:16:09.823 30442 32724 D HttpDownloader: Feed 'https://feeds.wdjh.org/podcasts/the_dollop_with_dave_anthony_and_gareth_reynolds.rss' not modified since last update, Download canceled
12-01 06:16:09.823 30442 32724 D HttpDownloader: Download was cancelled
12-01 06:16:09.825 30442 32726 W NotificationManager: notify: id corrupted: sent 2131362420, got back 0
12-01 06:16:09.825 30442 32726 D UserPreferences: User data folder not writable or not set. Trying default.
12-01 06:16:09.828 30442 32726 D DownloadRequestCreat: Requesting download of url https://feeds.wdjh.org/podcasts/behind_the_bastards.rss
12-01 06:16:09.828 30442 32726 D HttpDownloader: addHeader("If-Modified-Since", "Sun, 30 Nov 2025 08:45:53 GMT")
12-01 06:16:09.828 30442 32724 W NotificationManager: notify: id corrupted: sent 2131362420, got back 0
12-01 06:16:09.828 30442 32724 D UserPreferences: User data folder not writable or not set. Trying default.
12-01 06:16:09.830 30442 32724 D DownloadRequestCreat: Requesting download of url https://feeds.wdjh.org/podcasts/rc_plane_lab.rss
12-01 06:16:09.831 30442 32724 D HttpDownloader: addHeader("If-Modified-Since", "Sun, 30 Nov 2025 05:23:38 GMT")
12-01 06:16:09.834 30442 32726 D HttpDownloader: Response code is 304
12-01 06:16:09.834 30442 32726 D HttpDownloader: Feed 'https://feeds.wdjh.org/podcasts/behind_the_bastards.rss' not modified since last update, Download canceled
12-01 06:16:09.834 30442 32726 D HttpDownloader: Download was cancelled
12-01 06:16:09.837 30442 32726 W NotificationManager: notify: id corrupted: sent 2131362420, got back 0
12-01 06:16:09.837 30442 32726 D UserPreferences: User data folder not writable or not set. Trying default.
12-01 06:16:09.839 30442 32727 D DBReader: getFeedDownloadLog() called with: feed = [26]
12-01 06:16:09.841 30442 32724 D HttpDownloader: Response code is 304
12-01 06:16:09.841 30442 32724 D HttpDownloader: Feed 'https://feeds.wdjh.org/podcasts/rc_plane_lab.rss' not modified since last update, Download canceled
12-01 06:16:09.841 30442 32724 D HttpDownloader: Download was cancelled
12-01 06:16:09.844 30442 32726 D DownloadRequestCreat: Requesting download of url https://feeds.wdjh.org/podcasts/if_youre_listening.rss
12-01 06:16:09.844 30442 32726 D HttpDownloader: addHeader("If-Modified-Since", "Sun, 30 Nov 2025 05:49:02 GMT")
12-01 06:16:09.846 30442 32724 W NotificationManager: notify: id corrupted: sent 2131362420, got back 0
12-01 06:16:09.846 30442 32724 D UserPreferences: User data folder not writable or not set. Trying default.
12-01 06:16:09.848 30442 32724 D DownloadRequestCreat: Requesting download of url https://feeds.wdjh.org/podcasts/gypsy_tales.rss
12-01 06:16:09.849 30442 32724 D HttpDownloader: addHeader("If-Modified-Since", "Sun, 30 Nov 2025 05:48:57 GMT")
12-01 06:16:09.850 30442 32726 D HttpDownloader: Response code is 304
12-01 06:16:09.850 30442 32726 D HttpDownloader: Feed 'https://feeds.wdjh.org/podcasts/if_youre_listening.rss' not modified since last update, Download canceled
12-01 06:16:09.850 30442 32726 D HttpDownloader: Download was cancelled
12-01 06:16:09.851 30442 31924 D DBReader: Extracting Feedlist
12-01 06:16:09.852 30442 32727 W NotificationManager: notify: id corrupted: sent 2131362420, got back 0
12-01 06:16:09.852 30442 32727 D UserPreferences: User data folder not writable or not set. Trying default.
12-01 06:16:09.853 30442 32730 D DBReader: Extracting Feedlist
12-01 06:16:09.856 30442 32724 D HttpDownloader: Response code is 200
12-01 06:16:09.856 30442 32724 D HttpDownloader: Getting size of download
12-01 06:16:09.856 30442 32724 D HttpDownloader: Size is 405961
12-01 06:16:09.856 30442 32724 D UserPreferences: User data folder not writable or not set. Trying default.
12-01 06:16:09.858 30442 32727 D DownloadRequestCreat: Requesting download of url https://feeds.wdjh.org/podcasts/torq_moto.rss
12-01 06:16:09.858 30442 32727 D HttpDownloader: addHeader("If-Modified-Since", "Sun, 30 Nov 2025 05:24:23 GMT")
12-01 06:16:09.859 30442 32724 D HttpDownloader: Free space is 6043652096
12-01 06:16:09.859 30442 32724 D HttpDownloader: Starting download
12-01 06:16:09.859 30442 32726 D UserPreferences: User data folder not writable or not set. Trying default.
12-01 06:16:09.861 30442 32726 D DownloadRequestCreat: Requesting download of url https://feeds.wdjh.org/podcasts/qaa_podcast.rss
12-01 06:16:09.861 30442 32726 D HttpDownloader: addHeader("If-Modified-Since", "Sun, 30 Nov 2025 05:23:33 GMT")
12-01 06:16:09.931 30442 32724 D HttpDownloader: Download was successful
12-01 06:16:09.931 30442 32727 D HttpDownloader: Response code is 304
12-01 06:16:09.931 30442 32727 D HttpDownloader: Feed 'https://feeds.wdjh.org/podcasts/torq_moto.rss' not modified since last update, Download canceled
12-01 06:16:09.931 30442 32727 D HttpDownloader: Download was cancelled
12-01 06:16:09.932 30442 32726 D HttpDownloader: Response code is 304
12-01 06:16:09.932 30442 32726 D HttpDownloader: Feed 'https://feeds.wdjh.org/podcasts/qaa_podcast.rss' not modified since last update, Download canceled
12-01 06:16:09.932 30442 32726 D HttpDownloader: Download was cancelled
12-01 06:16:09.932 30442 32724 D TypeGetter: Recognized type RSS 2.0
12-01 06:16:09.932 30442 32724 D SyndHandler: Recognized Atom namespace
12-01 06:16:09.933 30442 32724 D SyndHandler: Recognized Content namespace
12-01 06:16:09.933 30442 32724 D SyndHandler: Recognized ITunes namespace
12-01 06:16:09.934 30442 32727 D UserPreferences: User data folder not writable or not set. Trying default.
12-01 06:16:09.938 30442 32727 D DownloadRequestCreat: Requesting download of url https://feeds.wdjh.org/podcasts/this_week.rss
12-01 06:16:09.939 30442 32727 D HttpDownloader: addHeader("If-Modified-Since", "Sun, 30 Nov 2025 05:25:54 GMT")
12-01 06:16:09.942 30442 32726 W NotificationManager: notify: id corrupted: sent 2131362420, got back 0
12-01 06:16:09.942 30442 32726 D UserPreferences: User data folder not writable or not set. Trying default.
12-01 06:16:09.945 30442 32726 D DownloadRequestCreat: Requesting download of url https://feeds.wdjh.org/podcasts/mushroom_case_daily.rss
12-01 06:16:09.946 30442 32727 D HttpDownloader: Response code is 304
12-01 06:16:09.946 30442 32727 D HttpDownloader: Feed 'https://feeds.wdjh.org/podcasts/this_week.rss' not modified since last update, Download canceled
12-01 06:16:09.946 30442 32727 D HttpDownloader: Download was cancelled
12-01 06:16:09.947 30442 32726 D HttpDownloader: addHeader("If-Modified-Since", "Sun, 30 Nov 2025 05:23:03 GMT")
12-01 06:16:09.950 30442 32727 W NotificationManager: notify: id corrupted: sent 2131362420, got back 0
12-01 06:16:09.950 30442 32727 D UserPreferences: User data folder not writable or not set. Trying default.
12-01 06:16:09.952 30442 32727 D DownloadRequestCreat: Requesting download of url https://feeds.wdjh.org/podcasts/unravel.rss
12-01 06:16:09.952 30442 32727 D HttpDownloader: addHeader("If-Modified-Since", "Sun, 30 Nov 2025 05:26:16 GMT")
12-01 06:16:09.956 30442 32726 D HttpDownloader: Response code is 304
12-01 06:16:09.956 30442 32726 D HttpDownloader: Feed 'https://feeds.wdjh.org/podcasts/mushroom_case_daily.rss' not modified since last update, Download canceled
12-01 06:16:09.956 30442 32726 D HttpDownloader: Download was cancelled
12-01 06:16:09.959 30442 32727 D HttpDownloader: Response code is 304
12-01 06:16:09.959 30442 32727 D HttpDownloader: Feed 'https://feeds.wdjh.org/podcasts/unravel.rss' not modified since last update, Download canceled
12-01 06:16:09.959 30442 32727 D HttpDownloader: Download was cancelled
12-01 06:16:09.960 30442 32726 W NotificationManager: notify: id corrupted: sent 2131362420, got back 0
12-01 06:16:09.961 30442 32726 D UserPreferences: User data folder not writable or not set. Trying default.
12-01 06:16:09.963 30442 32727 D UserPreferences: User data folder not writable or not set. Trying default.
12-01 06:16:09.963 30442 32726 D DownloadRequestCreat: Requesting download of url https://feeds.wdjh.org/podcasts/the_hard_enduro_channel.rss
12-01 06:16:09.964 30442 32726 D HttpDownloader: addHeader("If-Modified-Since", "Sun, 30 Nov 2025 05:24:50 GMT")
12-01 06:16:09.964 30442 32727 D DownloadRequestCreat: Requesting download of url https://feeds.wdjh.org/podcasts/tinfoil_tales.rss
12-01 06:16:09.965 30442 32727 D HttpDownloader: addHeader("If-Modified-Since", "Sun, 30 Nov 2025 05:24:19 GMT")
12-01 06:16:09.974 30442 32726 D HttpDownloader: Response code is 304
12-01 06:16:09.974 30442 32726 D HttpDownloader: Feed 'https://feeds.wdjh.org/podcasts/the_hard_enduro_channel.rss' not modified since last update, Download canceled
12-01 06:16:09.974 30442 32726 D HttpDownloader: Download was cancelled
12-01 06:16:09.979 30442 32727 D HttpDownloader: Response code is 304
12-01 06:16:09.979 30442 32727 D HttpDownloader: Feed 'https://feeds.wdjh.org/podcasts/tinfoil_tales.rss' not modified since last update, Download canceled
12-01 06:16:09.979 30442 32727 D HttpDownloader: Download was cancelled
12-01 06:16:09.979 30442 32726 W NotificationManager: notify: id corrupted: sent 2131362420, got back 0
12-01 06:16:09.980 30442 32726 D UserPreferences: User data folder not writable or not set. Trying default.
12-01 06:16:09.982 30442 32726 D DownloadRequestCreat: Requesting download of url https://feeds.wdjh.org/podcasts/the_steve_matthes_show_on_racerx.rss
12-01 06:16:09.983 30442 32726 D HttpDownloader: addHeader("If-Modified-Since", "Sun, 30 Nov 2025 05:25:45 GMT")
12-01 06:16:09.984 30442 32727 W NotificationManager: notify: id corrupted: sent 2131362420, got back 0
12-01 06:16:09.984 30442 32727 D UserPreferences: User data folder not writable or not set. Trying default.
12-01 06:16:09.985 30442 32727 D DownloadRequestCreat: Requesting download of url https://feeds.wdjh.org/podcasts/title_24.rss
12-01 06:16:09.986 30442 32727 D HttpDownloader: addHeader("If-Modified-Since", "Sun, 30 Nov 2025 05:25:59 GMT")
12-01 06:16:09.988 30442 32726 D HttpDownloader: Response code is 304
12-01 06:16:09.988 30442 32726 D HttpDownloader: Feed 'https://feeds.wdjh.org/podcasts/the_steve_matthes_show_on_racerx.rss' not modified since last update, Download canceled
12-01 06:16:09.988 30442 32726 D HttpDownloader: Download was cancelled
12-01 06:16:09.994 30442 32726 W NotificationManager: notify: id corrupted: sent 2131362420, got back 0
12-01 06:16:09.994 30442 32726 D UserPreferences: User data folder not writable or not set. Trying default.
12-01 06:16:09.996 30442 32726 D DownloadRequestCreat: Requesting download of url https://feeds.wdjh.org/podcasts/background_briefing.rss
12-01 06:16:09.996 30442 32726 D HttpDownloader: addHeader("If-Modified-Since", "Sun, 30 Nov 2025 07:54:32 GMT")
12-01 06:16:09.997 30442 32727 D HttpDownloader: Response code is 304
12-01 06:16:09.997 30442 32727 D HttpDownloader: Feed 'https://feeds.wdjh.org/podcasts/title_24.rss' not modified since last update, Download canceled
12-01 06:16:09.997 30442 32727 D HttpDownloader: Download was cancelled
12-01 06:16:10.002 30442 32726 D HttpDownloader: Response code is 304
12-01 06:16:10.002 30442 32726 D HttpDownloader: Feed 'https://feeds.wdjh.org/podcasts/background_briefing.rss' not modified since last update, Download canceled
12-01 06:16:10.002 30442 32726 D HttpDownloader: Download was cancelled
12-01 06:16:10.013 30442 32727 W NotificationManager: notify: id corrupted: sent 2131362420, got back 0
12-01 06:16:10.013 30442 32727 D UserPreferences: User data folder not writable or not set. Trying default.
12-01 06:16:10.019 30442 32727 D DownloadRequestCreat: Requesting download of url https://feeds.wdjh.org/podcasts/adventures_in_hellwqrld.rss
12-01 06:16:10.021 30442 32727 D HttpDownloader: addHeader("If-Modified-Since", "Sun, 30 Nov 2025 07:05:13 GMT")
12-01 06:16:10.022 30442 32726 D UserPreferences: User data folder not writable or not set. Trying default.
12-01 06:16:10.029 30442 32726 D DownloadRequestCreat: Requesting download of url https://feeds.wdjh.org/podcasts/all_in_the_mind.rss
12-01 06:16:10.031 30442 32726 D HttpDownloader: addHeader("If-Modified-Since", "Sun, 30 Nov 2025 07:22:30 GMT")
12-01 06:16:10.033 30442 32727 D HttpDownloader: Response code is 304
12-01 06:16:10.033 30442 32727 D HttpDownloader: Feed 'https://feeds.wdjh.org/podcasts/adventures_in_hellwqrld.rss' not modified since last update, Download canceled
12-01 06:16:10.033 30442 32727 D HttpDownloader: Download was cancelled
12-01 06:16:10.041 30442 32726 D HttpDownloader: Response code is 304
12-01 06:16:10.042 30442 32726 D HttpDownloader: Feed 'https://feeds.wdjh.org/podcasts/all_in_the_mind.rss' not modified since last update, Download canceled
12-01 06:16:10.042 30442 32726 D HttpDownloader: Download was cancelled
12-01 06:16:10.044 30442 32727 W NotificationManager: notify: id corrupted: sent 2131362420, got back 0
12-01 06:16:10.044 30442 32727 D UserPreferences: User data folder not writable or not set. Trying default.
12-01 06:16:10.049 30442 32727 D DownloadRequestCreat: Requesting download of url https://feeds.wdjh.org/podcasts/the_shot_podcast.rss
12-01 06:16:10.050 30442 32727 D HttpDownloader: addHeader("If-Modified-Since", "Sun, 30 Nov 2025 05:25:38 GMT")
12-01 06:16:10.050 30442 32725 D HttpDownloader: Response code is 200
12-01 06:16:10.051 30442 32725 D HttpDownloader: Getting size of download
12-01 06:16:10.051 30442 32725 D HttpDownloader: Size is -1
12-01 06:16:10.051 30442 32725 D UserPreferences: User data folder not writable or not set. Trying default.
12-01 06:16:10.051 30442 32726 W NotificationManager: notify: id corrupted: sent 2131362420, got back 0
12-01 06:16:10.052 30442 32726 D UserPreferences: User data folder not writable or not set. Trying default.
12-01 06:16:10.053 30442 32725 D HttpDownloader: Free space is 6043238400
12-01 06:16:10.054 30442 32725 D HttpDownloader: Starting download
12-01 06:16:10.059 30442 32727 D HttpDownloader: Response code is 304
12-01 06:16:10.059 30442 32727 D HttpDownloader: Feed 'https://feeds.wdjh.org/podcasts/the_shot_podcast.rss' not modified since last update, Download canceled
12-01 06:16:10.059 30442 32727 D HttpDownloader: Download was cancelled
12-01 06:16:10.062 30442 32726 D DownloadRequestCreat: Requesting download of url https://feeds.wdjh.org/podcasts/the_pulpmxcom_show.rss
12-01 06:16:10.062 30442 32725 D HttpDownloader: Download was successful
12-01 06:16:10.062 30442 32726 D HttpDownloader: addHeader("If-Modified-Since", "Sun, 30 Nov 2025 05:25:15 GMT")
12-01 06:16:10.064 30442 32727 W NotificationManager: notify: id corrupted: sent 2131362420, got back 0
12-01 06:16:10.064 30442 32727 D UserPreferences: User data folder not writable or not set. Trying default.
12-01 06:16:10.065 30442 32725 D TypeGetter: Recognized type RSS 2.0
12-01 06:16:10.066 30442 32725 D SyndHandler: Recognized ITunes namespace
12-01 06:16:10.067 30442 32725 D SyndHandler: Recognized Atom namespace
12-01 06:16:10.067 30442 32727 D DownloadRequestCreat: Requesting download of url https://feeds.wdjh.org/podcasts/sbs_french__sbs_en_franais.rss
12-01 06:16:10.068 30442 32727 D HttpDownloader: addHeader("If-Modified-Since", "Sun, 30 Nov 2025 05:23:50 GMT")
12-01 06:16:10.076 30442 32726 D HttpDownloader: Response code is 304
12-01 06:16:10.076 30442 32726 D HttpDownloader: Feed 'https://feeds.wdjh.org/podcasts/the_pulpmxcom_show.rss' not modified since last update, Download canceled
12-01 06:16:10.076 30442 32726 D HttpDownloader: Download was cancelled
12-01 06:16:10.081 30442 32727 D HttpDownloader: Response code is 304
12-01 06:16:10.081 30442 32727 D HttpDownloader: Feed 'https://feeds.wdjh.org/podcasts/sbs_french__sbs_en_franais.rss' not modified since last update, Download canceled
12-01 06:16:10.081 30442 32727 D HttpDownloader: Download was cancelled
12-01 06:16:10.082 30442 32726 D UserPreferences: User data folder not writable or not set. Trying default.
12-01 06:16:10.090 30442 32727 W NotificationManager: notify: id corrupted: sent 2131362420, got back 0
12-01 06:16:10.091 30442 32727 D UserPreferences: User data folder not writable or not set. Trying default.
12-01 06:16:10.095 30442 32727 D DownloadRequestCreat: Requesting download of url https://feeds.wdjh.org/podcasts/some_dare_call_it_conspiracy.rss
12-01 06:16:10.096 30442 32727 D HttpDownloader: addHeader("If-Modified-Since", "Sun, 30 Nov 2025 05:24:13 GMT")
12-01 06:16:10.097 30442 32726 D DownloadRequestCreat: Requesting download of url https://feeds.wdjh.org/podcasts/the_moto_academy.rss
12-01 06:16:10.097 30442 32726 D HttpDownloader: addHeader("If-Modified-Since", "Sun, 30 Nov 2025 05:25:03 GMT")
12-01 06:16:10.103 30442 32727 D HttpDownloader: Response code is 304
12-01 06:16:10.103 30442 32727 D HttpDownloader: Feed 'https://feeds.wdjh.org/podcasts/some_dare_call_it_conspiracy.rss' not modified since last update, Download canceled
12-01 06:16:10.103 30442 32727 D HttpDownloader: Download was cancelled
