12-01 06:13:31.141 30442 30453 I art : Background partial concurrent mark sweep GC freed 261211(9MB) AllocSpace objects, 23(1216KB) LOS objects, 23% free, 52MB/68MB, paused 1.043ms total 451.117ms
12-01 06:13:32.692 30442 30442 D PlaybackService: Saving current position to 374850
12-01 06:13:37.695 30442 30442 D PlaybackService: Saving current position to 379854
12-01 06:13:40.712 30442 30442 D PlaybackController: Trying to connect to service
12-01 06:13:40.719 30442 30442 D PlaybackController: Result for service binding: true
12-01 06:13:40.754 30442 31923 D DBReader: getFavoriteIDList() called
12-01 06:13:40.754 30442 31923 D DBReader: getQueueIDList() called
12-01 06:13:40.755 30442 31923 D DBReader: Extracting Feedlist
12-01 06:13:40.757 30442 30442 D PlaybackController: Trying to connect to service
12-01 06:13:40.761 30442 30442 D PlaybackController: Result for service binding: true
12-01 06:13:40.761 30442 30442 D ExternalPlayerFragment: Loading media info
12-01 06:13:40.761 30442 30442 D ExternalPlayerFragment: Loading media info
12-01 06:13:40.772 30442 31924 D DBReader: getFavoriteIDList() called
12-01 06:13:40.773 30442 31924 D DBReader: getQueueIDList() called
12-01 06:13:40.773 30442 31924 D DBReader: Extracting Feedlist
12-01 06:13:40.785 30442 30442 D PlaybackController: Trying to connect to service
12-01 06:13:40.791 30442 30442 D PlaybackController: Result for service binding: true
12-01 06:13:40.793 30442 31923 D DBReader: getFavoriteIDList() called
12-01 06:13:40.798 30442 31923 D DBReader: getQueueIDList() called
12-01 06:13:40.800 30442 31924 D DBReader: getFavoriteIDList() called
12-01 06:13:40.800 30442 30442 D PlaybackController: Trying to connect to service
12-01 06:13:40.800 30442 31923 D DBReader: Extracting Feedlist
12-01 06:13:40.800 30442 31924 D DBReader: getQueueIDList() called
12-01 06:13:40.802 30442 31924 D DBReader: Extracting Feedlist
12-01 06:13:40.838 30442 30442 D PlaybackController: Result for service binding: true
12-01 06:13:40.838 30442 30442 D ItemDescriptionFragment: load()
12-01 06:13:40.838 30442 30442 D ItemDescriptionFragment: load()
12-01 06:13:40.838 30442 30442 D QueueFragment: loadItems()
12-01 06:13:40.840 30442 31924 D DBReader: getFavoriteIDList() called
12-01 06:13:40.841 30442 31923 D DBReader: getQueue() called
12-01 06:13:40.842 30442 31924 D DBReader: getQueueIDList() called
12-01 06:13:40.843 30442 31924 D DBReader: Extracting Feedlist
12-01 06:13:40.846 30442 31923 D DBReader: getFavoriteIDList() called
12-01 06:13:40.846 30442 31923 D DBReader: getQueueIDList() called
12-01 06:13:40.847 30442 31923 D DBReader: Extracting Feedlist
12-01 06:13:40.849 30442 31924 D DBReader: loadDescriptionOfFeedItem() called with: item = [FeedItem [id=591, title=Here to Help: Thanksgiving Edition, feedId=6, pubDate=Fri Nov 28 08:17:53 GMT+11:00 2025]]
12-01 06:13:40.912 30442 31924 D Timeline: Recognized 0 timecodes
12-01 06:13:40.990 30442 30442 D MainActivity: handleNavIntent()
12-01 06:13:41.005 30442 30442 D AudioPlayerFragment: currentPosition 00:06:23
12-01 06:13:41.006 30442 31923 D DBReader: Extracting Feedlist
12-01 06:13:41.008 30442 30442 D AudioPlayerFragment: currentPosition 00:06:19
12-01 06:13:41.022 30442 30442 D PlaybackController: Querying service info
12-01 06:13:41.022 30442 30442 D PlaybackController: status: PLAYING
12-01 06:13:41.022 30442 30442 D PlaybackController: Connection to Service established
12-01 06:13:41.022 30442 30442 D PlaybackController: Querying service info
12-01 06:13:41.022 30442 30442 D PlaybackController: status: PLAYING
12-01 06:13:41.023 30442 30442 D ExternalPlayerFragment: Loading media info
12-01 06:13:41.023 30442 30442 D PlaybackController: Connection to Service established
12-01 06:13:41.023 30442 30442 D PlaybackController: Querying service info
12-01 06:13:41.023 30442 30442 D PlaybackController: status: PLAYING
12-01 06:13:41.023 30442 30442 D PlaybackController: Connection to Service established
12-01 06:13:41.023 30442 30442 D ViewRootImpl@fa41c15[MainActivity]: MSG_WINDOW_FOCUS_CHANGED 1
12-01 06:13:41.023 30442 30442 D ViewRootImpl@fa41c15[MainActivity]: mHardwareRenderer.initializeIfNeeded()#2 mSurface={isValid=true 501233177088}
12-01 06:13:41.070 30442 30442 V InputMethodManager: Starting input: tba=android.view.inputmethod.EditorInfo@cca0e75 nm : de.danoeh.antennapod ic=null
12-01 06:13:41.070 30442 30442 I InputMethodManager: [IMM] startInputInner - mService.startInputOrWindowGainedFocus
12-01 06:13:41.079 30442 30442 D InputTransport: Input channel constructed: fd=89
12-01 06:13:41.079 30442 30442 D InputTransport: Input channel destroyed: fd=90
12-01 06:13:41.080 30442 30442 D PlaybackController: Querying service info
12-01 06:13:41.080 30442 30442 D PlaybackController: status: PLAYING
12-01 06:13:41.080 30442 30442 D ItemDescriptionFragment: load()
12-01 06:13:41.080 30442 30442 D PlaybackController: Connection to Service established
12-01 06:13:41.080 30442 31923 D DBReader: loadDescriptionOfFeedItem() called with: item = [FeedItem [id=591, title=Here to Help: Thanksgiving Edition, feedId=6, pubDate=Fri Nov 28 08:17:53 GMT+11:00 2025]]
12-01 06:13:41.089 30442 31923 D Timeline: Recognized 0 timecodes
12-01 06:13:41.101 30442 30442 D TextView: setTypeface with style : 0
12-01 06:13:41.102 30442 30442 D TextView: setTypeface with style : 0
12-01 06:13:41.104 30442 30442 D TextView: setTypeface with style : 0
12-01 06:13:41.106 30442 30442 D TextView: setTypeface with style : 0
12-01 06:13:41.108 30442 30442 D TextView: setTypeface with style : 0
12-01 06:13:41.110 30442 30442 D TextView: setTypeface with style : 0
12-01 06:13:41.111 30442 30442 D TextView: setTypeface with style : 0
12-01 06:13:41.120 30442 30442 D ViewRootImpl@fa41c15[MainActivity]: Relayout returned: oldFrame=[0,0][1080,1920] newFrame=[0,0][1080,1920] result=0x1 surface={isValid=true 501233177088} surfaceGenerationChanged=false
12-01 06:13:41.147 30442 30442 D AudioPlayerFragment: currentPosition 00:06:19
12-01 06:13:41.149 30442 30442 D ItemDescriptionFragment: Saving preferences
12-01 06:13:41.149 30442 30442 D ItemDescriptionFragment: Saving scroll position: 0
12-01 06:13:41.507 30442 30442 D ItemDescriptionFragment: Webview loaded
12-01 06:13:41.770 30442 30442 D AudioPlayerFragment: currentPosition 00:06:23
12-01 06:13:41.772 30442 30442 D EpisodeItemViewHolder: currentPosition 00:06:23
12-01 06:13:42.209 30442 30442 D ShownotesWebView: Page finished
12-01 06:13:42.259 30442 30442 D ItemDescriptionFragment: Restoring from preferences
12-01 06:13:42.259 30442 30442 D ItemDescriptionFragment: Restored scroll Position: 0
12-01 06:13:42.644 30442 30442 D AudioPlayerFragment: currentPosition 00:06:24
12-01 06:13:42.649 30442 30442 D EpisodeItemViewHolder: currentPosition 00:06:24
12-01 06:13:42.706 30442 30442 D PlaybackService: Saving current position to 384857
12-01 06:13:43.645 30442 30442 D AudioPlayerFragment: currentPosition 00:06:25
12-01 06:13:43.653 30442 30442 D EpisodeItemViewHolder: currentPosition 00:06:25
12-01 06:13:44.645 30442 30442 D AudioPlayerFragment: currentPosition 00:06:26
12-01 06:13:44.652 30442 30442 D EpisodeItemViewHolder: currentPosition 00:06:26
12-01 06:13:45.645 30442 30442 D AudioPlayerFragment: currentPosition 00:06:27
12-01 06:13:45.654 30442 30442 D EpisodeItemViewHolder: currentPosition 00:06:27
12-01 06:13:46.644 30442 30442 D AudioPlayerFragment: currentPosition 00:06:28
12-01 06:13:46.648 30442 30442 D EpisodeItemViewHolder: currentPosition 00:06:28
12-01 06:13:47.644 30442 30442 D AudioPlayerFragment: currentPosition 00:06:29
12-01 06:13:47.649 30442 30442 D EpisodeItemViewHolder: currentPosition 00:06:29
12-01 06:13:47.703 30442 30442 D PlaybackService: Saving current position to 389864
12-01 06:13:48.644 30442 30442 D AudioPlayerFragment: currentPosition 00:06:30
12-01 06:13:48.648 30442 30442 D EpisodeItemViewHolder: currentPosition 00:06:30
12-01 06:13:49.644 30442 30442 D AudioPlayerFragment: currentPosition 00:06:31
12-01 06:13:49.649 30442 30442 D EpisodeItemViewHolder: currentPosition 00:06:31
12-01 06:13:50.188 30442 30442 D ViewRootImpl@fa41c15[MainActivity]: ViewPostImeInputStage processPointer 0
12-01 06:13:50.647 30442 30442 D AudioPlayerFragment: currentPosition 00:06:32
12-01 06:13:50.653 30442 30442 D EpisodeItemViewHolder: currentPosition 00:06:32
12-01 06:13:50.764 30442 30442 D ViewRootImpl@fa41c15[MainActivity]: ViewPostImeInputStage processPointer 1
12-01 06:13:51.644 30442 30442 D AudioPlayerFragment: currentPosition 00:06:33
12-01 06:13:51.649 30442 30442 D EpisodeItemViewHolder: currentPosition 00:06:33
12-01 06:13:51.771 30442 30442 D ViewRootImpl@fa41c15[MainActivity]: ViewPostImeInputStage processPointer 0
12-01 06:13:51.950 30442 30442 D ViewRootImpl@fa41c15[MainActivity]: ViewPostImeInputStage processPointer 1
12-01 06:13:52.035 30442 30442 D AbsListView: Get MotionRecognitionManager
12-01 06:13:52.049 30442 30442 D TextView: setTypeface with style : 0
12-01 06:13:52.092 30442 30442 D ViewRootImpl@cb6863b[PopupWindow:855c4ca]: ThreadedRenderer.create() translucent=true
12-01 06:13:52.104 30442 30442 D InputTransport: Input channel constructed: fd=90
12-01 06:13:52.104 30442 30442 D ViewRootImpl@cb6863b[PopupWindow:855c4ca]: setView = android.widget.PopupWindow$PopupDecorView{33f5158 V.E...... ......I. 0,0-0,0} touchMode=true
12-01 06:13:52.106 30442 30442 D ViewRootImpl@cb6863b[PopupWindow:855c4ca]: dispatchAttachedToWindow
12-01 06:13:52.128 30442 30442 D ViewRootImpl@cb6863b[PopupWindow:855c4ca]: Relayout returned: oldFrame=[0,0][0,0] newFrame=[330,819][1080,1731] result=0x27 surface={isValid=true 501348944896} surfaceGenerationChanged=true
12-01 06:13:52.128 30442 30442 D ViewRootImpl@cb6863b[PopupWindow:855c4ca]: mHardwareRenderer.initialize() mSurface={isValid=true 501348944896} hwInitialized=true
12-01 06:13:52.132 30442 30480 D mali_winsys: EGLint new_window_surface(egl_winsys_display*, void*, EGLSurface, EGLConfig, egl_winsys_surface**, egl_color_buffer_format*, EGLBoolean) returns 0x3000, [786x948]-format:1
12-01 06:13:52.133 30442 30442 D TextView: setTypeface with style : 0
12-01 06:13:52.141 30442 30442 D TextView: setTypeface with style : 0
12-01 06:13:52.143 30442 30442 D TextView: setTypeface with style : 0
12-01 06:13:52.145 30442 30442 D TextView: setTypeface with style : 0
12-01 06:13:52.146 30442 30442 D TextView: setTypeface with style : 0
12-01 06:13:52.148 30442 30442 D TextView: setTypeface with style : 0
12-01 06:13:52.148 30442 30442 D AbsListView: onsize change
12-01 06:13:52.176 30442 30442 D ViewRootImpl@cb6863b[PopupWindow:855c4ca]: MSG_WINDOW_FOCUS_CHANGED 1
12-01 06:13:52.176 30442 30442 D ViewRootImpl@cb6863b[PopupWindow:855c4ca]: mHardwareRenderer.initializeIfNeeded()#2 mSurface={isValid=true 501348944896}
12-01 06:13:52.176 30442 30442 V InputMethodManager: Starting input: tba=android.view.inputmethod.EditorInfo@751742b nm : de.danoeh.antennapod ic=null
12-01 06:13:52.176 30442 30442 I InputMethodManager: [IMM] startInputInner - mService.startInputOrWindowGainedFocus
12-01 06:13:52.184 30442 30442 D InputTransport: Input channel constructed: fd=185
12-01 06:13:52.184 30442 30442 D InputTransport: Input channel destroyed: fd=89
12-01 06:13:52.200 30442 30442 D ViewRootImpl@cb6863b[PopupWindow:855c4ca]: MSG_RESIZED_REPORT: ci=Rect(0, 0 - 0, 0) vi=Rect(0, 0 - 0, 0) or=1
12-01 06:13:52.212 30442 30442 D ViewRootImpl@fa41c15[MainActivity]: MSG_WINDOW_FOCUS_CHANGED 0
12-01 06:13:52.644 30442 30442 D AudioPlayerFragment: currentPosition 00:06:34
12-01 06:13:52.650 30442 30442 D EpisodeItemViewHolder: currentPosition 00:06:34
12-01 06:13:52.704 30442 30442 D PlaybackService: Saving current position to 394864
12-01 06:13:53.211 30442 30442 D ViewRootImpl@cb6863b[PopupWindow:855c4ca]: ViewPostImeInputStage processPointer 0
12-01 06:13:53.331 30442 30442 D ViewRootImpl@cb6863b[PopupWindow:855c4ca]: ViewPostImeInputStage processPointer 1
12-01 06:13:53.331 30442 30442 D AbsListView: onTouchUp() mTouchMode : 2
12-01 06:13:53.338 30442 30442 D NavDrawerFragment: saveLastNavFragment(tag: PlaybackHistoryFragment)
12-01 06:13:53.362 30442 30442 D MainActivity: loadFragment(tag: PlaybackHistoryFragment, args: null)
12-01 06:13:53.449 30442 30442 D ViewRootImpl@cb6863b[PopupWindow:855c4ca]: Relayout returned: oldFrame=[330,819][1080,1731] newFrame=[330,819][1080,1731] result=0x1 surface={isValid=true 501348944896} surfaceGenerationChanged=false
12-01 06:13:53.503 30442 30442 D TextView: setTypeface with style : 0
12-01 06:13:53.567 30442 30442 D TextView: setTypeface with style : 0
12-01 06:13:53.569 30442 30442 D TextView: setTypeface with style : 0
12-01 06:13:53.573 30442 30442 D TextView: setTypeface with style : 0
12-01 06:13:53.581 30442 30442 D TextView: setTypeface with style : 0
12-01 06:13:53.584 30442 30442 D TextView: setTypeface with style : 0
12-01 06:13:53.585 30442 30442 D TextView: setTypeface with style : 0
12-01 06:13:53.587 30442 30442 D TextView: setTypeface with style : 0
12-01 06:13:53.588 30442 30442 D TextView: setTypeface with style : 0
12-01 06:13:53.590 30442 30442 D TextView: setTypeface with style : 0
12-01 06:13:53.591 30442 30442 D TextView: setTypeface with style : 0
12-01 06:13:53.595 30442 30442 D TextView: setTypeface with style : 0
12-01 06:13:53.596 30442 30442 D TextView: setTypeface with style : 0
12-01 06:13:53.598 30442 30442 D TextView: setTypeface with style : 0
12-01 06:13:53.600 30442 30442 D TextView: setTypeface with style : 0
12-01 06:13:53.612 30442 31924 D DBReader: getRecentlyPublishedEpisodes() called with: offset=0, limit=150
12-01 06:13:53.630 30442 30442 D ItemDescriptionFragment: Saving preferences
12-01 06:13:53.630 30442 30442 D ItemDescriptionFragment: Saving scroll position: 0
12-01 06:13:53.641 30442 31924 D DBReader: getFavoriteIDList() called
12-01 06:13:53.642 30442 31924 D DBReader: getQueueIDList() called
12-01 06:13:53.643 30442 31924 D DBReader: Extracting Feedlist
12-01 06:13:53.649 30442 30442 D ViewRootImpl@fa41c15[MainActivity]: MSG_WINDOW_FOCUS_CHANGED 1
12-01 06:13:53.649 30442 30442 D ViewRootImpl@fa41c15[MainActivity]: mHardwareRenderer.initializeIfNeeded()#2 mSurface={isValid=true 501233177088}
12-01 06:13:53.651 30442 30442 V InputMethodManager: Starting input: tba=android.view.inputmethod.EditorInfo@c20b03e nm : de.danoeh.antennapod ic=null
12-01 06:13:53.651 30442 30442 I InputMethodManager: [IMM] startInputInner - mService.startInputOrWindowGainedFocus
12-01 06:13:53.655 30442 30442 D InputTransport: Input channel constructed: fd=201
12-01 06:13:53.655 30442 30442 D InputTransport: Input channel destroyed: fd=185
12-01 06:13:53.655 30442 30442 D ViewRootImpl@cb6863b[PopupWindow:855c4ca]: MSG_WINDOW_FOCUS_CHANGED 0
12-01 06:13:53.656 30442 30442 D ItemDescriptionFragment: Saving preferences
12-01 06:13:53.656 30442 30442 D ItemDescriptionFragment: Saving scroll position: 0
12-01 06:13:53.670 30442 30442 D AudioPlayerFragment: currentPosition 00:06:35
12-01 06:13:53.693 30442 30442 D TextView: setTypeface with style : 0
12-01 06:13:53.695 30442 30442 D TextView: setTypeface with style : 0
12-01 06:13:53.698 30442 30442 D TextView: setTypeface with style : 0
12-01 06:13:53.701 30442 30442 D TextView: setTypeface with style : 0
12-01 06:13:53.703 30442 30442 D TextView: setTypeface with style : 0
12-01 06:13:53.705 30442 30442 D TextView: setTypeface with style : 0
12-01 06:13:53.707 30442 30442 D TextView: setTypeface with style : 0
12-01 06:13:53.709 30442 30442 D TextView: setTypeface with style : 0
12-01 06:13:53.710 30442 30442 D TextView: setTypeface with style : 0
12-01 06:13:53.969 30442 30480 D OpenGLRenderer: endAllActiveAnimators on 0x74bacf9400 (DropDownListView) with handle 0x74ab1a9940
12-01 06:13:53.969 30442 30442 D ViewRootImpl@cb6863b[PopupWindow:855c4ca]: mHardwareRenderer.destroy()#4
12-01 06:13:53.969 30442 30442 D ViewRootImpl@cb6863b[PopupWindow:855c4ca]: dispatchDetachedFromWindow
12-01 06:13:54.001 30442 30442 D InputTransport: Input channel destroyed: fd=90
12-01 06:13:54.645 30442 30442 D AudioPlayerFragment: currentPosition 00:06:36
12-01 06:13:55.644 30442 30442 D AudioPlayerFragment: currentPosition 00:06:37
12-01 06:13:56.644 30442 30442 D AudioPlayerFragment: currentPosition 00:06:38
12-01 06:13:57.478 30442 30442 D ViewRootImpl@fa41c15[MainActivity]: ViewPostImeInputStage processPointer 0
12-01 06:13:57.579 30442 30442 D ViewRootImpl@fa41c15[MainActivity]: ViewPostImeInputStage processPointer 1
12-01 06:13:57.644 30442 30442 D AudioPlayerFragment: currentPosition 00:06:39
12-01 06:13:57.712 30442 30442 D PlaybackService: Saving current position to 399871
12-01 06:13:58.644 30442 30442 D AudioPlayerFragment: currentPosition 00:06:40
12-01 06:13:58.647 30442 30442 D EpisodeItemViewHolder: currentPosition 00:06:40
12-01 06:13:59.644 30442 30442 D AudioPlayerFragment: currentPosition 00:06:41
12-01 06:13:59.649 30442 30442 D EpisodeItemViewHolder: currentPosition 00:06:41
12-01 06:14:00.644 30442 30442 D AudioPlayerFragment: currentPosition 00:06:42
12-01 06:14:00.649 30442 30442 D EpisodeItemViewHolder: currentPosition 00:06:42
12-01 06:14:01.644 30442 30442 D AudioPlayerFragment: currentPosition 00:06:43
12-01 06:14:01.649 30442 30442 D EpisodeItemViewHolder: currentPosition 00:06:43
12-01 06:14:02.644 30442 30442 D AudioPlayerFragment: currentPosition 00:06:44
12-01 06:14:02.648 30442 30442 D EpisodeItemViewHolder: currentPosition 00:06:44
12-01 06:14:02.706 30442 30442 D PlaybackService: Saving current position to 404865
12-01 06:14:03.646 30442 30442 D AudioPlayerFragment: currentPosition 00:06:45
12-01 06:14:03.658 30442 30442 D EpisodeItemViewHolder: currentPosition 00:06:45
12-01 06:14:04.646 30442 30442 D AudioPlayerFragment: currentPosition 00:06:46
12-01 06:14:04.661 30442 30442 D EpisodeItemViewHolder: currentPosition 00:06:46
12-01 06:14:05.645 30442 30442 D AudioPlayerFragment: currentPosition 00:06:47
12-01 06:14:05.658 30442 30442 D EpisodeItemViewHolder: currentPosition 00:06:47
12-01 06:14:06.644 30442 30442 D AudioPlayerFragment: currentPosition 00:06:48
12-01 06:14:06.648 30442 30442 D EpisodeItemViewHolder: currentPosition 00:06:48
12-01 06:14:07.644 30442 30442 D AudioPlayerFragment: currentPosition 00:06:49
12-01 06:14:07.648 30442 30442 D EpisodeItemViewHolder: currentPosition 00:06:49
12-01 06:14:07.706 30442 30442 D PlaybackService: Saving current position to 409862
12-01 06:14:08.644 30442 30442 D AudioPlayerFragment: currentPosition 00:06:50
12-01 06:14:08.648 30442 30442 D EpisodeItemViewHolder: currentPosition 00:06:50
12-01 06:14:09.646 30442 30442 D AudioPlayerFragment: currentPosition 00:06:51
12-01 06:14:09.663 30442 30442 D EpisodeItemViewHolder: currentPosition 00:06:51
12-01 06:14:10.650 30442 30442 D AudioPlayerFragment: currentPosition 00:06:52
12-01 06:14:10.661 30442 30442 D EpisodeItemViewHolder: currentPosition 00:06:52
12-01 06:14:11.645 30442 30442 D AudioPlayerFragment: currentPosition 00:06:53
12-01 06:14:11.653 30442 30442 D EpisodeItemViewHolder: currentPosition 00:06:53
12-01 06:14:12.646 30442 30442 D AudioPlayerFragment: currentPosition 00:06:54
12-01 06:14:12.658 30442 30442 D EpisodeItemViewHolder: currentPosition 00:06:54
12-01 06:14:12.712 30442 30442 D PlaybackService: Saving current position to 414864
12-01 06:14:13.644 30442 30442 D AudioPlayerFragment: currentPosition 00:06:55
12-01 06:14:13.648 30442 30442 D EpisodeItemViewHolder: currentPosition 00:06:55
12-01 06:14:14.647 30442 30442 D AudioPlayerFragment: currentPosition 00:06:56
12-01 06:14:14.661 30442 30442 D EpisodeItemViewHolder: currentPosition 00:06:56
12-01 06:14:15.646 30442 30442 D AudioPlayerFragment: currentPosition 00:06:57
12-01 06:14:15.660 30442 30442 D EpisodeItemViewHolder: currentPosition 00:06:57
12-01 06:14:16.646 30442 30442 D AudioPlayerFragment: currentPosition 00:06:58
12-01 06:14:16.660 30442 30442 D EpisodeItemViewHolder: currentPosition 00:06:58
12-01 06:14:17.645 30442 30442 D AudioPlayerFragment: currentPosition 00:06:59
12-01 06:14:17.652 30442 30442 D EpisodeItemViewHolder: currentPosition 00:06:59
12-01 06:14:17.715 30442 30442 D PlaybackService: Saving current position to 419875
12-01 06:14:18.646 30442 30442 D AudioPlayerFragment: currentPosition 00:07:00
12-01 06:14:18.654 30442 30442 D EpisodeItemViewHolder: currentPosition 00:07:00
12-01 06:14:19.646 30442 30442 D AudioPlayerFragment: currentPosition 00:07:01
12-01 06:14:19.659 30442 30442 D EpisodeItemViewHolder: currentPosition 00:07:01
12-01 06:14:20.417 30442 30442 D ViewRootImpl@fa41c15[MainActivity]: ViewPostImeInputStage processPointer 0
12-01 06:14:20.644 30442 30442 D AudioPlayerFragment: currentPosition 00:07:02
12-01 06:14:20.650 30442 30442 D EpisodeItemViewHolder: currentPosition 00:07:02
12-01 06:14:20.953 30442 30442 D ViewRootImpl@fa41c15[MainActivity]: ViewPostImeInputStage processPointer 1
12-01 06:14:21.646 30442 30442 D AudioPlayerFragment: currentPosition 00:07:03
12-01 06:14:22.645 30442 30442 D AudioPlayerFragment: currentPosition 00:07:04
12-01 06:14:22.725 30442 30442 D PlaybackService: Saving current position to 424883
12-01 06:14:23.646 30442 30442 D AudioPlayerFragment: currentPosition 00:07:05
12-01 06:14:24.646 30442 30442 D AudioPlayerFragment: currentPosition 00:07:06
12-01 06:14:24.915 30442 30442 D ViewRootImpl@fa41c15[MainActivity]: ViewPostImeInputStage processPointer 0
12-01 06:14:25.399 30442 30442 D ViewRootImpl@fa41c15[MainActivity]: ViewPostImeInputStage processPointer 1
12-01 06:14:25.555 30442 30796 D DBReader: getQueue() called
12-01 06:14:25.562 30442 30796 D DBReader: getFavoriteIDList() called
12-01 06:14:25.563 30442 30796 D DBReader: getQueueIDList() called
12-01 06:14:25.565 30442 30796 D DBReader: Extracting Feedlist
12-01 06:14:25.580 30442 30796 D DBReader: getFavoriteIDList() called
12-01 06:14:25.581 30442 30796 D DBReader: getQueueIDList() called
12-01 06:14:25.582 30442 30796 D DBReader: Extracting Feedlist
12-01 06:14:25.613 30442 30796 D AutoDownloadManager: autodownloadUndownloadedItems
12-01 06:14:25.613 30442 30442 D NavDrawerFragment: onQueueChanged(de.danoeh.antennapod.event.QueueEvent@7720714)
12-01 06:14:25.613 30442 30442 D EpisodesListFragment: onEventMainThread() called with: event = [de.danoeh.antennapod.event.FeedItemEvent@c8b05b2]
12-01 06:14:25.616 30442 30537 D DownloadAlgorithm: Performing auto-dl of undownloaded episodes
12-01 06:14:25.616 30442 30537 D DBReader: getRecentlyPublishedEpisodes() called with: offset=0, limit=2147483647
12-01 06:14:25.617 30442 31923 D DBReader: Extracting Feedlist
12-01 06:14:25.623 30442 30537 D DBReader: getFavoriteIDList() called
12-01 06:14:25.624 30442 30537 D DBReader: getQueueIDList() called
12-01 06:14:25.624 30442 30537 D DBReader: Extracting Feedlist
12-01 06:14:25.632 30442 30537 D DBReader: getQueue() called
12-01 06:14:25.640 30442 30537 D DBReader: getFavoriteIDList() called
12-01 06:14:25.641 30442 30537 D DBReader: getQueueIDList() called
12-01 06:14:25.643 30442 30537 D DBReader: Extracting Feedlist
12-01 06:14:25.653 30442 30442 D AudioPlayerFragment: currentPosition 00:07:07
12-01 06:14:25.719 30442 30537 I APNullCleanupAlgorithm: performCleanup: Not removing anything
12-01 06:14:25.719 30442 30537 D DownloadAlgorithm: Enqueueing 24 items for download
12-01 06:14:25.772 30442 30459 D ConnectivityManager: requestNetwork; CallingUid : 10275, CallingPid : 30442
12-01 06:14:25.781 30442 30453 I art : Background partial concurrent mark sweep GC freed 184968(9MB) AllocSpace objects, 21(516KB) LOS objects, 22% free, 54MB/70MB, paused 959us total 120.045ms
12-01 06:14:26.727 30442 30442 D AudioPlayerFragment: currentPosition 00:07:08
12-01 06:14:26.897 30442 30543 D DBReader: getFavoriteIDList() called
12-01 06:14:26.898 30442 30543 D DBReader: getQueueIDList() called
12-01 06:14:26.898 30442 30543 D DBReader: Extracting Feedlist
12-01 06:14:26.908 30442 30543 D UserPreferences: User data folder not writable or not set. Trying default.
12-01 06:14:26.910 30442 30536 D DBReader: getFavoriteIDList() called
12-01 06:14:26.911 30442 30536 D DBReader: getQueueIDList() called
12-01 06:14:26.911 30442 30536 D DBReader: Extracting Feedlist
12-01 06:14:26.913 30442 30543 D DownloadRequestCreat: Requesting download of url https://feeds.wdjh.org/podcasts/abc_news_daily/20251128_89.mp3
12-01 06:14:26.919 30442 30790 D DBReader: getFavoriteIDList() called
12-01 06:14:26.923 30442 30536 D UserPreferences: User data folder not writable or not set. Trying default.
12-01 06:14:26.925 30442 30536 D DownloadRequestCreat: Requesting download of url https://feeds.wdjh.org/podcasts/full_story/20251127_27-20897-FS_HANSON.mp3
12-01 06:14:26.937 30442 30790 D DBReader: getQueueIDList() called
12-01 06:14:26.939 30442 30543 D HttpDownloader: addHeader("Accept-Encoding", "identity")
12-01 06:14:26.940 30442 30800 D DBReader: getFavoriteIDList() called
12-01 06:14:26.940 30442 30790 D DBReader: Extracting Feedlist
12-01 06:14:26.957 30442 30800 D DBReader: getQueueIDList() called
12-01 06:14:26.958 30442 30536 D HttpDownloader: addHeader("Accept-Encoding", "identity")
12-01 06:14:26.961 30442 30800 D DBReader: Extracting Feedlist
12-01 06:14:26.965 30442 30790 D UserPreferences: User data folder not writable or not set. Trying default.
12-01 06:14:26.966 30442 30800 D UserPreferences: User data folder not writable or not set. Trying default.
12-01 06:14:26.967 30442 30790 D DownloadRequestCreat: Requesting download of url https://feeds.wdjh.org/podcasts/all_things_considered/20251127_20251127_atc_pope_leo_is_traveling_to_turkey_and_lebanon_on_the_first_foreign_trip_of_his_papacy.mp3
12-01 06:14:26.973 30442 30800 D DownloadRequestCreat: Requesting download of url https://feeds.wdjh.org/podcasts/all_things_considered/20251127_20251127_atc_there_s_reason_to_be_optimistic_about_the_the_movies_coming_this_holiday_season.mp3
12-01 06:14:26.980 30442 30790 D HttpDownloader: addHeader("Accept-Encoding", "identity")
12-01 06:14:26.986 30442 30800 D HttpDownloader: addHeader("Accept-Encoding", "identity")
12-01 06:14:27.225 30442 30442 D ViewRootImpl@fa41c15[MainActivity]: ViewPostImeInputStage processPointer 0
12-01 06:14:27.409 30442 30536 D HttpDownloader: Response code is 404
12-01 06:14:27.409 30442 30536 D HttpDownloader: onFail() called with: reason = [ERROR_NOT_FOUND], reasonDetailed = [404]
12-01 06:14:27.414 30442 30790 D HttpDownloader: Response code is 404
12-01 06:14:27.414 30442 30790 D HttpDownloader: onFail() called with: reason = [ERROR_NOT_FOUND], reasonDetailed = [404]
12-01 06:14:27.416 30442 30536 E EpisodeDownloadWorker: Download failed
12-01 06:14:27.419 30442 30442 D MainActivity: onEvent(de.danoeh.antennapod.event.MessageEvent@6f451f2)
12-01 06:14:27.422 30442 30536 D EpisodeDownloadWorker: Worker for https://feeds.wdjh.org/podcasts/full_story/20251127_27-20897-FS_HANSON.mp3 returned.
12-01 06:14:27.422 30442 30790 E EpisodeDownloadWorker: Download failed
12-01 06:14:27.425 30442 30498 I WM-WorkerWrapper: Worker result FAILURE for Work [ id=debf292c-4c75-45a9-8dd9-b7f17eb09769, tags={ episodeUrl:https://feeds.wdjh.org/podcasts/full_story/20251127_27-20897-FS_HANSON.mp3, de.danoeh.antennapod.net.download.service.episode.EpisodeDownloadWorker, episodeDownload } ]
12-01 06:14:27.429 30442 30790 D EpisodeDownloadWorker: Worker for https://feeds.wdjh.org/podcasts/all_things_considered/20251127_20251127_atc_pope_leo_is_traveling_to_turkey_and_lebanon_on_the_first_foreign_trip_of_his_papacy.mp3 returned.
12-01 06:14:27.436 30442 30442 D TextView: setTypeface with style : 0
12-01 06:14:27.452 30442 30800 D HttpDownloader: Response code is 404
12-01 06:14:27.452 30442 30800 D HttpDownloader: onFail() called with: reason = [ERROR_NOT_FOUND], reasonDetailed = [404]
12-01 06:14:27.455 30442 30442 D TextView: setTypeface with style : 0
12-01 06:14:27.457 30442 30543 D HttpDownloader: Response code is 404
12-01 06:14:27.457 30442 30543 D HttpDownloader: onFail() called with: reason = [ERROR_NOT_FOUND], reasonDetailed = [404]
12-01 06:14:27.459 30442 30800 E EpisodeDownloadWorker: Download failed
12-01 06:14:27.461 30442 30543 E EpisodeDownloadWorker: Download failed
12-01 06:14:27.463 30442 30800 D EpisodeDownloadWorker: Worker for https://feeds.wdjh.org/podcasts/all_things_considered/20251127_20251127_atc_there_s_reason_to_be_optimistic_about_the_the_movies_coming_this_holiday_season.mp3 returned.
12-01 06:14:27.465 30442 30543 D EpisodeDownloadWorker: Worker for https://feeds.wdjh.org/podcasts/abc_news_daily/20251128_89.mp3 returned.
12-01 06:14:27.468 30442 30498 I WM-WorkerWrapper: Worker result FAILURE for Work [ id=982c429a-d0f0-45cd-887a-328dc8d3246f, tags={ episodeUrl:https://feeds.wdjh.org/podcasts/all_things_considered/20251127_20251127_atc_pope_leo_is_traveling_to_turkey_and_lebanon_on_the_first_foreign_trip_of_his_papacy.mp3, de.danoeh.antennapod.net.download.service.episode.EpisodeDownloadWorker, episodeDownload } ]
12-01 06:14:27.485 30442 30536 D DBReader: getFavoriteIDList() called
12-01 06:14:27.487 30442 30790 D DBReader: getFavoriteIDList() called
12-01 06:14:27.490 30442 30800 D DBReader: getFavoriteIDList() called
12-01 06:14:27.493 30442 30543 D DBReader: getFavoriteIDList() called
12-01 06:14:27.495 30442 30442 D MainActivity: onEvent(de.danoeh.antennapod.event.MessageEvent@5594fee)
12-01 06:14:27.497 30442 30442 D TextView: setTypeface with style : 0
12-01 06:14:27.500 30442 30442 D TextView: setTypeface with style : 0
12-01 06:14:27.504 30442 30498 I WM-WorkerWrapper: Worker result FAILURE for Work [ id=917d9a9c-31f2-4644-bbf1-9a1053197013, tags={ de.danoeh.antennapod.net.download.service.episode.EpisodeDownloadWorker, episodeUrl:https://feeds.wdjh.org/podcasts/all_things_considered/20251127_20251127_atc_there_s_reason_to_be_optimistic_about_the_the_movies_coming_this_holiday_season.mp3, episodeDownload } ]
12-01 06:14:27.513 30442 30442 D ItemDescriptionFragment: Saving preferences
12-01 06:14:27.514 30442 30442 D ItemDescriptionFragment: Saving scroll position: 0
12-01 06:14:27.561 30442 30536 D DBReader: getQueueIDList() called
12-01 06:14:27.561 30442 30790 D DBReader: getQueueIDList() called
12-01 06:14:27.562 30442 30800 D DBReader: getQueueIDList() called
12-01 06:14:27.562 30442 30543 D DBReader: getQueueIDList() called
12-01 06:14:27.564 30442 30536 D DBReader: Extracting Feedlist
12-01 06:14:27.571 30442 30790 D DBReader: Extracting Feedlist
12-01 06:14:27.572 30442 30543 D DBReader: Extracting Feedlist
12-01 06:14:27.572 30442 30800 D DBReader: Extracting Feedlist
12-01 06:14:27.597 30442 30536 D UserPreferences: User data folder not writable or not set. Trying default.
12-01 06:14:27.599 30442 30543 D UserPreferences: User data folder not writable or not set. Trying default.
12-01 06:14:27.600 30442 30800 D UserPreferences: User data folder not writable or not set. Trying default.
12-01 06:14:27.600 30442 30790 D UserPreferences: User data folder not writable or not set. Trying default.
12-01 06:14:27.604 30442 30442 D MainActivity: onEvent(de.danoeh.antennapod.event.MessageEvent@90dac23)
12-01 06:14:27.604 30442 30536 D DownloadRequestCreat: Requesting download of url https://feeds.wdjh.org/podcasts/all_things_considered/20251127_20251127_atc_the_afghan_resettlement_effort_faces_a_defining_test_after_the_dc_shooting.mp3
12-01 06:14:27.606 30442 30543 D DownloadRequestCreat: Requesting download of url https://feeds.wdjh.org/podcasts/abc_rewind/20251128_63.mp3
12-01 06:14:27.607 30442 30442 D TextView: setTypeface with style : 0
12-01 06:14:27.610 30442 30800 D DownloadRequestCreat: Requesting download of url https://feeds.wdjh.org/podcasts/sbs_french__sbs_en_franais/20251128_20251128075814-french-8656a917-6e99-460e-8e3d-5426b1ebf6b6.mp3
12-01 06:14:27.614 30442 30790 D DownloadRequestCreat: Requesting download of url https://feeds.wdjh.org/podcasts/sbs_french__sbs_en_franais/20251128_20251128082014-french-3218b267-e5d8-4373-9653-ed6f03af0dd5.mp3
12-01 06:14:27.616 30442 30442 D TextView: setTypeface with style : 0
12-01 06:14:27.617 30442 30498 I WM-WorkerWrapper: Worker result FAILURE for Work [ id=7f34132b-698d-44fb-af8c-f7288c2d2df1, tags={ de.danoeh.antennapod.net.download.service.episode.EpisodeDownloadWorker, episodeUrl:https://feeds.wdjh.org/podcasts/abc_news_daily/20251128_89.mp3, episodeDownload } ]
12-01 06:14:27.641 30442 30536 D HttpDownloader: addHeader("Accept-Encoding", "identity")
12-01 06:14:27.647 30442 30800 D HttpDownloader: addHeader("Accept-Encoding", "identity")
12-01 06:14:27.658 30442 30790 D HttpDownloader: addHeader("Accept-Encoding", "identity")
12-01 06:14:27.662 30442 30536 D HttpDownloader: Response code is 404
12-01 06:14:27.662 30442 30536 D HttpDownloader: onFail() called with: reason = [ERROR_NOT_FOUND], reasonDetailed = [404]
12-01 06:14:27.664 30442 30543 D HttpDownloader: addHeader("Accept-Encoding", "identity")
12-01 06:14:27.664 30442 30536 E EpisodeDownloadWorker: Download failed
12-01 06:14:27.666 30442 30536 D EpisodeDownloadWorker: Worker for https://feeds.wdjh.org/podcasts/all_things_considered/20251127_20251127_atc_the_afghan_resettlement_effort_faces_a_defining_test_after_the_dc_shooting.mp3 returned.
12-01 06:14:27.673 30442 30442 D ItemDescriptionFragment: Saving preferences
12-01 06:14:27.673 30442 30442 D ItemDescriptionFragment: Saving scroll position: 0
12-01 06:14:27.674 30442 30800 D HttpDownloader: Response code is 404
12-01 06:14:27.674 30442 30800 D HttpDownloader: onFail() called with: reason = [ERROR_NOT_FOUND], reasonDetailed = [404]
12-01 06:14:27.684 30442 30800 E EpisodeDownloadWorker: Download failed
12-01 06:14:27.688 30442 30800 D EpisodeDownloadWorker: Worker for https://feeds.wdjh.org/podcasts/sbs_french__sbs_en_franais/20251128_20251128075814-french-8656a917-6e99-460e-8e3d-5426b1ebf6b6.mp3 returned.
12-01 06:14:27.691 30442 30543 D HttpDownloader: Response code is 404
12-01 06:14:27.691 30442 30543 D HttpDownloader: onFail() called with: reason = [ERROR_NOT_FOUND], reasonDetailed = [404]
12-01 06:14:27.694 30442 30543 E EpisodeDownloadWorker: Download failed
12-01 06:14:27.696 30442 30442 D MainActivity: onEvent(de.danoeh.antennapod.event.MessageEvent@adefc4d)
12-01 06:14:27.698 30442 30442 D TextView: setTypeface with style : 0
12-01 06:14:27.699 30442 30790 D HttpDownloader: Response code is 404
12-01 06:14:27.699 30442 30790 D HttpDownloader: onFail() called with: reason = [ERROR_NOT_FOUND], reasonDetailed = [404]
12-01 06:14:27.699 30442 30442 D TextView: setTypeface with style : 0
12-01 06:14:27.700 30442 30543 D EpisodeDownloadWorker: Worker for https://feeds.wdjh.org/podcasts/abc_rewind/20251128_63.mp3 returned.
12-01 06:14:27.700 30442 30790 E EpisodeDownloadWorker: Download failed
12-01 06:14:27.703 30442 30790 D EpisodeDownloadWorker: Worker for https://feeds.wdjh.org/podcasts/sbs_french__sbs_en_franais/20251128_20251128082014-french-3218b267-e5d8-4373-9653-ed6f03af0dd5.mp3 returned.
12-01 06:14:27.705 30442 30442 D MainActivity: onEvent(de.danoeh.antennapod.event.MessageEvent@ee5f68)
12-01 06:14:27.706 30442 30442 D TextView: setTypeface with style : 0
12-01 06:14:27.707 30442 30442 D TextView: setTypeface with style : 0
12-01 06:14:27.711 30442 30442 D AudioPlayerFragment: currentPosition 00:07:09
12-01 06:14:27.718 30442 30536 D DBReader: getFavoriteIDList() called
12-01 06:14:27.728 30442 30800 D DBReader: getFavoriteIDList() called
12-01 06:14:27.729 30442 30790 D DBReader: getFavoriteIDList() called
12-01 06:14:27.731 30442 30543 D DBReader: getFavoriteIDList() called
12-01 06:14:27.732 30442 30536 D DBReader: getQueueIDList() called
12-01 06:14:27.758 30442 30790 D DBReader: getQueueIDList() called
12-01 06:14:27.760 30442 30800 D DBReader: getQueueIDList() called
12-01 06:14:27.762 30442 30536 D DBReader: Extracting Feedlist
12-01 06:14:27.772 30442 30543 D DBReader: getQueueIDList() called
12-01 06:14:27.774 30442 30790 D DBReader: Extracting Feedlist
12-01 06:14:27.775 30442 30800 D DBReader: Extracting Feedlist
12-01 06:14:27.778 30442 30543 D DBReader: Extracting Feedlist
12-01 06:14:27.782 30442 30459 I WM-WorkerWrapper: Worker result FAILURE for Work [ id=093ac132-5428-4c51-a42a-2c3f1fabc6ad, tags={ de.danoeh.antennapod.net.download.service.episode.EpisodeDownloadWorker, episodeUrl:https://feeds.wdjh.org/podcasts/all_things_considered/20251127_20251127_atc_the_afghan_resettlement_effort_faces_a_defining_test_after_the_dc_shooting.mp3, episodeDownload } ]
12-01 06:14:27.788 30442 30536 D UserPreferences: User data folder not writable or not set. Trying default.
12-01 06:14:27.794 30442 30536 D DownloadRequestCreat: Requesting download of url https://feeds.wdjh.org/podcasts/abc_rewind/20251128_61.mp3
12-01 06:14:27.807 30442 30790 D UserPreferences: User data folder not writable or not set. Trying default.
12-01 06:14:27.807 30442 30800 D UserPreferences: User data folder not writable or not set. Trying default.
12-01 06:14:27.811 30442 30536 D HttpDownloader: addHeader("Accept-Encoding", "identity")
12-01 06:14:27.811 30442 30543 D UserPreferences: User data folder not writable or not set. Trying default.
12-01 06:14:27.812 30442 30790 D DownloadRequestCreat: Requesting download of url https://feeds.wdjh.org/podcasts/mushroom_case_daily/20251128_b8.mp3
12-01 06:14:27.815 30442 30800 D DownloadRequestCreat: Requesting download of url https://feeds.wdjh.org/podcasts/knowledge_fight/20251128_Nov15-2025.mp3
12-01 06:14:27.818 30442 30543 D DownloadRequestCreat: Requesting download of url https://feeds.wdjh.org/podcasts/the_conditional_release_program/20251128_stream.mp3
12-01 06:14:27.820 30442 30442 D ViewRootImpl@fa41c15[MainActivity]: ViewPostImeInputStage processPointer 1
12-01 06:14:27.825 30442 30442 D ItemDescriptionFragment: Saving preferences
12-01 06:14:27.825 30442 30442 D ItemDescriptionFragment: Saving scroll position: 0
12-01 06:14:27.831 30442 30536 D HttpDownloader: Response code is 404
12-01 06:14:27.831 30442 30536 D HttpDownloader: onFail() called with: reason = [ERROR_NOT_FOUND], reasonDetailed = [404]
12-01 06:14:27.841 30442 30536 E EpisodeDownloadWorker: Download failed
12-01 06:14:27.842 30442 30536 D EpisodeDownloadWorker: Worker for https://feeds.wdjh.org/podcasts/abc_rewind/20251128_61.mp3 returned.
12-01 06:14:27.843 30442 30790 D HttpDownloader: addHeader("Accept-Encoding", "identity")
12-01 06:14:27.850 30442 30459 I WM-WorkerWrapper: Worker result FAILURE for Work [ id=13442008-3248-40d2-86ca-9120f4375bb7, tags={ de.danoeh.antennapod.net.download.service.episode.EpisodeDownloadWorker, episodeUrl:https://feeds.wdjh.org/podcasts/sbs_french__sbs_en_franais/20251128_20251128075814-french-8656a917-6e99-460e-8e3d-5426b1ebf6b6.mp3, episodeDownload } ]
12-01 06:14:27.866 30442 30800 D HttpDownloader: addHeader("Accept-Encoding", "identity")
12-01 06:14:27.869 30442 30536 D DBReader: getFavoriteIDList() called
12-01 06:14:27.871 30442 30790 D HttpDownloader: Response code is 404
12-01 06:14:27.871 30442 30543 D HttpDownloader: addHeader("Accept-Encoding", "identity")
12-01 06:14:27.871 30442 30790 D HttpDownloader: onFail() called with: reason = [ERROR_NOT_FOUND], reasonDetailed = [404]
12-01 06:14:27.873 30442 30790 E EpisodeDownloadWorker: Download failed
12-01 06:14:27.875 30442 30790 D EpisodeDownloadWorker: Worker for https://feeds.wdjh.org/podcasts/mushroom_case_daily/20251128_b8.mp3 returned.
12-01 06:14:27.885 30442 30536 D DBReader: getQueueIDList() called
12-01 06:14:27.885 30442 30800 D HttpDownloader: Response code is 404
12-01 06:14:27.886 30442 30800 D HttpDownloader: onFail() called with: reason = [ERROR_NOT_FOUND], reasonDetailed = [404]
12-01 06:14:27.888 30442 30790 D DBReader: getFavoriteIDList() called
12-01 06:14:27.891 30442 30800 E EpisodeDownloadWorker: Download failed
12-01 06:14:27.894 30442 30800 D EpisodeDownloadWorker: Worker for https://feeds.wdjh.org/podcasts/knowledge_fight/20251128_Nov15-2025.mp3 returned.
12-01 06:14:27.895 30442 30543 D HttpDownloader: Response code is 404
12-01 06:14:27.895 30442 30543 D HttpDownloader: onFail() called with: reason = [ERROR_NOT_FOUND], reasonDetailed = [404]
12-01 06:14:27.897 30442 30543 E EpisodeDownloadWorker: Download failed
12-01 06:14:27.900 30442 30543 D EpisodeDownloadWorker: Worker for https://feeds.wdjh.org/podcasts/the_conditional_release_program/20251128_stream.mp3 returned.
12-01 06:14:27.906 30442 30536 D DBReader: Extracting Feedlist
12-01 06:14:27.909 30442 30790 D DBReader: getQueueIDList() called
12-01 06:14:27.913 30442 30800 D DBReader: getFavoriteIDList() called
12-01 06:14:27.914 30442 30442 D MainActivity: onEvent(de.danoeh.antennapod.event.MessageEvent@ae887ac)
12-01 06:14:27.918 30442 30442 D TextView: setTypeface with style : 0
12-01 06:14:27.921 30442 30442 D TextView: setTypeface with style : 0
12-01 06:14:27.929 30442 30543 D DBReader: getFavoriteIDList() called
12-01 06:14:27.932 30442 30498 I WM-WorkerWrapper: Worker result FAILURE for Work [ id=f1b3b2f6-0316-4635-9e53-99aedd804d73, tags={ episodeUrl:https://feeds.wdjh.org/podcasts/abc_rewind/20251128_63.mp3, de.danoeh.antennapod.net.download.service.episode.EpisodeDownloadWorker, episodeDownload } ]
12-01 06:14:27.935 30442 30790 D DBReader: Extracting Feedlist
12-01 06:14:27.936 30442 30800 D DBReader: getQueueIDList() called
12-01 06:14:27.936 30442 30442 D PlaybackService: Saving current position to 430089
12-01 06:14:27.939 30442 30536 D UserPreferences: User data folder not writable or not set. Trying default.
12-01 06:14:27.943 30442 30536 D DownloadRequestCreat: Requesting download of url https://feeds.wdjh.org/podcasts/background_briefing/20251129_ph.mp3
12-01 06:14:27.944 30442 30543 D DBReader: getQueueIDList() called
12-01 06:14:27.944 30442 30442 D ItemDescriptionFragment: Saving preferences
12-01 06:14:27.944 30442 30442 D ItemDescriptionFragment: Saving scroll position: 0
12-01 06:14:27.950 30442 30800 D DBReader: Extracting Feedlist
12-01 06:14:27.952 30442 30543 D DBReader: Extracting Feedlist
12-01 06:14:27.955 30442 30790 D UserPreferences: User data folder not writable or not set. Trying default.
12-01 06:14:27.959 30442 30790 D DownloadRequestCreat: Requesting download of url https://feeds.wdjh.org/podcasts/the_steve_matthes_show_on_racerx/20251130_251129_wsx_pulpcasts.mp3
12-01 06:14:27.960 30442 30536 D HttpDownloader: addHeader("Accept-Encoding", "identity")
12-01 06:14:27.967 30442 30800 D UserPreferences: User data folder not writable or not set. Trying default.
12-01 06:14:27.969 30442 30543 D UserPreferences: User data folder not writable or not set. Trying default.
12-01 06:14:27.971 30442 30800 D DownloadRequestCreat: Requesting download of url https://feeds.wdjh.org/podcasts/politics_now/20251129_n6.mp3
12-01 06:14:27.973 30442 30790 D HttpDownloader: addHeader("Accept-Encoding", "identity")
12-01 06:14:27.974 30442 30543 D DownloadRequestCreat: Requesting download of url https://feeds.wdjh.org/podcasts/sbs_french__sbs_en_franais/20251129_20251129140016-french-5f122eb7-3ad2-4c02-bdd1-ef71284f277e.mp3
12-01 06:14:27.981 30442 30536 D HttpDownloader: Response code is 404
12-01 06:14:27.981 30442 30536 D HttpDownloader: onFail() called with: reason = [ERROR_NOT_FOUND], reasonDetailed = [404]
12-01 06:14:27.983 30442 30800 D HttpDownloader: addHeader("Accept-Encoding", "identity")
12-01 06:14:27.984 30442 30536 E EpisodeDownloadWorker: Download failed
12-01 06:14:27.985 30442 30536 D EpisodeDownloadWorker: Worker for https://feeds.wdjh.org/podcasts/background_briefing/20251129_ph.mp3 returned.
12-01 06:14:27.990 30442 30790 D HttpDownloader: Response code is 404
12-01 06:14:27.990 30442 30790 D HttpDownloader: onFail() called with: reason = [ERROR_NOT_FOUND], reasonDetailed = [404]
12-01 06:14:27.992 30442 30790 E EpisodeDownloadWorker: Download failed
12-01 06:14:27.994 30442 30790 D EpisodeDownloadWorker: Worker for https://feeds.wdjh.org/podcasts/the_steve_matthes_show_on_racerx/20251130_251129_wsx_pulpcasts.mp3 returned.
12-01 06:14:27.997 30442 30543 D HttpDownloader: addHeader("Accept-Encoding", "identity")
12-01 06:14:28.000 30442 30536 D DBReader: getFavoriteIDList() called
12-01 06:14:28.001 30442 30790 D DBReader: getFavoriteIDList() called
12-01 06:14:28.003 30442 30800 D HttpDownloader: Response code is 404
12-01 06:14:28.003 30442 30800 D HttpDownloader: onFail() called with: reason = [ERROR_NOT_FOUND], reasonDetailed = [404]
12-01 06:14:28.009 30442 30800 E EpisodeDownloadWorker: Download failed
12-01 06:14:28.010 30442 30800 D EpisodeDownloadWorker: Worker for https://feeds.wdjh.org/podcasts/politics_now/20251129_n6.mp3 returned.
12-01 06:14:28.012 30442 30442 D MainActivity: onEvent(de.danoeh.antennapod.event.MessageEvent@4579aae)
12-01 06:14:28.014 30442 30442 D TextView: setTypeface with style : 0
12-01 06:14:28.017 30442 30543 D HttpDownloader: Response code is 404
12-01 06:14:28.017 30442 30543 D HttpDownloader: onFail() called with: reason = [ERROR_NOT_FOUND], reasonDetailed = [404]
12-01 06:14:28.017 30442 30536 D DBReader: getQueueIDList() called
12-01 06:14:28.017 30442 30442 D TextView: setTypeface with style : 0
12-01 06:14:28.022 30442 30543 E EpisodeDownloadWorker: Download failed
12-01 06:14:28.022 30442 30496 I WM-WorkerWrapper: Worker result FAILURE for Work [ id=b65214e9-480e-49a5-9634-c4bc33d843a1, tags={ episodeUrl:https://feeds.wdjh.org/podcasts/sbs_french__sbs_en_franais/20251128_20251128082014-french-3218b267-e5d8-4373-9653-ed6f03af0dd5.mp3, de.danoeh.antennapod.net.download.service.episode.EpisodeDownloadWorker, episodeDownload } ]
12-01 06:14:28.024 30442 30543 D EpisodeDownloadWorker: Worker for https://feeds.wdjh.org/podcasts/sbs_french__sbs_en_franais/20251129_20251129140016-french-5f122eb7-3ad2-4c02-bdd1-ef71284f277e.mp3 returned.
12-01 06:14:28.025 30442 30790 D DBReader: getQueueIDList() called
12-01 06:14:28.028 30442 30800 D DBReader: getFavoriteIDList() called
12-01 06:14:28.053 30442 30536 D DBReader: Extracting Feedlist
12-01 06:14:28.053 30442 30790 D DBReader: Extracting Feedlist
12-01 06:14:28.056 30442 30543 D DBReader: getFavoriteIDList() called
12-01 06:14:28.056 30442 30800 D DBReader: getQueueIDList() called
12-01 06:14:28.067 30442 30543 D DBReader: getQueueIDList() called
12-01 06:14:28.068 30442 30800 D DBReader: Extracting Feedlist
12-01 06:14:28.069 30442 30543 D DBReader: Extracting Feedlist
12-01 06:14:28.070 30442 30536 D UserPreferences: User data folder not writable or not set. Trying default.
12-01 06:14:28.073 30442 30442 D ItemDescriptionFragment: Saving preferences
12-01 06:14:28.073 30442 30442 D ItemDescriptionFragment: Saving scroll position: 0
12-01 06:14:28.075 30442 30536 D DownloadRequestCreat: Requesting download of url https://feeds.wdjh.org/podcasts/sbs_french__sbs_en_franais/20251129_20251129080514-french-20de8e09-e60d-483d-a5ae-543038947af9.mp3
12-01 06:14:28.082 30442 30790 D UserPreferences: User data folder not writable or not set. Trying default.
12-01 06:14:28.086 30442 30790 D DownloadRequestCreat: Requesting download of url https://feeds.wdjh.org/podcasts/the_racer_x_podcast_network/20251128_WeegeshowWednesdayAus_1.mp3
12-01 06:14:28.090 30442 30800 D UserPreferences: User data folder not writable or not set. Trying default.
12-01 06:14:28.101 30442 30800 D DownloadRequestCreat: Requesting download of url https://feeds.wdjh.org/podcasts/boonta_vista/20251129_2220966239-boontavista-episode-424.mp3
12-01 06:14:28.103 30442 30442 D MainActivity: onEvent(de.danoeh.antennapod.event.MessageEvent@96339d)
12-01 06:14:28.104 30442 30442 D TextView: setTypeface with style : 0
12-01 06:14:28.106 30442 30442 D TextView: setTypeface with style : 0
12-01 06:14:28.109 30442 30442 D MainActivity: onEvent(de.danoeh.antennapod.event.MessageEvent@3d51cf8)
12-01 06:14:28.111 30442 30442 D TextView: setTypeface with style : 0
12-01 06:14:28.111 30442 30543 D UserPreferences: User data folder not writable or not set. Trying default.
12-01 06:14:28.112 30442 30442 D TextView: setTypeface with style : 0
12-01 06:14:28.114 30442 30543 D DownloadRequestCreat: Requesting download of url https://feeds.wdjh.org/podcasts/rc_plane_lab/20251128_EP199.mp3
12-01 06:14:28.117 30442 30536 D HttpDownloader: addHeader("Accept-Encoding", "identity")
12-01 06:14:28.125 30442 30790 D HttpDownloader: addHeader("Accept-Encoding", "identity")
12-01 06:14:28.132 30442 30536 D HttpDownloader: Response code is 404
12-01 06:14:28.132 30442 30536 D HttpDownloader: onFail() called with: reason = [ERROR_NOT_FOUND], reasonDetailed = [404]
12-01 06:14:28.134 30442 30536 E EpisodeDownloadWorker: Download failed
12-01 06:14:28.136 30442 30800 D HttpDownloader: addHeader("Accept-Encoding", "identity")
12-01 06:14:28.139 30442 30536 D EpisodeDownloadWorker: Worker for https://feeds.wdjh.org/podcasts/sbs_french__sbs_en_franais/20251129_20251129080514-french-20de8e09-e60d-483d-a5ae-543038947af9.mp3 returned.
12-01 06:14:28.140 30442 30790 D HttpDownloader: Response code is 404
12-01 06:14:28.140 30442 30790 D HttpDownloader: onFail() called with: reason = [ERROR_NOT_FOUND], reasonDetailed = [404]
12-01 06:14:28.142 30442 30442 D ItemDescriptionFragment: Saving preferences
12-01 06:14:28.142 30442 30442 D ItemDescriptionFragment: Saving scroll position: 0
12-01 06:14:28.145 30442 30790 E EpisodeDownloadWorker: Download failed
12-01 06:14:28.146 30442 30790 D EpisodeDownloadWorker: Worker for https://feeds.wdjh.org/podcasts/the_racer_x_podcast_network/20251128_WeegeshowWednesdayAus_1.mp3 returned.
12-01 06:14:28.149 30442 30543 D HttpDownloader: addHeader("Accept-Encoding", "identity")
12-01 06:14:28.154 30442 30800 D HttpDownloader: Response code is 404
12-01 06:14:28.154 30442 30800 D HttpDownloader: onFail() called with: reason = [ERROR_NOT_FOUND], reasonDetailed = [404]
12-01 06:14:28.157 30442 30800 E EpisodeDownloadWorker: Download failed
12-01 06:14:28.158 30442 30800 D EpisodeDownloadWorker: Worker for https://feeds.wdjh.org/podcasts/boonta_vista/20251129_2220966239-boontavista-episode-424.mp3 returned.
