12-01 06:20:37.733 30442 964 D DownloadRequestCreat: Requesting download of url https://feeds.wdjh.org/podcasts/abc_rewind.rss
12-01 06:20:37.733 30442 963 W NotificationManager: notify: id corrupted: sent 2131362420, got back 0
12-01 06:20:37.733 30442 963 D UserPreferences: User data folder not writable or not set. Trying default.
12-01 06:20:37.733 30442 964 D HttpDownloader: addHeader("If-Modified-Since", "Sun, 30 Nov 2025 06:07:52 GMT")
12-01 06:20:37.735 30442 963 D DownloadRequestCreat: Requesting download of url https://feeds.wdjh.org/podcasts/behind_the_bastards.rss
12-01 06:20:37.735 30442 963 D HttpDownloader: addHeader("If-Modified-Since", "Sun, 30 Nov 2025 08:45:53 GMT")
12-01 06:20:37.738 30442 965 D HttpDownloader: Response code is 304
12-01 06:20:37.738 30442 965 D HttpDownloader: Feed 'https://feeds.wdjh.org/podcasts/the_moto_academy.rss' not modified since last update, Download canceled
12-01 06:20:37.738 30442 965 D HttpDownloader: Download was cancelled
12-01 06:20:37.738 30442 964 D HttpDownloader: Response code is 304
12-01 06:20:37.738 30442 964 D HttpDownloader: Feed 'https://feeds.wdjh.org/podcasts/abc_rewind.rss' not modified since last update, Download canceled
12-01 06:20:37.738 30442 964 D HttpDownloader: Download was cancelled
12-01 06:20:37.742 30442 965 W NotificationManager: notify: id corrupted: sent 2131362420, got back 0
12-01 06:20:37.745 30442 964 W NotificationManager: notify: id corrupted: sent 2131362420, got back 0
12-01 06:20:37.747 30442 963 D HttpDownloader: Response code is 304
12-01 06:20:37.747 30442 963 D HttpDownloader: Feed 'https://feeds.wdjh.org/podcasts/behind_the_bastards.rss' not modified since last update, Download canceled
12-01 06:20:37.747 30442 963 D HttpDownloader: Download was cancelled
12-01 06:20:37.750 30442 963 W NotificationManager: notify: id corrupted: sent 2131362420, got back 0
12-01 06:20:41.087 30442 966 D HttpDownloader: Response code is 200
12-01 06:20:41.092 30442 966 D HttpDownloader: Getting size of download
12-01 06:20:41.092 30442 966 D HttpDownloader: Size is -1
12-01 06:20:41.092 30442 966 D UserPreferences: User data folder not writable or not set. Trying default.
12-01 06:20:41.105 30442 966 D HttpDownloader: Free space is 6040076288
12-01 06:20:41.105 30442 966 D HttpDownloader: Starting download
12-01 06:20:41.115 30442 966 D HttpDownloader: Download was successful
12-01 06:20:41.119 30442 966 D TypeGetter: Recognized type RSS 2.0
12-01 06:20:41.129 30442 966 D SyndHandler: Recognized Content namespace
12-01 06:20:41.129 30442 966 D SyndHandler: Recognized DublinCore namespace
12-01 06:20:41.129 30442 966 D SyndHandler: Recognized Atom namespace
12-01 06:20:41.129 30442 966 D SyndHandler: Recognized ITunes namespace
12-01 06:20:41.129 30442 966 D SyndHandler: Recognized PodcastIndex namespace
12-01 06:20:41.129 30442 966 D SyndHandler: Recognized media namespace
12-01 06:20:41.219 30442 966 D FeedParserTask: Moms Behind Moto parsed
12-01 06:20:41.220 30442 966 D FeedParserTask: Deletion of file '/storage/emulated/0/Android/data/de.danoeh.antennapod/files/cache/feed-Moms Behind Moto47' successful
12-01 06:20:41.220 30442 966 D DBReader: getFeed() called with: feedId = [47]
12-01 06:20:41.221 30442 966 D DBReader: getFeedItemList() called with: feed = [de.danoeh.antennapod.model.feed.Feed@4e]
12-01 06:20:41.223 30442 966 D DBReader: getFavoriteIDList() called
12-01 06:20:41.224 30442 966 D DBReader: getQueueIDList() called
12-01 06:20:41.225 30442 966 D FeedDbWriter: Feed with title Moms Behind Moto already exists. Syncing new with existing one.
12-01 06:20:41.225 30442 966 D FeedDbWriter: Found new item: Moms Behind Moto with Zak Mashburn
12-01 06:20:41.225 30442 966 D FeedDbWriter: Found new item: Lorettas X Mom Forum
12-01 06:20:41.225 30442 966 D FeedDbWriter: Found new item: We are back baby!!
12-01 06:20:41.225 30442 966 D FeedDbWriter: Found new item: MBM X Hannah Morais
12-01 06:20:41.225 30442 966 D FeedDbWriter: Found new item: MBM X Sara Kitchen
12-01 06:20:41.225 30442 966 D FeedDbWriter: Found new item: MBM X Jacki Short
12-01 06:20:41.225 30442 966 D FeedDbWriter: Found new item: Let’s talk tickets
12-01 06:20:41.225 30442 966 D FeedDbWriter: Found new item: Real talk with Amy Cochran
12-01 06:20:41.225 30442 966 D FeedDbWriter: Found new item: Welcome JV FILMZ
12-01 06:20:41.225 30442 966 D FeedDbWriter: Found new item: Spring Nationals Recap
12-01 06:20:41.225 30442 966 D FeedDbWriter: Found new item: Moto Mom - Nicole Turner
12-01 06:20:41.225 30442 966 D FeedDbWriter: Found new item: Talking Flagging with the pro, Buddy Antunez
12-01 06:20:41.225 30442 966 D FeedDbWriter: Found new item: Lets talk about it, FlaggersðŸ
12-01 06:20:41.225 30442 966 D FeedDbWriter: Found new item: Live with 24 & 149
12-01 06:20:41.226 30442 966 D FeedDbWriter: Found new item: Lets â€unpack†What would you pack?
12-01 06:20:41.226 30442 966 D FeedDbWriter: Found new item: energy drinks and ADHD?
12-01 06:20:41.226 30442 966 D FeedDbWriter: Found new item: Racing for Dummies pt 2
12-01 06:20:41.226 30442 966 D FeedDbWriter: Found new item: Racing for Dummies pt 1
12-01 06:20:41.226 30442 966 D FeedDbWriter: Found new item: FFS With Kelly Ross Pr. 2
12-01 06:20:41.226 30442 966 D FeedDbWriter: Found new item: FFS with Kelly Ross Pt. 1
12-01 06:20:41.226 30442 966 D FeedDbWriter: Found new item: Catching up with Eric and Casey Part 2
12-01 06:20:41.226 30442 966 D FeedDbWriter: Found new item: welcome Casey & Eric
12-01 06:20:41.226 30442 966 D FeedDbWriter: Found new item: Hanging out with Rob Fox
12-01 06:20:41.226 30442 966 D FeedDbWriter: Found new item: Mini O’s Recap!
12-01 06:20:41.226 30442 966 D FeedDbWriter: Found new item: Lets Talk Sponorships!
12-01 06:20:41.226 30442 966 D FeedDbWriter: Found new item: Training Facilities
12-01 06:20:41.226 30442 966 D FeedDbWriter: Found new item: Pressures of motorcross
12-01 06:20:41.227 30442 966 D FeedDbWriter: Found new item: Ep. 3 Welcome Sara Gordon
12-01 06:20:41.227 30442 966 D FeedDbWriter: Found new item: Family Dynamics
12-01 06:20:41.227 30442 966 D FeedDbWriter: Found new item: Get to know your hosts (audio only)
12-01 06:20:41.227 30442 966 D FeedDbWriter: Repaired duplicate: FeedItem [id=0, title=Family Dynamics, feedId=0, pubDate=Fri Oct 25 01:00:58 GMT+11:00 2024], FeedItem [id=0, title=Get To Know Your Hosts, feedId=0, pubDate=Sat Oct 19 15:32:05 GMT+11:00 2024]
12-01 06:20:41.264 30442 30796 D de.danoeh.antennapod.storage.database.PodDBAdapter@f5e76c0: Updating existing Feed in db
12-01 06:20:41.325 30442 966 D DBReader: getFeedDownloadLog() called with: feed = [47]
12-01 06:20:41.331 30442 30536 D DBReader: Extracting Feedlist
12-01 06:20:41.335 30442 519 D DBReader: Extracting Feedlist
12-01 06:20:41.339 30442 547 D DBReader: Extracting Feedlist
12-01 06:20:41.370 30442 30536 D AutoDownloadManager: autodownloadUndownloadedItems
12-01 06:20:41.379 30442 30537 D DownloadAlgorithm: Performing auto-dl of undownloaded episodes
12-01 06:20:41.379 30442 30537 D DBReader: getRecentlyPublishedEpisodes() called with: offset=0, limit=2147483647
12-01 06:20:41.393 30442 30537 D DBReader: getFavoriteIDList() called
12-01 06:20:41.403 30442 30537 D DBReader: getQueueIDList() called
12-01 06:20:41.405 30442 30537 D DBReader: Extracting Feedlist
12-01 06:20:41.416 30442 30537 D DBReader: getQueue() called
12-01 06:20:41.426 30442 30537 D DBReader: getFavoriteIDList() called
12-01 06:20:41.428 30442 30537 D DBReader: getQueueIDList() called
12-01 06:20:41.430 30442 30537 D DBReader: Extracting Feedlist
12-01 06:20:41.459 30442 30470 I WM-WorkerWrapper: Worker result SUCCESS for Work [ id=21f9a3b7-0de3-4487-9427-1dc6248331e5, tags={ feedUpdate, de.danoeh.antennapod.net.download.service.feed.FeedUpdateWorker } ]
12-01 06:20:41.466 30442 30442 I WM-SystemFgDispatcher: Stopping foreground service
12-01 06:20:41.549 30442 30537 I APNullCleanupAlgorithm: performCleanup: Not removing anything
12-01 06:20:41.549 30442 30537 D DownloadAlgorithm: Enqueueing 25 items for download
12-01 06:20:41.777 30442 30543 D SyncService: Downloaded subscription changes: SubscriptionChange [added=[], removed=[], timestamp=1764530437]
12-01 06:20:41.785 30442 30543 D SyncService: Added: https://momsbehindmoto.podbean.com/feed.xml
12-01 06:20:41.786 30442 30543 D SyncService: Removed:
12-01 06:20:43.035 30442 30543 D DBReader: Extracting Feedlist
12-01 06:20:43.118 30442 30790 D DBReader: getFavoriteIDList() called
12-01 06:20:43.120 30442 30790 D DBReader: getQueueIDList() called
12-01 06:20:43.122 30442 30790 D DBReader: Extracting Feedlist
12-01 06:20:43.136 30442 30790 D UserPreferences: User data folder not writable or not set. Trying default.
12-01 06:20:43.137 30442 30800 D DBReader: getFavoriteIDList() called
12-01 06:20:43.139 30442 30800 D DBReader: getQueueIDList() called
12-01 06:20:43.141 30442 30800 D DBReader: Extracting Feedlist
12-01 06:20:43.143 30442 30790 D DownloadRequestCreat: Requesting download of url https://feeds.wdjh.org/podcasts/abc_news_daily/20251128_89.mp3
12-01 06:20:43.157 30442 30543 D SyncService: Processing 0 actions
12-01 06:20:43.158 30442 30800 D UserPreferences: User data folder not writable or not set. Trying default.
12-01 06:20:43.165 30442 30800 D DownloadRequestCreat: Requesting download of url https://feeds.wdjh.org/podcasts/full_story/20251127_27-20897-FS_HANSON.mp3
12-01 06:20:43.176 30442 30790 D HttpDownloader: addHeader("Accept-Encoding", "identity")
12-01 06:20:43.179 30442 30536 D DBReader: getFavoriteIDList() called
12-01 06:20:43.196 30442 30790 D HttpDownloader: Response code is 404
12-01 06:20:43.196 30442 30790 D HttpDownloader: onFail() called with: reason = [ERROR_NOT_FOUND], reasonDetailed = [404]
12-01 06:20:43.199 30442 30800 D HttpDownloader: addHeader("Accept-Encoding", "identity")
12-01 06:20:43.199 30442 30543 D DBReader: getFavoriteIDList() called
12-01 06:20:43.200 30442 30536 D DBReader: getQueueIDList() called
12-01 06:20:43.200 30442 30543 D DBReader: getQueueIDList() called
12-01 06:20:43.202 30442 30790 E EpisodeDownloadWorker: Download failed
12-01 06:20:43.202 30442 30536 D DBReader: Extracting Feedlist
12-01 06:20:43.203 30442 30442 D MainActivity: onEvent(de.danoeh.antennapod.event.MessageEvent@c3f0a7f)
12-01 06:20:43.203 30442 30543 D DBReader: Extracting Feedlist
12-01 06:20:43.204 30442 30790 D EpisodeDownloadWorker: Worker for https://feeds.wdjh.org/podcasts/abc_news_daily/20251128_89.mp3 returned.
12-01 06:20:43.208 30442 30442 D TextView: setTypeface with style : 0
12-01 06:20:43.213 30442 30442 D TextView: setTypeface with style : 0
12-01 06:20:43.216 30442 30536 D UserPreferences: User data folder not writable or not set. Trying default.
12-01 06:20:43.217 30442 30800 D HttpDownloader: Response code is 404
12-01 06:20:43.217 30442 30800 D HttpDownloader: onFail() called with: reason = [ERROR_NOT_FOUND], reasonDetailed = [404]
12-01 06:20:43.220 30442 30800 E EpisodeDownloadWorker: Download failed
12-01 06:20:43.221 30442 30536 D DownloadRequestCreat: Requesting download of url https://feeds.wdjh.org/podcasts/all_things_considered/20251127_20251127_atc_pope_leo_is_traveling_to_turkey_and_lebanon_on_the_first_foreign_trip_of_his_papacy.mp3
12-01 06:20:43.221 30442 30543 D UserPreferences: User data folder not writable or not set. Trying default.
12-01 06:20:43.224 30442 30800 D EpisodeDownloadWorker: Worker for https://feeds.wdjh.org/podcasts/full_story/20251127_27-20897-FS_HANSON.mp3 returned.
12-01 06:20:43.225 30442 30442 D MainActivity: onEvent(de.danoeh.antennapod.event.MessageEvent@6f5916f)
12-01 06:20:43.226 30442 30543 D DownloadRequestCreat: Requesting download of url https://feeds.wdjh.org/podcasts/all_things_considered/20251127_20251127_atc_there_s_reason_to_be_optimistic_about_the_the_movies_coming_this_holiday_season.mp3
12-01 06:20:43.228 30442 30442 D TextView: setTypeface with style : 0
12-01 06:20:43.231 30442 30442 D TextView: setTypeface with style : 0
12-01 06:20:43.241 30442 30442 D ItemDescriptionFragment: Saving preferences
12-01 06:20:43.241 30442 30442 D ItemDescriptionFragment: Saving scroll position: 0
12-01 06:20:43.244 30442 30790 D DBReader: getFavoriteIDList() called
12-01 06:20:43.260 30442 30442 D ItemDescriptionFragment: Saving preferences
12-01 06:20:43.260 30442 30442 D ItemDescriptionFragment: Saving scroll position: 0
12-01 06:20:43.264 30442 30800 D DBReader: getFavoriteIDList() called
12-01 06:20:43.264 30442 30790 D DBReader: getQueueIDList() called
12-01 06:20:43.265 30442 30800 D DBReader: getQueueIDList() called
12-01 06:20:43.266 30442 30790 D DBReader: Extracting Feedlist
12-01 06:20:43.278 30442 30800 D DBReader: Extracting Feedlist
12-01 06:20:43.278 30442 30442 D ItemDescriptionFragment: Saving preferences
12-01 06:20:43.278 30442 30442 D ItemDescriptionFragment: Saving scroll position: 0
12-01 06:20:43.279 30442 30536 D HttpDownloader: addHeader("Accept-Encoding", "identity")
12-01 06:20:43.287 30442 30790 D UserPreferences: User data folder not writable or not set. Trying default.
12-01 06:20:43.291 30442 30790 D DownloadRequestCreat: Requesting download of url https://feeds.wdjh.org/podcasts/all_things_considered/20251127_20251127_atc_the_afghan_resettlement_effort_faces_a_defining_test_after_the_dc_shooting.mp3
12-01 06:20:43.293 30442 30442 D ItemDescriptionFragment: Saving preferences
12-01 06:20:43.293 30442 30442 D ItemDescriptionFragment: Saving scroll position: 0
12-01 06:20:43.305 30442 30543 D HttpDownloader: addHeader("Accept-Encoding", "identity")
12-01 06:20:43.305 30442 30800 D UserPreferences: User data folder not writable or not set. Trying default.
12-01 06:20:43.307 30442 30536 D HttpDownloader: Response code is 404
12-01 06:20:43.307 30442 30536 D HttpDownloader: onFail() called with: reason = [ERROR_NOT_FOUND], reasonDetailed = [404]
12-01 06:20:43.310 30442 30800 D DownloadRequestCreat: Requesting download of url https://feeds.wdjh.org/podcasts/sbs_french__sbs_en_franais/20251128_20251128082014-french-3218b267-e5d8-4373-9653-ed6f03af0dd5.mp3
12-01 06:20:43.310 30442 30536 E EpisodeDownloadWorker: Download failed
12-01 06:20:43.312 30442 30536 D EpisodeDownloadWorker: Worker for https://feeds.wdjh.org/podcasts/all_things_considered/20251127_20251127_atc_pope_leo_is_traveling_to_turkey_and_lebanon_on_the_first_foreign_trip_of_his_papacy.mp3 returned.
12-01 06:20:43.315 30442 30442 D MainActivity: onEvent(de.danoeh.antennapod.event.MessageEvent@25ee7e5)
12-01 06:20:43.316 30442 30442 D TextView: setTypeface with style : 0
12-01 06:20:43.317 30442 30790 D HttpDownloader: addHeader("Accept-Encoding", "identity")
12-01 06:20:43.317 30442 30536 D DBReader: getFavoriteIDList() called
12-01 06:20:43.318 30442 30442 D TextView: setTypeface with style : 0
12-01 06:20:43.318 30442 30536 D DBReader: getQueueIDList() called
12-01 06:20:43.320 30442 30536 D DBReader: Extracting Feedlist
12-01 06:20:43.337 30442 30543 D HttpDownloader: Response code is 404
12-01 06:20:43.337 30442 30543 D HttpDownloader: onFail() called with: reason = [ERROR_NOT_FOUND], reasonDetailed = [404]
12-01 06:20:43.338 30442 30790 D HttpDownloader: Response code is 404
12-01 06:20:43.338 30442 30790 D HttpDownloader: onFail() called with: reason = [ERROR_NOT_FOUND], reasonDetailed = [404]
12-01 06:20:43.340 30442 30543 E EpisodeDownloadWorker: Download failed
12-01 06:20:43.341 30442 30790 E EpisodeDownloadWorker: Download failed
12-01 06:20:43.342 30442 30543 D EpisodeDownloadWorker: Worker for https://feeds.wdjh.org/podcasts/all_things_considered/20251127_20251127_atc_there_s_reason_to_be_optimistic_about_the_the_movies_coming_this_holiday_season.mp3 returned.
12-01 06:20:43.343 30442 30790 D EpisodeDownloadWorker: Worker for https://feeds.wdjh.org/podcasts/all_things_considered/20251127_20251127_atc_the_afghan_resettlement_effort_faces_a_defining_test_after_the_dc_shooting.mp3 returned.
12-01 06:20:43.345 30442 30442 D MainActivity: onEvent(de.danoeh.antennapod.event.MessageEvent@c2dda5e)
12-01 06:20:43.346 30442 30442 D TextView: setTypeface with style : 0
12-01 06:20:43.349 30442 30442 D TextView: setTypeface with style : 0
12-01 06:20:43.350 30442 30496 I WM-WorkerWrapper: Worker result SUCCESS for Work [ id=64a3be2f-c096-4796-b5e7-5a00cf0b6799, tags={ de.danoeh.antennapod.net.sync.service.SyncService } ]
12-01 06:20:43.355 30442 30543 D DBReader: getFavoriteIDList() called
12-01 06:20:43.357 30442 30442 D MainActivity: onEvent(de.danoeh.antennapod.event.MessageEvent@abfca10)
12-01 06:20:43.359 30442 30442 D TextView: setTypeface with style : 0
12-01 06:20:43.359 30442 30536 D UserPreferences: User data folder not writable or not set. Trying default.
12-01 06:20:43.360 30442 30442 D TextView: setTypeface with style : 0
12-01 06:20:43.363 30442 30536 D DownloadRequestCreat: Requesting download of url https://feeds.wdjh.org/podcasts/sbs_french__sbs_en_franais/20251128_20251128075814-french-8656a917-6e99-460e-8e3d-5426b1ebf6b6.mp3
12-01 06:20:43.363 30442 30496 I WM-WorkerWrapper: Worker result FAILURE for Work [ id=a3028a87-2ab5-4a5a-b1e7-3519314ac41c, tags={ de.danoeh.antennapod.net.download.service.episode.EpisodeDownloadWorker, episodeUrl:https://feeds.wdjh.org/podcasts/abc_news_daily/20251128_89.mp3, episodeDownload } ]
12-01 06:20:43.379 30442 30800 D HttpDownloader: addHeader("Accept-Encoding", "identity")
12-01 06:20:43.379 30442 30790 D DBReader: getFavoriteIDList() called
12-01 06:20:43.380 30442 30543 D DBReader: getQueueIDList() called
12-01 06:20:43.386 30442 30790 D DBReader: getQueueIDList() called
12-01 06:20:43.393 30442 30800 D HttpDownloader: Response code is 404
12-01 06:20:43.393 30442 30800 D HttpDownloader: onFail() called with: reason = [ERROR_NOT_FOUND], reasonDetailed = [404]
12-01 06:20:43.395 30442 30800 E EpisodeDownloadWorker: Download failed
12-01 06:20:43.396 30442 30800 D EpisodeDownloadWorker: Worker for https://feeds.wdjh.org/podcasts/sbs_french__sbs_en_franais/20251128_20251128082014-french-3218b267-e5d8-4373-9653-ed6f03af0dd5.mp3 returned.
12-01 06:20:43.413 30442 30543 D DBReader: Extracting Feedlist
12-01 06:20:43.414 30442 30790 D DBReader: Extracting Feedlist
12-01 06:20:43.427 30442 30800 D DBReader: getFavoriteIDList() called
12-01 06:20:43.428 30442 30536 D HttpDownloader: addHeader("Accept-Encoding", "identity")
12-01 06:20:43.435 30442 30543 D UserPreferences: User data folder not writable or not set. Trying default.
12-01 06:20:43.437 30442 30790 D UserPreferences: User data folder not writable or not set. Trying default.
12-01 06:20:43.439 30442 30543 D DownloadRequestCreat: Requesting download of url https://feeds.wdjh.org/podcasts/abc_rewind/20251128_63.mp3
12-01 06:20:43.440 30442 30790 D DownloadRequestCreat: Requesting download of url https://feeds.wdjh.org/podcasts/abc_rewind/20251128_61.mp3
12-01 06:20:43.441 30442 30536 D HttpDownloader: Response code is 404
12-01 06:20:43.441 30442 30536 D HttpDownloader: onFail() called with: reason = [ERROR_NOT_FOUND], reasonDetailed = [404]
12-01 06:20:43.442 30442 30800 D DBReader: getQueueIDList() called
12-01 06:20:43.444 30442 30800 D DBReader: Extracting Feedlist
12-01 06:20:43.445 30442 30536 E EpisodeDownloadWorker: Download failed
12-01 06:20:43.446 30442 30536 D EpisodeDownloadWorker: Worker for https://feeds.wdjh.org/podcasts/sbs_french__sbs_en_franais/20251128_20251128075814-french-8656a917-6e99-460e-8e3d-5426b1ebf6b6.mp3 returned.
12-01 06:20:43.453 30442 30800 D UserPreferences: User data folder not writable or not set. Trying default.
12-01 06:20:43.456 30442 30800 D DownloadRequestCreat: Requesting download of url https://feeds.wdjh.org/podcasts/knowledge_fight/20251128_Nov15-2025.mp3
12-01 06:20:43.458 30442 30442 D MainActivity: onEvent(de.danoeh.antennapod.event.MessageEvent@ba83f7d)
12-01 06:20:43.461 30442 30442 D TextView: setTypeface with style : 0
12-01 06:20:43.464 30442 30442 D TextView: setTypeface with style : 0
12-01 06:20:43.464 30442 30536 D DBReader: getFavoriteIDList() called
12-01 06:20:43.466 30442 30536 D DBReader: getQueueIDList() called
12-01 06:20:43.466 30442 30543 D HttpDownloader: addHeader("Accept-Encoding", "identity")
12-01 06:20:43.487 30442 30790 D HttpDownloader: addHeader("Accept-Encoding", "identity")
12-01 06:20:43.488 30442 30543 D HttpDownloader: Response code is 404
12-01 06:20:43.488 30442 30543 D HttpDownloader: onFail() called with: reason = [ERROR_NOT_FOUND], reasonDetailed = [404]
12-01 06:20:43.491 30442 30536 D DBReader: Extracting Feedlist
12-01 06:20:43.491 30442 30543 E EpisodeDownloadWorker: Download failed
12-01 06:20:43.493 30442 30543 D EpisodeDownloadWorker: Worker for https://feeds.wdjh.org/podcasts/abc_rewind/20251128_63.mp3 returned.
12-01 06:20:43.501 30442 30536 D UserPreferences: User data folder not writable or not set. Trying default.
12-01 06:20:43.502 30442 30790 D HttpDownloader: Response code is 404
12-01 06:20:43.502 30442 30790 D HttpDownloader: onFail() called with: reason = [ERROR_NOT_FOUND], reasonDetailed = [404]
12-01 06:20:43.504 30442 30536 D DownloadRequestCreat: Requesting download of url https://feeds.wdjh.org/podcasts/the_conditional_release_program/20251128_stream.mp3
12-01 06:20:43.504 30442 30790 E EpisodeDownloadWorker: Download failed
12-01 06:20:43.506 30442 30790 D EpisodeDownloadWorker: Worker for https://feeds.wdjh.org/podcasts/abc_rewind/20251128_61.mp3 returned.
12-01 06:20:43.510 30442 30800 D HttpDownloader: addHeader("Accept-Encoding", "identity")
12-01 06:20:43.511 30442 30543 D DBReader: getFavoriteIDList() called
12-01 06:20:43.524 30442 30800 D HttpDownloader: Response code is 404
12-01 06:20:43.524 30442 30800 D HttpDownloader: onFail() called with: reason = [ERROR_NOT_FOUND], reasonDetailed = [404]
12-01 06:20:43.526 30442 30800 E EpisodeDownloadWorker: Download failed
12-01 06:20:43.528 30442 30800 D EpisodeDownloadWorker: Worker for https://feeds.wdjh.org/podcasts/knowledge_fight/20251128_Nov15-2025.mp3 returned.
12-01 06:20:43.529 30442 30790 D DBReader: getFavoriteIDList() called
12-01 06:20:43.529 30442 30543 D DBReader: getQueueIDList() called
12-01 06:20:43.547 30442 30442 D MainActivity: onEvent(de.danoeh.antennapod.event.MessageEvent@1bb4e58)
12-01 06:20:43.548 30442 30790 D DBReader: getQueueIDList() called
12-01 06:20:43.551 30442 30800 D DBReader: getFavoriteIDList() called
12-01 06:20:43.552 30442 30442 D TextView: setTypeface with style : 0
12-01 06:20:43.554 30442 30543 D DBReader: Extracting Feedlist
12-01 06:20:43.555 30442 30790 D DBReader: Extracting Feedlist
12-01 06:20:43.556 30442 30442 D TextView: setTypeface with style : 0
12-01 06:20:43.557 30442 30800 D DBReader: getQueueIDList() called
12-01 06:20:43.564 30442 30498 I WM-WorkerWrapper: Worker result FAILURE for Work [ id=f5ce4689-9e9b-460d-8a7a-ba74dfb79f2e, tags={ episodeUrl:https://feeds.wdjh.org/podcasts/full_story/20251127_27-20897-FS_HANSON.mp3, de.danoeh.antennapod.net.download.service.episode.EpisodeDownloadWorker, episodeDownload } ]
12-01 06:20:43.570 30442 30442 D MainActivity: onEvent(de.danoeh.antennapod.event.MessageEvent@8bf439c)
12-01 06:20:43.572 30442 30536 D HttpDownloader: addHeader("Accept-Encoding", "identity")
12-01 06:20:43.573 30442 30442 D TextView: setTypeface with style : 0
12-01 06:20:43.579 30442 30442 D TextView: setTypeface with style : 0
12-01 06:20:43.579 30442 30800 D DBReader: Extracting Feedlist
12-01 06:20:43.586 30442 30790 D UserPreferences: User data folder not writable or not set. Trying default.
12-01 06:20:43.590 30442 30800 D UserPreferences: User data folder not writable or not set. Trying default.
12-01 06:20:43.590 30442 30543 D UserPreferences: User data folder not writable or not set. Trying default.
12-01 06:20:43.591 30442 30790 D DownloadRequestCreat: Requesting download of url https://feeds.wdjh.org/podcasts/background_briefing/20251129_ph.mp3
12-01 06:20:43.592 30442 30442 D MainActivity: onEvent(de.danoeh.antennapod.event.MessageEvent@b09f5a0)
12-01 06:20:43.592 30442 30536 D HttpDownloader: Response code is 404
12-01 06:20:43.593 30442 30442 D TextView: setTypeface with style : 0
12-01 06:20:43.594 30442 30536 D HttpDownloader: onFail() called with: reason = [ERROR_NOT_FOUND], reasonDetailed = [404]
12-01 06:20:43.595 30442 30442 D TextView: setTypeface with style : 0
12-01 06:20:43.596 30442 30543 D DownloadRequestCreat: Requesting download of url https://feeds.wdjh.org/podcasts/mushroom_case_daily/20251128_b8.mp3
12-01 06:20:43.597 30442 30536 E EpisodeDownloadWorker: Download failed
12-01 06:20:43.597 30442 30800 D DownloadRequestCreat: Requesting download of url https://feeds.wdjh.org/podcasts/the_steve_matthes_show_on_racerx/20251130_251129_wsx_pulpcasts.mp3
12-01 06:20:43.600 30442 30536 D EpisodeDownloadWorker: Worker for https://feeds.wdjh.org/podcasts/the_conditional_release_program/20251128_stream.mp3 returned.
12-01 06:20:43.606 30442 30442 D MainActivity: onEvent(de.danoeh.antennapod.event.MessageEvent@382c864)
12-01 06:20:43.608 30442 30442 D TextView: setTypeface with style : 0
12-01 06:20:43.609 30442 30442 D TextView: setTypeface with style : 0
12-01 06:20:43.612 30442 30442 D MainActivity: onEvent(de.danoeh.antennapod.event.MessageEvent@120f50b)
12-01 06:20:43.614 30442 30442 D TextView: setTypeface with style : 0
12-01 06:20:43.615 30442 30442 D TextView: setTypeface with style : 0
12-01 06:20:43.618 30442 30498 I WM-WorkerWrapper: Worker result FAILURE for Work [ id=8e13eaee-ee90-43e5-8bb7-efd022720d27, tags={ episodeUrl:https://feeds.wdjh.org/podcasts/all_things_considered/20251127_20251127_atc_pope_leo_is_traveling_to_turkey_and_lebanon_on_the_first_foreign_trip_of_his_papacy.mp3, de.danoeh.antennapod.net.download.service.episode.EpisodeDownloadWorker, episodeDownload } ]
12-01 06:20:43.619 30442 30790 D HttpDownloader: addHeader("Accept-Encoding", "identity")
12-01 06:20:43.621 30442 30442 D ItemDescriptionFragment: Saving preferences
12-01 06:20:43.621 30442 30442 D ItemDescriptionFragment: Saving scroll position: 0
12-01 06:20:43.631 30442 30442 D ItemDescriptionFragment: Saving preferences
12-01 06:20:43.631 30442 30442 D ItemDescriptionFragment: Saving scroll position: 0
12-01 06:20:43.635 30442 30536 D DBReader: getFavoriteIDList() called
12-01 06:20:43.637 30442 30790 D HttpDownloader: Response code is 404
12-01 06:20:43.637 30442 30790 D HttpDownloader: onFail() called with: reason = [ERROR_NOT_FOUND], reasonDetailed = [404]
12-01 06:20:43.644 30442 30790 E EpisodeDownloadWorker: Download failed
12-01 06:20:43.646 30442 30790 D EpisodeDownloadWorker: Worker for https://feeds.wdjh.org/podcasts/background_briefing/20251129_ph.mp3 returned.
12-01 06:20:43.647 30442 30536 D DBReader: getQueueIDList() called
12-01 06:20:43.648 30442 30543 D HttpDownloader: addHeader("Accept-Encoding", "identity")
12-01 06:20:43.664 30442 30543 D HttpDownloader: Response code is 404
12-01 06:20:43.664 30442 30543 D HttpDownloader: onFail() called with: reason = [ERROR_NOT_FOUND], reasonDetailed = [404]
12-01 06:20:43.669 30442 30543 E EpisodeDownloadWorker: Download failed
12-01 06:20:43.669 30442 30790 D DBReader: getFavoriteIDList() called
12-01 06:20:43.670 30442 30800 D HttpDownloader: addHeader("Accept-Encoding", "identity")
12-01 06:20:43.672 30442 30536 D DBReader: Extracting Feedlist
12-01 06:20:43.672 30442 30543 D EpisodeDownloadWorker: Worker for https://feeds.wdjh.org/podcasts/mushroom_case_daily/20251128_b8.mp3 returned.
12-01 06:20:43.674 30442 30442 D ItemDescriptionFragment: Saving preferences
12-01 06:20:43.674 30442 30442 D ItemDescriptionFragment: Saving scroll position: 0
12-01 06:20:43.675 30442 30790 D DBReader: getQueueIDList() called
12-01 06:20:43.677 30442 30442 D MainActivity: onEvent(de.danoeh.antennapod.event.MessageEvent@e131318)
12-01 06:20:43.678 30442 30442 D TextView: setTypeface with style : 0
12-01 06:20:43.680 30442 30442 D TextView: setTypeface with style : 0
12-01 06:20:43.683 30442 30442 D MainActivity: onEvent(de.danoeh.antennapod.event.MessageEvent@2545acf)
12-01 06:20:43.684 30442 30442 D TextView: setTypeface with style : 0
12-01 06:20:43.685 30442 30442 D TextView: setTypeface with style : 0
12-01 06:20:43.690 30442 30536 D UserPreferences: User data folder not writable or not set. Trying default.
12-01 06:20:43.696 30442 30536 D DownloadRequestCreat: Requesting download of url https://feeds.wdjh.org/podcasts/politics_now/20251129_n6.mp3
12-01 06:20:43.696 30442 30800 D HttpDownloader: Response code is 404
12-01 06:20:43.696 30442 30800 D HttpDownloader: onFail() called with: reason = [ERROR_NOT_FOUND], reasonDetailed = [404]
12-01 06:20:43.699 30442 30800 E EpisodeDownloadWorker: Download failed
12-01 06:20:43.700 30442 30543 D DBReader: getFavoriteIDList() called
12-01 06:20:43.700 30442 30800 D EpisodeDownloadWorker: Worker for https://feeds.wdjh.org/podcasts/the_steve_matthes_show_on_racerx/20251130_251129_wsx_pulpcasts.mp3 returned.
12-01 06:20:43.701 30442 30790 D DBReader: Extracting Feedlist
12-01 06:20:43.703 30442 30543 D DBReader: getQueueIDList() called
12-01 06:20:43.705 30442 30800 D DBReader: getFavoriteIDList() called
12-01 06:20:43.724 30442 30543 D DBReader: Extracting Feedlist
12-01 06:20:43.731 30442 30790 D UserPreferences: User data folder not writable or not set. Trying default.
12-01 06:20:43.731 30442 30800 D DBReader: getQueueIDList() called
12-01 06:20:43.732 30442 30536 D HttpDownloader: addHeader("Accept-Encoding", "identity")
12-01 06:20:43.734 30442 30790 D DownloadRequestCreat: Requesting download of url https://feeds.wdjh.org/podcasts/sbs_french__sbs_en_franais/20251129_20251129140016-french-5f122eb7-3ad2-4c02-bdd1-ef71284f277e.mp3
12-01 06:20:43.735 30442 30800 D DBReader: Extracting Feedlist
12-01 06:20:43.741 30442 30543 D UserPreferences: User data folder not writable or not set. Trying default.
12-01 06:20:43.745 30442 30536 D HttpDownloader: Response code is 404
12-01 06:20:43.745 30442 30536 D HttpDownloader: onFail() called with: reason = [ERROR_NOT_FOUND], reasonDetailed = [404]
12-01 06:20:43.746 30442 30543 D DownloadRequestCreat: Requesting download of url https://feeds.wdjh.org/podcasts/sbs_french__sbs_en_franais/20251129_20251129080514-french-20de8e09-e60d-483d-a5ae-543038947af9.mp3
12-01 06:20:43.747 30442 30536 E EpisodeDownloadWorker: Download failed
12-01 06:20:43.749 30442 30536 D EpisodeDownloadWorker: Worker for https://feeds.wdjh.org/podcasts/politics_now/20251129_n6.mp3 returned.
12-01 06:20:43.754 30442 30800 D UserPreferences: User data folder not writable or not set. Trying default.
12-01 06:20:43.758 30442 30800 D DownloadRequestCreat: Requesting download of url https://feeds.wdjh.org/podcasts/the_racer_x_podcast_network/20251128_WeegeshowWednesdayAus_1.mp3
12-01 06:20:43.759 30442 30442 D ItemDescriptionFragment: Saving preferences
12-01 06:20:43.759 30442 30442 D ItemDescriptionFragment: Saving scroll position: 0
12-01 06:20:43.761 30442 30442 D MainActivity: onEvent(de.danoeh.antennapod.event.MessageEvent@fbbb319)
12-01 06:20:43.764 30442 30442 D TextView: setTypeface with style : 0
12-01 06:20:43.766 30442 30442 D TextView: setTypeface with style : 0
12-01 06:20:43.773 30442 30498 I WM-WorkerWrapper: Worker result FAILURE for Work [ id=6f311bd4-4e8d-4434-8086-6b104d1ecc07, tags={ de.danoeh.antennapod.net.download.service.episode.EpisodeDownloadWorker, episodeUrl:https://feeds.wdjh.org/podcasts/all_things_considered/20251127_20251127_atc_there_s_reason_to_be_optimistic_about_the_the_movies_coming_this_holiday_season.mp3, episodeDownload } ]
12-01 06:20:43.775 30442 30790 D HttpDownloader: addHeader("Accept-Encoding", "identity")
12-01 06:20:43.777 30442 30536 D DBReader: getFavoriteIDList() called
12-01 06:20:43.778 30442 30536 D DBReader: getQueueIDList() called
12-01 06:20:43.780 30442 30536 D DBReader: Extracting Feedlist
12-01 06:20:43.787 30442 30442 D MainActivity: onEvent(de.danoeh.antennapod.event.MessageEvent@f466e42)
12-01 06:20:43.789 30442 30442 D TextView: setTypeface with style : 0
12-01 06:20:43.790 30442 30442 D TextView: setTypeface with style : 0
12-01 06:20:43.793 30442 30498 I WM-WorkerWrapper: Worker result FAILURE for Work [ id=6e01ad00-f879-4e88-b9ab-8fa625bbfaaf, tags={ de.danoeh.antennapod.net.download.service.episode.EpisodeDownloadWorker, episodeUrl:https://feeds.wdjh.org/podcasts/all_things_considered/20251127_20251127_atc_the_afghan_resettlement_effort_faces_a_defining_test_after_the_dc_shooting.mp3, episodeDownload } ]
12-01 06:20:43.798 30442 30536 D UserPreferences: User data folder not writable or not set. Trying default.
12-01 06:20:43.799 30442 30790 D HttpDownloader: Response code is 404
12-01 06:20:43.799 30442 30790 D HttpDownloader: onFail() called with: reason = [ERROR_NOT_FOUND], reasonDetailed = [404]
12-01 06:20:43.803 30442 30790 E EpisodeDownloadWorker: Download failed
12-01 06:20:43.804 30442 30536 D DownloadRequestCreat: Requesting download of url https://feeds.wdjh.org/podcasts/boonta_vista/20251129_2220966239-boontavista-episode-424.mp3
12-01 06:20:43.805 30442 30790 D EpisodeDownloadWorker: Worker for https://feeds.wdjh.org/podcasts/sbs_french__sbs_en_franais/20251129_20251129140016-french-5f122eb7-3ad2-4c02-bdd1-ef71284f277e.mp3 returned.
12-01 06:20:43.806 30442 30543 D HttpDownloader: addHeader("Accept-Encoding", "identity")
12-01 06:20:43.810 30442 30442 D MainActivity: onEvent(de.danoeh.antennapod.event.MessageEvent@1fa3f66)
12-01 06:20:43.812 30442 30442 D TextView: setTypeface with style : 0
12-01 06:20:43.813 30442 30442 D TextView: setTypeface with style : 0
12-01 06:20:43.833 30442 30543 D HttpDownloader: Response code is 404
12-01 06:20:43.833 30442 30543 D HttpDownloader: onFail() called with: reason = [ERROR_NOT_FOUND], reasonDetailed = [404]
12-01 06:20:43.835 30442 30543 E EpisodeDownloadWorker: Download failed
12-01 06:20:43.836 30442 30543 D EpisodeDownloadWorker: Worker for https://feeds.wdjh.org/podcasts/sbs_french__sbs_en_franais/20251129_20251129080514-french-20de8e09-e60d-483d-a5ae-543038947af9.mp3 returned.
12-01 06:20:43.875 30442 30800 D HttpDownloader: addHeader("Accept-Encoding", "identity")
12-01 06:20:43.876 30442 30790 D DBReader: getFavoriteIDList() called
12-01 06:20:43.880 30442 30543 D DBReader: getFavoriteIDList() called
12-01 06:20:43.887 30442 30496 I WM-WorkerWrapper: Worker result FAILURE for Work [ id=f2fb8bc5-eb92-4f4b-b82a-978c5dd01a2a, tags={ episodeUrl:https://feeds.wdjh.org/podcasts/sbs_french__sbs_en_franais/20251128_20251128082014-french-3218b267-e5d8-4373-9653-ed6f03af0dd5.mp3, de.danoeh.antennapod.net.download.service.episode.EpisodeDownloadWorker, episodeDownload } ]
12-01 06:20:43.901 30442 30800 D HttpDownloader: Response code is 404
12-01 06:20:43.901 30442 30800 D HttpDownloader: onFail() called with: reason = [ERROR_NOT_FOUND], reasonDetailed = [404]
12-01 06:20:43.903 30442 30800 E EpisodeDownloadWorker: Download failed
12-01 06:20:43.905 30442 30800 D EpisodeDownloadWorker: Worker for https://feeds.wdjh.org/podcasts/the_racer_x_podcast_network/20251128_WeegeshowWednesdayAus_1.mp3 returned.
12-01 06:20:43.954 30442 30442 D MainActivity: onEvent(de.danoeh.antennapod.event.MessageEvent@a1d97d8)
12-01 06:20:43.963 30442 30442 D TextView: setTypeface with style : 0
12-01 06:20:43.970 30442 30442 D TextView: setTypeface with style : 0
12-01 06:20:43.989 30442 30790 D DBReader: getQueueIDList() called
12-01 06:20:43.992 30442 30543 D DBReader: getQueueIDList() called
12-01 06:20:44.007 30442 30442 D MainActivity: onEvent(de.danoeh.antennapod.event.MessageEvent@96fe4ab)
12-01 06:20:44.011 30442 30442 D TextView: setTypeface with style : 0
12-01 06:20:44.015 30442 30442 D TextView: setTypeface with style : 0
12-01 06:20:44.032 30442 30496 I WM-WorkerWrapper: Worker result FAILURE for Work [ id=f56eb274-e480-4a76-b796-25b9d5992933, tags={ de.danoeh.antennapod.net.download.service.episode.EpisodeDownloadWorker, episodeUrl:https://feeds.wdjh.org/podcasts/sbs_french__sbs_en_franais/20251128_20251128075814-french-8656a917-6e99-460e-8e3d-5426b1ebf6b6.mp3, episodeDownload } ]
12-01 06:20:44.106 30442 30536 D HttpDownloader: addHeader("Accept-Encoding", "identity")
12-01 06:20:44.107 30442 30800 D DBReader: getFavoriteIDList() called
12-01 06:20:44.109 30442 30790 D DBReader: Extracting Feedlist
12-01 06:20:44.142 30442 30536 D HttpDownloader: Response code is 404
12-01 06:20:44.142 30442 30536 D HttpDownloader: onFail() called with: reason = [ERROR_NOT_FOUND], reasonDetailed = [404]
12-01 06:20:44.145 30442 30442 D ItemDescriptionFragment: Saving preferences
12-01 06:20:44.145 30442 30442 D ItemDescriptionFragment: Saving scroll position: 0
12-01 06:20:44.151 30442 30536 E EpisodeDownloadWorker: Download failed
12-01 06:20:44.155 30442 30536 D EpisodeDownloadWorker: Worker for https://feeds.wdjh.org/podcasts/boonta_vista/20251129_2220966239-boontavista-episode-424.mp3 returned.
12-01 06:20:44.165 30442 30442 D ItemDescriptionFragment: Saving preferences
12-01 06:20:44.165 30442 30442 D ItemDescriptionFragment: Saving scroll position: 0
12-01 06:20:44.168 30442 30442 D MainActivity: onEvent(de.danoeh.antennapod.event.MessageEvent@5177195)
12-01 06:20:44.171 30442 30442 D TextView: setTypeface with style : 0
12-01 06:20:44.173 30442 30470 I WM-WorkerWrapper: Worker result FAILURE for Work [ id=4ae0a35f-8a83-47c7-ad0e-3064ae1a0f4e, tags={ episodeUrl:https://feeds.wdjh.org/podcasts/abc_rewind/20251128_63.mp3, de.danoeh.antennapod.net.download.service.episode.EpisodeDownloadWorker, episodeDownload } ]
12-01 06:20:44.178 30442 30442 D TextView: setTypeface with style : 0
12-01 06:20:44.223 30442 30800 D DBReader: getQueueIDList() called
12-01 06:20:44.224 30442 30543 D DBReader: Extracting Feedlist
12-01 06:20:44.234 30442 30790 D UserPreferences: User data folder not writable or not set. Trying default.
12-01 06:20:44.239 30442 30790 D DownloadRequestCreat: Requesting download of url https://feeds.wdjh.org/podcasts/rc_plane_lab/20251128_EP199.mp3
12-01 06:20:44.245 30442 30800 D DBReader: Extracting Feedlist
12-01 06:20:44.251 30442 30536 D DBReader: getFavoriteIDList() called
12-01 06:20:44.257 30442 30543 D UserPreferences: User data folder not writable or not set. Trying default.
12-01 06:20:44.263 30442 30543 D DownloadRequestCreat: Requesting download of url https://feeds.wdjh.org/podcasts/abc_rewind/20251129_06.mp3
12-01 06:20:44.267 30442 30536 D DBReader: getQueueIDList() called
12-01 06:20:44.275 30442 30800 D UserPreferences: User data folder not writable or not set. Trying default.
12-01 06:20:44.281 30442 30800 D DownloadRequestCreat: Requesting download of url https://feeds.wdjh.org/podcasts/all_in_the_mind/20251130_1u.mp3
12-01 06:20:44.285 30442 30536 D DBReader: Extracting Feedlist
12-01 06:20:44.286 30442 30790 D HttpDownloader: addHeader("Accept-Encoding", "identity")
12-01 06:20:44.299 30442 30543 D HttpDownloader: addHeader("Accept-Encoding", "identity")
12-01 06:20:44.308 30442 30536 D UserPreferences: User data folder not writable or not set. Trying default.
12-01 06:20:44.308 30442 30790 D HttpDownloader: Response code is 404
12-01 06:20:44.308 30442 30790 D HttpDownloader: onFail() called with: reason = [ERROR_NOT_FOUND], reasonDetailed = [404]
12-01 06:20:44.311 30442 30790 E EpisodeDownloadWorker: Download failed
12-01 06:20:44.313 30442 30790 D EpisodeDownloadWorker: Worker for https://feeds.wdjh.org/podcasts/rc_plane_lab/20251128_EP199.mp3 returned.
12-01 06:20:44.313 30442 30536 D DownloadRequestCreat: Requesting download of url https://feeds.wdjh.org/podcasts/sbs_french__sbs_en_franais/20251130_20251130080108-french-2835b984-fba8-4c0b-ae17-ad98ca62e21b.mp3
12-01 06:20:44.314 30442 30442 D MainActivity: onEvent(de.danoeh.antennapod.event.MessageEvent@75b917c)
12-01 06:20:44.317 30442 30442 D TextView: setTypeface with style : 0
12-01 06:20:44.319 30442 30800 D HttpDownloader: addHeader("Accept-Encoding", "identity")
12-01 06:20:44.320 30442 30442 D TextView: setTypeface with style : 0
12-01 06:20:44.320 30442 30790 D DBReader: getFavoriteIDList() called
12-01 06:20:44.323 30442 30543 D HttpDownloader: Response code is 404
12-01 06:20:44.323 30442 30543 D HttpDownloader: onFail() called with: reason = [ERROR_NOT_FOUND], reasonDetailed = [404]
12-01 06:20:44.325 30442 30543 E EpisodeDownloadWorker: Download failed
12-01 06:20:44.328 30442 30442 D MainActivity: onEvent(de.danoeh.antennapod.event.MessageEvent@2c98a03)
12-01 06:20:44.331 30442 30442 D TextView: setTypeface with style : 0
12-01 06:20:44.332 30442 30543 D EpisodeDownloadWorker: Worker for https://feeds.wdjh.org/podcasts/abc_rewind/20251129_06.mp3 returned.
12-01 06:20:44.334 30442 30442 D TextView: setTypeface with style : 0
12-01 06:20:44.338 30442 30496 I WM-WorkerWrapper: Worker result FAILURE for Work [ id=d8738d08-1ee2-438d-9f21-0d9c52f63d07, tags={ de.danoeh.antennapod.net.download.service.episode.EpisodeDownloadWorker, episodeUrl:https://feeds.wdjh.org/podcasts/abc_rewind/20251128_61.mp3, episodeDownload } ]
12-01 06:20:44.342 30442 30800 D HttpDownloader: Response code is 404
12-01 06:20:44.342 30442 30800 D HttpDownloader: onFail() called with: reason = [ERROR_NOT_FOUND], reasonDetailed = [404]
12-01 06:20:44.346 30442 30790 D DBReader: getQueueIDList() called
12-01 06:20:44.347 30442 30800 E EpisodeDownloadWorker: Download failed
12-01 06:20:44.349 30442 30543 D DBReader: getFavoriteIDList() called
12-01 06:20:44.350 30442 30800 D EpisodeDownloadWorker: Worker for https://feeds.wdjh.org/podcasts/all_in_the_mind/20251130_1u.mp3 returned.
12-01 06:20:44.353 30442 30442 D MainActivity: onEvent(de.danoeh.antennapod.event.MessageEvent@5ad2a44)
12-01 06:20:44.355 30442 30442 D TextView: setTypeface with style : 0
12-01 06:20:44.357 30442 30442 D TextView: setTypeface with style : 0
12-01 06:20:44.363 30442 30496 I WM-WorkerWrapper: Worker result FAILURE for Work [ id=541c77d9-7172-43a9-b458-063b4dec0410, tags={ episodeUrl:https://feeds.wdjh.org/podcasts/knowledge_fight/20251128_Nov15-2025.mp3, de.danoeh.antennapod.net.download.service.episode.EpisodeDownloadWorker, episodeDownload } ]
12-01 06:20:44.372 30442 30536 D HttpDownloader: addHeader("Accept-Encoding", "identity")
12-01 06:20:44.375 30442 30543 D DBReader: getQueueIDList() called
12-01 06:20:44.376 30442 30790 D DBReader: Extracting Feedlist
12-01 06:20:44.387 30442 30543 D DBReader: Extracting Feedlist
12-01 06:20:44.394 30442 30536 D HttpDownloader: Response code is 404
12-01 06:20:44.394 30442 30536 D HttpDownloader: onFail() called with: reason = [ERROR_NOT_FOUND], reasonDetailed = [404]
12-01 06:20:44.395 30442 30790 D UserPreferences: User data folder not writable or not set. Trying default.
12-01 06:20:44.398 30442 30536 E EpisodeDownloadWorker: Download failed
12-01 06:20:44.400 30442 30543 D UserPreferences: User data folder not writable or not set. Trying default.
12-01 06:20:44.400 30442 30790 D DownloadRequestCreat: Requesting download of url https://feeds.wdjh.org/podcasts/sbs_french__sbs_en_franais/20251130_20251130140019-french-e8af9bb9-bb18-4889-acc8-784690a32aa9.mp3
12-01 06:20:44.401 30442 30536 D EpisodeDownloadWorker: Worker for https://feeds.wdjh.org/podcasts/sbs_french__sbs_en_franais/20251130_20251130080108-french-2835b984-fba8-4c0b-ae17-ad98ca62e21b.mp3 returned.
12-01 06:20:44.404 30442 30543 D DownloadRequestCreat: Requesting download of url https://feeds.wdjh.org/podcasts/unravel/20251127_9v.mp3
12-01 06:20:44.431 30442 30790 D HttpDownloader: addHeader("Accept-Encoding", "identity")
12-01 06:20:44.439 30442 30543 D HttpDownloader: addHeader("Accept-Encoding", "identity")
12-01 06:20:44.449 30442 30790 D HttpDownloader: Response code is 404
12-01 06:20:44.450 30442 30790 D HttpDownloader: onFail() called with: reason = [ERROR_NOT_FOUND], reasonDetailed = [404]
12-01 06:20:44.452 30442 30790 E EpisodeDownloadWorker: Download failed
12-01 06:20:44.454 30442 30790 D EpisodeDownloadWorker: Worker for https://feeds.wdjh.org/podcasts/sbs_french__sbs_en_franais/20251130_20251130140019-french-e8af9bb9-bb18-4889-acc8-784690a32aa9.mp3 returned.
12-01 06:20:44.456 30442 30543 D HttpDownloader: Response code is 404
12-01 06:20:44.456 30442 30543 D HttpDownloader: onFail() called with: reason = [ERROR_NOT_FOUND], reasonDetailed = [404]
12-01 06:20:44.459 30442 30543 E EpisodeDownloadWorker: Download failed
12-01 06:20:44.462 30442 30543 D EpisodeDownloadWorker: Worker for https://feeds.wdjh.org/podcasts/unravel/20251127_9v.mp3 returned.
12-01 06:20:44.468 30442 30442 D MainActivity: onEvent(de.danoeh.antennapod.event.MessageEvent@96fb46b)
12-01 06:20:44.471 30442 30442 D TextView: setTypeface with style : 0
12-01 06:20:44.474 30442 30442 D TextView: setTypeface with style : 0
12-01 06:20:44.489 30442 30442 D ItemDescriptionFragment: Saving preferences
12-01 06:20:44.489 30442 30442 D ItemDescriptionFragment: Saving scroll position: 0
12-01 06:20:44.506 30442 30496 I WM-WorkerWrapper: Worker result FAILURE for Work [ id=a25557cf-0007-493b-9625-f142df682bc1, tags={ de.danoeh.antennapod.net.download.service.episode.EpisodeDownloadWorker, episodeUrl:https://feeds.wdjh.org/podcasts/the_conditional_release_program/20251128_stream.mp3, episodeDownload } ]
12-01 06:20:44.534 30442 30442 D MainActivity: onEvent(de.danoeh.antennapod.event.MessageEvent@102160c)
12-01 06:20:44.535 30442 30442 D TextView: setTypeface with style : 0
12-01 06:20:44.536 30442 30442 D TextView: setTypeface with style : 0
12-01 06:20:44.539 30442 30442 D MainActivity: onEvent(de.danoeh.antennapod.event.MessageEvent@38a6dd3)
12-01 06:20:44.540 30442 30442 D TextView: setTypeface with style : 0
12-01 06:20:44.542 30442 30442 D TextView: setTypeface with style : 0
12-01 06:20:44.548 30442 30442 D ItemDescriptionFragment: Saving preferences
12-01 06:20:44.548 30442 30442 D ItemDescriptionFragment: Saving scroll position: 0
12-01 06:20:44.570 30442 30470 I WM-WorkerWrapper: Worker result FAILURE for Work [ id=3ce83781-6ec4-4e2a-8b36-c2390da7dff8, tags={ de.danoeh.antennapod.net.download.service.episode.EpisodeDownloadWorker, episodeUrl:https://feeds.wdjh.org/podcasts/background_briefing/20251129_ph.mp3, episodeDownload } ]
12-01 06:20:44.598 30442 30442 D ItemDescriptionFragment: Saving preferences
12-01 06:20:44.598 30442 30442 D ItemDescriptionFragment: Saving scroll position: 0
12-01 06:20:44.613 30442 30442 D ItemDescriptionFragment: Saving preferences
12-01 06:20:44.613 30442 30442 D ItemDescriptionFragment: Saving scroll position: 0
12-01 06:20:44.616 30442 30470 I WM-WorkerWrapper: Worker result FAILURE for Work [ id=a96fa3fc-934d-4a09-887d-33797969b211, tags={ episodeUrl:https://feeds.wdjh.org/podcasts/mushroom_case_daily/20251128_b8.mp3, de.danoeh.antennapod.net.download.service.episode.EpisodeDownloadWorker, episodeDownload } ]
12-01 06:20:44.639 30442 30442 D ItemDescriptionFragment: Saving preferences
12-01 06:20:44.639 30442 30442 D ItemDescriptionFragment: Saving scroll position: 0
12-01 06:20:44.665 30442 30470 I WM-WorkerWrapper: Worker result FAILURE for Work [ id=10cdf865-3de6-4740-9386-c243a749a6aa, tags={ de.danoeh.antennapod.net.download.service.episode.EpisodeDownloadWorker, episodeUrl:https://feeds.wdjh.org/podcasts/the_steve_matthes_show_on_racerx/20251130_251129_wsx_pulpcasts.mp3, episodeDownload } ]
12-01 06:20:44.730 30442 30470 I WM-WorkerWrapper: Worker result FAILURE for Work [ id=74c3c022-db6b-4291-83d6-84c222bfbbf4, tags={ episodeUrl:https://feeds.wdjh.org/podcasts/politics_now/20251129_n6.mp3, de.danoeh.antennapod.net.download.service.episode.EpisodeDownloadWorker, episodeDownload } ]
12-01 06:20:44.843 30442 30496 I WM-WorkerWrapper: Worker result FAILURE for Work [ id=fd06f9aa-e4f1-42e8-8490-28dfdb45b6b9, tags={ de.danoeh.antennapod.net.download.service.episode.EpisodeDownloadWorker, episodeUrl:https://feeds.wdjh.org/podcasts/sbs_french__sbs_en_franais/20251129_20251129140016-french-5f122eb7-3ad2-4c02-bdd1-ef71284f277e.mp3, episodeDownload } ]
12-01 06:20:44.898 30442 30459 I WM-WorkerWrapper: Worker result FAILURE for Work [ id=26da6e0d-9256-4b02-8e08-f40ce6b18e5f, tags={ de.danoeh.antennapod.net.download.service.episode.EpisodeDownloadWorker, episodeUrl:https://feeds.wdjh.org/podcasts/sbs_french__sbs_en_franais/20251129_20251129080514-french-20de8e09-e60d-483d-a5ae-543038947af9.mp3, episodeDownload } ]
12-01 06:20:44.980 30442 30459 I WM-WorkerWrapper: Worker result FAILURE for Work [ id=16b59a73-8adb-4b41-813e-4854bfec5296, tags={ episodeUrl:https://feeds.wdjh.org/podcasts/the_racer_x_podcast_network/20251128_WeegeshowWednesdayAus_1.mp3, de.danoeh.antennapod.net.download.service.episode.EpisodeDownloadWorker, episodeDownload } ]
12-01 06:20:45.037 30442 30459 I WM-WorkerWrapper: Worker result FAILURE for Work [ id=f3493be7-b331-42ff-be52-280a98201fbe, tags={ de.danoeh.antennapod.net.download.service.episode.EpisodeDownloadWorker, episodeUrl:https://feeds.wdjh.org/podcasts/boonta_vista/20251129_2220966239-boontavista-episode-424.mp3, episodeDownload } ]
12-01 06:20:45.084 30442 30498 I WM-WorkerWrapper: Worker result FAILURE for Work [ id=519feb30-fe64-4d47-a66a-1a04ad11dc1a, tags={ episodeUrl:https://feeds.wdjh.org/podcasts/rc_plane_lab/20251128_EP199.mp3, de.danoeh.antennapod.net.download.service.episode.EpisodeDownloadWorker, episodeDownload } ]
12-01 06:20:45.128 30442 30498 I WM-WorkerWrapper: Worker result FAILURE for Work [ id=d12686eb-325d-42b7-9f54-8815f2608321, tags={ episodeUrl:https://feeds.wdjh.org/podcasts/abc_rewind/20251129_06.mp3, de.danoeh.antennapod.net.download.service.episode.EpisodeDownloadWorker, episodeDownload } ]
12-01 06:20:45.145 30442 30498 I WM-WorkerWrapper: Worker result FAILURE for Work [ id=f7f2fda2-c0a6-4d54-beaf-d47329f3b767, tags={ episodeUrl:https://feeds.wdjh.org/podcasts/all_in_the_mind/20251130_1u.mp3, de.danoeh.antennapod.net.download.service.episode.EpisodeDownloadWorker, episodeDownload } ]
