12-01 06:14:28.165 30442 30536 D DBReader: getFavoriteIDList() called
12-01 06:14:28.165 30442 30543 D HttpDownloader: Response code is 404
12-01 06:14:28.165 30442 30543 D HttpDownloader: onFail() called with: reason = [ERROR_NOT_FOUND], reasonDetailed = [404]
12-01 06:14:28.168 30442 30498 I WM-WorkerWrapper: Worker result FAILURE for Work [ id=73eed0cd-e3dd-4038-adb3-7daa2a4da9ce, tags={ de.danoeh.antennapod.net.download.service.episode.EpisodeDownloadWorker, episodeUrl:https://feeds.wdjh.org/podcasts/abc_rewind/20251128_61.mp3, episodeDownload } ]
12-01 06:14:28.168 30442 30543 E EpisodeDownloadWorker: Download failed
12-01 06:14:28.170 30442 30790 D DBReader: getFavoriteIDList() called
12-01 06:14:28.171 30442 30543 D EpisodeDownloadWorker: Worker for https://feeds.wdjh.org/podcasts/rc_plane_lab/20251128_EP199.mp3 returned.
12-01 06:14:28.189 30442 30536 D DBReader: getQueueIDList() called
12-01 06:14:28.191 30442 30800 D DBReader: getFavoriteIDList() called
12-01 06:14:28.193 30442 30790 D DBReader: getQueueIDList() called
12-01 06:14:28.200 30442 30442 D MainActivity: onEvent(de.danoeh.antennapod.event.MessageEvent@4dd03c)
12-01 06:14:28.201 30442 30543 D DBReader: getFavoriteIDList() called
12-01 06:14:28.202 30442 30536 D DBReader: Extracting Feedlist
12-01 06:14:28.202 30442 30800 D DBReader: getQueueIDList() called
12-01 06:14:28.202 30442 30442 D TextView: setTypeface with style : 0
12-01 06:14:28.202 30442 30498 I WM-WorkerWrapper: Worker result FAILURE for Work [ id=51ad1253-83b7-4886-ac78-194435bb8314, tags={ episodeUrl:https://feeds.wdjh.org/podcasts/mushroom_case_daily/20251128_b8.mp3, de.danoeh.antennapod.net.download.service.episode.EpisodeDownloadWorker, episodeDownload } ]
12-01 06:14:28.203 30442 30790 D DBReader: Extracting Feedlist
12-01 06:14:28.206 30442 30442 D TextView: setTypeface with style : 0
12-01 06:14:28.210 30442 30543 D DBReader: getQueueIDList() called
12-01 06:14:28.211 30442 30498 I WM-WorkerWrapper: Worker result FAILURE for Work [ id=464b6bc0-6f2b-4ea8-aeab-0668475faec5, tags={ episodeUrl:https://feeds.wdjh.org/podcasts/knowledge_fight/20251128_Nov15-2025.mp3, de.danoeh.antennapod.net.download.service.episode.EpisodeDownloadWorker, episodeDownload } ]
12-01 06:14:28.214 30442 30800 D DBReader: Extracting Feedlist
12-01 06:14:28.217 30442 30543 D DBReader: Extracting Feedlist
12-01 06:14:28.217 30442 30442 D ItemDescriptionFragment: Saving preferences
12-01 06:14:28.217 30442 30442 D ItemDescriptionFragment: Saving scroll position: 0
12-01 06:14:28.220 30442 30498 I WM-WorkerWrapper: Worker result FAILURE for Work [ id=407f0dcf-a731-4fd0-ac74-28dd547a674e, tags={ de.danoeh.antennapod.net.download.service.episode.EpisodeDownloadWorker, episodeUrl:https://feeds.wdjh.org/podcasts/the_conditional_release_program/20251128_stream.mp3, episodeDownload } ]
12-01 06:14:28.223 30442 30536 D UserPreferences: User data folder not writable or not set. Trying default.
12-01 06:14:28.228 30442 30536 D DownloadRequestCreat: Requesting download of url https://feeds.wdjh.org/podcasts/abc_rewind/20251129_06.mp3
12-01 06:14:28.236 30442 30800 D UserPreferences: User data folder not writable or not set. Trying default.
12-01 06:14:28.238 30442 30790 D UserPreferences: User data folder not writable or not set. Trying default.
12-01 06:14:28.241 30442 30543 D UserPreferences: User data folder not writable or not set. Trying default.
12-01 06:14:28.242 30442 30800 D DownloadRequestCreat: Requesting download of url https://feeds.wdjh.org/podcasts/sbs_french__sbs_en_franais/20251130_20251130080108-french-2835b984-fba8-4c0b-ae17-ad98ca62e21b.mp3
12-01 06:14:28.244 30442 30790 D DownloadRequestCreat: Requesting download of url https://feeds.wdjh.org/podcasts/all_in_the_mind/20251130_1u.mp3
12-01 06:14:28.247 30442 30543 D DownloadRequestCreat: Requesting download of url https://feeds.wdjh.org/podcasts/sbs_french__sbs_en_franais/20251130_20251130140019-french-e8af9bb9-bb18-4889-acc8-784690a32aa9.mp3
12-01 06:14:28.256 30442 30536 D HttpDownloader: addHeader("Accept-Encoding", "identity")
12-01 06:14:28.263 30442 30800 D HttpDownloader: addHeader("Accept-Encoding", "identity")
12-01 06:14:28.274 30442 30790 D HttpDownloader: addHeader("Accept-Encoding", "identity")
12-01 06:14:28.278 30442 30543 D HttpDownloader: addHeader("Accept-Encoding", "identity")
12-01 06:14:28.289 30442 30536 D HttpDownloader: Response code is 404
12-01 06:14:28.289 30442 30536 D HttpDownloader: onFail() called with: reason = [ERROR_NOT_FOUND], reasonDetailed = [404]
12-01 06:14:28.291 30442 30536 E EpisodeDownloadWorker: Download failed
12-01 06:14:28.293 30442 30536 D EpisodeDownloadWorker: Worker for https://feeds.wdjh.org/podcasts/abc_rewind/20251129_06.mp3 returned.
12-01 06:14:28.294 30442 30543 D HttpDownloader: Response code is 404
12-01 06:14:28.294 30442 30543 D HttpDownloader: onFail() called with: reason = [ERROR_NOT_FOUND], reasonDetailed = [404]
12-01 06:14:28.295 30442 30800 D HttpDownloader: Response code is 404
12-01 06:14:28.295 30442 30800 D HttpDownloader: onFail() called with: reason = [ERROR_NOT_FOUND], reasonDetailed = [404]
12-01 06:14:28.300 30442 30790 D HttpDownloader: Response code is 404
12-01 06:14:28.301 30442 30790 D HttpDownloader: onFail() called with: reason = [ERROR_NOT_FOUND], reasonDetailed = [404]
12-01 06:14:28.301 30442 30543 E EpisodeDownloadWorker: Download failed
12-01 06:14:28.302 30442 30800 E EpisodeDownloadWorker: Download failed
12-01 06:14:28.302 30442 30543 D EpisodeDownloadWorker: Worker for https://feeds.wdjh.org/podcasts/sbs_french__sbs_en_franais/20251130_20251130140019-french-e8af9bb9-bb18-4889-acc8-784690a32aa9.mp3 returned.
12-01 06:14:28.302 30442 30790 E EpisodeDownloadWorker: Download failed
12-01 06:14:28.303 30442 30790 D EpisodeDownloadWorker: Worker for https://feeds.wdjh.org/podcasts/all_in_the_mind/20251130_1u.mp3 returned.
12-01 06:14:28.305 30442 30800 D EpisodeDownloadWorker: Worker for https://feeds.wdjh.org/podcasts/sbs_french__sbs_en_franais/20251130_20251130080108-french-2835b984-fba8-4c0b-ae17-ad98ca62e21b.mp3 returned.
12-01 06:14:28.331 30442 30442 D MainActivity: onEvent(de.danoeh.antennapod.event.MessageEvent@b90e040)
12-01 06:14:28.333 30442 30442 D TextView: setTypeface with style : 0
12-01 06:14:28.336 30442 30442 D TextView: setTypeface with style : 0
12-01 06:14:28.338 30442 30470 I WM-WorkerWrapper: Worker result FAILURE for Work [ id=89865c28-f758-4ccd-9048-085bd232fe58, tags={ de.danoeh.antennapod.net.download.service.episode.EpisodeDownloadWorker, episodeUrl:https://feeds.wdjh.org/podcasts/background_briefing/20251129_ph.mp3, episodeDownload } ]
12-01 06:14:28.429 30442 30442 D ItemDescriptionFragment: Saving preferences
12-01 06:14:28.429 30442 30442 D ItemDescriptionFragment: Saving scroll position: 0
12-01 06:14:28.435 30442 30470 I WM-WorkerWrapper: Worker result FAILURE for Work [ id=363757bd-dcf1-4ab3-aff7-4e6ec57903d0, tags={ de.danoeh.antennapod.net.download.service.episode.EpisodeDownloadWorker, episodeUrl:https://feeds.wdjh.org/podcasts/the_steve_matthes_show_on_racerx/20251130_251129_wsx_pulpcasts.mp3, episodeDownload } ]
12-01 06:14:28.475 30442 30470 I WM-WorkerWrapper: Worker result FAILURE for Work [ id=5770e086-0e11-47fd-87f3-a602f4d945ba, tags={ episodeUrl:https://feeds.wdjh.org/podcasts/politics_now/20251129_n6.mp3, de.danoeh.antennapod.net.download.service.episode.EpisodeDownloadWorker, episodeDownload } ]
12-01 06:14:28.479 30442 30442 D MainActivity: onEvent(de.danoeh.antennapod.event.MessageEvent@b3f2917)
12-01 06:14:28.482 30442 30442 D TextView: setTypeface with style : 0
12-01 06:14:28.485 30442 30442 D TextView: setTypeface with style : 0
12-01 06:14:28.495 30442 30470 I WM-WorkerWrapper: Worker result FAILURE for Work [ id=b566bc47-a710-4851-9c7f-8869cb07d8d5, tags={ de.danoeh.antennapod.net.download.service.episode.EpisodeDownloadWorker, episodeUrl:https://feeds.wdjh.org/podcasts/sbs_french__sbs_en_franais/20251129_20251129140016-french-5f122eb7-3ad2-4c02-bdd1-ef71284f277e.mp3, episodeDownload } ]
12-01 06:14:28.495 30442 30442 D ItemDescriptionFragment: Saving preferences
12-01 06:14:28.495 30442 30442 D ItemDescriptionFragment: Saving scroll position: 0
12-01 06:14:28.617 30442 30442 D MainActivity: onEvent(de.danoeh.antennapod.event.MessageEvent@ef3aa7a)
12-01 06:14:28.621 30442 30442 D TextView: setTypeface with style : 0
12-01 06:14:28.624 30442 30442 D TextView: setTypeface with style : 0
12-01 06:14:28.636 30442 30442 D ItemDescriptionFragment: Saving preferences
12-01 06:14:28.636 30442 30442 D ItemDescriptionFragment: Saving scroll position: 0
12-01 06:14:28.672 30442 30496 I WM-WorkerWrapper: Worker result FAILURE for Work [ id=c3fe262b-52b1-498f-8008-468f63ffa523, tags={ de.danoeh.antennapod.net.download.service.episode.EpisodeDownloadWorker, episodeUrl:https://feeds.wdjh.org/podcasts/sbs_french__sbs_en_franais/20251129_20251129080514-french-20de8e09-e60d-483d-a5ae-543038947af9.mp3, episodeDownload } ]
12-01 06:14:28.683 30442 30442 D MainActivity: onEvent(de.danoeh.antennapod.event.MessageEvent@a67da59)
12-01 06:14:28.684 30442 30442 D TextView: setTypeface with style : 0
12-01 06:14:28.686 30442 30442 D TextView: setTypeface with style : 0
12-01 06:14:28.690 30442 30442 D MainActivity: onEvent(de.danoeh.antennapod.event.MessageEvent@8393fcd)
12-01 06:14:28.691 30442 30442 D TextView: setTypeface with style : 0
12-01 06:14:28.692 30442 30442 D TextView: setTypeface with style : 0
12-01 06:14:28.694 30442 30496 I WM-WorkerWrapper: Worker result FAILURE for Work [ id=cb4ecf23-f623-40fa-b70a-6870e688a1ee, tags={ episodeUrl:https://feeds.wdjh.org/podcasts/the_racer_x_podcast_network/20251128_WeegeshowWednesdayAus_1.mp3, de.danoeh.antennapod.net.download.service.episode.EpisodeDownloadWorker, episodeDownload } ]
12-01 06:14:28.696 30442 30442 D AudioPlayerFragment: currentPosition 00:07:10
12-01 06:14:28.701 30442 30496 I WM-WorkerWrapper: Worker result FAILURE for Work [ id=e9f6bcc3-2aa3-480a-8d8e-a3320bfc28da, tags={ de.danoeh.antennapod.net.download.service.episode.EpisodeDownloadWorker, episodeUrl:https://feeds.wdjh.org/podcasts/boonta_vista/20251129_2220966239-boontavista-episode-424.mp3, episodeDownload } ]
12-01 06:14:28.707 30442 30496 I WM-WorkerWrapper: Worker result FAILURE for Work [ id=044420c3-836a-4e27-a72a-f0583564ed25, tags={ episodeUrl:https://feeds.wdjh.org/podcasts/rc_plane_lab/20251128_EP199.mp3, de.danoeh.antennapod.net.download.service.episode.EpisodeDownloadWorker, episodeDownload } ]
12-01 06:14:28.708 30442 30442 D ItemDescriptionFragment: Saving preferences
12-01 06:14:28.708 30442 30442 D ItemDescriptionFragment: Saving scroll position: 0
12-01 06:14:28.717 30442 30442 D MainActivity: onEvent(de.danoeh.antennapod.event.MessageEvent@66f6b01)
12-01 06:14:28.718 30442 30442 D TextView: setTypeface with style : 0
12-01 06:14:28.720 30442 30442 D TextView: setTypeface with style : 0
12-01 06:14:28.724 30442 30442 D MainActivity: onEvent(de.danoeh.antennapod.event.MessageEvent@6e5b92c)
12-01 06:14:28.725 30442 30442 D TextView: setTypeface with style : 0
12-01 06:14:28.726 30442 30442 D TextView: setTypeface with style : 0
12-01 06:14:28.758 30442 30442 D ItemDescriptionFragment: Saving preferences
12-01 06:14:28.758 30442 30442 D ItemDescriptionFragment: Saving scroll position: 0
12-01 06:14:28.770 30442 30498 I WM-WorkerWrapper: Worker result FAILURE for Work [ id=4a997e5c-2e8e-4eae-a4a2-7c6f4daadea9, tags={ episodeUrl:https://feeds.wdjh.org/podcasts/abc_rewind/20251129_06.mp3, de.danoeh.antennapod.net.download.service.episode.EpisodeDownloadWorker, episodeDownload } ]
12-01 06:14:28.770 30442 30442 D MainActivity: onEvent(de.danoeh.antennapod.event.MessageEvent@2217630)
12-01 06:14:28.772 30442 30442 D TextView: setTypeface with style : 0
12-01 06:14:28.777 30442 30442 D TextView: setTypeface with style : 0
12-01 06:14:28.789 30442 30498 I WM-WorkerWrapper: Worker result FAILURE for Work [ id=85d9c2ce-e5b7-4987-a936-f5fdaff408b7, tags={ de.danoeh.antennapod.net.download.service.episode.EpisodeDownloadWorker, episodeUrl:https://feeds.wdjh.org/podcasts/sbs_french__sbs_en_franais/20251130_20251130140019-french-e8af9bb9-bb18-4889-acc8-784690a32aa9.mp3, episodeDownload } ]
12-01 06:14:28.808 30442 30498 I WM-WorkerWrapper: Worker result FAILURE for Work [ id=3edd5438-f2b1-4b11-ba78-b170cbc0e674, tags={ episodeUrl:https://feeds.wdjh.org/podcasts/all_in_the_mind/20251130_1u.mp3, de.danoeh.antennapod.net.download.service.episode.EpisodeDownloadWorker, episodeDownload } ]
12-01 06:14:28.810 30442 30442 D ItemDescriptionFragment: Saving preferences
12-01 06:14:28.810 30442 30442 D ItemDescriptionFragment: Saving scroll position: 0
12-01 06:14:28.817 30442 30442 D MainActivity: onEvent(de.danoeh.antennapod.event.MessageEvent@22c0819)
12-01 06:14:28.818 30442 30442 D TextView: setTypeface with style : 0
12-01 06:14:28.819 30442 30442 D TextView: setTypeface with style : 0
12-01 06:14:28.823 30442 30442 D MainActivity: onEvent(de.danoeh.antennapod.event.MessageEvent@f8bb224)
12-01 06:14:28.823 30442 30498 I WM-WorkerWrapper: Worker result FAILURE for Work [ id=7fafde2b-1d84-4b88-919a-182eeebee552, tags={ episodeUrl:https://feeds.wdjh.org/podcasts/sbs_french__sbs_en_franais/20251130_20251130080108-french-2835b984-fba8-4c0b-ae17-ad98ca62e21b.mp3, de.danoeh.antennapod.net.download.service.episode.EpisodeDownloadWorker, episodeDownload } ]
12-01 06:14:28.824 30442 30442 D TextView: setTypeface with style : 0
12-01 06:14:28.825 30442 30442 D TextView: setTypeface with style : 0
12-01 06:14:28.830 30442 30442 D ItemDescriptionFragment: Saving preferences
12-01 06:14:28.830 30442 30442 D ItemDescriptionFragment: Saving scroll position: 0
12-01 06:14:28.836 30442 30442 D MainActivity: onEvent(de.danoeh.antennapod.event.MessageEvent@1fc9da8)
12-01 06:14:28.837 30442 30442 D TextView: setTypeface with style : 0
12-01 06:14:28.838 30442 30442 D TextView: setTypeface with style : 0
12-01 06:14:28.842 30442 30442 D MainActivity: onEvent(de.danoeh.antennapod.event.MessageEvent@54a3c9f)
12-01 06:14:28.843 30442 30442 D TextView: setTypeface with style : 0
12-01 06:14:28.844 30442 30442 D TextView: setTypeface with style : 0
12-01 06:14:28.848 30442 30442 D ItemDescriptionFragment: Saving preferences
12-01 06:14:28.848 30442 30442 D ItemDescriptionFragment: Saving scroll position: 0
12-01 06:14:28.853 30442 30442 D MainActivity: onEvent(de.danoeh.antennapod.event.MessageEvent@93a16a2)
12-01 06:14:28.854 30442 30442 D TextView: setTypeface with style : 0
12-01 06:14:28.855 30442 30442 D TextView: setTypeface with style : 0
12-01 06:14:28.859 30442 30442 D MainActivity: onEvent(de.danoeh.antennapod.event.MessageEvent@8b173a1)
12-01 06:14:28.860 30442 30442 D TextView: setTypeface with style : 0
12-01 06:14:28.862 30442 30442 D TextView: setTypeface with style : 0
12-01 06:14:28.865 30442 30442 D ItemDescriptionFragment: Saving preferences
12-01 06:14:28.865 30442 30442 D ItemDescriptionFragment: Saving scroll position: 0
12-01 06:14:28.881 30442 30442 D ItemDescriptionFragment: Saving preferences
12-01 06:14:28.881 30442 30442 D ItemDescriptionFragment: Saving scroll position: 0
12-01 06:14:28.899 30442 30442 D ItemDescriptionFragment: Saving preferences
12-01 06:14:28.899 30442 30442 D ItemDescriptionFragment: Saving scroll position: 0
12-01 06:14:28.915 30442 30442 D ItemDescriptionFragment: Saving preferences
12-01 06:14:28.915 30442 30442 D ItemDescriptionFragment: Saving scroll position: 0
12-01 06:14:28.951 30442 30442 D ConnectivityManager: unregisterNetworkCallback; CallingUid : 10275, CallingPid : 30442
12-01 06:14:28.956 30442 30497 E ConnectivityManager.CallbackHandler: callback not found for RELEASED message
12-01 06:14:29.033 30442 30453 I art : Background sticky concurrent mark sweep GC freed 182098(12MB) AllocSpace objects, 0(0B) LOS objects, 17% free, 58MB/70MB, paused 2.128ms total 102.588ms
12-01 06:14:29.655 30442 30442 D AudioPlayerFragment: currentPosition 00:07:11
12-01 06:14:30.646 30442 30442 D AudioPlayerFragment: currentPosition 00:07:12
12-01 06:14:31.646 30442 30442 D AudioPlayerFragment: currentPosition 00:07:13
12-01 06:14:32.646 30442 30442 D AudioPlayerFragment: currentPosition 00:07:14
12-01 06:14:32.716 30442 30442 D PlaybackService: Saving current position to 434877
12-01 06:14:33.646 30442 30442 D AudioPlayerFragment: currentPosition 00:07:15
12-01 06:14:33.952 30442 30442 D ViewRootImpl@fa41c15[MainActivity]: ViewPostImeInputStage processPointer 0
12-01 06:14:34.331 30442 30442 D ViewRootImpl@fa41c15[MainActivity]: ViewPostImeInputStage processPointer 1
12-01 06:14:34.477 30442 30796 D DBReader: getQueue() called
12-01 06:14:34.484 30442 30796 D DBReader: getFavoriteIDList() called
12-01 06:14:34.485 30442 30796 D DBReader: getQueueIDList() called
12-01 06:14:34.486 30442 30796 D DBReader: Extracting Feedlist
12-01 06:14:34.500 30442 30796 D DBReader: getFavoriteIDList() called
12-01 06:14:34.500 30442 30796 D DBReader: getQueueIDList() called
12-01 06:14:34.502 30442 30796 D DBReader: Extracting Feedlist
12-01 06:14:34.525 30442 30442 D NavDrawerFragment: onQueueChanged(de.danoeh.antennapod.event.QueueEvent@28a4313)
12-01 06:14:34.525 30442 30796 D AutoDownloadManager: autodownloadUndownloadedItems
12-01 06:14:34.525 30442 30442 D EpisodesListFragment: onEventMainThread() called with: event = [de.danoeh.antennapod.event.FeedItemEvent@2f10749]
12-01 06:14:34.528 30442 30537 D DownloadAlgorithm: Performing auto-dl of undownloaded episodes
12-01 06:14:34.528 30442 30537 D DBReader: getRecentlyPublishedEpisodes() called with: offset=0, limit=2147483647
12-01 06:14:34.529 30442 31924 D DBReader: Extracting Feedlist
12-01 06:14:34.530 30442 30537 D DBReader: getFavoriteIDList() called
12-01 06:14:34.532 30442 30537 D DBReader: getQueueIDList() called
12-01 06:14:34.533 30442 30537 D DBReader: Extracting Feedlist
12-01 06:14:34.543 30442 30537 D DBReader: getQueue() called
12-01 06:14:34.548 30442 30537 D DBReader: getFavoriteIDList() called
12-01 06:14:34.549 30442 30537 D DBReader: getQueueIDList() called
12-01 06:14:34.550 30442 30537 D DBReader: Extracting Feedlist
12-01 06:14:34.591 30442 30537 I APNullCleanupAlgorithm: performCleanup: Not removing anything
12-01 06:14:34.591 30442 30537 D DownloadAlgorithm: Enqueueing 24 items for download
12-01 06:14:34.630 30442 30498 D ConnectivityManager: requestNetwork; CallingUid : 10275, CallingPid : 30442
12-01 06:14:34.644 30442 30442 D AudioPlayerFragment: currentPosition 00:07:16
12-01 06:14:35.644 30442 30442 D AudioPlayerFragment: currentPosition 00:07:17
12-01 06:14:36.073 30442 30442 D ViewRootImpl@fa41c15[MainActivity]: ViewPostImeInputStage processPointer 0
12-01 06:14:36.156 30442 30536 D DBReader: getFavoriteIDList() called
12-01 06:14:36.161 30442 30543 D DBReader: getFavoriteIDList() called
12-01 06:14:36.162 30442 30543 D DBReader: getQueueIDList() called
12-01 06:14:36.163 30442 30536 D DBReader: getQueueIDList() called
12-01 06:14:36.163 30442 30543 D DBReader: Extracting Feedlist
12-01 06:14:36.168 30442 30536 D DBReader: Extracting Feedlist
12-01 06:14:36.174 30442 30790 D DBReader: getFavoriteIDList() called
12-01 06:14:36.178 30442 30543 D UserPreferences: User data folder not writable or not set. Trying default.
12-01 06:14:36.184 30442 30543 D DownloadRequestCreat: Requesting download of url https://feeds.wdjh.org/podcasts/full_story/20251127_27-20897-FS_HANSON.mp3
12-01 06:14:36.189 30442 30800 D DBReader: getFavoriteIDList() called
12-01 06:14:36.190 30442 30790 D DBReader: getQueueIDList() called
12-01 06:14:36.195 30442 30536 D UserPreferences: User data folder not writable or not set. Trying default.
12-01 06:14:36.201 30442 30536 D DownloadRequestCreat: Requesting download of url https://feeds.wdjh.org/podcasts/abc_news_daily/20251128_89.mp3
12-01 06:14:36.204 30442 30800 D DBReader: getQueueIDList() called
12-01 06:14:36.205 30442 30790 D DBReader: Extracting Feedlist
12-01 06:14:36.207 30442 30543 D HttpDownloader: addHeader("Accept-Encoding", "identity")
12-01 06:14:36.208 30442 30800 D DBReader: Extracting Feedlist
12-01 06:14:36.230 30442 30543 D HttpDownloader: Response code is 404
12-01 06:14:36.230 30442 30543 D HttpDownloader: onFail() called with: reason = [ERROR_NOT_FOUND], reasonDetailed = [404]
12-01 06:14:36.232 30442 30543 E EpisodeDownloadWorker: Download failed
12-01 06:14:36.232 30442 30790 D UserPreferences: User data folder not writable or not set. Trying default.
12-01 06:14:36.234 30442 30543 D EpisodeDownloadWorker: Worker for https://feeds.wdjh.org/podcasts/full_story/20251127_27-20897-FS_HANSON.mp3 returned.
12-01 06:14:36.237 30442 30790 D DownloadRequestCreat: Requesting download of url https://feeds.wdjh.org/podcasts/all_things_considered/20251127_20251127_atc_pope_leo_is_traveling_to_turkey_and_lebanon_on_the_first_foreign_trip_of_his_papacy.mp3
12-01 06:14:36.238 30442 30536 D HttpDownloader: addHeader("Accept-Encoding", "identity")
12-01 06:14:36.243 30442 30442 D MainActivity: onEvent(de.danoeh.antennapod.event.MessageEvent@15098a6)
12-01 06:14:36.246 30442 30543 D DBReader: getFavoriteIDList() called
12-01 06:14:36.250 30442 30442 D TextView: setTypeface with style : 0
12-01 06:14:36.251 30442 30536 D HttpDownloader: Response code is 404
12-01 06:14:36.252 30442 30536 D HttpDownloader: onFail() called with: reason = [ERROR_NOT_FOUND], reasonDetailed = [404]
12-01 06:14:36.252 30442 30800 D UserPreferences: User data folder not writable or not set. Trying default.
12-01 06:14:36.254 30442 30536 E EpisodeDownloadWorker: Download failed
12-01 06:14:36.255 30442 30442 D TextView: setTypeface with style : 0
12-01 06:14:36.257 30442 30800 D DownloadRequestCreat: Requesting download of url https://feeds.wdjh.org/podcasts/all_things_considered/20251127_20251127_atc_there_s_reason_to_be_optimistic_about_the_the_movies_coming_this_holiday_season.mp3
12-01 06:14:36.261 30442 30536 D EpisodeDownloadWorker: Worker for https://feeds.wdjh.org/podcasts/abc_news_daily/20251128_89.mp3 returned.
12-01 06:14:36.270 30442 30442 D MainActivity: onEvent(de.danoeh.antennapod.event.MessageEvent@9f6ad71)
12-01 06:14:36.275 30442 30543 D DBReader: getQueueIDList() called
12-01 06:14:36.275 30442 30442 D TextView: setTypeface with style : 0
12-01 06:14:36.278 30442 30442 D TextView: setTypeface with style : 0
12-01 06:14:36.288 30442 30442 D ItemDescriptionFragment: Saving preferences
12-01 06:14:36.288 30442 30442 D ItemDescriptionFragment: Saving scroll position: 0
12-01 06:14:36.289 30442 30790 D HttpDownloader: addHeader("Accept-Encoding", "identity")
12-01 06:14:36.289 30442 30536 D DBReader: getFavoriteIDList() called
12-01 06:14:36.291 30442 30543 D DBReader: Extracting Feedlist
12-01 06:14:36.297 30442 30453 I art : Background sticky concurrent mark sweep GC freed 191583(11MB) AllocSpace objects, 0(0B) LOS objects, 15% free, 59MB/70MB, paused 5.691ms total 85.589ms
12-01 06:14:36.300 30442 30442 D ItemDescriptionFragment: Saving preferences
12-01 06:14:36.300 30442 30442 D ItemDescriptionFragment: Saving scroll position: 0
12-01 06:14:36.301 30442 30536 D DBReader: getQueueIDList() called
12-01 06:14:36.305 30442 30536 D DBReader: Extracting Feedlist
12-01 06:14:36.307 30442 30790 D HttpDownloader: Response code is 404
12-01 06:14:36.307 30442 30790 D HttpDownloader: onFail() called with: reason = [ERROR_NOT_FOUND], reasonDetailed = [404]
12-01 06:14:36.311 30442 30790 E EpisodeDownloadWorker: Download failed
12-01 06:14:36.313 30442 30543 D UserPreferences: User data folder not writable or not set. Trying default.
12-01 06:14:36.314 30442 30790 D EpisodeDownloadWorker: Worker for https://feeds.wdjh.org/podcasts/all_things_considered/20251127_20251127_atc_pope_leo_is_traveling_to_turkey_and_lebanon_on_the_first_foreign_trip_of_his_papacy.mp3 returned.
12-01 06:14:36.318 30442 30442 D ItemDescriptionFragment: Saving preferences
12-01 06:14:36.318 30442 30442 D ItemDescriptionFragment: Saving scroll position: 0
12-01 06:14:36.318 30442 30543 D DownloadRequestCreat: Requesting download of url https://feeds.wdjh.org/podcasts/all_things_considered/20251127_20251127_atc_the_afghan_resettlement_effort_faces_a_defining_test_after_the_dc_shooting.mp3
12-01 06:14:36.319 30442 30536 D UserPreferences: User data folder not writable or not set. Trying default.
12-01 06:14:36.322 30442 30442 D MainActivity: onEvent(de.danoeh.antennapod.event.MessageEvent@d64abde)
12-01 06:14:36.323 30442 30536 D DownloadRequestCreat: Requesting download of url https://feeds.wdjh.org/podcasts/sbs_french__sbs_en_franais/20251128_20251128082014-french-3218b267-e5d8-4373-9653-ed6f03af0dd5.mp3
12-01 06:14:36.324 30442 30442 D TextView: setTypeface with style : 0
12-01 06:14:36.326 30442 30442 D TextView: setTypeface with style : 0
12-01 06:14:36.331 30442 30442 D ItemDescriptionFragment: Saving preferences
12-01 06:14:36.331 30442 30442 D ItemDescriptionFragment: Saving scroll position: 0
12-01 06:14:36.336 30442 30790 D DBReader: getFavoriteIDList() called
12-01 06:14:36.337 30442 30800 D HttpDownloader: addHeader("Accept-Encoding", "identity")
12-01 06:14:36.359 30442 30790 D DBReader: getQueueIDList() called
12-01 06:14:36.361 30442 30543 D HttpDownloader: addHeader("Accept-Encoding", "identity")
12-01 06:14:36.368 30442 30790 D DBReader: Extracting Feedlist
12-01 06:14:36.369 30442 30496 I WM-WorkerWrapper: Worker result FAILURE for Work [ id=1d30a6ce-20d5-41ef-a73b-e103bcca6d88, tags={ episodeUrl:https://feeds.wdjh.org/podcasts/full_story/20251127_27-20897-FS_HANSON.mp3, de.danoeh.antennapod.net.download.service.episode.EpisodeDownloadWorker, episodeDownload } ]
12-01 06:14:36.370 30442 30536 D HttpDownloader: addHeader("Accept-Encoding", "identity")
12-01 06:14:36.378 30442 30790 D UserPreferences: User data folder not writable or not set. Trying default.
12-01 06:14:36.384 30442 30790 D DownloadRequestCreat: Requesting download of url https://feeds.wdjh.org/podcasts/sbs_french__sbs_en_franais/20251128_20251128075814-french-8656a917-6e99-460e-8e3d-5426b1ebf6b6.mp3
12-01 06:14:36.385 30442 30800 D HttpDownloader: Response code is 404
12-01 06:14:36.385 30442 30800 D HttpDownloader: onFail() called with: reason = [ERROR_NOT_FOUND], reasonDetailed = [404]
12-01 06:14:36.389 30442 30800 E EpisodeDownloadWorker: Download failed
12-01 06:14:36.390 30442 30442 D MainActivity: onEvent(de.danoeh.antennapod.event.MessageEvent@731d8af)
12-01 06:14:36.391 30442 30800 D EpisodeDownloadWorker: Worker for https://feeds.wdjh.org/podcasts/all_things_considered/20251127_20251127_atc_there_s_reason_to_be_optimistic_about_the_the_movies_coming_this_holiday_season.mp3 returned.
12-01 06:14:36.391 30442 30442 D TextView: setTypeface with style : 0
12-01 06:14:36.392 30442 30442 D TextView: setTypeface with style : 0
12-01 06:14:36.394 30442 30536 D HttpDownloader: Response code is 404
12-01 06:14:36.394 30442 30536 D HttpDownloader: onFail() called with: reason = [ERROR_NOT_FOUND], reasonDetailed = [404]
12-01 06:14:36.395 30442 30543 D HttpDownloader: Response code is 404
12-01 06:14:36.395 30442 30543 D HttpDownloader: onFail() called with: reason = [ERROR_NOT_FOUND], reasonDetailed = [404]
12-01 06:14:36.396 30442 30536 E EpisodeDownloadWorker: Download failed
12-01 06:14:36.398 30442 30543 E EpisodeDownloadWorker: Download failed
12-01 06:14:36.401 30442 30442 D MainActivity: onEvent(de.danoeh.antennapod.event.MessageEvent@5b50e43)
12-01 06:14:36.401 30442 30536 D EpisodeDownloadWorker: Worker for https://feeds.wdjh.org/podcasts/sbs_french__sbs_en_franais/20251128_20251128082014-french-3218b267-e5d8-4373-9653-ed6f03af0dd5.mp3 returned.
12-01 06:14:36.402 30442 30442 D TextView: setTypeface with style : 0
12-01 06:14:36.404 30442 30442 D TextView: setTypeface with style : 0
12-01 06:14:36.407 30442 30543 D EpisodeDownloadWorker: Worker for https://feeds.wdjh.org/podcasts/all_things_considered/20251127_20251127_atc_the_afghan_resettlement_effort_faces_a_defining_test_after_the_dc_shooting.mp3 returned.
12-01 06:14:36.407 30442 30442 D MainActivity: onEvent(de.danoeh.antennapod.event.MessageEvent@16e6a16)
12-01 06:14:36.409 30442 30442 D TextView: setTypeface with style : 0
12-01 06:14:36.411 30442 30442 D TextView: setTypeface with style : 0
12-01 06:14:36.425 30442 30790 D HttpDownloader: addHeader("Accept-Encoding", "identity")
12-01 06:14:36.428 30442 30536 D DBReader: getFavoriteIDList() called
12-01 06:14:36.430 30442 30800 D DBReader: getFavoriteIDList() called
12-01 06:14:36.452 30442 30543 D DBReader: getFavoriteIDList() called
12-01 06:14:36.455 30442 30536 D DBReader: getQueueIDList() called
12-01 06:14:36.456 30442 30800 D DBReader: getQueueIDList() called
12-01 06:14:36.457 30442 30543 D DBReader: getQueueIDList() called
12-01 06:14:36.478 30442 30800 D DBReader: Extracting Feedlist
12-01 06:14:36.479 30442 30543 D DBReader: Extracting Feedlist
12-01 06:14:36.479 30442 30536 D DBReader: Extracting Feedlist
12-01 06:14:36.494 30442 30536 D UserPreferences: User data folder not writable or not set. Trying default.
12-01 06:14:36.497 30442 30543 D UserPreferences: User data folder not writable or not set. Trying default.
12-01 06:14:36.502 30442 30536 D DownloadRequestCreat: Requesting download of url https://feeds.wdjh.org/podcasts/abc_rewind/20251128_61.mp3
12-01 06:14:36.503 30442 30790 D HttpDownloader: Response code is 404
12-01 06:14:36.503 30442 30790 D HttpDownloader: onFail() called with: reason = [ERROR_NOT_FOUND], reasonDetailed = [404]
12-01 06:14:36.504 30442 30543 D DownloadRequestCreat: Requesting download of url https://feeds.wdjh.org/podcasts/knowledge_fight/20251128_Nov15-2025.mp3
12-01 06:14:36.505 30442 30790 E EpisodeDownloadWorker: Download failed
12-01 06:14:36.506 30442 30442 D MainActivity: onEvent(de.danoeh.antennapod.event.MessageEvent@3eb10ab)
12-01 06:14:36.509 30442 30800 D UserPreferences: User data folder not writable or not set. Trying default.
12-01 06:14:36.509 30442 30442 D TextView: setTypeface with style : 0
12-01 06:14:36.511 30442 30790 D EpisodeDownloadWorker: Worker for https://feeds.wdjh.org/podcasts/sbs_french__sbs_en_franais/20251128_20251128075814-french-8656a917-6e99-460e-8e3d-5426b1ebf6b6.mp3 returned.
12-01 06:14:36.513 30442 30800 D DownloadRequestCreat: Requesting download of url https://feeds.wdjh.org/podcasts/abc_rewind/20251128_63.mp3
12-01 06:14:36.514 30442 30442 D TextView: setTypeface with style : 0
12-01 06:14:36.541 30442 30536 D HttpDownloader: addHeader("Accept-Encoding", "identity")
12-01 06:14:36.546 30442 30496 I WM-WorkerWrapper: Worker result FAILURE for Work [ id=756baca8-41d6-46d0-a81a-f940885557a1, tags={ de.danoeh.antennapod.net.download.service.episode.EpisodeDownloadWorker, episodeUrl:https://feeds.wdjh.org/podcasts/abc_news_daily/20251128_89.mp3, episodeDownload } ]
12-01 06:14:36.557 30442 30790 D DBReader: getFavoriteIDList() called
12-01 06:14:36.563 30442 30536 D HttpDownloader: Response code is 404
12-01 06:14:36.563 30442 30536 D HttpDownloader: onFail() called with: reason = [ERROR_NOT_FOUND], reasonDetailed = [404]
12-01 06:14:36.567 30442 30536 E EpisodeDownloadWorker: Download failed
12-01 06:14:36.568 30442 30442 D MainActivity: onEvent(de.danoeh.antennapod.event.MessageEvent@495394c)
12-01 06:14:36.569 30442 30536 D EpisodeDownloadWorker: Worker for https://feeds.wdjh.org/podcasts/abc_rewind/20251128_61.mp3 returned.
12-01 06:14:36.569 30442 30442 D TextView: setTypeface with style : 0
12-01 06:14:36.570 30442 30442 D TextView: setTypeface with style : 0
12-01 06:14:36.571 30442 30496 I WM-WorkerWrapper: Worker result FAILURE for Work [ id=b9c66425-e9e8-4ba1-b6ee-66b2261fdaa1, tags={ episodeUrl:https://feeds.wdjh.org/podcasts/all_things_considered/20251127_20251127_atc_pope_leo_is_traveling_to_turkey_and_lebanon_on_the_first_foreign_trip_of_his_papacy.mp3, de.danoeh.antennapod.net.download.service.episode.EpisodeDownloadWorker, episodeDownload } ]
12-01 06:14:36.572 30442 30790 D DBReader: getQueueIDList() called
12-01 06:14:36.572 30442 30543 D HttpDownloader: addHeader("Accept-Encoding", "identity")
12-01 06:14:36.574 30442 30536 D DBReader: getFavoriteIDList() called
12-01 06:14:36.579 30442 30442 D ViewRootImpl@fa41c15[MainActivity]: ViewPostImeInputStage processPointer 1
12-01 06:14:36.590 30442 30790 D DBReader: Extracting Feedlist
12-01 06:14:36.590 30442 30800 D HttpDownloader: addHeader("Accept-Encoding", "identity")
12-01 06:14:36.594 30442 30536 D DBReader: getQueueIDList() called
12-01 06:14:36.595 30442 30536 D DBReader: Extracting Feedlist
12-01 06:14:36.599 30442 30790 D UserPreferences: User data folder not writable or not set. Trying default.
12-01 06:14:36.600 30442 30790 D DownloadRequestCreat: Requesting download of url https://feeds.wdjh.org/podcasts/the_conditional_release_program/20251128_stream.mp3
12-01 06:14:36.601 30442 30536 D UserPreferences: User data folder not writable or not set. Trying default.
12-01 06:14:36.602 30442 30536 D DownloadRequestCreat: Requesting download of url https://feeds.wdjh.org/podcasts/mushroom_case_daily/20251128_b8.mp3
12-01 06:14:36.611 30442 30790 D HttpDownloader: addHeader("Accept-Encoding", "identity")
12-01 06:14:36.617 30442 30536 D HttpDownloader: addHeader("Accept-Encoding", "identity")
12-01 06:14:36.628 30442 30543 D HttpDownloader: Response code is 404
12-01 06:14:36.628 30442 30543 D HttpDownloader: onFail() called with: reason = [ERROR_NOT_FOUND], reasonDetailed = [404]
12-01 06:14:36.630 30442 30543 E EpisodeDownloadWorker: Download failed
12-01 06:14:36.631 30442 30543 D EpisodeDownloadWorker: Worker for https://feeds.wdjh.org/podcasts/knowledge_fight/20251128_Nov15-2025.mp3 returned.
12-01 06:14:36.635 30442 30790 D HttpDownloader: Response code is 404
12-01 06:14:36.635 30442 30790 D HttpDownloader: onFail() called with: reason = [ERROR_NOT_FOUND], reasonDetailed = [404]
12-01 06:14:36.637 30442 30536 D HttpDownloader: Response code is 404
12-01 06:14:36.637 30442 30536 D HttpDownloader: onFail() called with: reason = [ERROR_NOT_FOUND], reasonDetailed = [404]
12-01 06:14:36.638 30442 30800 D HttpDownloader: Response code is 404
12-01 06:14:36.638 30442 30800 D HttpDownloader: onFail() called with: reason = [ERROR_NOT_FOUND], reasonDetailed = [404]
12-01 06:14:36.639 30442 30790 E EpisodeDownloadWorker: Download failed
12-01 06:14:36.639 30442 30536 E EpisodeDownloadWorker: Download failed
12-01 06:14:36.642 30442 30442 D MainActivity: onEvent(de.danoeh.antennapod.event.MessageEvent@f1efc50)
12-01 06:14:36.643 30442 30536 D EpisodeDownloadWorker: Worker for https://feeds.wdjh.org/podcasts/mushroom_case_daily/20251128_b8.mp3 returned.
12-01 06:14:36.644 30442 30790 D EpisodeDownloadWorker: Worker for https://feeds.wdjh.org/podcasts/the_conditional_release_program/20251128_stream.mp3 returned.
12-01 06:14:36.644 30442 30442 D TextView: setTypeface with style : 0
12-01 06:14:36.644 30442 30800 E EpisodeDownloadWorker: Download failed
12-01 06:14:36.645 30442 30442 D TextView: setTypeface with style : 0
12-01 06:14:36.647 30442 30800 D EpisodeDownloadWorker: Worker for https://feeds.wdjh.org/podcasts/abc_rewind/20251128_63.mp3 returned.
12-01 06:14:36.650 30442 30442 D MainActivity: onEvent(de.danoeh.antennapod.event.MessageEvent@ab65a67)
12-01 06:14:36.651 30442 30442 D TextView: setTypeface with style : 0
12-01 06:14:36.653 30442 30442 D TextView: setTypeface with style : 0
12-01 06:14:36.661 30442 30543 D DBReader: getFavoriteIDList() called
12-01 06:14:36.662 30442 30536 D DBReader: getFavoriteIDList() called
12-01 06:14:36.664 30442 30790 D DBReader: getFavoriteIDList() called
12-01 06:14:36.682 30442 30800 D DBReader: getFavoriteIDList() called
12-01 06:14:36.685 30442 30543 D DBReader: getQueueIDList() called
12-01 06:14:36.693 30442 30536 D DBReader: getQueueIDList() called
12-01 06:14:36.693 30442 30790 D DBReader: getQueueIDList() called
12-01 06:14:36.694 30442 30800 D DBReader: getQueueIDList() called
12-01 06:14:36.699 30442 30543 D DBReader: Extracting Feedlist
12-01 06:14:36.699 30442 30800 D DBReader: Extracting Feedlist
12-01 06:14:36.699 30442 30790 D DBReader: Extracting Feedlist
12-01 06:14:36.699 30442 30536 D DBReader: Extracting Feedlist
12-01 06:14:36.704 30442 30543 D UserPreferences: User data folder not writable or not set. Trying default.
12-01 06:14:36.704 30442 30800 D UserPreferences: User data folder not writable or not set. Trying default.
12-01 06:14:36.705 30442 30543 D DownloadRequestCreat: Requesting download of url https://feeds.wdjh.org/podcasts/background_briefing/20251129_ph.mp3
12-01 06:14:36.706 30442 30536 D UserPreferences: User data folder not writable or not set. Trying default.
12-01 06:14:36.707 30442 30800 D DownloadRequestCreat: Requesting download of url https://feeds.wdjh.org/podcasts/sbs_french__sbs_en_franais/20251129_20251129140016-french-5f122eb7-3ad2-4c02-bdd1-ef71284f277e.mp3
12-01 06:14:36.709 30442 30536 D DownloadRequestCreat: Requesting download of url https://feeds.wdjh.org/podcasts/the_steve_matthes_show_on_racerx/20251130_251129_wsx_pulpcasts.mp3
12-01 06:14:36.710 30442 30790 D UserPreferences: User data folder not writable or not set. Trying default.
12-01 06:14:36.711 30442 30790 D DownloadRequestCreat: Requesting download of url https://feeds.wdjh.org/podcasts/politics_now/20251129_n6.mp3
12-01 06:14:36.719 30442 30543 D HttpDownloader: addHeader("Accept-Encoding", "identity")
12-01 06:14:36.724 30442 30800 D HttpDownloader: addHeader("Accept-Encoding", "identity")
12-01 06:14:36.728 30442 30536 D HttpDownloader: addHeader("Accept-Encoding", "identity")
12-01 06:14:36.734 30442 30442 D AudioPlayerFragment: currentPosition 00:07:18
12-01 06:14:36.735 30442 30790 D HttpDownloader: addHeader("Accept-Encoding", "identity")
12-01 06:14:36.746 30442 30442 D ItemDescriptionFragment: Saving preferences
12-01 06:14:36.746 30442 30442 D ItemDescriptionFragment: Saving scroll position: 0
12-01 06:14:36.757 30442 30442 D MainActivity: onEvent(de.danoeh.antennapod.event.MessageEvent@b699898)
12-01 06:14:36.758 30442 30442 D TextView: setTypeface with style : 0
12-01 06:14:36.760 30442 30496 I WM-WorkerWrapper: Worker result FAILURE for Work [ id=6164c759-851e-4692-ad6d-0716616678f5, tags={ de.danoeh.antennapod.net.download.service.episode.EpisodeDownloadWorker, episodeUrl:https://feeds.wdjh.org/podcasts/all_things_considered/20251127_20251127_atc_there_s_reason_to_be_optimistic_about_the_the_movies_coming_this_holiday_season.mp3, episodeDownload } ]
12-01 06:14:36.760 30442 30442 D TextView: setTypeface with style : 0
12-01 06:14:36.770 30442 30442 D ItemDescriptionFragment: Saving preferences
12-01 06:14:36.770 30442 30442 D ItemDescriptionFragment: Saving scroll position: 0
12-01 06:14:36.778 30442 30442 D MainActivity: onEvent(de.danoeh.antennapod.event.MessageEvent@74057c8)
12-01 06:14:36.778 30442 30496 I WM-WorkerWrapper: Worker result FAILURE for Work [ id=454eaad4-2203-4cb4-9142-2878271dd003, tags={ episodeUrl:https://feeds.wdjh.org/podcasts/sbs_french__sbs_en_franais/20251128_20251128082014-french-3218b267-e5d8-4373-9653-ed6f03af0dd5.mp3, de.danoeh.antennapod.net.download.service.episode.EpisodeDownloadWorker, episodeDownload } ]
12-01 06:14:36.779 30442 30442 D TextView: setTypeface with style : 0
12-01 06:14:36.780 30442 30442 D TextView: setTypeface with style : 0
12-01 06:14:36.803 30442 30543 D HttpDownloader: Response code is 404
12-01 06:14:36.803 30442 30543 D HttpDownloader: onFail() called with: reason = [ERROR_NOT_FOUND], reasonDetailed = [404]
12-01 06:14:36.805 30442 30543 E EpisodeDownloadWorker: Download failed
12-01 06:14:36.806 30442 30543 D EpisodeDownloadWorker: Worker for https://feeds.wdjh.org/podcasts/background_briefing/20251129_ph.mp3 returned.
12-01 06:14:36.814 30442 30800 D HttpDownloader: Response code is 404
12-01 06:14:36.814 30442 30800 D HttpDownloader: onFail() called with: reason = [ERROR_NOT_FOUND], reasonDetailed = [404]
12-01 06:14:36.814 30442 30442 D ItemDescriptionFragment: Saving preferences
12-01 06:14:36.814 30442 30442 D ItemDescriptionFragment: Saving scroll position: 0
12-01 06:14:36.820 30442 30536 D HttpDownloader: Response code is 404
12-01 06:14:36.820 30442 30536 D HttpDownloader: onFail() called with: reason = [ERROR_NOT_FOUND], reasonDetailed = [404]
12-01 06:14:36.820 30442 30790 D HttpDownloader: Response code is 404
12-01 06:14:36.820 30442 30790 D HttpDownloader: onFail() called with: reason = [ERROR_NOT_FOUND], reasonDetailed = [404]
12-01 06:14:36.820 30442 30800 E EpisodeDownloadWorker: Download failed
12-01 06:14:36.821 30442 30800 D EpisodeDownloadWorker: Worker for https://feeds.wdjh.org/podcasts/sbs_french__sbs_en_franais/20251129_20251129140016-french-5f122eb7-3ad2-4c02-bdd1-ef71284f277e.mp3 returned.
12-01 06:14:36.822 30442 30536 E EpisodeDownloadWorker: Download failed
12-01 06:14:36.822 30442 30790 E EpisodeDownloadWorker: Download failed
12-01 06:14:36.823 30442 30536 D EpisodeDownloadWorker: Worker for https://feeds.wdjh.org/podcasts/the_steve_matthes_show_on_racerx/20251130_251129_wsx_pulpcasts.mp3 returned.
12-01 06:14:36.824 30442 30790 D EpisodeDownloadWorker: Worker for https://feeds.wdjh.org/podcasts/politics_now/20251129_n6.mp3 returned.
12-01 06:14:36.835 30442 30543 D DBReader: getFavoriteIDList() called
12-01 06:14:36.836 30442 30800 D DBReader: getFavoriteIDList() called
12-01 06:14:36.837 30442 30536 D DBReader: getFavoriteIDList() called
12-01 06:14:36.861 30442 30790 D DBReader: getFavoriteIDList() called
12-01 06:14:36.863 30442 30543 D DBReader: getQueueIDList() called
12-01 06:14:36.863 30442 30800 D DBReader: getQueueIDList() called
12-01 06:14:36.863 30442 30536 D DBReader: getQueueIDList() called
12-01 06:14:36.866 30442 30442 D ItemDescriptionFragment: Saving preferences
12-01 06:14:36.866 30442 30442 D ItemDescriptionFragment: Saving scroll position: 0
12-01 06:14:36.869 30442 30442 D MainActivity: onEvent(de.danoeh.antennapod.event.MessageEvent@852c93f)
12-01 06:14:36.870 30442 30442 D TextView: setTypeface with style : 0
12-01 06:14:36.871 30442 30790 D DBReader: getQueueIDList() called
12-01 06:14:36.872 30442 30442 D TextView: setTypeface with style : 0
12-01 06:14:36.874 30442 30543 D DBReader: Extracting Feedlist
12-01 06:14:36.874 30442 30536 D DBReader: Extracting Feedlist
12-01 06:14:36.876 30442 30442 D MainActivity: onEvent(de.danoeh.antennapod.event.MessageEvent@f787c2)
12-01 06:14:36.878 30442 30442 D TextView: setTypeface with style : 0
12-01 06:14:36.879 30442 30496 I WM-WorkerWrapper: Worker result FAILURE for Work [ id=dda1a602-21f4-4283-abe5-df826d0db10e, tags={ de.danoeh.antennapod.net.download.service.episode.EpisodeDownloadWorker, episodeUrl:https://feeds.wdjh.org/podcasts/all_things_considered/20251127_20251127_atc_the_afghan_resettlement_effort_faces_a_defining_test_after_the_dc_shooting.mp3, episodeDownload } ]
12-01 06:14:36.879 30442 30442 D TextView: setTypeface with style : 0
12-01 06:14:36.881 30442 30800 D DBReader: Extracting Feedlist
12-01 06:14:36.881 30442 30790 D DBReader: Extracting Feedlist
12-01 06:14:36.891 30442 30543 D UserPreferences: User data folder not writable or not set. Trying default.
12-01 06:14:36.892 30442 30442 D ItemDescriptionFragment: Saving preferences
12-01 06:14:36.892 30442 30442 D ItemDescriptionFragment: Saving scroll position: 0
12-01 06:14:36.893 30442 30790 D UserPreferences: User data folder not writable or not set. Trying default.
12-01 06:14:36.893 30442 30536 D UserPreferences: User data folder not writable or not set. Trying default.
12-01 06:14:36.893 30442 30800 D UserPreferences: User data folder not writable or not set. Trying default.
12-01 06:14:36.894 30442 30442 D MainActivity: onEvent(de.danoeh.antennapod.event.MessageEvent@2b5c341)
12-01 06:14:36.896 30442 30442 D TextView: setTypeface with style : 0
12-01 06:14:36.898 30442 30442 D TextView: setTypeface with style : 0
12-01 06:14:36.901 30442 30442 D MainActivity: onEvent(de.danoeh.antennapod.event.MessageEvent@390866c)
12-01 06:14:36.902 30442 30543 D DownloadRequestCreat: Requesting download of url https://feeds.wdjh.org/podcasts/sbs_french__sbs_en_franais/20251129_20251129080514-french-20de8e09-e60d-483d-a5ae-543038947af9.mp3
12-01 06:14:36.903 30442 30442 D TextView: setTypeface with style : 0
12-01 06:14:36.904 30442 30442 D TextView: setTypeface with style : 0
12-01 06:14:36.904 30442 30496 I WM-WorkerWrapper: Worker result FAILURE for Work [ id=74f44ebb-9d01-4d22-b498-1d3536c723a3, tags={ de.danoeh.antennapod.net.download.service.episode.EpisodeDownloadWorker, episodeUrl:https://feeds.wdjh.org/podcasts/sbs_french__sbs_en_franais/20251128_20251128075814-french-8656a917-6e99-460e-8e3d-5426b1ebf6b6.mp3, episodeDownload } ]
12-01 06:14:36.907 30442 30790 D DownloadRequestCreat: Requesting download of url https://feeds.wdjh.org/podcasts/rc_plane_lab/20251128_EP199.mp3
12-01 06:14:36.909 30442 30536 D DownloadRequestCreat: Requesting download of url https://feeds.wdjh.org/podcasts/boonta_vista/20251129_2220966239-boontavista-episode-424.mp3
12-01 06:14:36.910 30442 30800 D DownloadRequestCreat: Requesting download of url https://feeds.wdjh.org/podcasts/the_racer_x_podcast_network/20251128_WeegeshowWednesdayAus_1.mp3
12-01 06:14:36.914 30442 30543 D HttpDownloader: addHeader("Accept-Encoding", "identity")
12-01 06:14:36.918 30442 30790 D HttpDownloader: addHeader("Accept-Encoding", "identity")
12-01 06:14:36.922 30442 30543 D HttpDownloader: Response code is 404
12-01 06:14:36.922 30442 30543 D HttpDownloader: onFail() called with: reason = [ERROR_NOT_FOUND], reasonDetailed = [404]
12-01 06:14:36.923 30442 30543 E EpisodeDownloadWorker: Download failed
12-01 06:14:36.924 30442 30543 D EpisodeDownloadWorker: Worker for https://feeds.wdjh.org/podcasts/sbs_french__sbs_en_franais/20251129_20251129080514-french-20de8e09-e60d-483d-a5ae-543038947af9.mp3 returned.
12-01 06:14:36.926 30442 30790 D HttpDownloader: Response code is 404
12-01 06:14:36.926 30442 30790 D HttpDownloader: onFail() called with: reason = [ERROR_NOT_FOUND], reasonDetailed = [404]
12-01 06:14:36.926 30442 30536 D HttpDownloader: addHeader("Accept-Encoding", "identity")
12-01 06:14:36.926 30442 30790 E EpisodeDownloadWorker: Download failed
12-01 06:14:36.926 30442 30543 D DBReader: getFavoriteIDList() called
12-01 06:14:36.927 30442 30543 D DBReader: getQueueIDList() called
12-01 06:14:36.927 30442 30790 D EpisodeDownloadWorker: Worker for https://feeds.wdjh.org/podcasts/rc_plane_lab/20251128_EP199.mp3 returned.
12-01 06:14:36.937 30442 30536 D HttpDownloader: Response code is 404
12-01 06:14:36.937 30442 30536 D HttpDownloader: onFail() called with: reason = [ERROR_NOT_FOUND], reasonDetailed = [404]
12-01 06:14:36.938 30442 30536 E EpisodeDownloadWorker: Download failed
12-01 06:14:36.939 30442 30536 D EpisodeDownloadWorker: Worker for https://feeds.wdjh.org/podcasts/boonta_vista/20251129_2220966239-boontavista-episode-424.mp3 returned.
12-01 06:14:36.948 30442 30543 D DBReader: Extracting Feedlist
12-01 06:14:36.949 30442 30800 D HttpDownloader: addHeader("Accept-Encoding", "identity")
12-01 06:14:36.950 30442 30790 D DBReader: getFavoriteIDList() called
12-01 06:14:36.952 30442 30536 D DBReader: getFavoriteIDList() called
12-01 06:14:36.957 30442 30800 D HttpDownloader: Response code is 404
12-01 06:14:36.957 30442 30800 D HttpDownloader: onFail() called with: reason = [ERROR_NOT_FOUND], reasonDetailed = [404]
12-01 06:14:36.959 30442 30800 E EpisodeDownloadWorker: Download failed
12-01 06:14:36.960 30442 30800 D EpisodeDownloadWorker: Worker for https://feeds.wdjh.org/podcasts/the_racer_x_podcast_network/20251128_WeegeshowWednesdayAus_1.mp3 returned.
12-01 06:14:36.970 30442 30790 D DBReader: getQueueIDList() called
12-01 06:14:36.970 30442 30442 D ItemDescriptionFragment: Saving preferences
12-01 06:14:36.970 30442 30442 D ItemDescriptionFragment: Saving scroll position: 0
12-01 06:14:36.972 30442 30536 D DBReader: getQueueIDList() called
12-01 06:14:36.973 30442 30800 D DBReader: getFavoriteIDList() called
12-01 06:14:36.974 30442 30543 D UserPreferences: User data folder not writable or not set. Trying default.
12-01 06:14:36.976 30442 30543 D DownloadRequestCreat: Requesting download of url https://feeds.wdjh.org/podcasts/abc_rewind/20251129_06.mp3
12-01 06:14:36.977 30442 30442 D MainActivity: onEvent(de.danoeh.antennapod.event.MessageEvent@90ebf70)
12-01 06:14:36.978 30442 30442 D TextView: setTypeface with style : 0
12-01 06:14:36.980 30442 30442 D TextView: setTypeface with style : 0
12-01 06:14:36.983 30442 30442 D MainActivity: onEvent(de.danoeh.antennapod.event.MessageEvent@acbe407)
12-01 06:14:36.985 30442 30442 D TextView: setTypeface with style : 0
12-01 06:14:36.986 30442 30442 D TextView: setTypeface with style : 0
12-01 06:14:37.008 30442 30790 D DBReader: Extracting Feedlist
12-01 06:14:37.013 30442 30800 D DBReader: getQueueIDList() called
12-01 06:14:37.013 30442 30536 D DBReader: Extracting Feedlist
12-01 06:14:37.019 30442 30790 D UserPreferences: User data folder not writable or not set. Trying default.
12-01 06:14:37.021 30442 30790 D DownloadRequestCreat: Requesting download of url https://feeds.wdjh.org/podcasts/all_in_the_mind/20251130_1u.mp3
12-01 06:14:37.025 30442 30800 D DBReader: Extracting Feedlist
12-01 06:14:37.031 30442 30536 D UserPreferences: User data folder not writable or not set. Trying default.
12-01 06:14:37.034 30442 30536 D DownloadRequestCreat: Requesting download of url https://feeds.wdjh.org/podcasts/sbs_french__sbs_en_franais/20251130_20251130080108-french-2835b984-fba8-4c0b-ae17-ad98ca62e21b.mp3
12-01 06:14:37.035 30442 30442 D ItemDescriptionFragment: Saving preferences
12-01 06:14:37.035 30442 30442 D ItemDescriptionFragment: Saving scroll position: 0
12-01 06:14:37.043 30442 30543 D HttpDownloader: addHeader("Accept-Encoding", "identity")
12-01 06:14:37.045 30442 30442 D MainActivity: onEvent(de.danoeh.antennapod.event.MessageEvent@c33a991)
