12-01 06:18:12.628 30442 539 I System.out: (HTTPLog)-Static: isSBSettingEnabled false
12-01 06:18:12.628 30442 30459 I WM-WorkerWrapper: Worker result FAILURE for Work [ id=4420c317-e82d-4ec6-bad9-6ef7a4d39b17, tags={ episodeUrl:https://feeds.wdjh.org/podcasts/sbs_french__sbs_en_franais/20251128_20251128082014-french-3218b267-e5d8-4373-9653-ed6f03af0dd5.mp3, de.danoeh.antennapod.net.download.service.episode.EpisodeDownloadWorker, episodeDownload } ]
12-01 06:18:12.628 30442 539 I System.out: (HTTPLog)-Static: isSBSettingEnabled false
12-01 06:18:12.630 30442 30543 D EpisodeDownloadWorker: Worker for https://feeds.wdjh.org/podcasts/knowledge_fight/20251128_Nov15-2025.mp3 returned.
12-01 06:18:12.644 30442 30790 D DBReader: getFavoriteIDList() called
12-01 06:18:12.649 30442 30800 D DBReader: getFavoriteIDList() called
12-01 06:18:12.650 30442 30536 D DBReader: getFavoriteIDList() called
12-01 06:18:12.652 30442 30543 D DBReader: getFavoriteIDList() called
12-01 06:18:12.674 30442 30790 D DBReader: getQueueIDList() called
12-01 06:18:12.680 30442 30800 D DBReader: getQueueIDList() called
12-01 06:18:12.680 30442 30536 D DBReader: getQueueIDList() called
12-01 06:18:12.681 30442 30543 D DBReader: getQueueIDList() called
12-01 06:18:12.682 30442 30790 D DBReader: Extracting Feedlist
12-01 06:18:12.687 30442 30800 D DBReader: Extracting Feedlist
12-01 06:18:12.688 30442 30536 D DBReader: Extracting Feedlist
12-01 06:18:12.688 30442 30543 D DBReader: Extracting Feedlist
12-01 06:18:12.693 30442 30790 D UserPreferences: User data folder not writable or not set. Trying default.
12-01 06:18:12.696 30442 30790 D DownloadRequestCreat: Requesting download of url https://feeds.wdjh.org/podcasts/background_briefing/20251129_ph.mp3
12-01 06:18:12.698 30442 30800 D UserPreferences: User data folder not writable or not set. Trying default.
12-01 06:18:12.699 30442 30543 D UserPreferences: User data folder not writable or not set. Trying default.
12-01 06:18:12.700 30442 30536 D UserPreferences: User data folder not writable or not set. Trying default.
12-01 06:18:12.702 30442 30543 D DownloadRequestCreat: Requesting download of url https://feeds.wdjh.org/podcasts/sbs_french__sbs_en_franais/20251129_20251129140016-french-5f122eb7-3ad2-4c02-bdd1-ef71284f277e.mp3
12-01 06:18:12.703 30442 30496 I WM-WorkerWrapper: Worker result FAILURE for Work [ id=b0345884-8d06-46a3-865e-e2ab08b547d9, tags={ de.danoeh.antennapod.net.download.service.episode.EpisodeDownloadWorker, episodeUrl:https://feeds.wdjh.org/podcasts/the_conditional_release_program/20251128_stream.mp3, episodeDownload } ]
12-01 06:18:12.704 30442 30536 D DownloadRequestCreat: Requesting download of url https://feeds.wdjh.org/podcasts/politics_now/20251129_n6.mp3
12-01 06:18:12.705 30442 30800 D DownloadRequestCreat: Requesting download of url https://feeds.wdjh.org/podcasts/the_steve_matthes_show_on_racerx/20251130_251129_wsx_pulpcasts.mp3
12-01 06:18:12.718 30442 30790 D HttpDownloader: addHeader("Accept-Encoding", "identity")
12-01 06:18:12.727 30442 30543 D HttpDownloader: addHeader("Accept-Encoding", "identity")
12-01 06:18:12.732 30442 30536 D HttpDownloader: addHeader("Accept-Encoding", "identity")
12-01 06:18:12.738 30442 30800 D HttpDownloader: addHeader("Accept-Encoding", "identity")
12-01 06:18:12.750 30442 30496 I WM-WorkerWrapper: Worker result FAILURE for Work [ id=4c57acff-a78b-4e9c-9f29-566bd3aa133e, tags={ de.danoeh.antennapod.net.download.service.episode.EpisodeDownloadWorker, episodeUrl:https://feeds.wdjh.org/podcasts/abc_rewind/20251128_61.mp3, episodeDownload } ]
12-01 06:18:12.793 30442 30496 I WM-WorkerWrapper: Worker result FAILURE for Work [ id=184aab94-2e43-40f6-8212-4e1a9d3f2dcc, tags={ episodeUrl:https://feeds.wdjh.org/podcasts/mushroom_case_daily/20251128_b8.mp3, de.danoeh.antennapod.net.download.service.episode.EpisodeDownloadWorker, episodeDownload } ]
12-01 06:18:12.797 30442 30790 D HttpDownloader: Response code is 404
12-01 06:18:12.797 30442 30790 D HttpDownloader: onFail() called with: reason = [ERROR_NOT_FOUND], reasonDetailed = [404]
12-01 06:18:12.798 30442 30790 E EpisodeDownloadWorker: Download failed
12-01 06:18:12.800 30442 30790 D EpisodeDownloadWorker: Worker for https://feeds.wdjh.org/podcasts/background_briefing/20251129_ph.mp3 returned.
12-01 06:18:12.802 30442 30536 D HttpDownloader: Response code is 404
12-01 06:18:12.802 30442 30536 D HttpDownloader: onFail() called with: reason = [ERROR_NOT_FOUND], reasonDetailed = [404]
12-01 06:18:12.803 30442 30543 D HttpDownloader: Response code is 404
12-01 06:18:12.803 30442 30543 D HttpDownloader: onFail() called with: reason = [ERROR_NOT_FOUND], reasonDetailed = [404]
12-01 06:18:12.804 30442 30536 E EpisodeDownloadWorker: Download failed
12-01 06:18:12.808 30442 30536 D EpisodeDownloadWorker: Worker for https://feeds.wdjh.org/podcasts/politics_now/20251129_n6.mp3 returned.
12-01 06:18:12.809 30442 30543 E EpisodeDownloadWorker: Download failed
12-01 06:18:12.810 30442 30800 D HttpDownloader: Response code is 404
12-01 06:18:12.810 30442 30800 D HttpDownloader: onFail() called with: reason = [ERROR_NOT_FOUND], reasonDetailed = [404]
12-01 06:18:12.812 30442 30543 D EpisodeDownloadWorker: Worker for https://feeds.wdjh.org/podcasts/sbs_french__sbs_en_franais/20251129_20251129140016-french-5f122eb7-3ad2-4c02-bdd1-ef71284f277e.mp3 returned.
12-01 06:18:12.813 30442 30800 E EpisodeDownloadWorker: Download failed
12-01 06:18:12.818 30442 30800 D EpisodeDownloadWorker: Worker for https://feeds.wdjh.org/podcasts/the_steve_matthes_show_on_racerx/20251130_251129_wsx_pulpcasts.mp3 returned.
12-01 06:18:12.827 30442 30790 D DBReader: getFavoriteIDList() called
12-01 06:18:12.829 30442 30536 D DBReader: getFavoriteIDList() called
12-01 06:18:12.830 30442 30543 D DBReader: getFavoriteIDList() called
12-01 06:18:12.850 30442 30459 I WM-WorkerWrapper: Worker result FAILURE for Work [ id=b80d3cfe-a257-4c71-b28b-89767d5feb58, tags={ episodeUrl:https://feeds.wdjh.org/podcasts/knowledge_fight/20251128_Nov15-2025.mp3, de.danoeh.antennapod.net.download.service.episode.EpisodeDownloadWorker, episodeDownload } ]
12-01 06:18:12.859 30442 30800 D DBReader: getFavoriteIDList() called
12-01 06:18:12.871 30442 30536 D DBReader: getQueueIDList() called
12-01 06:18:12.871 30442 30790 D DBReader: getQueueIDList() called
12-01 06:18:12.871 30442 30543 D DBReader: getQueueIDList() called
12-01 06:18:12.872 30442 30800 D DBReader: getQueueIDList() called
12-01 06:18:12.880 30442 30790 D DBReader: Extracting Feedlist
12-01 06:18:12.881 30442 30543 D DBReader: Extracting Feedlist
12-01 06:18:12.881 30442 30536 D DBReader: Extracting Feedlist
12-01 06:18:12.882 30442 30800 D DBReader: Extracting Feedlist
12-01 06:18:12.892 30442 30790 D UserPreferences: User data folder not writable or not set. Trying default.
12-01 06:18:12.892 30442 30536 D UserPreferences: User data folder not writable or not set. Trying default.
12-01 06:18:12.893 30442 30543 D UserPreferences: User data folder not writable or not set. Trying default.
12-01 06:18:12.895 30442 30800 D UserPreferences: User data folder not writable or not set. Trying default.
12-01 06:18:12.895 30442 30790 D DownloadRequestCreat: Requesting download of url https://feeds.wdjh.org/podcasts/sbs_french__sbs_en_franais/20251129_20251129080514-french-20de8e09-e60d-483d-a5ae-543038947af9.mp3
12-01 06:18:12.897 30442 30800 D DownloadRequestCreat: Requesting download of url https://feeds.wdjh.org/podcasts/rc_plane_lab/20251128_EP199.mp3
12-01 06:18:12.899 30442 30543 D DownloadRequestCreat: Requesting download of url https://feeds.wdjh.org/podcasts/boonta_vista/20251129_2220966239-boontavista-episode-424.mp3
12-01 06:18:12.900 30442 30536 D DownloadRequestCreat: Requesting download of url https://feeds.wdjh.org/podcasts/the_racer_x_podcast_network/20251128_WeegeshowWednesdayAus_1.mp3
12-01 06:18:12.916 30442 30790 D HttpDownloader: addHeader("Accept-Encoding", "identity")
12-01 06:18:12.922 30442 30800 D HttpDownloader: addHeader("Accept-Encoding", "identity")
12-01 06:18:12.927 30442 30543 D HttpDownloader: addHeader("Accept-Encoding", "identity")
12-01 06:18:12.933 30442 30536 D HttpDownloader: addHeader("Accept-Encoding", "identity")
12-01 06:18:12.941 30442 30470 I WM-WorkerWrapper: Worker result FAILURE for Work [ id=ce4565bb-2a80-487a-af4e-ac3dcd58d3eb, tags={ de.danoeh.antennapod.net.download.service.episode.EpisodeDownloadWorker, episodeUrl:https://feeds.wdjh.org/podcasts/background_briefing/20251129_ph.mp3, episodeDownload } ]
12-01 06:18:12.986 30442 30790 D HttpDownloader: Response code is 404
12-01 06:18:12.986 30442 30790 D HttpDownloader: onFail() called with: reason = [ERROR_NOT_FOUND], reasonDetailed = [404]
12-01 06:18:12.990 30442 30790 E EpisodeDownloadWorker: Download failed
12-01 06:18:12.994 30442 30800 D HttpDownloader: Response code is 404
12-01 06:18:12.994 30442 30800 D HttpDownloader: onFail() called with: reason = [ERROR_NOT_FOUND], reasonDetailed = [404]
12-01 06:18:12.995 30442 30536 D HttpDownloader: Response code is 404
12-01 06:18:12.995 30442 30536 D HttpDownloader: onFail() called with: reason = [ERROR_NOT_FOUND], reasonDetailed = [404]
12-01 06:18:12.995 30442 30790 D EpisodeDownloadWorker: Worker for https://feeds.wdjh.org/podcasts/sbs_french__sbs_en_franais/20251129_20251129080514-french-20de8e09-e60d-483d-a5ae-543038947af9.mp3 returned.
12-01 06:18:12.998 30442 30536 E EpisodeDownloadWorker: Download failed
12-01 06:18:12.998 30442 30543 D HttpDownloader: Response code is 404
12-01 06:18:12.998 30442 30800 E EpisodeDownloadWorker: Download failed
12-01 06:18:12.998 30442 30543 D HttpDownloader: onFail() called with: reason = [ERROR_NOT_FOUND], reasonDetailed = [404]
12-01 06:18:13.003 30442 30543 E EpisodeDownloadWorker: Download failed
12-01 06:18:13.006 30442 30442 W NotificationManager: notify: id corrupted: sent 2131362418, got back 0
12-01 06:18:13.006 30442 30800 D EpisodeDownloadWorker: Worker for https://feeds.wdjh.org/podcasts/rc_plane_lab/20251128_EP199.mp3 returned.
12-01 06:18:13.007 30442 30543 W NotificationManager: notify: id corrupted: sent 2131362411, got back 0
12-01 06:18:13.008 30442 30543 D EpisodeDownloadWorker: Worker for https://feeds.wdjh.org/podcasts/boonta_vista/20251129_2220966239-boontavista-episode-424.mp3 returned.
12-01 06:18:13.009 30442 30496 I WM-WorkerWrapper: Worker result FAILURE for Work [ id=af544060-5db5-4402-a4ed-e756544c013d, tags={ episodeUrl:https://feeds.wdjh.org/podcasts/politics_now/20251129_n6.mp3, de.danoeh.antennapod.net.download.service.episode.EpisodeDownloadWorker, episodeDownload } ]
12-01 06:18:13.010 30442 30536 W NotificationManager: notify: id corrupted: sent 2131362411, got back 0
12-01 06:18:13.011 30442 30536 D EpisodeDownloadWorker: Worker for https://feeds.wdjh.org/podcasts/the_racer_x_podcast_network/20251128_WeegeshowWednesdayAus_1.mp3 returned.
12-01 06:18:13.039 30442 30790 D DBReader: getFavoriteIDList() called
12-01 06:18:13.043 30442 30800 D DBReader: getFavoriteIDList() called
12-01 06:18:13.044 30442 30543 D DBReader: getFavoriteIDList() called
12-01 06:18:13.047 30442 30536 D DBReader: getFavoriteIDList() called
12-01 06:18:13.057 30442 30790 D DBReader: getQueueIDList() called
12-01 06:18:13.057 30442 30496 I WM-WorkerWrapper: Worker result FAILURE for Work [ id=a5d69691-f37e-4ede-8c78-7c223066d97f, tags={ de.danoeh.antennapod.net.download.service.episode.EpisodeDownloadWorker, episodeUrl:https://feeds.wdjh.org/podcasts/sbs_french__sbs_en_franais/20251129_20251129140016-french-5f122eb7-3ad2-4c02-bdd1-ef71284f277e.mp3, episodeDownload } ]
12-01 06:18:13.068 30442 30800 D DBReader: getQueueIDList() called
12-01 06:18:13.071 30442 30536 D DBReader: getQueueIDList() called
12-01 06:18:13.071 30442 30543 D DBReader: getQueueIDList() called
12-01 06:18:13.077 30442 30790 D DBReader: Extracting Feedlist
12-01 06:18:13.078 30442 30800 D DBReader: Extracting Feedlist
12-01 06:18:13.078 30442 30543 D DBReader: Extracting Feedlist
12-01 06:18:13.079 30442 30536 D DBReader: Extracting Feedlist
12-01 06:18:13.084 30442 30790 D UserPreferences: User data folder not writable or not set. Trying default.
12-01 06:18:13.085 30442 30800 D UserPreferences: User data folder not writable or not set. Trying default.
12-01 06:18:13.087 30442 30790 D DownloadRequestCreat: Requesting download of url https://feeds.wdjh.org/podcasts/abc_rewind/20251129_06.mp3
12-01 06:18:13.089 30442 30543 D UserPreferences: User data folder not writable or not set. Trying default.
12-01 06:18:13.090 30442 30800 D DownloadRequestCreat: Requesting download of url https://feeds.wdjh.org/podcasts/all_in_the_mind/20251130_1u.mp3
12-01 06:18:13.091 30442 30536 D UserPreferences: User data folder not writable or not set. Trying default.
12-01 06:18:13.092 30442 30543 D DownloadRequestCreat: Requesting download of url https://feeds.wdjh.org/podcasts/sbs_french__sbs_en_franais/20251130_20251130080108-french-2835b984-fba8-4c0b-ae17-ad98ca62e21b.mp3
12-01 06:18:13.094 30442 30536 D DownloadRequestCreat: Requesting download of url https://feeds.wdjh.org/podcasts/sbs_french__sbs_en_franais/20251130_20251130140019-french-e8af9bb9-bb18-4889-acc8-784690a32aa9.mp3
12-01 06:18:13.098 30442 30496 I WM-WorkerWrapper: Worker result FAILURE for Work [ id=290a3fd7-380f-4968-bbb5-71dcb75eeda5, tags={ de.danoeh.antennapod.net.download.service.episode.EpisodeDownloadWorker, episodeUrl:https://feeds.wdjh.org/podcasts/the_steve_matthes_show_on_racerx/20251130_251129_wsx_pulpcasts.mp3, episodeDownload } ]
12-01 06:18:13.110 30442 30790 D HttpDownloader: addHeader("Accept-Encoding", "identity")
12-01 06:18:13.115 30442 30543 D HttpDownloader: addHeader("Accept-Encoding", "identity")
12-01 06:18:13.121 30442 30536 D HttpDownloader: addHeader("Accept-Encoding", "identity")
12-01 06:18:13.127 30442 30800 D HttpDownloader: addHeader("Accept-Encoding", "identity")
12-01 06:18:13.180 30442 30790 D HttpDownloader: Response code is 404
12-01 06:18:13.181 30442 30790 D HttpDownloader: onFail() called with: reason = [ERROR_NOT_FOUND], reasonDetailed = [404]
12-01 06:18:13.183 30442 30543 D HttpDownloader: Response code is 404
12-01 06:18:13.183 30442 30543 D HttpDownloader: onFail() called with: reason = [ERROR_NOT_FOUND], reasonDetailed = [404]
12-01 06:18:13.183 30442 30790 E EpisodeDownloadWorker: Download failed
12-01 06:18:13.183 30442 30800 D HttpDownloader: Response code is 404
12-01 06:18:13.183 30442 30800 D HttpDownloader: onFail() called with: reason = [ERROR_NOT_FOUND], reasonDetailed = [404]
12-01 06:18:13.184 30442 30536 D HttpDownloader: Response code is 404
12-01 06:18:13.184 30442 30536 D HttpDownloader: onFail() called with: reason = [ERROR_NOT_FOUND], reasonDetailed = [404]
12-01 06:18:13.187 30442 30543 E EpisodeDownloadWorker: Download failed
12-01 06:18:13.187 30442 30459 I WM-WorkerWrapper: Worker result FAILURE for Work [ id=343088cd-c283-4b9a-9c6a-e9de7e232e4e, tags={ de.danoeh.antennapod.net.download.service.episode.EpisodeDownloadWorker, episodeUrl:https://feeds.wdjh.org/podcasts/sbs_french__sbs_en_franais/20251129_20251129080514-french-20de8e09-e60d-483d-a5ae-543038947af9.mp3, episodeDownload } ]
12-01 06:18:13.197 30442 30790 D EpisodeDownloadWorker: Worker for https://feeds.wdjh.org/podcasts/abc_rewind/20251129_06.mp3 returned.
12-01 06:18:13.198 30442 30536 E EpisodeDownloadWorker: Download failed
12-01 06:18:13.198 30442 30800 E EpisodeDownloadWorker: Download failed
12-01 06:18:13.198 30442 30543 D EpisodeDownloadWorker: Worker for https://feeds.wdjh.org/podcasts/sbs_french__sbs_en_franais/20251130_20251130080108-french-2835b984-fba8-4c0b-ae17-ad98ca62e21b.mp3 returned.
12-01 06:18:13.202 30442 30536 D EpisodeDownloadWorker: Worker for https://feeds.wdjh.org/podcasts/sbs_french__sbs_en_franais/20251130_20251130140019-french-e8af9bb9-bb18-4889-acc8-784690a32aa9.mp3 returned.
12-01 06:18:13.206 30442 30800 W NotificationManager: notify: id corrupted: sent 2131362411, got back 0
12-01 06:18:13.208 30442 30800 D EpisodeDownloadWorker: Worker for https://feeds.wdjh.org/podcasts/all_in_the_mind/20251130_1u.mp3 returned.
12-01 06:18:13.211 30442 30459 I WM-WorkerWrapper: Worker result FAILURE for Work [ id=89c9d6ed-f6d3-4188-b6f1-78c4e168226b, tags={ episodeUrl:https://feeds.wdjh.org/podcasts/rc_plane_lab/20251128_EP199.mp3, de.danoeh.antennapod.net.download.service.episode.EpisodeDownloadWorker, episodeDownload } ]
12-01 06:18:13.227 30442 30459 I WM-WorkerWrapper: Worker result FAILURE for Work [ id=79aabb51-f62e-4edd-86b6-6c5998448055, tags={ de.danoeh.antennapod.net.download.service.episode.EpisodeDownloadWorker, episodeUrl:https://feeds.wdjh.org/podcasts/boonta_vista/20251129_2220966239-boontavista-episode-424.mp3, episodeDownload } ]
12-01 06:18:13.240 30442 30459 I WM-WorkerWrapper: Worker result FAILURE for Work [ id=1ea48aa9-217a-4a83-a8a7-f18745790a94, tags={ episodeUrl:https://feeds.wdjh.org/podcasts/the_racer_x_podcast_network/20251128_WeegeshowWednesdayAus_1.mp3, de.danoeh.antennapod.net.download.service.episode.EpisodeDownloadWorker, episodeDownload } ]
12-01 06:18:13.242 30442 30790 D DBReader: getFavoriteIDList() called
12-01 06:18:13.266 30442 30790 D DBReader: getQueueIDList() called
12-01 06:18:13.272 30442 30790 D DBReader: Extracting Feedlist
12-01 06:18:13.276 30442 30790 D UserPreferences: User data folder not writable or not set. Trying default.
12-01 06:18:13.278 30442 30790 D DownloadRequestCreat: Requesting download of url https://feeds.wdjh.org/podcasts/unravel/20251127_9v.mp3
12-01 06:18:13.287 30442 30790 D HttpDownloader: addHeader("Accept-Encoding", "identity")
12-01 06:18:13.298 30442 30470 I WM-WorkerWrapper: Worker result FAILURE for Work [ id=bc61ae10-4644-4c65-a36e-3a104d78822a, tags={ episodeUrl:https://feeds.wdjh.org/podcasts/abc_rewind/20251129_06.mp3, de.danoeh.antennapod.net.download.service.episode.EpisodeDownloadWorker, episodeDownload } ]
12-01 06:18:13.304 30442 30470 I WM-WorkerWrapper: Worker result FAILURE for Work [ id=c918803d-5f39-4177-a987-46c1862bc6a3, tags={ episodeUrl:https://feeds.wdjh.org/podcasts/sbs_french__sbs_en_franais/20251130_20251130080108-french-2835b984-fba8-4c0b-ae17-ad98ca62e21b.mp3, de.danoeh.antennapod.net.download.service.episode.EpisodeDownloadWorker, episodeDownload } ]
12-01 06:18:13.310 30442 30459 I WM-WorkerWrapper: Worker result FAILURE for Work [ id=84941a46-86c0-40c5-bc94-8bf8cdbe6d33, tags={ de.danoeh.antennapod.net.download.service.episode.EpisodeDownloadWorker, episodeUrl:https://feeds.wdjh.org/podcasts/sbs_french__sbs_en_franais/20251130_20251130140019-french-e8af9bb9-bb18-4889-acc8-784690a32aa9.mp3, episodeDownload } ]
12-01 06:18:13.319 30442 30459 I WM-WorkerWrapper: Worker result FAILURE for Work [ id=51d244ac-cfa8-415a-bd3f-5359b195076d, tags={ episodeUrl:https://feeds.wdjh.org/podcasts/all_in_the_mind/20251130_1u.mp3, de.danoeh.antennapod.net.download.service.episode.EpisodeDownloadWorker, episodeDownload } ]
12-01 06:18:13.367 30442 30790 D HttpDownloader: Response code is 404
12-01 06:18:13.367 30442 30790 D HttpDownloader: onFail() called with: reason = [ERROR_NOT_FOUND], reasonDetailed = [404]
12-01 06:18:13.371 30442 30790 E EpisodeDownloadWorker: Download failed
12-01 06:18:13.377 30442 30790 D EpisodeDownloadWorker: Worker for https://feeds.wdjh.org/podcasts/unravel/20251127_9v.mp3 returned.
12-01 06:18:13.380 30442 30459 I WM-WorkerWrapper: Worker result FAILURE for Work [ id=2ca54918-4e44-4b3c-88cf-3ef4df930d51, tags={ de.danoeh.antennapod.net.download.service.episode.EpisodeDownloadWorker, episodeUrl:https://feeds.wdjh.org/podcasts/unravel/20251127_9v.mp3, episodeDownload } ]
12-01 06:18:13.382 30442 30442 D ConnectivityManager: unregisterNetworkCallback; CallingUid : 10275, CallingPid : 30442
12-01 06:18:13.384 30442 30497 E ConnectivityManager.CallbackHandler: callback not found for RELEASED message
12-01 06:18:14.639 30442 539 I System.out: (HTTPLog)-Static: isSBSettingEnabled false
12-01 06:18:14.639 30442 539 I System.out: (HTTPLog)-Static: isSBSettingEnabled false
12-01 06:18:14.695 30442 517 E ExoPlayerImplInternal: Playback error
12-01 06:18:14.695 30442 517 E ExoPlayerImplInternal: androidx.media3.exoplayer.ExoPlaybackException: Source error
12-01 06:18:14.695 30442 517 E ExoPlayerImplInternal: at androidx.media3.exoplayer.ExoPlayerImplInternal.handleIoException(SourceFile:684)
12-01 06:18:14.695 30442 517 E ExoPlayerImplInternal: at androidx.media3.exoplayer.ExoPlayerImplInternal.handleMessage(SourceFile:656)
12-01 06:18:14.695 30442 517 E ExoPlayerImplInternal: at android.os.Handler.dispatchMessage(Handler.java:98)
12-01 06:18:14.695 30442 517 E ExoPlayerImplInternal: at android.os.Looper.loop(Looper.java:154)
12-01 06:18:14.695 30442 517 E ExoPlayerImplInternal: at android.os.HandlerThread.run(HandlerThread.java:61)
12-01 06:18:14.695 30442 517 E ExoPlayerImplInternal: Caused by: androidx.media3.datasource.HttpDataSource$InvalidResponseCodeException: Response code: 404
12-01 06:18:14.695 30442 517 E ExoPlayerImplInternal: at androidx.media3.datasource.DefaultHttpDataSource.open(SourceFile:435)
12-01 06:18:14.695 30442 517 E ExoPlayerImplInternal: at androidx.media3.datasource.TeeDataSource.open(SourceFile:54)
12-01 06:18:14.695 30442 517 E ExoPlayerImplInternal: at androidx.media3.datasource.cache.CacheDataSource.openNextSource(SourceFile:798)
12-01 06:18:14.695 30442 517 E ExoPlayerImplInternal: at androidx.media3.datasource.cache.CacheDataSource.open(SourceFile:611)
12-01 06:18:14.695 30442 517 E ExoPlayerImplInternal: at androidx.media3.datasource.StatsDataSource.open(SourceFile:86)
12-01 06:18:14.695 30442 517 E ExoPlayerImplInternal: at androidx.media3.exoplayer.source.ProgressiveMediaPeriod$ExtractingLoadable.load(SourceFile:1006)
12-01 06:18:14.695 30442 517 E ExoPlayerImplInternal: at androidx.media3.exoplayer.upstream.Loader$LoadTask.run(SourceFile:414)
12-01 06:18:14.695 30442 517 E ExoPlayerImplInternal: at java.util.concurrent.ThreadPoolExecutor.runWorker(ThreadPoolExecutor.java:1133)
12-01 06:18:14.695 30442 517 E ExoPlayerImplInternal: at java.util.concurrent.ThreadPoolExecutor$Worker.run(ThreadPoolExecutor.java:607)
12-01 06:18:14.695 30442 517 E ExoPlayerImplInternal: at java.lang.Thread.run(Thread.java:762)
12-01 06:18:14.702 30442 30442 D LclPlaybackSvcMPlayer: Pausing playback.
12-01 06:18:14.702 30442 30442 D PlaybackSvcMediaPlayer: LocalPSMP: Setting player status to PAUSED
12-01 06:18:14.703 30442 30442 D PlaybackServiceTaskMgr: Cancelled PositionSaver
12-01 06:18:14.703 30442 30442 D PlaybackServiceTaskMgr: Cancelled WidgetUpdater
12-01 06:18:14.703 30442 30442 D PlaybackService: Saving current position to 0
12-01 06:18:14.708 30442 30442 D PlaybackService: setupNotification
12-01 06:18:14.761 30442 30442 D PlaybackSrvState: stopForeground
12-01 06:18:14.785 30442 30442 D PlaybackSrvState: stopService
12-01 06:18:14.785 30442 30442 D PlaybackSrvState: stopForeground
12-01 06:18:14.805 30442 545 D DBReader: getFeed() called with: feedId = [19]
12-01 06:18:14.807 30442 545 D DBReader: getFeedItemList() called with: feed = [de.danoeh.antennapod.model.feed.Feed@32]
12-01 06:18:14.812 30442 545 D DBReader: getFavoriteIDList() called
12-01 06:18:14.813 30442 545 D DBReader: getQueueIDList() called
12-01 06:18:14.825 30442 30442 D TextView: setTypeface with style : 0
12-01 06:18:14.829 30442 30442 D TextView: setTypeface with style : 0
12-01 06:18:14.834 30442 30442 D TextView: setTypeface with style : 0
12-01 06:18:14.839 30442 30442 D TextView: setTypeface with style : 0
12-01 06:18:14.843 30442 30442 D TextView: setTypeface with style : 0
12-01 06:18:14.848 30442 30442 D TextView: setTypeface with style : 0
12-01 06:18:14.852 30442 30442 D TextView: setTypeface with style : 0
12-01 06:18:14.933 30442 30453 I art : Background partial concurrent mark sweep GC freed 186298(11MB) AllocSpace objects, 2(80KB) LOS objects, 20% free, 60MB/76MB, paused 3.233ms total 175.773ms
12-01 06:18:31.035 30442 30442 D ConnectivityManager: requestNetwork; CallingUid : 10275, CallingPid : 30442
12-01 06:18:34.022 30442 30543 D SyncService: Downloaded subscription changes: SubscriptionChange [added=[], removed=[], timestamp=1764530306]
12-01 06:18:34.022 30442 30543 D SyncService: No feeds to add or remove from server
12-01 06:18:34.023 30442 30543 D DBReader: Extracting Feedlist
12-01 06:18:34.138 30442 30543 D SyncService: Processing 0 actions
12-01 06:18:34.144 30442 30543 D SyncService: Uploading 1 actions: EpisodeAction{podcast='https://feeds.wdjh.org/podcasts/all_things_considered.rss', episode='https://feeds.wdjh.org/podcasts/all_things_considered/20251127_20251127_atc_here_to_help_thanksgiving_edition.mp3', guid='story-127196', action=PLAY, timestamp=Mon Dec 01 06:18:11 GMT+11:00 2025, started=0, position=652, total=652}
12-01 06:18:34.234 30442 30543 D SyncService: Upload episode response: de.danoeh.antennapod.net.sync.nextcloud.NextcloudSyncService$NextcloudGpodderEpisodeActionPostResponse@1304bfb
12-01 06:18:34.237 30442 30496 I WM-WorkerWrapper: Worker result SUCCESS for Work [ id=d572fcec-8d7b-41c7-ae80-ca5d3099ddc5, tags={ de.danoeh.antennapod.net.sync.service.SyncService } ]
12-01 06:18:34.239 30442 30442 D ConnectivityManager: unregisterNetworkCallback; CallingUid : 10275, CallingPid : 30442
12-01 06:18:34.243 30442 30497 E ConnectivityManager.CallbackHandler: callback not found for RELEASED message
12-01 06:19:11.624 30442 30442 D ViewRootImpl@fa41c15[MainActivity]: mHardwareRenderer.destroy()#1
12-01 06:19:11.626 30442 30442 D ViewRootImpl@fa41c15[MainActivity]: Relayout returned: oldFrame=[0,0][1080,1920] newFrame=[0,0][1080,1920] result=0x1 surface={isValid=false 0} surfaceGenerationChanged=false
12-01 06:19:11.646 30442 30442 D PlaybackController: Trying to connect to service
12-01 06:19:11.649 30442 30442 D PlaybackController: Result for service binding: true
12-01 06:19:11.652 30442 547 D DBReader: getFavoriteIDList() called
12-01 06:19:11.653 30442 519 D DBReader: getFavoriteIDList() called
12-01 06:19:11.654 30442 30442 D PlaybackController: Trying to connect to service
12-01 06:19:11.656 30442 30442 D PlaybackController: Result for service binding: true
12-01 06:19:11.656 30442 30442 D ExternalPlayerFragment: Loading media info
12-01 06:19:11.656 30442 30442 D ExternalPlayerFragment: Loading media info
12-01 06:19:11.656 30442 547 D DBReader: getQueueIDList() called
12-01 06:19:11.656 30442 519 D DBReader: getQueueIDList() called
12-01 06:19:11.657 30442 547 D DBReader: Extracting Feedlist
12-01 06:19:11.658 30442 545 D DBReader: getFavoriteIDList() called
12-01 06:19:11.659 30442 519 D DBReader: Extracting Feedlist
12-01 06:19:11.660 30442 30442 D PlaybackController: Trying to connect to service
12-01 06:19:11.661 30442 545 D DBReader: getQueueIDList() called
12-01 06:19:11.662 30442 545 D DBReader: Extracting Feedlist
12-01 06:19:11.663 30442 30442 D PlaybackController: Result for service binding: true
12-01 06:19:11.666 30442 30442 D PlaybackController: Trying to connect to service
12-01 06:19:11.667 30442 543 D DBReader: getFavoriteIDList() called
12-01 06:19:11.667 30442 543 D DBReader: getQueueIDList() called
12-01 06:19:11.668 30442 543 D DBReader: Extracting Feedlist
12-01 06:19:11.668 30442 30442 D PlaybackController: Result for service binding: true
12-01 06:19:11.668 30442 30442 D ItemDescriptionFragment: load()
12-01 06:19:11.668 30442 30442 D ItemDescriptionFragment: load()
12-01 06:19:11.672 30442 547 D DBReader: getFavoriteIDList() called
12-01 06:19:11.674 30442 545 D DBReader: Extracting Feedlist
12-01 06:19:11.675 30442 519 D DBReader: getFavoriteIDList() called
12-01 06:19:11.675 30442 547 D DBReader: getQueueIDList() called
12-01 06:19:11.675 30442 519 D DBReader: getQueueIDList() called
12-01 06:19:11.677 30442 519 D DBReader: Extracting Feedlist
12-01 06:19:11.677 30442 547 D DBReader: Extracting Feedlist
12-01 06:19:11.681 30442 519 D DBReader: loadDescriptionOfFeedItem() called with: item = [FeedItem [id=592, title=Pope Leo is traveling to Turkey and Lebanon on the first foreign trip of his papacy, feedId=6, pubDate=Fri Nov 28 08:05:13 GMT+11:00 2025]]
12-01 06:19:11.681 30442 30442 D MainActivity: handleNavIntent()
12-01 06:19:11.681 30442 547 D DBReader: loadDescriptionOfFeedItem() called with: item = [FeedItem [id=592, title=Pope Leo is traveling to Turkey and Lebanon on the first foreign trip of his papacy, feedId=6, pubDate=Fri Nov 28 08:05:13 GMT+11:00 2025]]
12-01 06:19:11.687 30442 547 D Timeline: Recognized 0 timecodes
12-01 06:19:11.696 30442 519 D Timeline: Recognized 0 timecodes
12-01 06:19:11.700 30442 30442 D ViewRootImpl@fa41c15[MainActivity]: Relayout returned: oldFrame=[0,0][1080,1920] newFrame=[0,0][1080,1920] result=0x3 surface={isValid=true 501233155584} surfaceGenerationChanged=true
12-01 06:19:11.700 30442 30442 D ViewRootImpl@fa41c15[MainActivity]: mHardwareRenderer.initialize() mSurface={isValid=true 501233155584} hwInitialized=true
12-01 06:19:11.701 30442 547 D DBReader: Extracting Feedlist
12-01 06:19:11.706 30442 30480 D mali_winsys: EGLint new_window_surface(egl_winsys_display*, void*, EGLSurface, EGLConfig, egl_winsys_surface**, egl_color_buffer_format*, EGLBoolean) returns 0x3000, [1080x1920]-format:1
12-01 06:19:11.731 30442 30442 D PlaybackController: Querying service info
12-01 06:19:11.731 30442 30442 D PlaybackController: status: PAUSED
12-01 06:19:11.736 30442 30442 D PlaybackController: Connection to Service established
12-01 06:19:11.736 30442 30442 D PlaybackController: Querying service info
12-01 06:19:11.736 30442 30442 D PlaybackController: status: PAUSED
12-01 06:19:11.736 30442 30442 D ExternalPlayerFragment: Loading media info
12-01 06:19:11.736 30442 30442 D PlaybackController: Connection to Service established
12-01 06:19:11.736 30442 30442 D PlaybackController: Querying service info
12-01 06:19:11.736 30442 30442 D PlaybackController: status: PAUSED
12-01 06:19:11.736 30442 30442 D PlaybackController: Connection to Service established
12-01 06:19:11.737 30442 30442 D PlaybackController: Querying service info
12-01 06:19:11.737 30442 30442 D PlaybackController: status: PAUSED
12-01 06:19:11.737 30442 30442 D ItemDescriptionFragment: load()
12-01 06:19:11.737 30442 30442 D PlaybackController: Connection to Service established
12-01 06:19:11.737 30442 547 D DBReader: loadDescriptionOfFeedItem() called with: item = [FeedItem [id=592, title=Pope Leo is traveling to Turkey and Lebanon on the first foreign trip of his papacy, feedId=6, pubDate=Fri Nov 28 08:05:13 GMT+11:00 2025]]
12-01 06:19:11.739 30442 547 D Timeline: Recognized 0 timecodes
12-01 06:19:11.777 30442 30442 D ViewRootImpl@fa41c15[MainActivity]: MSG_WINDOW_FOCUS_CHANGED 1
12-01 06:19:11.777 30442 30442 D ViewRootImpl@fa41c15[MainActivity]: mHardwareRenderer.initializeIfNeeded()#2 mSurface={isValid=true 501233155584}
12-01 06:19:11.788 30442 30442 V InputMethodManager: Starting input: tba=android.view.inputmethod.EditorInfo@51d1602 nm : de.danoeh.antennapod ic=null
12-01 06:19:11.788 30442 30442 I InputMethodManager: [IMM] startInputInner - mService.startInputOrWindowGainedFocus
12-01 06:19:11.790 30442 30442 D InputTransport: Input channel constructed: fd=107
12-01 06:19:11.790 30442 30442 D AudioPlayerFragment: currentPosition 00:00:00
12-01 06:19:11.791 30442 30442 D ItemDescriptionFragment: Saving preferences
12-01 06:19:11.791 30442 30442 D ItemDescriptionFragment: Saving scroll position: 0
12-01 06:19:11.805 30442 30442 D ItemDescriptionFragment: Webview loaded
12-01 06:19:11.922 30442 30442 D ShownotesWebView: Page finished
12-01 06:19:11.989 30442 30442 D ItemDescriptionFragment: Restoring from preferences
12-01 06:19:11.989 30442 30442 D ItemDescriptionFragment: Restored scroll Position: 0
12-01 06:19:12.961 30442 30442 D ViewRootImpl@fa41c15[MainActivity]: ViewPostImeInputStage processPointer 0
12-01 06:19:13.080 30442 30442 D ViewRootImpl@fa41c15[MainActivity]: ViewPostImeInputStage processPointer 1
12-01 06:19:13.088 30442 30442 D NavDrawerFragment: saveLastNavFragment(tag: SubscriptionFragment)
12-01 06:19:13.089 30442 30442 D MainActivity: loadFragment(tag: SubscriptionFragment, args: null)
12-01 06:19:13.122 30442 30442 D TextView: setTypeface with style : 0
12-01 06:19:13.122 30442 30442 D TextView: setTypeface with style : 0
12-01 06:19:13.126 30442 30442 D TextView: setTypeface with style : 0
12-01 06:19:13.144 30442 30442 D TextView: setTypeface with style : 0
12-01 06:19:13.145 30442 30442 D TextView: setTypeface with style : 0
12-01 06:19:13.146 30442 30442 D TextView: setTypeface with style : 0
12-01 06:19:13.147 30442 30442 D TextView: setTypeface with style : 0
12-01 06:19:13.149 30442 30442 D TextView: setTypeface with style : 0
12-01 06:19:13.150 30442 30442 D TextView: setTypeface with style : 0
12-01 06:19:13.152 30442 30442 D TextView: setTypeface with style : 0
12-01 06:19:13.155 30442 30442 D TextView: setTypeface with style : 0
12-01 06:19:13.157 30442 30442 D TextView: setTypeface with style : 0
12-01 06:19:13.158 30442 30442 D TextView: setTypeface with style : 0
12-01 06:19:13.159 30442 30442 D TextView: setTypeface with style : 0
12-01 06:19:13.160 30442 30442 D TextView: setTypeface with style : 0
12-01 06:19:13.161 30442 30442 D TextView: setTypeface with style : 0
12-01 06:19:13.162 30442 30442 D TextView: setTypeface with style : 0
12-01 06:19:13.168 30442 543 D DBReader: Extracting Feedlist
12-01 06:19:13.169 30442 30442 D ItemDescriptionFragment: Saving preferences
12-01 06:19:13.169 30442 30442 D ItemDescriptionFragment: Saving scroll position: 0
12-01 06:19:13.177 30442 30442 D ItemDescriptionFragment: Saving preferences
12-01 06:19:13.178 30442 30442 D ItemDescriptionFragment: Saving scroll position: 0
12-01 06:19:13.209 30442 30442 D TextView: setTypeface with style : 0
12-01 06:19:13.210 30442 30442 D TextView: setTypeface with style : 0
12-01 06:19:13.211 30442 30442 D TextView: setTypeface with style : 0
12-01 06:19:13.219 30442 30442 D TextView: setTypeface with style : 0
12-01 06:19:13.227 30442 30442 D TextView: setTypeface with style : 0
12-01 06:19:13.228 30442 30442 D TextView: setTypeface with style : 0
12-01 06:19:13.229 30442 30442 D TextView: setTypeface with style : 0
12-01 06:19:13.231 30442 30442 D TextView: setTypeface with style : 0
12-01 06:19:13.235 30442 30442 D TextView: setTypeface with style : 0
12-01 06:19:13.235 30442 30442 D TextView: setTypeface with style : 0
12-01 06:19:13.236 30442 30442 D TextView: setTypeface with style : 0
12-01 06:19:13.238 30442 30442 D TextView: setTypeface with style : 0
12-01 06:19:13.244 30442 30442 D TextView: setTypeface with style : 0
12-01 06:19:13.244 30442 30442 D TextView: setTypeface with style : 0
12-01 06:19:13.245 30442 30442 D TextView: setTypeface with style : 0
12-01 06:19:13.247 30442 30442 D TextView: setTypeface with style : 0
12-01 06:19:13.251 30442 30442 D TextView: setTypeface with style : 0
12-01 06:19:13.252 30442 30442 D TextView: setTypeface with style : 0
12-01 06:19:13.253 30442 30442 D TextView: setTypeface with style : 0
12-01 06:19:13.254 30442 30442 D TextView: setTypeface with style : 0
12-01 06:19:13.258 30442 30442 D TextView: setTypeface with style : 0
12-01 06:19:13.259 30442 30442 D TextView: setTypeface with style : 0
12-01 06:19:13.260 30442 30442 D TextView: setTypeface with style : 0
12-01 06:19:13.261 30442 30442 D TextView: setTypeface with style : 0
12-01 06:19:13.267 30442 30442 D TextView: setTypeface with style : 0
12-01 06:19:13.268 30442 30442 D TextView: setTypeface with style : 0
12-01 06:19:13.269 30442 30442 D TextView: setTypeface with style : 0
12-01 06:19:13.270 30442 30442 D TextView: setTypeface with style : 0
12-01 06:19:13.274 30442 30442 D TextView: setTypeface with style : 0
12-01 06:19:13.275 30442 30442 D TextView: setTypeface with style : 0
12-01 06:19:13.276 30442 30442 D TextView: setTypeface with style : 0
12-01 06:19:13.278 30442 30442 D TextView: setTypeface with style : 0
12-01 06:19:13.282 30442 30442 D TextView: setTypeface with style : 0
12-01 06:19:13.282 30442 30442 D TextView: setTypeface with style : 0
12-01 06:19:13.284 30442 30442 D TextView: setTypeface with style : 0
12-01 06:19:13.285 30442 30442 D TextView: setTypeface with style : 0
12-01 06:19:13.291 30442 30442 D TextView: setTypeface with style : 0
12-01 06:19:13.292 30442 30442 D TextView: setTypeface with style : 0
12-01 06:19:13.293 30442 30442 D TextView: setTypeface with style : 0
12-01 06:19:13.294 30442 30442 D TextView: setTypeface with style : 0
12-01 06:19:13.299 30442 30442 D TextView: setTypeface with style : 0
12-01 06:19:13.300 30442 30442 D TextView: setTypeface with style : 0
12-01 06:19:13.301 30442 30442 D TextView: setTypeface with style : 0
12-01 06:19:13.303 30442 30442 D TextView: setTypeface with style : 0
12-01 06:19:13.307 30442 30442 D TextView: setTypeface with style : 0
12-01 06:19:13.308 30442 30442 D TextView: setTypeface with style : 0
12-01 06:19:13.309 30442 30442 D TextView: setTypeface with style : 0
12-01 06:19:13.310 30442 30442 D TextView: setTypeface with style : 0
12-01 06:19:13.316 30442 30442 D TextView: setTypeface with style : 0
12-01 06:19:13.317 30442 30442 D TextView: setTypeface with style : 0
12-01 06:19:13.318 30442 30442 D TextView: setTypeface with style : 0
12-01 06:19:13.320 30442 30442 D TextView: setTypeface with style : 0
12-01 06:19:13.324 30442 30442 D TextView: setTypeface with style : 0
12-01 06:19:13.325 30442 30442 D TextView: setTypeface with style : 0
12-01 06:19:13.326 30442 30442 D TextView: setTypeface with style : 0
12-01 06:19:13.327 30442 30442 D TextView: setTypeface with style : 0
12-01 06:19:13.331 30442 30442 D TextView: setTypeface with style : 0
12-01 06:19:13.332 30442 30442 D TextView: setTypeface with style : 0
12-01 06:19:13.333 30442 30442 D TextView: setTypeface with style : 0
12-01 06:19:13.335 30442 30442 D TextView: setTypeface with style : 0
12-01 06:19:14.317 30442 30442 D ViewRootImpl@fa41c15[MainActivity]: ViewPostImeInputStage processPointer 0
12-01 06:19:14.385 30442 30442 D TextView: setTypeface with style : 0
12-01 06:19:14.387 30442 30442 D TextView: setTypeface with style : 0
12-01 06:19:14.390 30442 30442 D TextView: setTypeface with style : 0
12-01 06:19:14.393 30442 30442 D TextView: setTypeface with style : 0
12-01 06:19:14.416 30442 30442 D TextView: setTypeface with style : 0
12-01 06:19:14.418 30442 30442 D TextView: setTypeface with style : 0
12-01 06:19:14.420 30442 30442 D TextView: setTypeface with style : 0
12-01 06:19:14.423 30442 30442 D TextView: setTypeface with style : 0
12-01 06:19:14.504 30442 30442 D TextView: setTypeface with style : 0
12-01 06:19:14.506 30442 30442 D TextView: setTypeface with style : 0
12-01 06:19:14.511 30442 30442 D TextView: setTypeface with style : 0
12-01 06:19:14.516 30442 30442 D TextView: setTypeface with style : 0
12-01 06:19:14.659 30442 30442 D ViewRootImpl@fa41c15[MainActivity]: ViewPostImeInputStage processPointer 1
12-01 06:19:14.782 30442 30442 D TextView: setTypeface with style : 0
12-01 06:19:14.784 30442 30442 D TextView: setTypeface with style : 0
12-01 06:19:14.786 30442 30442 D TextView: setTypeface with style : 0
12-01 06:19:14.788 30442 30442 D TextView: setTypeface with style : 0
12-01 06:19:14.800 30442 30442 D TextView: setTypeface with style : 0
12-01 06:19:14.801 30442 30442 D TextView: setTypeface with style : 0
12-01 06:19:14.803 30442 30442 D TextView: setTypeface with style : 0
12-01 06:19:14.806 30442 30442 D TextView: setTypeface with style : 0
12-01 06:19:15.897 30442 30442 D ViewRootImpl@fa41c15[MainActivity]: ViewPostImeInputStage processPointer 0
12-01 06:19:16.328 30442 30442 D ViewRootImpl@fa41c15[MainActivity]: ViewPostImeInputStage processPointer 1
12-01 06:19:17.594 30442 30442 D ViewRootImpl@fa41c15[MainActivity]: ViewPostImeInputStage processPointer 0
12-01 06:19:17.895 30442 30442 D ViewRootImpl@fa41c15[MainActivity]: ViewPostImeInputStage processPointer 1
12-01 06:19:20.001 30442 30442 D ViewRootImpl@fa41c15[MainActivity]: ViewPostImeInputStage processPointer 0
12-01 06:19:20.387 30442 30442 D ViewRootImpl@fa41c15[MainActivity]: ViewPostImeInputStage processPointer 1
12-01 06:19:21.436 30442 30442 D ViewRootImpl@fa41c15[MainActivity]: ViewPostImeInputStage processPointer 0
12-01 06:19:21.856 30442 30442 D ViewRootImpl@fa41c15[MainActivity]: ViewPostImeInputStage processPointer 1
12-01 06:19:22.724 30442 30442 D ViewRootImpl@fa41c15[MainActivity]: ViewPostImeInputStage processPointer 0
12-01 06:19:23.253 30442 30442 D ViewRootImpl@fa41c15[MainActivity]: ViewPostImeInputStage processPointer 1
12-01 06:19:23.850 30442 30442 D ViewRootImpl@fa41c15[MainActivity]: ViewPostImeInputStage processPointer 0
12-01 06:19:24.270 30442 30442 D ViewRootImpl@fa41c15[MainActivity]: ViewPostImeInputStage processPointer 1
12-01 06:19:25.480 30442 30442 D ViewRootImpl@fa41c15[MainActivity]: ViewPostImeInputStage processPointer 0
12-01 06:19:25.934 30442 30442 D ViewRootImpl@fa41c15[MainActivity]: ViewPostImeInputStage processPointer 1
12-01 06:19:26.538 30442 30442 D ViewRootImpl@fa41c15[MainActivity]: ViewPostImeInputStage processPointer 0
12-01 06:19:26.929 30442 30442 D ViewRootImpl@fa41c15[MainActivity]: ViewPostImeInputStage processPointer 1
12-01 06:19:27.859 30442 30442 D ViewRootImpl@fa41c15[MainActivity]: ViewPostImeInputStage processPointer 0
12-01 06:19:28.290 30442 30442 D ViewRootImpl@fa41c15[MainActivity]: ViewPostImeInputStage processPointer 1
12-01 06:19:29.009 30442 30442 D ViewRootImpl@fa41c15[MainActivity]: ViewPostImeInputStage processPointer 0
12-01 06:19:29.444 30442 30442 D ViewRootImpl@fa41c15[MainActivity]: ViewPostImeInputStage processPointer 1
12-01 06:19:30.328 30442 30442 D ViewRootImpl@fa41c15[MainActivity]: ViewPostImeInputStage processPointer 0
12-01 06:19:30.653 30442 30442 D ViewRootImpl@fa41c15[MainActivity]: ViewPostImeInputStage processPointer 1
12-01 06:19:31.312 30442 30442 D ViewRootImpl@fa41c15[MainActivity]: ViewPostImeInputStage processPointer 0
12-01 06:19:31.852 30442 30442 D ViewRootImpl@fa41c15[MainActivity]: ViewPostImeInputStage processPointer 1
12-01 06:19:32.395 30442 30442 D ViewRootImpl@fa41c15[MainActivity]: ViewPostImeInputStage processPointer 0
12-01 06:19:32.903 30442 30442 D ViewRootImpl@fa41c15[MainActivity]: ViewPostImeInputStage processPointer 1
12-01 06:19:33.900 30442 30442 D ViewRootImpl@fa41c15[MainActivity]: ViewPostImeInputStage processPointer 0
12-01 06:19:34.426 30442 30442 D ViewRootImpl@fa41c15[MainActivity]: ViewPostImeInputStage processPointer 1
12-01 06:19:34.955 30442 30442 D ViewRootImpl@fa41c15[MainActivity]: ViewPostImeInputStage processPointer 0
12-01 06:19:35.419 30442 30442 D ViewRootImpl@fa41c15[MainActivity]: ViewPostImeInputStage processPointer 1
12-01 06:19:35.990 30442 30442 D ViewRootImpl@fa41c15[MainActivity]: ViewPostImeInputStage processPointer 0
12-01 06:19:36.454 30442 30442 D ViewRootImpl@fa41c15[MainActivity]: ViewPostImeInputStage processPointer 1
12-01 06:19:37.447 30442 30442 D ViewRootImpl@fa41c15[MainActivity]: ViewPostImeInputStage processPointer 0
12-01 06:19:37.911 30442 30442 D ViewRootImpl@fa41c15[MainActivity]: ViewPostImeInputStage processPointer 1
12-01 06:19:39.331 30442 30442 D ViewRootImpl@fa41c15[MainActivity]: ViewPostImeInputStage processPointer 0
12-01 06:19:39.728 30442 30442 D ViewRootImpl@fa41c15[MainActivity]: ViewPostImeInputStage processPointer 1
12-01 06:19:40.707 30442 30442 D ViewRootImpl@fa41c15[MainActivity]: ViewPostImeInputStage processPointer 0
12-01 06:19:41.126 30442 30442 D ViewRootImpl@fa41c15[MainActivity]: ViewPostImeInputStage processPointer 1
12-01 06:19:41.932 30442 30442 D ViewRootImpl@fa41c15[MainActivity]: ViewPostImeInputStage processPointer 0
12-01 06:19:42.329 30442 30442 D ViewRootImpl@fa41c15[MainActivity]: ViewPostImeInputStage processPointer 1
12-01 06:19:43.372 30442 30442 D ViewRootImpl@fa41c15[MainActivity]: ViewPostImeInputStage processPointer 0
12-01 06:19:43.824 30442 30442 D ViewRootImpl@fa41c15[MainActivity]: ViewPostImeInputStage processPointer 1
12-01 06:19:47.012 30442 30442 D ViewRootImpl@fa41c15[MainActivity]: ViewPostImeInputStage processPointer 0
12-01 06:19:47.516 30442 30442 D ViewRootImpl@fa41c15[MainActivity]: ViewPostImeInputStage processPointer 1
12-01 06:19:47.860 30442 30442 D ViewRootImpl@fa41c15[MainActivity]: ViewPostImeInputStage processPointer 0
12-01 06:19:48.401 30442 30442 D ViewRootImpl@fa41c15[MainActivity]: ViewPostImeInputStage processPointer 1
12-01 06:19:49.130 30442 30442 D ViewRootImpl@fa41c15[MainActivity]: ViewPostImeInputStage processPointer 0
12-01 06:19:49.180 30442 30442 D TextView: setTypeface with style : 0
12-01 06:19:49.181 30442 30442 D TextView: setTypeface with style : 0
12-01 06:19:49.183 30442 30442 D TextView: setTypeface with style : 0
12-01 06:19:49.186 30442 30442 D TextView: setTypeface with style : 0
12-01 06:19:49.194 30442 30442 D TextView: setTypeface with style : 0
12-01 06:19:49.195 30442 30442 D TextView: setTypeface with style : 0
12-01 06:19:49.198 30442 30442 D TextView: setTypeface with style : 0
12-01 06:19:49.200 30442 30442 D TextView: setTypeface with style : 0
12-01 06:19:49.647 30442 30442 D ViewRootImpl@fa41c15[MainActivity]: ViewPostImeInputStage processPointer 1
12-01 06:19:51.261 30442 30442 D ViewRootImpl@fa41c15[MainActivity]: ViewPostImeInputStage processPointer 0
12-01 06:19:51.358 30442 30442 D TextView: setTypeface with style : 0
12-01 06:19:51.359 30442 30442 D TextView: setTypeface with style : 0
12-01 06:19:51.361 30442 30442 D TextView: setTypeface with style : 0
12-01 06:19:51.364 30442 30442 D TextView: setTypeface with style : 0
12-01 06:19:51.800 30442 30442 D ViewRootImpl@fa41c15[MainActivity]: ViewPostImeInputStage processPointer 1
12-01 06:19:52.247 30442 30442 D ViewRootImpl@fa41c15[MainActivity]: ViewPostImeInputStage processPointer 0
12-01 06:19:52.767 30442 30442 D ViewRootImpl@fa41c15[MainActivity]: ViewPostImeInputStage processPointer 1
12-01 06:19:53.284 30442 30442 D ViewRootImpl@fa41c15[MainActivity]: ViewPostImeInputStage processPointer 0
12-01 06:19:53.812 30442 30442 D ViewRootImpl@fa41c15[MainActivity]: ViewPostImeInputStage processPointer 1
12-01 06:19:55.000 30442 30442 D ViewRootImpl@fa41c15[MainActivity]: ViewPostImeInputStage processPointer 0
12-01 06:19:55.518 30442 30442 D ViewRootImpl@fa41c15[MainActivity]: ViewPostImeInputStage processPointer 1
12-01 06:19:56.319 30442 30442 D ViewRootImpl@fa41c15[MainActivity]: ViewPostImeInputStage processPointer 0
12-01 06:19:56.826 30442 30442 D ViewRootImpl@fa41c15[MainActivity]: ViewPostImeInputStage processPointer 1
12-01 06:19:57.386 30442 30442 D ViewRootImpl@fa41c15[MainActivity]: ViewPostImeInputStage processPointer 0
12-01 06:19:57.870 30442 30442 D ViewRootImpl@fa41c15[MainActivity]: ViewPostImeInputStage processPointer 1
12-01 06:19:58.102 30442 30442 D AutoUpdateManager: Run auto update immediately in background.
12-01 06:19:58.141 30442 30459 D ConnectivityManager: requestNetwork; CallingUid : 10275, CallingPid : 30442
12-01 06:19:58.215 30442 30459 I WM-Processor: Moving WorkSpec (4af4fb1e-c90b-4d9d-9dff-0d675f2667ce) to the foreground
12-01 06:19:58.243 30442 30442 I WM-SystemFgDispatcher: Started foreground service Intent { act=ACTION_START_FOREGROUND cmp=de.danoeh.antennapod/androidx.work.impl.foreground.SystemForegroundService launchParam=MultiScreenLaunchParams { mDisplayId=0 mFlags=0 } (has extras) }
12-01 06:19:58.248 30442 30453 I art : Background sticky concurrent mark sweep GC freed 102857(6MB) AllocSpace objects, 8(304KB) LOS objects, 6% free, 71MB/76MB, paused 13.871ms total 73.839ms
12-01 06:19:58.249 30442 30536 D DBReader: Extracting Feedlist
12-01 06:19:58.264 30442 629 D UserPreferences: User data folder not writable or not set. Trying default.
12-01 06:19:58.265 30442 630 D UserPreferences: User data folder not writable or not set. Trying default.
12-01 06:19:58.265 30442 631 D UserPreferences: User data folder not writable or not set. Trying default.
12-01 06:19:58.267 30442 632 D UserPreferences: User data folder not writable or not set. Trying default.
12-01 06:19:58.270 30442 629 D DownloadRequestCreat: Requesting download of url https://feeds.wdjh.org/podcasts/this_week.rss
12-01 06:19:58.270 30442 629 D HttpDownloader: addHeader("If-Modified-Since", "Sun, 30 Nov 2025 05:25:54 GMT")
12-01 06:19:58.277 30442 630 D DownloadRequestCreat: Requesting download of url https://feeds.wdjh.org/podcasts/the_dollop_with_dave_anthony_and_gareth_reynolds.rss
12-01 06:19:58.278 30442 631 D DownloadRequestCreat: Requesting download of url https://feeds.wdjh.org/podcasts/the_moto_academy.rss
12-01 06:19:58.278 30442 631 D HttpDownloader: addHeader("If-Modified-Since", "Sun, 30 Nov 2025 05:25:03 GMT")
12-01 06:19:58.279 30442 632 D DownloadRequestCreat: Requesting download of url https://feeds.wdjh.org/podcasts/abc_rewind.rss
12-01 06:19:58.279 30442 630 D HttpDownloader: addHeader("If-Modified-Since", "Sun, 30 Nov 2025 05:24:41 GMT")
12-01 06:19:58.280 30442 632 D HttpDownloader: addHeader("If-Modified-Since", "Sun, 30 Nov 2025 06:07:52 GMT")
12-01 06:19:58.283 30442 629 D HttpDownloader: Response code is 304
12-01 06:19:58.283 30442 629 D HttpDownloader: Feed 'https://feeds.wdjh.org/podcasts/this_week.rss' not modified since last update, Download canceled
12-01 06:19:58.283 30442 629 D HttpDownloader: Download was cancelled
12-01 06:19:58.286 30442 632 D HttpDownloader: Response code is 304
12-01 06:19:58.286 30442 632 D HttpDownloader: Feed 'https://feeds.wdjh.org/podcasts/abc_rewind.rss' not modified since last update, Download canceled
12-01 06:19:58.286 30442 632 D HttpDownloader: Download was cancelled
12-01 06:19:58.286 30442 630 D HttpDownloader: Response code is 304
12-01 06:19:58.286 30442 630 D HttpDownloader: Feed 'https://feeds.wdjh.org/podcasts/the_dollop_with_dave_anthony_and_gareth_reynolds.rss' not modified since last update, Download canceled
