12-01 06:15:02.907 30442 30800 D DBReader: getFavoriteIDList() called
12-01 06:15:02.919 30442 30536 D DBReader: Extracting Feedlist
12-01 06:15:02.921 30442 30543 D DBReader: Extracting Feedlist
12-01 06:15:02.922 30442 30790 D DBReader: Extracting Feedlist
12-01 06:15:02.922 30442 30800 D DBReader: getQueueIDList() called
12-01 06:15:02.931 30442 30536 D UserPreferences: User data folder not writable or not set. Trying default.
12-01 06:15:02.934 30442 30543 D UserPreferences: User data folder not writable or not set. Trying default.
12-01 06:15:02.934 30442 30790 D UserPreferences: User data folder not writable or not set. Trying default.
12-01 06:15:02.936 30442 30536 D DownloadRequestCreat: Requesting download of url https://feeds.wdjh.org/podcasts/abc_rewind/20251128_61.mp3
12-01 06:15:02.937 30442 30543 D DownloadRequestCreat: Requesting download of url https://feeds.wdjh.org/podcasts/knowledge_fight/20251128_Nov15-2025.mp3
12-01 06:15:02.941 30442 30790 D DownloadRequestCreat: Requesting download of url https://feeds.wdjh.org/podcasts/the_conditional_release_program/20251128_stream.mp3
12-01 06:15:02.947 30442 30800 D DBReader: Extracting Feedlist
12-01 06:15:02.957 30442 30536 D HttpDownloader: addHeader("Accept-Encoding", "identity")
12-01 06:15:02.965 30442 30543 D HttpDownloader: addHeader("Accept-Encoding", "identity")
12-01 06:15:02.966 30442 30536 D HttpDownloader: Response code is 404
12-01 06:15:02.966 30442 30536 D HttpDownloader: onFail() called with: reason = [ERROR_NOT_FOUND], reasonDetailed = [404]
12-01 06:15:02.967 30442 30536 E EpisodeDownloadWorker: Download failed
12-01 06:15:02.968 30442 30536 D EpisodeDownloadWorker: Worker for https://feeds.wdjh.org/podcasts/abc_rewind/20251128_61.mp3 returned.
12-01 06:15:02.968 30442 30800 D UserPreferences: User data folder not writable or not set. Trying default.
12-01 06:15:02.969 30442 30442 D MainActivity: onEvent(de.danoeh.antennapod.event.MessageEvent@e90dac2)
12-01 06:15:02.971 30442 30442 D TextView: setTypeface with style : 0
12-01 06:15:02.972 30442 30800 D DownloadRequestCreat: Requesting download of url https://feeds.wdjh.org/podcasts/mushroom_case_daily/20251128_b8.mp3
12-01 06:15:02.972 30442 30442 D TextView: setTypeface with style : 0
12-01 06:15:02.973 30442 30459 I WM-WorkerWrapper: Worker result FAILURE for Work [ id=694bb2ba-0d0e-445f-98f7-7e141c2af955, tags={ de.danoeh.antennapod.net.download.service.episode.EpisodeDownloadWorker, episodeUrl:https://feeds.wdjh.org/podcasts/all_things_considered/20251127_20251127_atc_there_s_reason_to_be_optimistic_about_the_the_movies_coming_this_holiday_season.mp3, episodeDownload } ]
12-01 06:15:02.976 30442 30543 D HttpDownloader: Response code is 404
12-01 06:15:02.976 30442 30543 D HttpDownloader: onFail() called with: reason = [ERROR_NOT_FOUND], reasonDetailed = [404]
12-01 06:15:02.976 30442 30442 D MainActivity: onEvent(de.danoeh.antennapod.event.MessageEvent@bf85241)
12-01 06:15:02.977 30442 30543 E EpisodeDownloadWorker: Download failed
12-01 06:15:02.978 30442 30442 D TextView: setTypeface with style : 0
12-01 06:15:02.979 30442 30442 D TextView: setTypeface with style : 0
12-01 06:15:02.979 30442 30543 D EpisodeDownloadWorker: Worker for https://feeds.wdjh.org/podcasts/knowledge_fight/20251128_Nov15-2025.mp3 returned.
12-01 06:15:02.980 30442 30790 D HttpDownloader: addHeader("Accept-Encoding", "identity")
12-01 06:15:02.989 30442 30790 D HttpDownloader: Response code is 404
12-01 06:15:02.989 30442 30790 D HttpDownloader: onFail() called with: reason = [ERROR_NOT_FOUND], reasonDetailed = [404]
12-01 06:15:02.990 30442 30790 E EpisodeDownloadWorker: Download failed
12-01 06:15:02.992 30442 30790 D EpisodeDownloadWorker: Worker for https://feeds.wdjh.org/podcasts/the_conditional_release_program/20251128_stream.mp3 returned.
12-01 06:15:03.002 30442 30800 D HttpDownloader: addHeader("Accept-Encoding", "identity")
12-01 06:15:03.012 30442 30800 D HttpDownloader: Response code is 404
12-01 06:15:03.012 30442 30800 D HttpDownloader: onFail() called with: reason = [ERROR_NOT_FOUND], reasonDetailed = [404]
12-01 06:15:03.013 30442 30800 E EpisodeDownloadWorker: Download failed
12-01 06:15:03.014 30442 30459 I WM-WorkerWrapper: Worker result FAILURE for Work [ id=31ad2b18-bdce-4d3a-85a2-e5d2920bfaf4, tags={ episodeUrl:https://feeds.wdjh.org/podcasts/abc_rewind/20251128_63.mp3, de.danoeh.antennapod.net.download.service.episode.EpisodeDownloadWorker, episodeDownload } ]
12-01 06:15:03.015 30442 30800 D EpisodeDownloadWorker: Worker for https://feeds.wdjh.org/podcasts/mushroom_case_daily/20251128_b8.mp3 returned.
12-01 06:15:03.045 30442 30442 D MainActivity: onEvent(de.danoeh.antennapod.event.MessageEvent@57ba3ca)
12-01 06:15:03.046 30442 30442 D TextView: setTypeface with style : 0
12-01 06:15:03.047 30442 30442 D TextView: setTypeface with style : 0
12-01 06:15:03.050 30442 30459 I WM-WorkerWrapper: Worker result FAILURE for Work [ id=253364f5-9840-4cc8-a509-29664be00d0f, tags={ de.danoeh.antennapod.net.download.service.episode.EpisodeDownloadWorker, episodeUrl:https://feeds.wdjh.org/podcasts/sbs_french__sbs_en_franais/20251128_20251128075814-french-8656a917-6e99-460e-8e3d-5426b1ebf6b6.mp3, episodeDownload } ]
12-01 06:15:03.051 30442 30442 D MainActivity: onEvent(de.danoeh.antennapod.event.MessageEvent@11b01e9)
12-01 06:15:03.052 30442 30442 D TextView: setTypeface with style : 0
12-01 06:15:03.054 30442 30442 D TextView: setTypeface with style : 0
12-01 06:15:03.095 30442 30442 D MainActivity: onEvent(de.danoeh.antennapod.event.MessageEvent@96650a3)
12-01 06:15:03.097 30442 30442 D TextView: setTypeface with style : 0
12-01 06:15:03.098 30442 30442 D TextView: setTypeface with style : 0
12-01 06:15:03.148 30442 30442 D ItemDescriptionFragment: Saving preferences
12-01 06:15:03.148 30442 30442 D ItemDescriptionFragment: Saving scroll position: 0
12-01 06:15:03.160 30442 30459 I WM-WorkerWrapper: Worker result FAILURE for Work [ id=3607dd86-4a5a-4182-ad78-4fab7b187e4c, tags={ de.danoeh.antennapod.net.download.service.episode.EpisodeDownloadWorker, episodeUrl:https://feeds.wdjh.org/podcasts/all_things_considered/20251127_20251127_atc_the_afghan_resettlement_effort_faces_a_defining_test_after_the_dc_shooting.mp3, episodeDownload } ]
12-01 06:15:03.198 30442 30442 D ItemDescriptionFragment: Saving preferences
12-01 06:15:03.198 30442 30442 D ItemDescriptionFragment: Saving scroll position: 0
12-01 06:15:03.211 30442 30442 D ItemDescriptionFragment: Saving preferences
12-01 06:15:03.211 30442 30442 D ItemDescriptionFragment: Saving scroll position: 0
12-01 06:15:03.216 30442 30470 I WM-WorkerWrapper: Worker result FAILURE for Work [ id=164a8024-318c-4716-905d-961dd30e3b3a, tags={ episodeUrl:https://feeds.wdjh.org/podcasts/sbs_french__sbs_en_franais/20251128_20251128082014-french-3218b267-e5d8-4373-9653-ed6f03af0dd5.mp3, de.danoeh.antennapod.net.download.service.episode.EpisodeDownloadWorker, episodeDownload } ]
12-01 06:15:03.234 30442 30442 D ItemDescriptionFragment: Saving preferences
12-01 06:15:03.234 30442 30442 D ItemDescriptionFragment: Saving scroll position: 0
12-01 06:15:03.253 30442 30470 I WM-WorkerWrapper: Worker result FAILURE for Work [ id=54426efe-c006-4a9f-a117-f49ddadc2e96, tags={ de.danoeh.antennapod.net.download.service.episode.EpisodeDownloadWorker, episodeUrl:https://feeds.wdjh.org/podcasts/abc_rewind/20251128_61.mp3, episodeDownload } ]
12-01 06:15:03.277 30442 30459 I WM-WorkerWrapper: Worker result FAILURE for Work [ id=f97881b3-965f-42e4-a0e6-af6c6b7634de, tags={ episodeUrl:https://feeds.wdjh.org/podcasts/knowledge_fight/20251128_Nov15-2025.mp3, de.danoeh.antennapod.net.download.service.episode.EpisodeDownloadWorker, episodeDownload } ]
12-01 06:15:03.308 30442 30459 I WM-WorkerWrapper: Worker result FAILURE for Work [ id=9bfb8318-d046-48b8-86a0-99d1f33ad8c9, tags={ de.danoeh.antennapod.net.download.service.episode.EpisodeDownloadWorker, episodeUrl:https://feeds.wdjh.org/podcasts/the_conditional_release_program/20251128_stream.mp3, episodeDownload } ]
12-01 06:15:03.337 30442 30470 I WM-WorkerWrapper: Worker result FAILURE for Work [ id=6e2356a4-d603-4098-9dcb-5210cd5244e9, tags={ episodeUrl:https://feeds.wdjh.org/podcasts/mushroom_case_daily/20251128_b8.mp3, de.danoeh.antennapod.net.download.service.episode.EpisodeDownloadWorker, episodeDownload } ]
12-01 06:15:03.429 30442 30442 D ConnectivityManager: unregisterNetworkCallback; CallingUid : 10275, CallingPid : 30442
12-01 06:15:03.671 30442 30442 D AudioPlayerFragment: currentPosition 00:07:45
12-01 06:15:04.645 30442 30442 D AudioPlayerFragment: currentPosition 00:07:46
12-01 06:15:05.645 30442 30442 D AudioPlayerFragment: currentPosition 00:07:47
12-01 06:15:06.663 30442 30442 D AudioPlayerFragment: currentPosition 00:07:48
12-01 06:15:07.646 30442 30442 D AudioPlayerFragment: currentPosition 00:07:49
12-01 06:15:07.729 30442 30442 D PlaybackService: Saving current position to 469883
12-01 06:15:08.645 30442 30442 D AudioPlayerFragment: currentPosition 00:07:50
12-01 06:15:09.645 30442 30442 D AudioPlayerFragment: currentPosition 00:07:51
12-01 06:15:10.646 30442 30442 D AudioPlayerFragment: currentPosition 00:07:52
12-01 06:15:11.647 30442 30442 D AudioPlayerFragment: currentPosition 00:07:53
12-01 06:15:12.646 30442 30442 D AudioPlayerFragment: currentPosition 00:07:54
12-01 06:15:12.730 30442 30442 D PlaybackService: Saving current position to 474887
12-01 06:15:13.645 30442 30442 D AudioPlayerFragment: currentPosition 00:07:55
12-01 06:15:13.699 30442 30442 D ViewRootImpl@fa41c15[MainActivity]: ViewPostImeInputStage processPointer 0
12-01 06:15:14.346 30442 30442 D ViewRootImpl@fa41c15[MainActivity]: ViewPostImeInputStage processPointer 1
12-01 06:15:14.644 30442 30442 D AudioPlayerFragment: currentPosition 00:07:56
12-01 06:15:15.646 30442 30442 D AudioPlayerFragment: currentPosition 00:07:57
12-01 06:15:16.646 30442 30442 D AudioPlayerFragment: currentPosition 00:07:58
12-01 06:15:17.647 30442 30442 D AudioPlayerFragment: currentPosition 00:07:59
12-01 06:15:17.738 30442 30442 D PlaybackService: Saving current position to 479895
12-01 06:15:18.646 30442 30442 D AudioPlayerFragment: currentPosition 00:08:00
12-01 06:15:19.637 30442 30442 D ViewRootImpl@fa41c15[MainActivity]: ViewPostImeInputStage processPointer 0
12-01 06:15:19.644 30442 30442 D AudioPlayerFragment: currentPosition 00:08:01
12-01 06:15:20.251 30442 30442 D ViewRootImpl@fa41c15[MainActivity]: ViewPostImeInputStage processPointer 1
12-01 06:15:20.644 30442 30442 D AudioPlayerFragment: currentPosition 00:08:02
12-01 06:15:21.646 30442 30442 D AudioPlayerFragment: currentPosition 00:08:03
12-01 06:15:22.645 30442 30442 D AudioPlayerFragment: currentPosition 00:08:04
12-01 06:15:22.738 30442 30442 D PlaybackService: Saving current position to 484893
12-01 06:15:23.646 30442 30442 D AudioPlayerFragment: currentPosition 00:08:05
12-01 06:15:24.646 30442 30442 D AudioPlayerFragment: currentPosition 00:08:06
12-01 06:15:25.645 30442 30442 D AudioPlayerFragment: currentPosition 00:08:07
12-01 06:15:26.646 30442 30442 D AudioPlayerFragment: currentPosition 00:08:08
12-01 06:15:27.646 30442 30442 D AudioPlayerFragment: currentPosition 00:08:09
12-01 06:15:27.739 30442 30442 D PlaybackService: Saving current position to 489894
12-01 06:15:28.645 30442 30442 D AudioPlayerFragment: currentPosition 00:08:10
12-01 06:15:29.646 30442 30442 D AudioPlayerFragment: currentPosition 00:08:11
12-01 06:15:30.646 30442 30442 D AudioPlayerFragment: currentPosition 00:08:12
12-01 06:15:31.646 30442 30442 D AudioPlayerFragment: currentPosition 00:08:13
12-01 06:15:32.646 30442 30442 D AudioPlayerFragment: currentPosition 00:08:14
12-01 06:15:32.739 30442 30442 D PlaybackService: Saving current position to 494898
12-01 06:15:33.647 30442 30442 D AudioPlayerFragment: currentPosition 00:08:15
12-01 06:15:34.646 30442 30442 D AudioPlayerFragment: currentPosition 00:08:16
12-01 06:15:35.646 30442 30442 D AudioPlayerFragment: currentPosition 00:08:17
12-01 06:15:36.319 30442 30442 D ViewRootImpl@fa41c15[MainActivity]: ViewPostImeInputStage processPointer 0
12-01 06:15:36.644 30442 30442 D AudioPlayerFragment: currentPosition 00:08:18
12-01 06:15:36.717 30442 30442 D ViewRootImpl@fa41c15[MainActivity]: ViewPostImeInputStage processPointer 1
12-01 06:15:36.814 30442 30453 I art : Background partial concurrent mark sweep GC freed 330509(16MB) AllocSpace objects, 0(0B) LOS objects, 22% free, 54MB/70MB, paused 1.308ms total 150.548ms
12-01 06:15:36.854 30442 30796 D DBReader: getQueue() called
12-01 06:15:36.861 30442 30796 D DBReader: getFavoriteIDList() called
12-01 06:15:36.862 30442 30796 D DBReader: getQueueIDList() called
12-01 06:15:36.863 30442 30796 D DBReader: Extracting Feedlist
12-01 06:15:36.873 30442 30796 D DBReader: getFavoriteIDList() called
12-01 06:15:36.873 30442 30796 D DBReader: getQueueIDList() called
12-01 06:15:36.874 30442 30796 D DBReader: Extracting Feedlist
12-01 06:15:36.897 30442 30796 D AutoDownloadManager: autodownloadUndownloadedItems
12-01 06:15:36.897 30442 30442 D NavDrawerFragment: onQueueChanged(de.danoeh.antennapod.event.QueueEvent@a4a1cf5)
12-01 06:15:36.897 30442 30442 D EpisodesListFragment: onEventMainThread() called with: event = [de.danoeh.antennapod.event.FeedItemEvent@eb758fb]
12-01 06:15:36.901 30442 30537 D DownloadAlgorithm: Performing auto-dl of undownloaded episodes
12-01 06:15:36.901 30442 30537 D DBReader: getRecentlyPublishedEpisodes() called with: offset=0, limit=2147483647
12-01 06:15:36.902 30442 31924 D DBReader: Extracting Feedlist
12-01 06:15:36.905 30442 30537 D DBReader: getFavoriteIDList() called
12-01 06:15:36.906 30442 30537 D DBReader: getQueueIDList() called
12-01 06:15:36.907 30442 30537 D DBReader: Extracting Feedlist
12-01 06:15:36.914 30442 30537 D DBReader: getQueue() called
12-01 06:15:36.924 30442 30537 D DBReader: getFavoriteIDList() called
12-01 06:15:36.925 30442 30537 D DBReader: getQueueIDList() called
12-01 06:15:36.926 30442 30537 D DBReader: Extracting Feedlist
12-01 06:15:36.966 30442 30537 I APNullCleanupAlgorithm: performCleanup: Not removing anything
12-01 06:15:36.966 30442 30537 D DownloadAlgorithm: Enqueueing 25 items for download
12-01 06:15:37.015 30442 30498 D ConnectivityManager: requestNetwork; CallingUid : 10275, CallingPid : 30442
12-01 06:15:37.716 30442 30442 D AudioPlayerFragment: currentPosition 00:08:19
12-01 06:15:37.776 30442 30442 D PlaybackService: Saving current position to 499929
12-01 06:15:37.777 30442 30442 D ViewRootImpl@fa41c15[MainActivity]: ViewPostImeInputStage processPointer 0
12-01 06:15:38.256 30442 30536 D DBReader: getFavoriteIDList() called
12-01 06:15:38.256 30442 30536 D DBReader: getQueueIDList() called
12-01 06:15:38.257 30442 30536 D DBReader: Extracting Feedlist
12-01 06:15:38.262 30442 30442 D ViewRootImpl@fa41c15[MainActivity]: ViewPostImeInputStage processPointer 1
12-01 06:15:38.268 30442 30536 D UserPreferences: User data folder not writable or not set. Trying default.
12-01 06:15:38.271 30442 30536 D DownloadRequestCreat: Requesting download of url https://feeds.wdjh.org/podcasts/abc_news_daily/20251128_89.mp3
12-01 06:15:38.283 30442 30536 D HttpDownloader: addHeader("Accept-Encoding", "identity")
12-01 06:15:38.297 30442 30543 D DBReader: getFavoriteIDList() called
12-01 06:15:38.298 30442 30543 D DBReader: getQueueIDList() called
12-01 06:15:38.299 30442 30543 D DBReader: Extracting Feedlist
12-01 06:15:38.301 30442 30536 D HttpDownloader: Response code is 404
12-01 06:15:38.301 30442 30536 D HttpDownloader: onFail() called with: reason = [ERROR_NOT_FOUND], reasonDetailed = [404]
12-01 06:15:38.303 30442 30536 E EpisodeDownloadWorker: Download failed
12-01 06:15:38.306 30442 30536 D EpisodeDownloadWorker: Worker for https://feeds.wdjh.org/podcasts/abc_news_daily/20251128_89.mp3 returned.
12-01 06:15:38.309 30442 30543 D UserPreferences: User data folder not writable or not set. Trying default.
12-01 06:15:38.311 30442 30543 D DownloadRequestCreat: Requesting download of url https://feeds.wdjh.org/podcasts/full_story/20251127_27-20897-FS_HANSON.mp3
12-01 06:15:38.313 30442 30442 D MainActivity: onEvent(de.danoeh.antennapod.event.MessageEvent@9d0fb29)
12-01 06:15:38.316 30442 30442 D TextView: setTypeface with style : 0
12-01 06:15:38.319 30442 30442 D TextView: setTypeface with style : 0
12-01 06:15:38.333 30442 30543 D HttpDownloader: addHeader("Accept-Encoding", "identity")
12-01 06:15:38.334 30442 30790 D DBReader: getFavoriteIDList() called
12-01 06:15:38.338 30442 30800 D DBReader: getFavoriteIDList() called
12-01 06:15:38.338 30442 30790 D DBReader: getQueueIDList() called
12-01 06:15:38.340 30442 30536 D DBReader: getFavoriteIDList() called
12-01 06:15:38.342 30442 30442 D ItemDescriptionFragment: Saving preferences
12-01 06:15:38.342 30442 30442 D ItemDescriptionFragment: Saving scroll position: 0
12-01 06:15:38.343 30442 30800 D DBReader: getQueueIDList() called
12-01 06:15:38.344 30442 30536 D DBReader: getQueueIDList() called
12-01 06:15:38.344 30442 30790 D DBReader: Extracting Feedlist
12-01 06:15:38.344 30442 30800 D DBReader: Extracting Feedlist
12-01 06:15:38.346 30442 30543 D HttpDownloader: Response code is 404
12-01 06:15:38.347 30442 30543 D HttpDownloader: onFail() called with: reason = [ERROR_NOT_FOUND], reasonDetailed = [404]
12-01 06:15:38.348 30442 30536 D DBReader: Extracting Feedlist
12-01 06:15:38.353 30442 30543 E EpisodeDownloadWorker: Download failed
12-01 06:15:38.353 30442 30790 D UserPreferences: User data folder not writable or not set. Trying default.
12-01 06:15:38.355 30442 30790 D DownloadRequestCreat: Requesting download of url https://feeds.wdjh.org/podcasts/all_things_considered/20251127_20251127_atc_pope_leo_is_traveling_to_turkey_and_lebanon_on_the_first_foreign_trip_of_his_papacy.mp3
12-01 06:15:38.357 30442 30442 D ItemDescriptionFragment: Saving preferences
12-01 06:15:38.357 30442 30442 D ItemDescriptionFragment: Saving scroll position: 0
12-01 06:15:38.360 30442 30800 D UserPreferences: User data folder not writable or not set. Trying default.
12-01 06:15:38.360 30442 30442 D MainActivity: onEvent(de.danoeh.antennapod.event.MessageEvent@73a29d1)
12-01 06:15:38.361 30442 30543 D EpisodeDownloadWorker: Worker for https://feeds.wdjh.org/podcasts/full_story/20251127_27-20897-FS_HANSON.mp3 returned.
12-01 06:15:38.361 30442 30536 D UserPreferences: User data folder not writable or not set. Trying default.
12-01 06:15:38.362 30442 30442 D TextView: setTypeface with style : 0
12-01 06:15:38.364 30442 30800 D DownloadRequestCreat: Requesting download of url https://feeds.wdjh.org/podcasts/all_things_considered/20251127_20251127_atc_there_s_reason_to_be_optimistic_about_the_the_movies_coming_this_holiday_season.mp3
12-01 06:15:38.364 30442 30442 D TextView: setTypeface with style : 0
12-01 06:15:38.367 30442 30536 D DownloadRequestCreat: Requesting download of url https://feeds.wdjh.org/podcasts/all_things_considered/20251127_20251127_atc_the_afghan_resettlement_effort_faces_a_defining_test_after_the_dc_shooting.mp3
12-01 06:15:38.386 30442 30543 D DBReader: getFavoriteIDList() called
12-01 06:15:38.386 30442 30790 D HttpDownloader: addHeader("Accept-Encoding", "identity")
12-01 06:15:38.391 30442 30543 D DBReader: getQueueIDList() called
12-01 06:15:38.392 30442 30543 D DBReader: Extracting Feedlist
12-01 06:15:38.393 30442 30800 D HttpDownloader: addHeader("Accept-Encoding", "identity")
12-01 06:15:38.395 30442 30790 D HttpDownloader: Response code is 404
12-01 06:15:38.395 30442 30790 D HttpDownloader: onFail() called with: reason = [ERROR_NOT_FOUND], reasonDetailed = [404]
12-01 06:15:38.397 30442 30790 E EpisodeDownloadWorker: Download failed
12-01 06:15:38.399 30442 30543 D UserPreferences: User data folder not writable or not set. Trying default.
12-01 06:15:38.400 30442 30790 D EpisodeDownloadWorker: Worker for https://feeds.wdjh.org/podcasts/all_things_considered/20251127_20251127_atc_pope_leo_is_traveling_to_turkey_and_lebanon_on_the_first_foreign_trip_of_his_papacy.mp3 returned.
12-01 06:15:38.402 30442 30800 D HttpDownloader: Response code is 404
12-01 06:15:38.402 30442 30800 D HttpDownloader: onFail() called with: reason = [ERROR_NOT_FOUND], reasonDetailed = [404]
12-01 06:15:38.403 30442 30800 E EpisodeDownloadWorker: Download failed
12-01 06:15:38.403 30442 30543 D DownloadRequestCreat: Requesting download of url https://feeds.wdjh.org/podcasts/sbs_french__sbs_en_franais/20251128_20251128082014-french-3218b267-e5d8-4373-9653-ed6f03af0dd5.mp3
12-01 06:15:38.404 30442 30800 D EpisodeDownloadWorker: Worker for https://feeds.wdjh.org/podcasts/all_things_considered/20251127_20251127_atc_there_s_reason_to_be_optimistic_about_the_the_movies_coming_this_holiday_season.mp3 returned.
12-01 06:15:38.408 30442 30536 D HttpDownloader: addHeader("Accept-Encoding", "identity")
12-01 06:15:38.409 30442 30442 D MainActivity: onEvent(de.danoeh.antennapod.event.MessageEvent@920ed4)
12-01 06:15:38.409 30442 30790 D DBReader: getFavoriteIDList() called
12-01 06:15:38.410 30442 30442 D TextView: setTypeface with style : 0
12-01 06:15:38.412 30442 30442 D TextView: setTypeface with style : 0
12-01 06:15:38.415 30442 30442 D MainActivity: onEvent(de.danoeh.antennapod.event.MessageEvent@ca55b58)
12-01 06:15:38.417 30442 30442 D TextView: setTypeface with style : 0
12-01 06:15:38.417 30442 30536 D HttpDownloader: Response code is 404
12-01 06:15:38.417 30442 30536 D HttpDownloader: onFail() called with: reason = [ERROR_NOT_FOUND], reasonDetailed = [404]
12-01 06:15:38.418 30442 30442 D TextView: setTypeface with style : 0
12-01 06:15:38.419 30442 30536 E EpisodeDownloadWorker: Download failed
12-01 06:15:38.420 30442 30536 D EpisodeDownloadWorker: Worker for https://feeds.wdjh.org/podcasts/all_things_considered/20251127_20251127_atc_the_afghan_resettlement_effort_faces_a_defining_test_after_the_dc_shooting.mp3 returned.
12-01 06:15:38.422 30442 30442 D MainActivity: onEvent(de.danoeh.antennapod.event.MessageEvent@8fbc09c)
12-01 06:15:38.424 30442 30442 D TextView: setTypeface with style : 0
12-01 06:15:38.425 30442 30442 D TextView: setTypeface with style : 0
12-01 06:15:38.427 30442 30800 D DBReader: getFavoriteIDList() called
12-01 06:15:38.428 30442 30790 D DBReader: getQueueIDList() called
12-01 06:15:38.430 30442 30536 D DBReader: getFavoriteIDList() called
12-01 06:15:38.443 30442 30800 D DBReader: getQueueIDList() called
12-01 06:15:38.444 30442 30790 D DBReader: Extracting Feedlist
12-01 06:15:38.444 30442 30536 D DBReader: getQueueIDList() called
12-01 06:15:38.449 30442 30796 D DBReader: getQueue() called
12-01 06:15:38.449 30442 30800 D DBReader: Extracting Feedlist
12-01 06:15:38.450 30442 30543 D HttpDownloader: addHeader("Accept-Encoding", "identity")
12-01 06:15:38.451 30442 30536 D DBReader: Extracting Feedlist
12-01 06:15:38.453 30442 30796 D DBReader: getFavoriteIDList() called
12-01 06:15:38.455 30442 30790 D UserPreferences: User data folder not writable or not set. Trying default.
12-01 06:15:38.456 30442 30796 D DBReader: getQueueIDList() called
12-01 06:15:38.459 30442 30796 D DBReader: Extracting Feedlist
12-01 06:15:38.459 30442 30790 D DownloadRequestCreat: Requesting download of url https://feeds.wdjh.org/podcasts/sbs_french__sbs_en_franais/20251128_20251128075814-french-8656a917-6e99-460e-8e3d-5426b1ebf6b6.mp3
12-01 06:15:38.460 30442 30800 D UserPreferences: User data folder not writable or not set. Trying default.
12-01 06:15:38.462 30442 30543 D HttpDownloader: Response code is 404
12-01 06:15:38.462 30442 30543 D HttpDownloader: onFail() called with: reason = [ERROR_NOT_FOUND], reasonDetailed = [404]
12-01 06:15:38.464 30442 30543 E EpisodeDownloadWorker: Download failed
12-01 06:15:38.464 30442 30442 D MainActivity: onEvent(de.danoeh.antennapod.event.MessageEvent@7165b8)
12-01 06:15:38.464 30442 30800 D DownloadRequestCreat: Requesting download of url https://feeds.wdjh.org/podcasts/abc_rewind/20251128_63.mp3
12-01 06:15:38.465 30442 30442 D TextView: setTypeface with style : 0
12-01 06:15:38.467 30442 30536 D UserPreferences: User data folder not writable or not set. Trying default.
12-01 06:15:38.469 30442 30536 D DownloadRequestCreat: Requesting download of url https://feeds.wdjh.org/podcasts/abc_rewind/20251128_61.mp3
12-01 06:15:38.470 30442 30442 D TextView: setTypeface with style : 0
12-01 06:15:38.471 30442 30543 D EpisodeDownloadWorker: Worker for https://feeds.wdjh.org/podcasts/sbs_french__sbs_en_franais/20251128_20251128082014-french-3218b267-e5d8-4373-9653-ed6f03af0dd5.mp3 returned.
12-01 06:15:38.473 30442 30543 D DBReader: getFavoriteIDList() called
12-01 06:15:38.474 30442 30543 D DBReader: getQueueIDList() called
12-01 06:15:38.475 30442 30543 D DBReader: Extracting Feedlist
12-01 06:15:38.479 30442 30796 D DBReader: getFavoriteIDList() called
12-01 06:15:38.482 30442 30796 D DBReader: getQueueIDList() called
12-01 06:15:38.482 30442 30796 D DBReader: Extracting Feedlist
12-01 06:15:38.483 30442 30543 D UserPreferences: User data folder not writable or not set. Trying default.
12-01 06:15:38.485 30442 30543 D DownloadRequestCreat: Requesting download of url https://feeds.wdjh.org/podcasts/knowledge_fight/20251128_Nov15-2025.mp3
12-01 06:15:38.495 30442 30496 I WM-WorkerWrapper: Worker result FAILURE for Work [ id=0041d66d-b67f-4151-b723-685052d2ad01, tags={ de.danoeh.antennapod.net.download.service.episode.EpisodeDownloadWorker, episodeUrl:https://feeds.wdjh.org/podcasts/abc_news_daily/20251128_89.mp3, episodeDownload } ]
12-01 06:15:38.507 30442 30796 D AutoDownloadManager: autodownloadUndownloadedItems
12-01 06:15:38.510 30442 30442 D NavDrawerFragment: onQueueChanged(de.danoeh.antennapod.event.QueueEvent@44c6f85)
12-01 06:15:38.510 30442 30442 D EpisodesListFragment: onEventMainThread() called with: event = [de.danoeh.antennapod.event.FeedItemEvent@e75d60b]
12-01 06:15:38.513 30442 30537 D DownloadAlgorithm: Performing auto-dl of undownloaded episodes
12-01 06:15:38.513 30442 30537 D DBReader: getRecentlyPublishedEpisodes() called with: offset=0, limit=2147483647
12-01 06:15:38.518 30442 31923 D DBReader: Extracting Feedlist
12-01 06:15:38.529 30442 30537 D DBReader: getFavoriteIDList() called
12-01 06:15:38.531 30442 30790 D HttpDownloader: addHeader("Accept-Encoding", "identity")
12-01 06:15:38.539 30442 30537 D DBReader: getQueueIDList() called
12-01 06:15:38.548 30442 30790 D HttpDownloader: Response code is 404
12-01 06:15:38.548 30442 30790 D HttpDownloader: onFail() called with: reason = [ERROR_NOT_FOUND], reasonDetailed = [404]
12-01 06:15:38.550 30442 30790 E EpisodeDownloadWorker: Download failed
12-01 06:15:38.550 30442 30442 D MainActivity: onEvent(de.danoeh.antennapod.event.MessageEvent@6e5ace8)
12-01 06:15:38.551 30442 30790 D EpisodeDownloadWorker: Worker for https://feeds.wdjh.org/podcasts/sbs_french__sbs_en_franais/20251128_20251128075814-french-8656a917-6e99-460e-8e3d-5426b1ebf6b6.mp3 returned.
12-01 06:15:38.552 30442 30442 D TextView: setTypeface with style : 0
12-01 06:15:38.553 30442 30442 D TextView: setTypeface with style : 0
12-01 06:15:38.572 30442 30537 D DBReader: Extracting Feedlist
12-01 06:15:38.574 30442 30800 D HttpDownloader: addHeader("Accept-Encoding", "identity")
12-01 06:15:38.581 30442 30790 D DBReader: getFavoriteIDList() called
12-01 06:15:38.583 30442 30800 D HttpDownloader: Response code is 404
12-01 06:15:38.583 30442 30800 D HttpDownloader: onFail() called with: reason = [ERROR_NOT_FOUND], reasonDetailed = [404]
12-01 06:15:38.584 30442 30800 E EpisodeDownloadWorker: Download failed
12-01 06:15:38.585 30442 30442 D MainActivity: onEvent(de.danoeh.antennapod.event.MessageEvent@9cc58a)
12-01 06:15:38.585 30442 30800 D EpisodeDownloadWorker: Worker for https://feeds.wdjh.org/podcasts/abc_rewind/20251128_63.mp3 returned.
12-01 06:15:38.586 30442 30442 D TextView: setTypeface with style : 0
12-01 06:15:38.587 30442 30442 D TextView: setTypeface with style : 0
12-01 06:15:38.603 30442 30536 D HttpDownloader: addHeader("Accept-Encoding", "identity")
12-01 06:15:38.605 30442 30790 D DBReader: getQueueIDList() called
12-01 06:15:38.606 30442 30537 D DBReader: getQueue() called
12-01 06:15:38.606 30442 30800 D DBReader: getFavoriteIDList() called
12-01 06:15:38.607 30442 30496 I WM-WorkerWrapper: Worker result FAILURE for Work [ id=d581b1f3-1781-4765-af29-e6f6eee39e1f, tags={ episodeUrl:https://feeds.wdjh.org/podcasts/full_story/20251127_27-20897-FS_HANSON.mp3, de.danoeh.antennapod.net.download.service.episode.EpisodeDownloadWorker, episodeDownload } ]
12-01 06:15:38.613 30442 30536 D HttpDownloader: Response code is 404
12-01 06:15:38.613 30442 30536 D HttpDownloader: onFail() called with: reason = [ERROR_NOT_FOUND], reasonDetailed = [404]
12-01 06:15:38.615 30442 30536 E EpisodeDownloadWorker: Download failed
12-01 06:15:38.616 30442 30442 D MainActivity: onEvent(de.danoeh.antennapod.event.MessageEvent@736742e)
12-01 06:15:38.616 30442 30543 D HttpDownloader: addHeader("Accept-Encoding", "identity")
12-01 06:15:38.617 30442 30442 D TextView: setTypeface with style : 0
12-01 06:15:38.619 30442 30442 D TextView: setTypeface with style : 0
12-01 06:15:38.619 30442 30536 D EpisodeDownloadWorker: Worker for https://feeds.wdjh.org/podcasts/abc_rewind/20251128_61.mp3 returned.
12-01 06:15:38.621 30442 30790 D DBReader: Extracting Feedlist
12-01 06:15:38.622 30442 30800 D DBReader: getQueueIDList() called
12-01 06:15:38.624 30442 30537 D DBReader: getFavoriteIDList() called
12-01 06:15:38.625 30442 30543 D HttpDownloader: Response code is 404
12-01 06:15:38.625 30442 30543 D HttpDownloader: onFail() called with: reason = [ERROR_NOT_FOUND], reasonDetailed = [404]
12-01 06:15:38.628 30442 30543 E EpisodeDownloadWorker: Download failed
12-01 06:15:38.630 30442 30543 D EpisodeDownloadWorker: Worker for https://feeds.wdjh.org/podcasts/knowledge_fight/20251128_Nov15-2025.mp3 returned.
12-01 06:15:38.632 30442 30442 D MainActivity: onEvent(de.danoeh.antennapod.event.MessageEvent@6cfe18c)
12-01 06:15:38.633 30442 30442 D TextView: setTypeface with style : 0
12-01 06:15:38.634 30442 30442 D TextView: setTypeface with style : 0
12-01 06:15:38.640 30442 30496 I WM-WorkerWrapper: Worker result FAILURE for Work [ id=81fa9b54-4fbf-4850-9c33-33ac19069de7, tags={ episodeUrl:https://feeds.wdjh.org/podcasts/all_things_considered/20251127_20251127_atc_pope_leo_is_traveling_to_turkey_and_lebanon_on_the_first_foreign_trip_of_his_papacy.mp3, de.danoeh.antennapod.net.download.service.episode.EpisodeDownloadWorker, episodeDownload } ]
12-01 06:15:38.650 30442 30536 D DBReader: getFavoriteIDList() called
12-01 06:15:38.651 30442 30800 D DBReader: Extracting Feedlist
12-01 06:15:38.652 30442 30537 D DBReader: getQueueIDList() called
12-01 06:15:38.655 30442 30790 D UserPreferences: User data folder not writable or not set. Trying default.
12-01 06:15:38.657 30442 30790 D DownloadRequestCreat: Requesting download of url https://feeds.wdjh.org/podcasts/the_conditional_release_program/20251128_stream.mp3
12-01 06:15:38.658 30442 30442 D ItemDescriptionFragment: Saving preferences
12-01 06:15:38.658 30442 30442 D ItemDescriptionFragment: Saving scroll position: 0
12-01 06:15:38.659 30442 30543 D DBReader: getFavoriteIDList() called
12-01 06:15:38.660 30442 30536 D DBReader: getQueueIDList() called
12-01 06:15:38.662 30442 30537 D DBReader: Extracting Feedlist
12-01 06:15:38.664 30442 30800 D UserPreferences: User data folder not writable or not set. Trying default.
12-01 06:15:38.668 30442 30800 D DownloadRequestCreat: Requesting download of url https://feeds.wdjh.org/podcasts/mushroom_case_daily/20251128_b8.mp3
12-01 06:15:38.670 30442 30442 D AudioPlayerFragment: currentPosition 00:08:20
12-01 06:15:38.677 30442 30543 D DBReader: getQueueIDList() called
12-01 06:15:38.678 30442 30536 D DBReader: Extracting Feedlist
12-01 06:15:38.682 30442 30442 D ItemDescriptionFragment: Saving preferences
12-01 06:15:38.682 30442 30442 D ItemDescriptionFragment: Saving scroll position: 0
12-01 06:15:38.691 30442 30496 I WM-WorkerWrapper: Worker result FAILURE for Work [ id=610307fb-9532-4fb6-a308-53b3e14b0990, tags={ de.danoeh.antennapod.net.download.service.episode.EpisodeDownloadWorker, episodeUrl:https://feeds.wdjh.org/podcasts/all_things_considered/20251127_20251127_atc_there_s_reason_to_be_optimistic_about_the_the_movies_coming_this_holiday_season.mp3, episodeDownload } ]
12-01 06:15:38.694 30442 30543 D DBReader: Extracting Feedlist
12-01 06:15:38.699 30442 30536 D UserPreferences: User data folder not writable or not set. Trying default.
12-01 06:15:38.703 30442 30536 D DownloadRequestCreat: Requesting download of url https://feeds.wdjh.org/podcasts/background_briefing/20251129_ph.mp3
12-01 06:15:38.708 30442 30790 D HttpDownloader: addHeader("Accept-Encoding", "identity")
12-01 06:15:38.715 30442 30543 D UserPreferences: User data folder not writable or not set. Trying default.
12-01 06:15:38.716 30442 30543 D DownloadRequestCreat: Requesting download of url https://feeds.wdjh.org/podcasts/the_steve_matthes_show_on_racerx/20251130_251129_wsx_pulpcasts.mp3
12-01 06:15:38.721 30442 30790 D HttpDownloader: Response code is 404
12-01 06:15:38.721 30442 30790 D HttpDownloader: onFail() called with: reason = [ERROR_NOT_FOUND], reasonDetailed = [404]
12-01 06:15:38.727 30442 30790 E EpisodeDownloadWorker: Download failed
12-01 06:15:38.736 30442 30790 D EpisodeDownloadWorker: Worker for https://feeds.wdjh.org/podcasts/the_conditional_release_program/20251128_stream.mp3 returned.
12-01 06:15:38.745 30442 30800 D HttpDownloader: addHeader("Accept-Encoding", "identity")
12-01 06:15:38.756 30442 30790 D DBReader: getFavoriteIDList() called
12-01 06:15:38.757 30442 30800 D HttpDownloader: Response code is 404
12-01 06:15:38.757 30442 30800 D HttpDownloader: onFail() called with: reason = [ERROR_NOT_FOUND], reasonDetailed = [404]
12-01 06:15:38.758 30442 30536 D HttpDownloader: addHeader("Accept-Encoding", "identity")
12-01 06:15:38.758 30442 30800 E EpisodeDownloadWorker: Download failed
12-01 06:15:38.759 30442 30790 D DBReader: getQueueIDList() called
12-01 06:15:38.759 30442 30790 D DBReader: Extracting Feedlist
12-01 06:15:38.760 30442 30800 D EpisodeDownloadWorker: Worker for https://feeds.wdjh.org/podcasts/mushroom_case_daily/20251128_b8.mp3 returned.
12-01 06:15:38.765 30442 30536 D HttpDownloader: Response code is 404
12-01 06:15:38.766 30442 30536 D HttpDownloader: onFail() called with: reason = [ERROR_NOT_FOUND], reasonDetailed = [404]
12-01 06:15:38.766 30442 30790 D UserPreferences: User data folder not writable or not set. Trying default.
12-01 06:15:38.767 30442 30536 E EpisodeDownloadWorker: Download failed
12-01 06:15:38.768 30442 30536 D EpisodeDownloadWorker: Worker for https://feeds.wdjh.org/podcasts/background_briefing/20251129_ph.mp3 returned.
12-01 06:15:38.774 30442 30790 D DownloadRequestCreat: Requesting download of url https://feeds.wdjh.org/podcasts/politics_now/20251129_n6.mp3
12-01 06:15:38.812 30442 30543 D HttpDownloader: addHeader("Accept-Encoding", "identity")
12-01 06:15:38.815 30442 30442 D MainActivity: onEvent(de.danoeh.antennapod.event.MessageEvent@7d4c5bc)
12-01 06:15:38.817 30442 30800 D DBReader: getFavoriteIDList() called
12-01 06:15:38.821 30442 30442 D TextView: setTypeface with style : 0
12-01 06:15:38.827 30442 30442 D TextView: setTypeface with style : 0
12-01 06:15:38.831 30442 30536 D DBReader: getFavoriteIDList() called
12-01 06:15:38.832 30442 30800 D DBReader: getQueueIDList() called
12-01 06:15:38.832 30442 30543 D HttpDownloader: Response code is 404
12-01 06:15:38.832 30442 30543 D HttpDownloader: onFail() called with: reason = [ERROR_NOT_FOUND], reasonDetailed = [404]
12-01 06:15:38.836 30442 30543 E EpisodeDownloadWorker: Download failed
12-01 06:15:38.837 30442 30470 I WM-WorkerWrapper: Worker result FAILURE for Work [ id=1d890262-376f-4d67-a87f-4badda2f1a61, tags={ de.danoeh.antennapod.net.download.service.episode.EpisodeDownloadWorker, episodeUrl:https://feeds.wdjh.org/podcasts/all_things_considered/20251127_20251127_atc_the_afghan_resettlement_effort_faces_a_defining_test_after_the_dc_shooting.mp3, episodeDownload } ]
12-01 06:15:38.839 30442 30543 D EpisodeDownloadWorker: Worker for https://feeds.wdjh.org/podcasts/the_steve_matthes_show_on_racerx/20251130_251129_wsx_pulpcasts.mp3 returned.
12-01 06:15:38.855 30442 30536 D DBReader: getQueueIDList() called
12-01 06:15:38.861 30442 30800 D DBReader: Extracting Feedlist
12-01 06:15:38.873 30442 30543 D DBReader: getFavoriteIDList() called
12-01 06:15:38.875 30442 30536 D DBReader: Extracting Feedlist
12-01 06:15:38.890 30442 30543 D DBReader: getQueueIDList() called
12-01 06:15:38.899 30442 30800 D UserPreferences: User data folder not writable or not set. Trying default.
12-01 06:15:38.902 30442 30536 D UserPreferences: User data folder not writable or not set. Trying default.
12-01 06:15:38.903 30442 30800 D DownloadRequestCreat: Requesting download of url https://feeds.wdjh.org/podcasts/sbs_french__sbs_en_franais/20251129_20251129140016-french-5f122eb7-3ad2-4c02-bdd1-ef71284f277e.mp3
12-01 06:15:38.904 30442 30543 D DBReader: Extracting Feedlist
12-01 06:15:38.906 30442 30536 D DownloadRequestCreat: Requesting download of url https://feeds.wdjh.org/podcasts/sbs_french__sbs_en_franais/20251129_20251129080514-french-20de8e09-e60d-483d-a5ae-543038947af9.mp3
12-01 06:15:38.911 30442 30790 D HttpDownloader: addHeader("Accept-Encoding", "identity")
12-01 06:15:38.916 30442 30543 D UserPreferences: User data folder not writable or not set. Trying default.
12-01 06:15:38.919 30442 30543 D DownloadRequestCreat: Requesting download of url https://feeds.wdjh.org/podcasts/the_racer_x_podcast_network/20251128_WeegeshowWednesdayAus_1.mp3
12-01 06:15:38.925 30442 30790 D HttpDownloader: Response code is 404
12-01 06:15:38.925 30442 30790 D HttpDownloader: onFail() called with: reason = [ERROR_NOT_FOUND], reasonDetailed = [404]
12-01 06:15:38.928 30442 30790 E EpisodeDownloadWorker: Download failed
12-01 06:15:38.929 30442 30790 D EpisodeDownloadWorker: Worker for https://feeds.wdjh.org/podcasts/politics_now/20251129_n6.mp3 returned.
12-01 06:15:38.934 30442 30442 D MainActivity: onEvent(de.danoeh.antennapod.event.MessageEvent@e9f6343)
12-01 06:15:38.937 30442 30790 D DBReader: getFavoriteIDList() called
12-01 06:15:38.939 30442 30442 D TextView: setTypeface with style : 0
12-01 06:15:38.941 30442 30800 D HttpDownloader: addHeader("Accept-Encoding", "identity")
12-01 06:15:38.942 30442 30442 D TextView: setTypeface with style : 0
12-01 06:15:38.956 30442 30800 D HttpDownloader: Response code is 404
12-01 06:15:38.956 30442 30800 D HttpDownloader: onFail() called with: reason = [ERROR_NOT_FOUND], reasonDetailed = [404]
12-01 06:15:38.962 30442 30470 I WM-WorkerWrapper: Worker result FAILURE for Work [ id=313c0f42-ac92-4b69-b971-d35680748d73, tags={ episodeUrl:https://feeds.wdjh.org/podcasts/sbs_french__sbs_en_franais/20251128_20251128082014-french-3218b267-e5d8-4373-9653-ed6f03af0dd5.mp3, de.danoeh.antennapod.net.download.service.episode.EpisodeDownloadWorker, episodeDownload } ]
12-01 06:15:38.963 30442 30800 E EpisodeDownloadWorker: Download failed
12-01 06:15:38.965 30442 30790 D DBReader: getQueueIDList() called
12-01 06:15:38.966 30442 30442 D MainActivity: onEvent(de.danoeh.antennapod.event.MessageEvent@7245497)
12-01 06:15:38.966 30442 30790 D DBReader: Extracting Feedlist
12-01 06:15:38.967 30442 30800 D EpisodeDownloadWorker: Worker for https://feeds.wdjh.org/podcasts/sbs_french__sbs_en_franais/20251129_20251129140016-french-5f122eb7-3ad2-4c02-bdd1-ef71284f277e.mp3 returned.
12-01 06:15:38.969 30442 30442 D TextView: setTypeface with style : 0
12-01 06:15:38.974 30442 30442 D TextView: setTypeface with style : 0
12-01 06:15:38.976 30442 30536 D HttpDownloader: addHeader("Accept-Encoding", "identity")
12-01 06:15:38.981 30442 30790 D UserPreferences: User data folder not writable or not set. Trying default.
12-01 06:15:38.985 30442 30790 D DownloadRequestCreat: Requesting download of url https://feeds.wdjh.org/podcasts/boonta_vista/20251129_2220966239-boontavista-episode-424.mp3
12-01 06:15:38.990 30442 30536 D HttpDownloader: Response code is 404
12-01 06:15:38.990 30442 30536 D HttpDownloader: onFail() called with: reason = [ERROR_NOT_FOUND], reasonDetailed = [404]
12-01 06:15:38.994 30442 30536 E EpisodeDownloadWorker: Download failed
12-01 06:15:38.996 30442 30800 D DBReader: getFavoriteIDList() called
12-01 06:15:38.997 30442 30543 D HttpDownloader: addHeader("Accept-Encoding", "identity")
12-01 06:15:38.999 30442 30536 D EpisodeDownloadWorker: Worker for https://feeds.wdjh.org/podcasts/sbs_french__sbs_en_franais/20251129_20251129080514-french-20de8e09-e60d-483d-a5ae-543038947af9.mp3 returned.
12-01 06:15:39.012 30442 30543 D HttpDownloader: Response code is 404
12-01 06:15:39.012 30442 30543 D HttpDownloader: onFail() called with: reason = [ERROR_NOT_FOUND], reasonDetailed = [404]
12-01 06:15:39.015 30442 30543 E EpisodeDownloadWorker: Download failed
12-01 06:15:39.017 30442 30543 D EpisodeDownloadWorker: Worker for https://feeds.wdjh.org/podcasts/the_racer_x_podcast_network/20251128_WeegeshowWednesdayAus_1.mp3 returned.
12-01 06:15:39.037 30442 30800 D DBReader: getQueueIDList() called
12-01 06:15:39.040 30442 30536 D DBReader: getFavoriteIDList() called
12-01 06:15:39.052 30442 30543 D DBReader: getFavoriteIDList() called
12-01 06:15:39.053 30442 30800 D DBReader: Extracting Feedlist
12-01 06:15:39.060 30442 30536 D DBReader: getQueueIDList() called
12-01 06:15:39.060 30442 30543 D DBReader: getQueueIDList() called
12-01 06:15:39.062 30442 30790 D HttpDownloader: addHeader("Accept-Encoding", "identity")
12-01 06:15:39.065 30442 30536 D DBReader: Extracting Feedlist
12-01 06:15:39.073 30442 30800 D UserPreferences: User data folder not writable or not set. Trying default.
12-01 06:15:39.077 30442 30790 D HttpDownloader: Response code is 404
12-01 06:15:39.077 30442 30790 D HttpDownloader: onFail() called with: reason = [ERROR_NOT_FOUND], reasonDetailed = [404]
12-01 06:15:39.077 30442 30543 D DBReader: Extracting Feedlist
12-01 06:15:39.078 30442 30800 D DownloadRequestCreat: Requesting download of url https://feeds.wdjh.org/podcasts/rc_plane_lab/20251128_EP199.mp3
12-01 06:15:39.080 30442 30790 E EpisodeDownloadWorker: Download failed
12-01 06:15:39.082 30442 30790 D EpisodeDownloadWorker: Worker for https://feeds.wdjh.org/podcasts/boonta_vista/20251129_2220966239-boontavista-episode-424.mp3 returned.
12-01 06:15:39.087 30442 30536 D UserPreferences: User data folder not writable or not set. Trying default.
12-01 06:15:39.091 30442 30536 D DownloadRequestCreat: Requesting download of url https://feeds.wdjh.org/podcasts/abc_rewind/20251129_06.mp3
12-01 06:15:39.104 30442 30442 D MainActivity: onEvent(de.danoeh.antennapod.event.MessageEvent@99245ab)
12-01 06:15:39.106 30442 30543 D UserPreferences: User data folder not writable or not set. Trying default.
12-01 06:15:39.107 30442 30442 D TextView: setTypeface with style : 0
12-01 06:15:39.111 30442 30442 D TextView: setTypeface with style : 0
12-01 06:15:39.111 30442 30543 D DownloadRequestCreat: Requesting download of url https://feeds.wdjh.org/podcasts/all_in_the_mind/20251130_1u.mp3
12-01 06:15:39.130 30442 30442 D MainActivity: onEvent(de.danoeh.antennapod.event.MessageEvent@b87fa4c)
12-01 06:15:39.134 30442 30442 D TextView: setTypeface with style : 0
12-01 06:15:39.135 30442 30790 D DBReader: getFavoriteIDList() called
12-01 06:15:39.141 30442 30442 D TextView: setTypeface with style : 0
12-01 06:15:39.150 30442 30790 D DBReader: getQueueIDList() called
12-01 06:15:39.150 30442 30442 D MainActivity: onEvent(de.danoeh.antennapod.event.MessageEvent@c6c8c4e)
12-01 06:15:39.152 30442 30800 D HttpDownloader: addHeader("Accept-Encoding", "identity")
12-01 06:15:39.152 30442 30790 D DBReader: Extracting Feedlist
12-01 06:15:39.152 30442 30442 D TextView: setTypeface with style : 0
12-01 06:15:39.154 30442 30442 D TextView: setTypeface with style : 0
12-01 06:15:39.159 30442 30442 D MainActivity: onEvent(de.danoeh.antennapod.event.MessageEvent@4a72dbd)
12-01 06:15:39.160 30442 30442 D TextView: setTypeface with style : 0
12-01 06:15:39.161 30442 30442 D TextView: setTypeface with style : 0
12-01 06:15:39.161 30442 30459 I WM-WorkerWrapper: Worker result FAILURE for Work [ id=044f54a0-beb1-4c35-874e-9e917b0a8870, tags={ de.danoeh.antennapod.net.download.service.episode.EpisodeDownloadWorker, episodeUrl:https://feeds.wdjh.org/podcasts/sbs_french__sbs_en_franais/20251128_20251128075814-french-8656a917-6e99-460e-8e3d-5426b1ebf6b6.mp3, episodeDownload } ]
12-01 06:15:39.165 30442 30536 D HttpDownloader: addHeader("Accept-Encoding", "identity")
12-01 06:15:39.170 30442 30800 D HttpDownloader: Response code is 404
12-01 06:15:39.170 30442 30800 D HttpDownloader: onFail() called with: reason = [ERROR_NOT_FOUND], reasonDetailed = [404]
12-01 06:15:39.171 30442 30543 D HttpDownloader: addHeader("Accept-Encoding", "identity")
12-01 06:15:39.172 30442 30790 D UserPreferences: User data folder not writable or not set. Trying default.
12-01 06:15:39.173 30442 30800 E EpisodeDownloadWorker: Download failed
12-01 06:15:39.174 30442 30800 D EpisodeDownloadWorker: Worker for https://feeds.wdjh.org/podcasts/rc_plane_lab/20251128_EP199.mp3 returned.
12-01 06:15:39.179 30442 30790 D DownloadRequestCreat: Requesting download of url https://feeds.wdjh.org/podcasts/sbs_french__sbs_en_franais/20251130_20251130080108-french-2835b984-fba8-4c0b-ae17-ad98ca62e21b.mp3
12-01 06:15:39.180 30442 30536 D HttpDownloader: Response code is 404
12-01 06:15:39.180 30442 30536 D HttpDownloader: onFail() called with: reason = [ERROR_NOT_FOUND], reasonDetailed = [404]
12-01 06:15:39.183 30442 30543 D HttpDownloader: Response code is 404
12-01 06:15:39.183 30442 30536 E EpisodeDownloadWorker: Download failed
12-01 06:15:39.183 30442 30543 D HttpDownloader: onFail() called with: reason = [ERROR_NOT_FOUND], reasonDetailed = [404]
12-01 06:15:39.184 30442 30536 D EpisodeDownloadWorker: Worker for https://feeds.wdjh.org/podcasts/abc_rewind/20251129_06.mp3 returned.
12-01 06:15:39.185 30442 30543 E EpisodeDownloadWorker: Download failed
12-01 06:15:39.188 30442 30543 D EpisodeDownloadWorker: Worker for https://feeds.wdjh.org/podcasts/all_in_the_mind/20251130_1u.mp3 returned.
12-01 06:15:39.190 30442 30800 D DBReader: getFavoriteIDList() called
12-01 06:15:39.200 30442 30442 D MainActivity: onEvent(de.danoeh.antennapod.event.MessageEvent@e00fadc)
12-01 06:15:39.201 30442 30442 D TextView: setTypeface with style : 0
12-01 06:15:39.201 30442 30459 I WM-WorkerWrapper: Worker result FAILURE for Work [ id=2ef1b657-b756-4d0f-96f4-e528c8dac474, tags={ episodeUrl:https://feeds.wdjh.org/podcasts/abc_rewind/20251128_63.mp3, de.danoeh.antennapod.net.download.service.episode.EpisodeDownloadWorker, episodeDownload } ]
12-01 06:15:39.202 30442 30442 D TextView: setTypeface with style : 0
12-01 06:15:39.205 30442 30442 D MainActivity: onEvent(de.danoeh.antennapod.event.MessageEvent@5e2c6e3)
12-01 06:15:39.206 30442 30442 D TextView: setTypeface with style : 0
12-01 06:15:39.207 30442 30442 D TextView: setTypeface with style : 0
12-01 06:15:39.214 30442 30790 D HttpDownloader: addHeader("Accept-Encoding", "identity")
12-01 06:15:39.216 30442 30536 D DBReader: getFavoriteIDList() called
12-01 06:15:39.219 30442 30800 D DBReader: getQueueIDList() called
12-01 06:15:39.221 30442 30536 D DBReader: getQueueIDList() called
12-01 06:15:39.224 30442 30790 D HttpDownloader: Response code is 404
12-01 06:15:39.224 30442 30790 D HttpDownloader: onFail() called with: reason = [ERROR_NOT_FOUND], reasonDetailed = [404]
12-01 06:15:39.226 30442 30790 E EpisodeDownloadWorker: Download failed
12-01 06:15:39.231 30442 30790 D EpisodeDownloadWorker: Worker for https://feeds.wdjh.org/podcasts/sbs_french__sbs_en_franais/20251130_20251130080108-french-2835b984-fba8-4c0b-ae17-ad98ca62e21b.mp3 returned.
12-01 06:15:39.241 30442 30459 I WM-WorkerWrapper: Worker result FAILURE for Work [ id=f657517e-eaa0-4c1a-aae2-381e447f9e72, tags={ de.danoeh.antennapod.net.download.service.episode.EpisodeDownloadWorker, episodeUrl:https://feeds.wdjh.org/podcasts/abc_rewind/20251128_61.mp3, episodeDownload } ]
12-01 06:15:39.241 30442 30800 D DBReader: Extracting Feedlist
12-01 06:15:39.247 30442 30536 D DBReader: Extracting Feedlist
12-01 06:15:39.264 30442 30800 D UserPreferences: User data folder not writable or not set. Trying default.
12-01 06:15:39.267 30442 30800 D DownloadRequestCreat: Requesting download of url https://feeds.wdjh.org/podcasts/sbs_french__sbs_en_franais/20251130_20251130140019-french-e8af9bb9-bb18-4889-acc8-784690a32aa9.mp3
12-01 06:15:39.275 30442 30536 D UserPreferences: User data folder not writable or not set. Trying default.
12-01 06:15:39.280 30442 30536 D DownloadRequestCreat: Requesting download of url https://feeds.wdjh.org/podcasts/unravel/20251127_9v.mp3
12-01 06:15:39.281 30442 30800 D HttpDownloader: addHeader("Accept-Encoding", "identity")
12-01 06:15:39.290 30442 30536 D HttpDownloader: addHeader("Accept-Encoding", "identity")
12-01 06:15:39.292 30442 30442 D MainActivity: onEvent(de.danoeh.antennapod.event.MessageEvent@39277a4)
12-01 06:15:39.295 30442 30442 D TextView: setTypeface with style : 0
12-01 06:15:39.295 30442 30800 D HttpDownloader: Response code is 404
12-01 06:15:39.295 30442 30800 D HttpDownloader: onFail() called with: reason = [ERROR_NOT_FOUND], reasonDetailed = [404]
12-01 06:15:39.298 30442 30800 E EpisodeDownloadWorker: Download failed
12-01 06:15:39.299 30442 30442 D TextView: setTypeface with style : 0
12-01 06:15:39.302 30442 30800 D EpisodeDownloadWorker: Worker for https://feeds.wdjh.org/podcasts/sbs_french__sbs_en_franais/20251130_20251130140019-french-e8af9bb9-bb18-4889-acc8-784690a32aa9.mp3 returned.
12-01 06:15:39.302 30442 30536 D HttpDownloader: Response code is 404
