12-01 06:23:25.078 30442 30442 D ViewRootImpl@56f7b3c[PopupWindow:def592f]: MSG_RESIZED_REPORT: ci=Rect(0, 0 - 0, 0) vi=Rect(0, 0 - 0, 0) or=1
12-01 06:23:25.111 30442 30453 I art : Background partial concurrent mark sweep GC freed 149057(7MB) AllocSpace objects, 12(840KB) LOS objects, 19% free, 64MB/80MB, paused 12.663ms total 136.745ms
12-01 06:23:25.113 30442 30442 D ViewRootImpl@eec2d68[MainActivity]: MSG_WINDOW_FOCUS_CHANGED 0
12-01 06:23:28.794 30442 30442 D ViewRootImpl@56f7b3c[PopupWindow:def592f]: ViewPostImeInputStage processPointer 0
12-01 06:23:28.806 30442 30442 D ViewRootImpl@56f7b3c[PopupWindow:def592f]: Relayout returned: oldFrame=[370,97][1068,433] newFrame=[370,97][1068,433] result=0x1 surface={isValid=true 501233173504} surfaceGenerationChanged=false
12-01 06:23:28.808 30442 30442 D ViewRootImpl@eec2d68[MainActivity]: MSG_WINDOW_FOCUS_CHANGED 1
12-01 06:23:28.808 30442 30442 D ViewRootImpl@eec2d68[MainActivity]: mHardwareRenderer.initializeIfNeeded()#2 mSurface={isValid=true 501233169920}
12-01 06:23:28.814 30442 30442 D ViewRootImpl@56f7b3c[PopupWindow:def592f]: MSG_WINDOW_FOCUS_CHANGED 0
12-01 06:23:28.931 30442 30442 D ViewRootImpl@56f7b3c[PopupWindow:def592f]: ViewPostImeInputStage processPointer 1
12-01 06:23:29.123 30442 30442 D ViewRootImpl@56f7b3c[PopupWindow:def592f]: mHardwareRenderer.destroy()#4
12-01 06:23:29.123 30442 30442 D ViewRootImpl@56f7b3c[PopupWindow:def592f]: dispatchDetachedFromWindow
12-01 06:23:29.133 30442 30442 D InputTransport: Input channel destroyed: fd=91
12-01 06:23:29.478 30442 30442 D ViewRootImpl@eec2d68[MainActivity]: ViewPostImeInputStage processPointer 0
12-01 06:23:29.604 30442 30442 D ViewRootImpl@eec2d68[MainActivity]: ViewPostImeInputStage processPointer 1
12-01 06:23:29.609 30442 30442 D AbsListView: Get MotionRecognitionManager
12-01 06:23:29.615 30442 30442 D TextView: setTypeface with style : 0
12-01 06:23:29.639 30442 30442 D ViewRootImpl@fc1479c[PopupWindow:8311b0f]: ThreadedRenderer.create() translucent=true
12-01 06:23:29.647 30442 30442 D InputTransport: Input channel constructed: fd=91
12-01 06:23:29.648 30442 30442 D ViewRootImpl@fc1479c[PopupWindow:8311b0f]: setView = android.widget.PopupWindow$PopupDecorView{7c535a5 V.E...... ......I. 0,0-0,0} touchMode=true
12-01 06:23:29.651 30442 30442 D ViewRootImpl@fc1479c[PopupWindow:8311b0f]: dispatchAttachedToWindow
12-01 06:23:29.674 30442 30442 D ViewRootImpl@fc1479c[PopupWindow:8311b0f]: Relayout returned: oldFrame=[0,0][0,0] newFrame=[330,819][1080,1731] result=0x27 surface={isValid=true 501233173504} surfaceGenerationChanged=true
12-01 06:23:29.674 30442 30442 D ViewRootImpl@fc1479c[PopupWindow:8311b0f]: mHardwareRenderer.initialize() mSurface={isValid=true 501233173504} hwInitialized=true
12-01 06:23:29.675 30442 30480 D mali_winsys: EGLint new_window_surface(egl_winsys_display*, void*, EGLSurface, EGLConfig, egl_winsys_surface**, egl_color_buffer_format*, EGLBoolean) returns 0x3000, [786x948]-format:1
12-01 06:23:29.679 30442 30442 D TextView: setTypeface with style : 0
12-01 06:23:29.685 30442 30442 D TextView: setTypeface with style : 0
12-01 06:23:29.689 30442 30442 D TextView: setTypeface with style : 0
12-01 06:23:29.692 30442 30442 D TextView: setTypeface with style : 0
12-01 06:23:29.696 30442 30442 D TextView: setTypeface with style : 0
12-01 06:23:29.699 30442 30442 D TextView: setTypeface with style : 0
12-01 06:23:29.700 30442 30442 D AbsListView: onsize change
12-01 06:23:29.714 30442 30442 D ViewRootImpl@fc1479c[PopupWindow:8311b0f]: MSG_WINDOW_FOCUS_CHANGED 1
12-01 06:23:29.714 30442 30442 D ViewRootImpl@fc1479c[PopupWindow:8311b0f]: mHardwareRenderer.initializeIfNeeded()#2 mSurface={isValid=true 501233173504}
12-01 06:23:29.715 30442 30442 V InputMethodManager: Starting input: tba=android.view.inputmethod.EditorInfo@233cfcc nm : de.danoeh.antennapod ic=null
12-01 06:23:29.715 30442 30442 I InputMethodManager: [IMM] startInputInner - mService.startInputOrWindowGainedFocus
12-01 06:23:29.718 30442 30442 D InputTransport: Input channel constructed: fd=170
12-01 06:23:29.718 30442 30442 D InputTransport: Input channel destroyed: fd=192
12-01 06:23:29.747 30442 30442 D ViewRootImpl@fc1479c[PopupWindow:8311b0f]: MSG_RESIZED_REPORT: ci=Rect(0, 0 - 0, 0) vi=Rect(0, 0 - 0, 0) or=1
12-01 06:23:29.785 30442 30442 D ViewRootImpl@eec2d68[MainActivity]: MSG_WINDOW_FOCUS_CHANGED 0
12-01 06:23:33.942 30442 30442 D ViewRootImpl@fc1479c[PopupWindow:8311b0f]: ViewPostImeInputStage processPointer 0
12-01 06:23:34.067 30442 30442 D ViewRootImpl@fc1479c[PopupWindow:8311b0f]: ViewPostImeInputStage processPointer 1
12-01 06:23:34.068 30442 30442 D AbsListView: onTouchUp() mTouchMode : 2
12-01 06:23:34.092 30442 30442 D ViewRootImpl@fc1479c[PopupWindow:8311b0f]: MSG_WINDOW_FOCUS_CHANGED 0
12-01 06:23:34.096 30442 30442 D ViewRootImpl@fc1479c[PopupWindow:8311b0f]: Relayout returned: oldFrame=[330,819][1080,1731] newFrame=[330,819][1080,1731] result=0x1 surface={isValid=true 501233173504} surfaceGenerationChanged=false
12-01 06:23:34.122 30442 30442 E ResourceType: Style contains key with bad entry: 0x01010605
12-01 06:23:34.137 30442 30442 D TextView: setTypeface with style : 0
12-01 06:23:34.138 30442 30442 D TextView: setTypeface with style : 0
12-01 06:23:34.148 30442 30442 D TextView: setTypeface with style : 0
12-01 06:23:34.157 30442 30442 D ViewRootImpl@e2416fd[PreferenceActivity]: ThreadedRenderer.create() translucent=false
12-01 06:23:34.160 30442 30442 D InputTransport: Input channel constructed: fd=192
12-01 06:23:34.161 30442 30442 D ViewRootImpl@e2416fd[PreferenceActivity]: setView = DecorView@648a445[PreferenceActivity] touchMode=true
12-01 06:23:34.162 30442 30442 D ViewRootImpl@e2416fd[PreferenceActivity]: dispatchAttachedToWindow
12-01 06:23:34.179 30442 30442 D ViewRootImpl@e2416fd[PreferenceActivity]: Relayout returned: oldFrame=[0,0][0,0] newFrame=[0,0][1080,1920] result=0x27 surface={isValid=true 501233177088} surfaceGenerationChanged=true
12-01 06:23:34.179 30442 30442 D ViewRootImpl@e2416fd[PreferenceActivity]: mHardwareRenderer.initialize() mSurface={isValid=true 501233177088} hwInitialized=true
12-01 06:23:34.182 30442 30480 D mali_winsys: EGLint new_window_surface(egl_winsys_display*, void*, EGLSurface, EGLConfig, egl_winsys_surface**, egl_color_buffer_format*, EGLBoolean) returns 0x3000, [1080x1920]-format:1
12-01 06:23:34.189 30442 30442 D TextView: setTypeface with style : 0
12-01 06:23:34.197 30442 30442 D TextView: setTypeface with style : 0
12-01 06:23:34.199 30442 30442 D TextView: setTypeface with style : 0
12-01 06:23:34.205 30442 30442 D TextView: setTypeface with style : 0
12-01 06:23:34.206 30442 30442 D TextView: setTypeface with style : 0
12-01 06:23:34.212 30442 30442 D TextView: setTypeface with style : 0
12-01 06:23:34.213 30442 30442 D TextView: setTypeface with style : 0
12-01 06:23:34.220 30442 30442 D TextView: setTypeface with style : 0
12-01 06:23:34.221 30442 30442 D TextView: setTypeface with style : 0
12-01 06:23:34.227 30442 30442 D TextView: setTypeface with style : 0
12-01 06:23:34.229 30442 30442 D TextView: setTypeface with style : 0
12-01 06:23:34.251 30442 30442 D ViewRootImpl@e2416fd[PreferenceActivity]: MSG_RESIZED_REPORT: ci=Rect(0, 72 - 0, 0) vi=Rect(0, 72 - 0, 0) or=1
12-01 06:23:34.251 30442 30442 D ViewRootImpl@e2416fd[PreferenceActivity]: MSG_WINDOW_FOCUS_CHANGED 1
12-01 06:23:34.251 30442 30442 D ViewRootImpl@e2416fd[PreferenceActivity]: mHardwareRenderer.initializeIfNeeded()#2 mSurface={isValid=true 501233177088}
12-01 06:23:34.252 30442 30442 D SEM_CLIP_SemClipboardManager: isCocktailBarDisplayed : false
12-01 06:23:34.253 30442 30442 V InputMethodManager: Starting input: tba=android.view.inputmethod.EditorInfo@67e6de4 nm : de.danoeh.antennapod ic=null
12-01 06:23:34.253 30442 30442 I InputMethodManager: [IMM] startInputInner - mService.startInputOrWindowGainedFocus
12-01 06:23:34.256 30442 30442 D InputTransport: Input channel constructed: fd=223
12-01 06:23:34.256 30442 30442 D InputTransport: Input channel destroyed: fd=170
12-01 06:23:34.278 30442 30480 D OpenGLRenderer: endAllActiveAnimators on 0x74ab446800 (DropDownListView) with handle 0x74ab3f78c0
12-01 06:23:34.278 30442 30442 D ViewRootImpl@fc1479c[PopupWindow:8311b0f]: mHardwareRenderer.destroy()#1
12-01 06:23:34.281 30442 30442 D ViewRootImpl@fc1479c[PopupWindow:8311b0f]: Relayout returned: oldFrame=[330,819][1080,1731] newFrame=[330,819][1080,1731] result=0x5 surface={isValid=false 0} surfaceGenerationChanged=true
12-01 06:23:34.288 30442 30442 D ViewRootImpl@eec2d68[MainActivity]: mHardwareRenderer.destroy()#1
12-01 06:23:34.290 30442 30442 D ViewRootImpl@eec2d68[MainActivity]: Relayout returned: oldFrame=[0,0][1080,1920] newFrame=[0,0][1080,1920] result=0x5 surface={isValid=false 0} surfaceGenerationChanged=true
12-01 06:23:34.410 30442 30442 D ViewRootImpl@fc1479c[PopupWindow:8311b0f]: mHardwareRenderer.destroy()#4
12-01 06:23:34.410 30442 30442 D ViewRootImpl@fc1479c[PopupWindow:8311b0f]: dispatchDetachedFromWindow
12-01 06:23:34.414 30442 30442 D InputTransport: Input channel destroyed: fd=91
12-01 06:23:34.675 30442 30442 D PlaybackController: Releasing PlaybackController
12-01 06:23:34.677 30442 30442 D PlaybackController: Releasing PlaybackController
12-01 06:23:34.679 30442 30442 D PlaybackController: Releasing PlaybackController
12-01 06:23:34.680 30442 30442 D PlaybackController: Releasing PlaybackController
12-01 06:23:34.697 30442 30442 D ViewRootImpl@eec2d68[MainActivity]: Relayout returned: oldFrame=[0,0][1080,1920] newFrame=[0,0][1080,1920] result=0x5 surface={isValid=false 0} surfaceGenerationChanged=false
12-01 06:23:36.816 30442 30442 D ViewRootImpl@e2416fd[PreferenceActivity]: ViewPostImeInputStage processPointer 0
12-01 06:23:36.904 30442 30442 D TextView: setTypeface with style : 0
12-01 06:23:36.906 30442 30442 D TextView: setTypeface with style : 0
12-01 06:23:36.922 30442 30442 D TextView: setTypeface with style : 0
12-01 06:23:36.924 30442 30442 D TextView: setTypeface with style : 0
12-01 06:23:37.016 30442 30442 D TextView: setTypeface with style : 0
12-01 06:23:37.020 30442 30442 D TextView: setTypeface with style : 0
12-01 06:23:37.131 30442 30442 D TextView: setTypeface with style : 0
12-01 06:23:37.135 30442 30442 D TextView: setTypeface with style : 0
12-01 06:23:37.247 30442 30442 D TextView: setTypeface with style : 0
12-01 06:23:37.251 30442 30442 D TextView: setTypeface with style : 0
12-01 06:23:37.397 30442 30442 D TextView: setTypeface with style : 0
12-01 06:23:37.402 30442 30442 D TextView: setTypeface with style : 0
12-01 06:23:37.441 30442 30442 D ViewRootImpl@e2416fd[PreferenceActivity]: ViewPostImeInputStage processPointer 1
12-01 06:23:37.474 30442 30442 D TextView: setTypeface with style : 0
12-01 06:23:37.476 30442 30442 D TextView: setTypeface with style : 0
12-01 06:23:41.000 30442 30442 D ViewRootImpl@e2416fd[PreferenceActivity]: ViewPostImeInputStage processPointer 0
12-01 06:23:41.152 30442 30442 D ViewRootImpl@e2416fd[PreferenceActivity]: ViewPostImeInputStage processPointer 1
12-01 06:23:41.183 30442 30442 D ViewRootImpl@e2416fd[PreferenceActivity]: MSG_WINDOW_FOCUS_CHANGED 0
12-01 06:23:41.211 30442 30442 E ResourceType: Style contains key with bad entry: 0x01010605
12-01 06:23:41.234 30442 30442 D TextView: setTypeface with style : 0
12-01 06:23:41.234 30442 30442 D TextView: setTypeface with style : 0
12-01 06:23:41.237 30442 30442 D TextView: setTypeface with style : 0
12-01 06:23:41.241 30442 30442 D TextView: setTypeface with style : 0
12-01 06:23:41.244 30442 30442 D TextView: setTypeface with style : 0
12-01 06:23:41.249 30442 30442 D UserPreferences: User data folder not writable or not set. Trying default.
12-01 06:23:41.251 30442 30442 D BugReportActivity: No crash report recorded
12-01 06:23:41.263 30442 30442 D ViewRootImpl@7fbf8a9[BugReportActivity]: ThreadedRenderer.create() translucent=false
12-01 06:23:41.266 30442 30442 D InputTransport: Input channel constructed: fd=105
12-01 06:23:41.267 30442 30442 D ViewRootImpl@7fbf8a9[BugReportActivity]: setView = DecorView@7c28e2e[BugReportActivity] touchMode=true
12-01 06:23:41.274 30442 30442 D ViewRootImpl@7fbf8a9[BugReportActivity]: dispatchAttachedToWindow
12-01 06:23:41.294 30442 30442 D ViewRootImpl@7fbf8a9[BugReportActivity]: Relayout returned: oldFrame=[0,0][0,0] newFrame=[0,0][1080,1920] result=0x27 surface={isValid=true 501233169920} surfaceGenerationChanged=true
12-01 06:23:41.294 30442 30442 D ViewRootImpl@7fbf8a9[BugReportActivity]: mHardwareRenderer.initialize() mSurface={isValid=true 501233169920} hwInitialized=true
12-01 06:23:41.299 30442 30480 D mali_winsys: EGLint new_window_surface(egl_winsys_display*, void*, EGLSurface, EGLConfig, egl_winsys_surface**, egl_color_buffer_format*, EGLBoolean) returns 0x3000, [1080x1920]-format:1
12-01 06:23:41.344 30442 30442 D ViewRootImpl@7fbf8a9[BugReportActivity]: MSG_RESIZED_REPORT: ci=Rect(0, 72 - 0, 0) vi=Rect(0, 72 - 0, 0) or=1
12-01 06:23:41.345 30442 30442 D ViewRootImpl@7fbf8a9[BugReportActivity]: MSG_WINDOW_FOCUS_CHANGED 1
12-01 06:23:41.345 30442 30442 D ViewRootImpl@7fbf8a9[BugReportActivity]: mHardwareRenderer.initializeIfNeeded()#2 mSurface={isValid=true 501233169920}
12-01 06:23:41.346 30442 30442 V InputMethodManager: Starting input: tba=android.view.inputmethod.EditorInfo@14c135c nm : de.danoeh.antennapod ic=null
12-01 06:23:41.346 30442 30442 I InputMethodManager: [IMM] startInputInner - mService.startInputOrWindowGainedFocus
12-01 06:23:41.352 30442 30442 D InputTransport: Input channel constructed: fd=190
12-01 06:23:41.352 30442 30442 D InputTransport: Input channel destroyed: fd=223
12-01 06:23:41.377 30442 30480 D OpenGLRenderer: endAllActiveAnimators on 0x75045fec00 (RippleDrawable) with handle 0x74b3d2ecc0
12-01 06:23:41.377 30442 30442 D ViewRootImpl@e2416fd[PreferenceActivity]: mHardwareRenderer.destroy()#1
12-01 06:23:41.380 30442 30442 D ViewRootImpl@e2416fd[PreferenceActivity]: Relayout returned: oldFrame=[0,0][1080,1920] newFrame=[0,0][1080,1920] result=0x5 surface={isValid=false 0} surfaceGenerationChanged=true
12-01 06:23:41.778 30442 30442 D ViewRootImpl@e2416fd[PreferenceActivity]: Relayout returned: oldFrame=[0,0][1080,1920] newFrame=[0,0][1080,1920] result=0x5 surface={isValid=false 0} surfaceGenerationChanged=false
12-01 06:23:49.691 30442 30442 D ViewRootImpl@7fbf8a9[BugReportActivity]: ViewPostImeInputStage processPointer 0
12-01 06:23:49.806 30442 30442 D ViewRootImpl@7fbf8a9[BugReportActivity]: ViewPostImeInputStage processPointer 1
12-01 06:23:49.813 30442 30442 D TextView: setTypeface with style : 0
12-01 06:23:49.814 30442 30442 D TextView: setTypeface with style : 0
12-01 06:23:49.820 30442 30442 D AbsListView: Get MotionRecognitionManager
12-01 06:23:49.823 30442 30442 D MotionRecognitionManager: mSContextService = com.samsung.android.hardware.context.ISemContextService$Stub$Proxy@3e15478
12-01 06:23:49.824 30442 30442 D MotionRecognitionManager: motionService = com.samsung.android.gesture.IMotionRecognitionService$Stub$Proxy@b7db751
12-01 06:23:49.825 30442 30442 D MotionRecognitionManager: motionService = com.samsung.android.gesture.IMotionRecognitionService$Stub$Proxy@b7db751
12-01 06:23:49.834 30442 30442 D ViewRootImpl@df500b7[PopupWindow:c07ebb6]: ThreadedRenderer.create() translucent=true
12-01 06:23:49.844 30442 30442 D InputTransport: Input channel constructed: fd=185
12-01 06:23:49.844 30442 30442 D ViewRootImpl@df500b7[PopupWindow:c07ebb6]: setView = android.widget.PopupWindow$PopupDecorView{c134024 V.E...... ......I. 0,0-0,0} touchMode=true
12-01 06:23:49.850 30442 30442 D TextView: setTypeface with style : 0
12-01 06:23:49.852 30442 30442 D TextView: setTypeface with style : 0
12-01 06:23:49.861 30442 30442 D ViewRootImpl@df500b7[PopupWindow:c07ebb6]: dispatchAttachedToWindow
12-01 06:23:49.883 30442 30442 D ViewRootImpl@df500b7[PopupWindow:c07ebb6]: Relayout returned: oldFrame=[0,0][0,0] newFrame=[466,97][1068,289] result=0x27 surface={isValid=true 501233177088} surfaceGenerationChanged=true
12-01 06:23:49.883 30442 30442 D ViewRootImpl@df500b7[PopupWindow:c07ebb6]: mHardwareRenderer.initialize() mSurface={isValid=true 501233177088} hwInitialized=true
12-01 06:23:49.886 30442 30480 D mali_winsys: EGLint new_window_surface(egl_winsys_display*, void*, EGLSurface, EGLConfig, egl_winsys_surface**, egl_color_buffer_format*, EGLBoolean) returns 0x3000, [638x228]-format:1
12-01 06:23:49.889 30442 30442 D TextView: setTypeface with style : 0
12-01 06:23:49.891 30442 30442 D TextView: setTypeface with style : 0
12-01 06:23:49.895 30442 30442 D AbsListView: onsize change
12-01 06:23:49.902 30442 30442 D ViewRootImpl@df500b7[PopupWindow:c07ebb6]: MSG_WINDOW_FOCUS_CHANGED 1
12-01 06:23:49.902 30442 30442 D ViewRootImpl@df500b7[PopupWindow:c07ebb6]: mHardwareRenderer.initializeIfNeeded()#2 mSurface={isValid=true 501233177088}
12-01 06:23:49.928 30442 30442 D ViewRootImpl@df500b7[PopupWindow:c07ebb6]: MSG_RESIZED_REPORT: ci=Rect(0, 0 - 0, 0) vi=Rect(0, 0 - 0, 0) or=1
12-01 06:23:49.946 30442 30442 D ViewRootImpl@7fbf8a9[BugReportActivity]: MSG_WINDOW_FOCUS_CHANGED 0
12-01 06:23:51.431 30442 30442 D ViewRootImpl@df500b7[PopupWindow:c07ebb6]: ViewPostImeInputStage processPointer 0
12-01 06:23:51.540 30442 30442 D ViewRootImpl@df500b7[PopupWindow:c07ebb6]: ViewPostImeInputStage processPointer 1
12-01 06:23:51.540 30442 30442 D AbsListView: onTouchUp() mTouchMode : 0
12-01 06:23:51.640 30442 30442 D TextView: setTypeface with style : 0
12-01 06:23:51.646 30442 30442 D TextView: setTypeface with style : 0
12-01 06:23:51.660 30442 30442 D TextView: setTypeface with style : 0
12-01 06:23:51.664 30442 30442 D TextView: setTypeface with style : 0
12-01 06:23:51.667 30442 30442 D TextView: setTypeface with style : 0
12-01 06:23:51.675 30442 30442 D ViewRootImpl@42832b4[BugReportActivity]: ThreadedRenderer.create() translucent=true
12-01 06:23:51.683 30442 30442 D InputTransport: Input channel constructed: fd=211
12-01 06:23:51.683 30442 30442 D ViewRootImpl@42832b4[BugReportActivity]: setView = DecorView@fc89edd[BugReportActivity] touchMode=true
12-01 06:23:51.695 30442 30442 D ViewRootImpl@df500b7[PopupWindow:c07ebb6]: Relayout returned: oldFrame=[466,97][1068,289] newFrame=[466,97][1068,289] result=0x1 surface={isValid=true 501233177088} surfaceGenerationChanged=false
12-01 06:23:51.699 30442 30442 D ViewRootImpl@42832b4[BugReportActivity]: dispatchAttachedToWindow
12-01 06:23:51.738 30442 30442 D ViewRootImpl@42832b4[BugReportActivity]: Relayout returned: oldFrame=[0,0][0,0] newFrame=[27,518][1053,1474] result=0x27 surface={isValid=true 501233173504} surfaceGenerationChanged=true
12-01 06:23:51.738 30442 30442 D ViewRootImpl@42832b4[BugReportActivity]: mHardwareRenderer.initialize() mSurface={isValid=true 501233173504} hwInitialized=true
12-01 06:23:51.744 30442 30480 D mali_winsys: EGLint new_window_surface(egl_winsys_display*, void*, EGLSurface, EGLConfig, egl_winsys_surface**, egl_color_buffer_format*, EGLBoolean) returns 0x3000, [1098x1028]-format:1
12-01 06:23:51.745 30442 30442 D ScrollView: onsize change changed
12-01 06:23:51.746 30442 30442 D ViewRootImpl@42832b4[BugReportActivity]: MSG_WINDOW_FOCUS_CHANGED 1
12-01 06:23:51.747 30442 30442 D ViewRootImpl@42832b4[BugReportActivity]: mHardwareRenderer.initializeIfNeeded()#2 mSurface={isValid=true 501233173504}
12-01 06:23:51.777 30442 30442 D ViewRootImpl@42832b4[BugReportActivity]: MSG_RESIZED_REPORT: ci=Rect(0, 0 - 0, 0) vi=Rect(0, 0 - 0, 0) or=1
12-01 06:23:51.816 30442 30442 D ViewRootImpl@df500b7[PopupWindow:c07ebb6]: MSG_WINDOW_FOCUS_CHANGED 0
12-01 06:23:52.073 30442 30480 D OpenGLRenderer: endAllActiveAnimators on 0x75219dcc00 (MenuPopupWindow$MenuDropDownListView) with handle 0x74b4057f80
12-01 06:23:52.073 30442 30442 D ViewRootImpl@df500b7[PopupWindow:c07ebb6]: mHardwareRenderer.destroy()#4
12-01 06:23:52.074 30442 30442 D ViewRootImpl@df500b7[PopupWindow:c07ebb6]: dispatchDetachedFromWindow
12-01 06:23:52.101 30442 30442 D InputTransport: Input channel destroyed: fd=185
12-01 06:23:55.844 30442 30442 D ViewRootImpl@42832b4[BugReportActivity]: ViewPostImeInputStage processPointer 0
12-01 06:23:55.973 30442 30442 D ViewRootImpl@42832b4[BugReportActivity]: ViewPostImeInputStage processPointer 1
12-01 06:23:55.978 30442 30442 D UserPreferences: User data folder not writable or not set. Trying default.
12-01 06:23:56.073 30442 30442 D ViewRootImpl@42832b4[BugReportActivity]: mHardwareRenderer.destroy()#4
12-01 06:23:56.073 30442 30442 D ViewRootImpl@42832b4[BugReportActivity]: dispatchDetachedFromWindow
12-01 06:23:56.089 30442 30442 D InputTransport: Input channel destroyed: fd=211
12-01 06:23:56.090 30442 30442 E ViewRootImpl: sendUserActionEvent() mView == null