12-01 06:14:37.046 30442 30442 D TextView: setTypeface with style : 0
12-01 06:14:37.048 30442 30442 D TextView: setTypeface with style : 0
12-01 06:14:37.053 30442 30442 D MainActivity: onEvent(de.danoeh.antennapod.event.MessageEvent@397a3da)
12-01 06:14:37.055 30442 30543 D HttpDownloader: Response code is 404
12-01 06:14:37.055 30442 30543 D HttpDownloader: onFail() called with: reason = [ERROR_NOT_FOUND], reasonDetailed = [404]
12-01 06:14:37.057 30442 30442 D TextView: setTypeface with style : 0
12-01 06:14:37.059 30442 30442 D TextView: setTypeface with style : 0
12-01 06:14:37.060 30442 30543 E EpisodeDownloadWorker: Download failed
12-01 06:14:37.061 30442 30790 D HttpDownloader: addHeader("Accept-Encoding", "identity")
12-01 06:14:37.061 30442 30800 D UserPreferences: User data folder not writable or not set. Trying default.
12-01 06:14:37.061 30442 30543 D EpisodeDownloadWorker: Worker for https://feeds.wdjh.org/podcasts/abc_rewind/20251129_06.mp3 returned.
12-01 06:14:37.066 30442 30800 D DownloadRequestCreat: Requesting download of url https://feeds.wdjh.org/podcasts/sbs_french__sbs_en_franais/20251130_20251130140019-french-e8af9bb9-bb18-4889-acc8-784690a32aa9.mp3
12-01 06:14:37.066 30442 30496 I WM-WorkerWrapper: Worker result FAILURE for Work [ id=ca0ff4ab-db81-450b-a07a-9b67af972d65, tags={ de.danoeh.antennapod.net.download.service.episode.EpisodeDownloadWorker, episodeUrl:https://feeds.wdjh.org/podcasts/abc_rewind/20251128_61.mp3, episodeDownload } ]
12-01 06:14:37.071 30442 30790 D HttpDownloader: Response code is 404
12-01 06:14:37.071 30442 30790 D HttpDownloader: onFail() called with: reason = [ERROR_NOT_FOUND], reasonDetailed = [404]
12-01 06:14:37.073 30442 30790 E EpisodeDownloadWorker: Download failed
12-01 06:14:37.073 30442 30536 D HttpDownloader: addHeader("Accept-Encoding", "identity")
12-01 06:14:37.077 30442 30790 D EpisodeDownloadWorker: Worker for https://feeds.wdjh.org/podcasts/all_in_the_mind/20251130_1u.mp3 returned.
12-01 06:14:37.093 30442 30536 D HttpDownloader: Response code is 404
12-01 06:14:37.093 30442 30536 D HttpDownloader: onFail() called with: reason = [ERROR_NOT_FOUND], reasonDetailed = [404]
12-01 06:14:37.094 30442 30536 E EpisodeDownloadWorker: Download failed
12-01 06:14:37.095 30442 30536 D EpisodeDownloadWorker: Worker for https://feeds.wdjh.org/podcasts/sbs_french__sbs_en_franais/20251130_20251130080108-french-2835b984-fba8-4c0b-ae17-ad98ca62e21b.mp3 returned.
12-01 06:14:37.097 30442 30800 D HttpDownloader: addHeader("Accept-Encoding", "identity")
12-01 06:14:37.107 30442 30800 D HttpDownloader: Response code is 404
12-01 06:14:37.107 30442 30800 D HttpDownloader: onFail() called with: reason = [ERROR_NOT_FOUND], reasonDetailed = [404]
12-01 06:14:37.108 30442 30800 E EpisodeDownloadWorker: Download failed
12-01 06:14:37.109 30442 30800 D EpisodeDownloadWorker: Worker for https://feeds.wdjh.org/podcasts/sbs_french__sbs_en_franais/20251130_20251130140019-french-e8af9bb9-bb18-4889-acc8-784690a32aa9.mp3 returned.
12-01 06:14:37.123 30442 30442 D ItemDescriptionFragment: Saving preferences
12-01 06:14:37.123 30442 30442 D ItemDescriptionFragment: Saving scroll position: 0
12-01 06:14:37.131 30442 30442 D MainActivity: onEvent(de.danoeh.antennapod.event.MessageEvent@5e6e739)
12-01 06:14:37.132 30442 30442 D TextView: setTypeface with style : 0
12-01 06:14:37.134 30442 30442 D TextView: setTypeface with style : 0
12-01 06:14:37.137 30442 30442 D MainActivity: onEvent(de.danoeh.antennapod.event.MessageEvent@9d987c4)
12-01 06:14:37.138 30442 30442 D TextView: setTypeface with style : 0
12-01 06:14:37.139 30442 30459 I WM-WorkerWrapper: Worker result FAILURE for Work [ id=3dccbb49-c93f-4fcd-af90-8e18307bc0c2, tags={ episodeUrl:https://feeds.wdjh.org/podcasts/knowledge_fight/20251128_Nov15-2025.mp3, de.danoeh.antennapod.net.download.service.episode.EpisodeDownloadWorker, episodeDownload } ]
12-01 06:14:37.140 30442 30442 D TextView: setTypeface with style : 0
12-01 06:14:37.147 30442 30442 D ItemDescriptionFragment: Saving preferences
12-01 06:14:37.147 30442 30442 D ItemDescriptionFragment: Saving scroll position: 0
12-01 06:14:37.148 30442 30459 I WM-WorkerWrapper: Worker result FAILURE for Work [ id=bdbafa04-bd0d-4309-8f4b-ba2681919860, tags={ episodeUrl:https://feeds.wdjh.org/podcasts/mushroom_case_daily/20251128_b8.mp3, de.danoeh.antennapod.net.download.service.episode.EpisodeDownloadWorker, episodeDownload } ]
12-01 06:14:37.154 30442 30442 D MainActivity: onEvent(de.danoeh.antennapod.event.MessageEvent@76fbfeb)
12-01 06:14:37.156 30442 30442 D TextView: setTypeface with style : 0
12-01 06:14:37.157 30442 30442 D TextView: setTypeface with style : 0
12-01 06:14:37.160 30442 30442 D MainActivity: onEvent(de.danoeh.antennapod.event.MessageEvent@4c816de)
12-01 06:14:37.161 30442 30442 D TextView: setTypeface with style : 0
12-01 06:14:37.162 30442 30442 D TextView: setTypeface with style : 0
12-01 06:14:37.203 30442 30442 D ItemDescriptionFragment: Saving preferences
12-01 06:14:37.203 30442 30442 D ItemDescriptionFragment: Saving scroll position: 0
12-01 06:14:37.272 30442 30442 D ItemDescriptionFragment: Saving preferences
12-01 06:14:37.272 30442 30442 D ItemDescriptionFragment: Saving scroll position: 0
12-01 06:14:37.281 30442 30459 I WM-WorkerWrapper: Worker result FAILURE for Work [ id=1d5146fb-c495-407a-8c11-a539e2daece8, tags={ de.danoeh.antennapod.net.download.service.episode.EpisodeDownloadWorker, episodeUrl:https://feeds.wdjh.org/podcasts/the_conditional_release_program/20251128_stream.mp3, episodeDownload } ]
12-01 06:14:37.325 30442 30442 D ItemDescriptionFragment: Saving preferences
12-01 06:14:37.325 30442 30442 D ItemDescriptionFragment: Saving scroll position: 0
12-01 06:14:37.333 30442 30442 D ItemDescriptionFragment: Saving preferences
12-01 06:14:37.333 30442 30442 D ItemDescriptionFragment: Saving scroll position: 0
12-01 06:14:37.337 30442 30459 I WM-WorkerWrapper: Worker result FAILURE for Work [ id=d884d6b8-d521-4fe8-8610-74afcf5c8f84, tags={ episodeUrl:https://feeds.wdjh.org/podcasts/abc_rewind/20251128_63.mp3, de.danoeh.antennapod.net.download.service.episode.EpisodeDownloadWorker, episodeDownload } ]
12-01 06:14:37.433 30442 30496 I WM-WorkerWrapper: Worker result FAILURE for Work [ id=68178e1d-4992-4bed-970c-c6661d387030, tags={ de.danoeh.antennapod.net.download.service.episode.EpisodeDownloadWorker, episodeUrl:https://feeds.wdjh.org/podcasts/background_briefing/20251129_ph.mp3, episodeDownload } ]
12-01 06:14:37.487 30442 30496 I WM-WorkerWrapper: Worker result FAILURE for Work [ id=8b03fd08-842b-43f6-b12f-2a0c75bed111, tags={ de.danoeh.antennapod.net.download.service.episode.EpisodeDownloadWorker, episodeUrl:https://feeds.wdjh.org/podcasts/sbs_french__sbs_en_franais/20251129_20251129140016-french-5f122eb7-3ad2-4c02-bdd1-ef71284f277e.mp3, episodeDownload } ]
12-01 06:14:37.527 30442 30496 I WM-WorkerWrapper: Worker result FAILURE for Work [ id=37105614-e65d-492e-b77b-3b01d69d1b48, tags={ de.danoeh.antennapod.net.download.service.episode.EpisodeDownloadWorker, episodeUrl:https://feeds.wdjh.org/podcasts/the_steve_matthes_show_on_racerx/20251130_251129_wsx_pulpcasts.mp3, episodeDownload } ]
12-01 06:14:37.561 30442 30496 I WM-WorkerWrapper: Worker result FAILURE for Work [ id=9aed43a6-a9fa-4554-9d14-db1e0d5ad01c, tags={ episodeUrl:https://feeds.wdjh.org/podcasts/politics_now/20251129_n6.mp3, de.danoeh.antennapod.net.download.service.episode.EpisodeDownloadWorker, episodeDownload } ]
12-01 06:14:37.617 30442 30459 I WM-WorkerWrapper: Worker result FAILURE for Work [ id=81819da8-71b2-4e94-9cec-0aae3facdc5c, tags={ de.danoeh.antennapod.net.download.service.episode.EpisodeDownloadWorker, episodeUrl:https://feeds.wdjh.org/podcasts/sbs_french__sbs_en_franais/20251129_20251129080514-french-20de8e09-e60d-483d-a5ae-543038947af9.mp3, episodeDownload } ]
12-01 06:14:37.629 30442 30442 D ViewRootImpl@fa41c15[MainActivity]: ViewPostImeInputStage processPointer 0
12-01 06:14:37.644 30442 30442 D AudioPlayerFragment: currentPosition 00:07:19
12-01 06:14:37.647 30442 30459 I WM-WorkerWrapper: Worker result FAILURE for Work [ id=45e312f9-77ac-4e24-b0b8-d01c30f462df, tags={ episodeUrl:https://feeds.wdjh.org/podcasts/rc_plane_lab/20251128_EP199.mp3, de.danoeh.antennapod.net.download.service.episode.EpisodeDownloadWorker, episodeDownload } ]
12-01 06:14:37.661 30442 30459 I WM-WorkerWrapper: Worker result FAILURE for Work [ id=a8df910f-d0ac-402b-9489-dd0a427efa36, tags={ de.danoeh.antennapod.net.download.service.episode.EpisodeDownloadWorker, episodeUrl:https://feeds.wdjh.org/podcasts/boonta_vista/20251129_2220966239-boontavista-episode-424.mp3, episodeDownload } ]
12-01 06:14:37.699 30442 30459 I WM-WorkerWrapper: Worker result FAILURE for Work [ id=798fddff-96a7-4f36-b894-82cc050811d1, tags={ episodeUrl:https://feeds.wdjh.org/podcasts/the_racer_x_podcast_network/20251128_WeegeshowWednesdayAus_1.mp3, de.danoeh.antennapod.net.download.service.episode.EpisodeDownloadWorker, episodeDownload } ]
12-01 06:14:37.724 30442 30442 D PlaybackService: Saving current position to 439882
12-01 06:14:37.744 30442 30496 I WM-WorkerWrapper: Worker result FAILURE for Work [ id=acb43440-c16d-4324-bf99-d5ee15b05ef3, tags={ episodeUrl:https://feeds.wdjh.org/podcasts/abc_rewind/20251129_06.mp3, de.danoeh.antennapod.net.download.service.episode.EpisodeDownloadWorker, episodeDownload } ]
12-01 06:14:37.763 30442 30496 I WM-WorkerWrapper: Worker result FAILURE for Work [ id=af197d3a-4675-4ba4-8fcd-33a086b45557, tags={ episodeUrl:https://feeds.wdjh.org/podcasts/all_in_the_mind/20251130_1u.mp3, de.danoeh.antennapod.net.download.service.episode.EpisodeDownloadWorker, episodeDownload } ]
12-01 06:14:37.770 30442 30496 I WM-WorkerWrapper: Worker result FAILURE for Work [ id=8a785954-37c6-4c41-b776-86afaa3d7e33, tags={ episodeUrl:https://feeds.wdjh.org/podcasts/sbs_french__sbs_en_franais/20251130_20251130080108-french-2835b984-fba8-4c0b-ae17-ad98ca62e21b.mp3, de.danoeh.antennapod.net.download.service.episode.EpisodeDownloadWorker, episodeDownload } ]
12-01 06:14:37.780 30442 30496 I WM-WorkerWrapper: Worker result FAILURE for Work [ id=01f51295-0875-48dc-ba4f-0c2b266f96ea, tags={ de.danoeh.antennapod.net.download.service.episode.EpisodeDownloadWorker, episodeUrl:https://feeds.wdjh.org/podcasts/sbs_french__sbs_en_franais/20251130_20251130140019-french-e8af9bb9-bb18-4889-acc8-784690a32aa9.mp3, episodeDownload } ]
12-01 06:14:37.902 30442 30442 D ConnectivityManager: unregisterNetworkCallback; CallingUid : 10275, CallingPid : 30442
12-01 06:14:37.904 30442 30497 E ConnectivityManager.CallbackHandler: callback not found for RELEASED message
12-01 06:14:38.021 30442 30442 D ViewRootImpl@fa41c15[MainActivity]: ViewPostImeInputStage processPointer 1
12-01 06:14:38.154 30442 30796 D DBReader: getQueue() called
12-01 06:14:38.161 30442 30796 D DBReader: getFavoriteIDList() called
12-01 06:14:38.162 30442 30796 D DBReader: getQueueIDList() called
12-01 06:14:38.163 30442 30796 D DBReader: Extracting Feedlist
12-01 06:14:38.176 30442 30796 D DBReader: getFavoriteIDList() called
12-01 06:14:38.178 30442 30796 D DBReader: getQueueIDList() called
12-01 06:14:38.179 30442 30796 D DBReader: Extracting Feedlist
12-01 06:14:38.204 30442 30796 D AutoDownloadManager: autodownloadUndownloadedItems
12-01 06:14:38.208 30442 30537 D DownloadAlgorithm: Performing auto-dl of undownloaded episodes
12-01 06:14:38.208 30442 30537 D DBReader: getRecentlyPublishedEpisodes() called with: offset=0, limit=2147483647
12-01 06:14:38.209 30442 30537 D DBReader: getFavoriteIDList() called
12-01 06:14:38.210 30442 30537 D DBReader: getQueueIDList() called
12-01 06:14:38.211 30442 30537 D DBReader: Extracting Feedlist
12-01 06:14:38.221 30442 30442 D NavDrawerFragment: onQueueChanged(de.danoeh.antennapod.event.QueueEvent@517f5fd)
12-01 06:14:38.221 30442 30442 D EpisodesListFragment: onEventMainThread() called with: event = [de.danoeh.antennapod.event.FeedItemEvent@8c42d43]
12-01 06:14:38.225 30442 30537 D DBReader: getQueue() called
12-01 06:14:38.226 30442 31923 D DBReader: Extracting Feedlist
12-01 06:14:38.234 30442 30537 D DBReader: getFavoriteIDList() called
12-01 06:14:38.236 30442 30537 D DBReader: getQueueIDList() called
12-01 06:14:38.239 30442 30537 D DBReader: Extracting Feedlist
12-01 06:14:38.279 30442 30537 I APNullCleanupAlgorithm: performCleanup: Not removing anything
12-01 06:14:38.279 30442 30537 D DownloadAlgorithm: Enqueueing 24 items for download
12-01 06:14:38.314 30442 30470 D ConnectivityManager: requestNetwork; CallingUid : 10275, CallingPid : 30442
12-01 06:14:38.645 30442 30442 D AudioPlayerFragment: currentPosition 00:07:20
12-01 06:14:39.604 30442 30543 D DBReader: getFavoriteIDList() called
12-01 06:14:39.607 30442 30543 D DBReader: getQueueIDList() called
12-01 06:14:39.609 30442 30543 D DBReader: Extracting Feedlist
12-01 06:14:39.623 30442 30543 D UserPreferences: User data folder not writable or not set. Trying default.
12-01 06:14:39.625 30442 30790 D DBReader: getFavoriteIDList() called
12-01 06:14:39.627 30442 30790 D DBReader: getQueueIDList() called
12-01 06:14:39.629 30442 30543 D DownloadRequestCreat: Requesting download of url https://feeds.wdjh.org/podcasts/abc_news_daily/20251128_89.mp3
12-01 06:14:39.629 30442 30790 D DBReader: Extracting Feedlist
12-01 06:14:39.642 30442 30790 D UserPreferences: User data folder not writable or not set. Trying default.
12-01 06:14:39.644 30442 30442 D AudioPlayerFragment: currentPosition 00:07:21
12-01 06:14:39.647 30442 30790 D DownloadRequestCreat: Requesting download of url https://feeds.wdjh.org/podcasts/full_story/20251127_27-20897-FS_HANSON.mp3
12-01 06:14:39.650 30442 30543 D HttpDownloader: addHeader("Accept-Encoding", "identity")
12-01 06:14:39.651 30442 30536 D DBReader: getFavoriteIDList() called
12-01 06:14:39.661 30442 30536 D DBReader: getQueueIDList() called
12-01 06:14:39.669 30442 30543 D HttpDownloader: Response code is 404
12-01 06:14:39.669 30442 30543 D HttpDownloader: onFail() called with: reason = [ERROR_NOT_FOUND], reasonDetailed = [404]
12-01 06:14:39.673 30442 30543 E EpisodeDownloadWorker: Download failed
12-01 06:14:39.676 30442 30543 D EpisodeDownloadWorker: Worker for https://feeds.wdjh.org/podcasts/abc_news_daily/20251128_89.mp3 returned.
12-01 06:14:39.678 30442 30442 D MainActivity: onEvent(de.danoeh.antennapod.event.MessageEvent@997a072)
12-01 06:14:39.684 30442 30442 D TextView: setTypeface with style : 0
12-01 06:14:39.690 30442 30442 D TextView: setTypeface with style : 0
12-01 06:14:39.699 30442 30536 D DBReader: Extracting Feedlist
12-01 06:14:39.702 30442 30790 D HttpDownloader: addHeader("Accept-Encoding", "identity")
12-01 06:14:39.710 30442 30800 D DBReader: getFavoriteIDList() called
12-01 06:14:39.717 30442 30543 D DBReader: getFavoriteIDList() called
12-01 06:14:39.727 30442 30536 D UserPreferences: User data folder not writable or not set. Trying default.
12-01 06:14:39.730 30442 30800 D DBReader: getQueueIDList() called
12-01 06:14:39.736 30442 30543 D DBReader: getQueueIDList() called
12-01 06:14:39.737 30442 30536 D DownloadRequestCreat: Requesting download of url https://feeds.wdjh.org/podcasts/all_things_considered/20251127_20251127_atc_pope_leo_is_traveling_to_turkey_and_lebanon_on_the_first_foreign_trip_of_his_papacy.mp3
12-01 06:14:39.739 30442 30800 D DBReader: Extracting Feedlist
12-01 06:14:39.744 30442 30543 D DBReader: Extracting Feedlist
12-01 06:14:39.745 30442 30442 D ViewRootImpl@fa41c15[MainActivity]: ViewPostImeInputStage processPointer 0
12-01 06:14:39.751 30442 30800 D UserPreferences: User data folder not writable or not set. Trying default.
12-01 06:14:39.754 30442 30800 D DownloadRequestCreat: Requesting download of url https://feeds.wdjh.org/podcasts/all_things_considered/20251127_20251127_atc_there_s_reason_to_be_optimistic_about_the_the_movies_coming_this_holiday_season.mp3
12-01 06:14:39.757 30442 30543 D UserPreferences: User data folder not writable or not set. Trying default.
12-01 06:14:39.765 30442 30543 D DownloadRequestCreat: Requesting download of url https://feeds.wdjh.org/podcasts/all_things_considered/20251127_20251127_atc_the_afghan_resettlement_effort_faces_a_defining_test_after_the_dc_shooting.mp3
12-01 06:14:39.771 30442 30536 D HttpDownloader: addHeader("Accept-Encoding", "identity")
12-01 06:14:39.782 30442 30800 D HttpDownloader: addHeader("Accept-Encoding", "identity")
12-01 06:14:39.788 30442 30543 D HttpDownloader: addHeader("Accept-Encoding", "identity")
12-01 06:14:39.801 30442 30790 D HttpDownloader: Response code is 404
12-01 06:14:39.801 30442 30790 D HttpDownloader: onFail() called with: reason = [ERROR_NOT_FOUND], reasonDetailed = [404]
12-01 06:14:39.803 30442 30790 E EpisodeDownloadWorker: Download failed
12-01 06:14:39.804 30442 30442 D MainActivity: onEvent(de.danoeh.antennapod.event.MessageEvent@b9d4d21)
12-01 06:14:39.806 30442 30790 D EpisodeDownloadWorker: Worker for https://feeds.wdjh.org/podcasts/full_story/20251127_27-20897-FS_HANSON.mp3 returned.
12-01 06:14:39.806 30442 30800 D HttpDownloader: Response code is 404
12-01 06:14:39.806 30442 30800 D HttpDownloader: onFail() called with: reason = [ERROR_NOT_FOUND], reasonDetailed = [404]
12-01 06:14:39.806 30442 30442 D TextView: setTypeface with style : 0
12-01 06:14:39.809 30442 30442 D TextView: setTypeface with style : 0
12-01 06:14:39.810 30442 30800 E EpisodeDownloadWorker: Download failed
12-01 06:14:39.810 30442 30536 D HttpDownloader: Response code is 404
12-01 06:14:39.810 30442 30536 D HttpDownloader: onFail() called with: reason = [ERROR_NOT_FOUND], reasonDetailed = [404]
12-01 06:14:39.812 30442 30800 D EpisodeDownloadWorker: Worker for https://feeds.wdjh.org/podcasts/all_things_considered/20251127_20251127_atc_there_s_reason_to_be_optimistic_about_the_the_movies_coming_this_holiday_season.mp3 returned.
12-01 06:14:39.812 30442 30543 D HttpDownloader: Response code is 404
12-01 06:14:39.812 30442 30543 D HttpDownloader: onFail() called with: reason = [ERROR_NOT_FOUND], reasonDetailed = [404]
12-01 06:14:39.812 30442 30536 E EpisodeDownloadWorker: Download failed
12-01 06:14:39.814 30442 30543 E EpisodeDownloadWorker: Download failed
12-01 06:14:39.814 30442 30536 D EpisodeDownloadWorker: Worker for https://feeds.wdjh.org/podcasts/all_things_considered/20251127_20251127_atc_pope_leo_is_traveling_to_turkey_and_lebanon_on_the_first_foreign_trip_of_his_papacy.mp3 returned.
12-01 06:14:39.816 30442 30543 D EpisodeDownloadWorker: Worker for https://feeds.wdjh.org/podcasts/all_things_considered/20251127_20251127_atc_the_afghan_resettlement_effort_faces_a_defining_test_after_the_dc_shooting.mp3 returned.
12-01 06:14:39.817 30442 30442 D MainActivity: onEvent(de.danoeh.antennapod.event.MessageEvent@29ff72a)
12-01 06:14:39.819 30442 30442 D TextView: setTypeface with style : 0
12-01 06:14:39.821 30442 30442 D TextView: setTypeface with style : 0
12-01 06:14:39.825 30442 30442 D MainActivity: onEvent(de.danoeh.antennapod.event.MessageEvent@600f3ce)
12-01 06:14:39.827 30442 30442 D TextView: setTypeface with style : 0
12-01 06:14:39.828 30442 30442 D TextView: setTypeface with style : 0
12-01 06:14:39.833 30442 30800 D DBReader: getFavoriteIDList() called
12-01 06:14:39.835 30442 30790 D DBReader: getFavoriteIDList() called
12-01 06:14:39.839 30442 30442 D MainActivity: onEvent(de.danoeh.antennapod.event.MessageEvent@da66600)
12-01 06:14:39.841 30442 30536 D DBReader: getFavoriteIDList() called
12-01 06:14:39.841 30442 30442 D TextView: setTypeface with style : 0
12-01 06:14:39.842 30442 30543 D DBReader: getFavoriteIDList() called
12-01 06:14:39.843 30442 30442 D TextView: setTypeface with style : 0
12-01 06:14:39.859 30442 30800 D DBReader: getQueueIDList() called
12-01 06:14:39.859 30442 30790 D DBReader: getQueueIDList() called
12-01 06:14:39.860 30442 30543 D DBReader: getQueueIDList() called
12-01 06:14:39.860 30442 30536 D DBReader: getQueueIDList() called
12-01 06:14:39.866 30442 30800 D DBReader: Extracting Feedlist
12-01 06:14:39.866 30442 30543 D DBReader: Extracting Feedlist
12-01 06:14:39.866 30442 30790 D DBReader: Extracting Feedlist
12-01 06:14:39.866 30442 30536 D DBReader: Extracting Feedlist
12-01 06:14:39.886 30442 30800 D UserPreferences: User data folder not writable or not set. Trying default.
12-01 06:14:39.891 30442 30543 D UserPreferences: User data folder not writable or not set. Trying default.
12-01 06:14:39.891 30442 30536 D UserPreferences: User data folder not writable or not set. Trying default.
12-01 06:14:39.893 30442 30800 D DownloadRequestCreat: Requesting download of url https://feeds.wdjh.org/podcasts/sbs_french__sbs_en_franais/20251128_20251128075814-french-8656a917-6e99-460e-8e3d-5426b1ebf6b6.mp3
12-01 06:14:39.895 30442 30543 D DownloadRequestCreat: Requesting download of url https://feeds.wdjh.org/podcasts/abc_rewind/20251128_61.mp3
12-01 06:14:39.897 30442 30536 D DownloadRequestCreat: Requesting download of url https://feeds.wdjh.org/podcasts/abc_rewind/20251128_63.mp3
12-01 06:14:39.897 30442 30790 D UserPreferences: User data folder not writable or not set. Trying default.
12-01 06:14:39.901 30442 30790 D DownloadRequestCreat: Requesting download of url https://feeds.wdjh.org/podcasts/sbs_french__sbs_en_franais/20251128_20251128082014-french-3218b267-e5d8-4373-9653-ed6f03af0dd5.mp3
12-01 06:14:39.904 30442 30496 I WM-WorkerWrapper: Worker result FAILURE for Work [ id=63f12db5-3a74-4afe-8bca-71ab2b574def, tags={ de.danoeh.antennapod.net.download.service.episode.EpisodeDownloadWorker, episodeUrl:https://feeds.wdjh.org/podcasts/abc_news_daily/20251128_89.mp3, episodeDownload } ]
12-01 06:14:39.910 30442 30800 D HttpDownloader: addHeader("Accept-Encoding", "identity")
12-01 06:14:39.918 30442 30543 D HttpDownloader: addHeader("Accept-Encoding", "identity")
12-01 06:14:39.919 30442 30496 I WM-WorkerWrapper: Worker result FAILURE for Work [ id=80addfa2-2b55-4f9f-8097-eac5bff38aea, tags={ episodeUrl:https://feeds.wdjh.org/podcasts/full_story/20251127_27-20897-FS_HANSON.mp3, de.danoeh.antennapod.net.download.service.episode.EpisodeDownloadWorker, episodeDownload } ]
12-01 06:14:39.926 30442 30536 D HttpDownloader: addHeader("Accept-Encoding", "identity")
12-01 06:14:39.946 30442 30800 D HttpDownloader: Response code is 404
12-01 06:14:39.946 30442 30800 D HttpDownloader: onFail() called with: reason = [ERROR_NOT_FOUND], reasonDetailed = [404]
12-01 06:14:39.949 30442 30800 E EpisodeDownloadWorker: Download failed
12-01 06:14:39.950 30442 30790 D HttpDownloader: addHeader("Accept-Encoding", "identity")
12-01 06:14:39.951 30442 30800 D EpisodeDownloadWorker: Worker for https://feeds.wdjh.org/podcasts/sbs_french__sbs_en_franais/20251128_20251128075814-french-8656a917-6e99-460e-8e3d-5426b1ebf6b6.mp3 returned.
12-01 06:14:39.952 30442 30543 D HttpDownloader: Response code is 404
12-01 06:14:39.952 30442 30543 D HttpDownloader: onFail() called with: reason = [ERROR_NOT_FOUND], reasonDetailed = [404]
12-01 06:14:39.952 30442 30536 D HttpDownloader: Response code is 404
12-01 06:14:39.952 30442 30536 D HttpDownloader: onFail() called with: reason = [ERROR_NOT_FOUND], reasonDetailed = [404]
12-01 06:14:39.956 30442 30543 E EpisodeDownloadWorker: Download failed
12-01 06:14:39.961 30442 30536 E EpisodeDownloadWorker: Download failed
12-01 06:14:39.962 30442 30543 D EpisodeDownloadWorker: Worker for https://feeds.wdjh.org/podcasts/abc_rewind/20251128_61.mp3 returned.
12-01 06:14:39.963 30442 30536 D EpisodeDownloadWorker: Worker for https://feeds.wdjh.org/podcasts/abc_rewind/20251128_63.mp3 returned.
12-01 06:14:39.969 30442 30800 D DBReader: getFavoriteIDList() called
12-01 06:14:39.973 30442 30543 D DBReader: getFavoriteIDList() called
12-01 06:14:39.974 30442 30790 D HttpDownloader: Response code is 404
12-01 06:14:39.974 30442 30790 D HttpDownloader: onFail() called with: reason = [ERROR_NOT_FOUND], reasonDetailed = [404]
12-01 06:14:39.975 30442 30536 D DBReader: getFavoriteIDList() called
12-01 06:14:39.977 30442 30790 E EpisodeDownloadWorker: Download failed
12-01 06:14:39.980 30442 30790 D EpisodeDownloadWorker: Worker for https://feeds.wdjh.org/podcasts/sbs_french__sbs_en_franais/20251128_20251128082014-french-3218b267-e5d8-4373-9653-ed6f03af0dd5.mp3 returned.
12-01 06:14:39.998 30442 30543 D DBReader: getQueueIDList() called
12-01 06:14:39.998 30442 30536 D DBReader: getQueueIDList() called
12-01 06:14:40.008 30442 30800 D DBReader: getQueueIDList() called
12-01 06:14:40.010 30442 30790 D DBReader: getFavoriteIDList() called
12-01 06:14:40.012 30442 30543 D DBReader: Extracting Feedlist
12-01 06:14:40.022 30442 30536 D DBReader: Extracting Feedlist
12-01 06:14:40.022 30442 30800 D DBReader: Extracting Feedlist
12-01 06:14:40.023 30442 30790 D DBReader: getQueueIDList() called
12-01 06:14:40.024 30442 30790 D DBReader: Extracting Feedlist
12-01 06:14:40.031 30442 30442 D MainActivity: onEvent(de.danoeh.antennapod.event.MessageEvent@a9587a9)
12-01 06:14:40.033 30442 30800 D UserPreferences: User data folder not writable or not set. Trying default.
12-01 06:14:40.034 30442 30442 D TextView: setTypeface with style : 0
12-01 06:14:40.038 30442 30442 D TextView: setTypeface with style : 0
12-01 06:14:40.042 30442 30800 D DownloadRequestCreat: Requesting download of url https://feeds.wdjh.org/podcasts/knowledge_fight/20251128_Nov15-2025.mp3
12-01 06:14:40.046 30442 30459 I WM-WorkerWrapper: Worker result FAILURE for Work [ id=56570b11-33de-4ff9-a1df-1134e319a904, tags={ de.danoeh.antennapod.net.download.service.episode.EpisodeDownloadWorker, episodeUrl:https://feeds.wdjh.org/podcasts/all_things_considered/20251127_20251127_atc_there_s_reason_to_be_optimistic_about_the_the_movies_coming_this_holiday_season.mp3, episodeDownload } ]
12-01 06:14:40.047 30442 30536 D UserPreferences: User data folder not writable or not set. Trying default.
12-01 06:14:40.050 30442 30543 D UserPreferences: User data folder not writable or not set. Trying default.
12-01 06:14:40.051 30442 30536 D DownloadRequestCreat: Requesting download of url https://feeds.wdjh.org/podcasts/mushroom_case_daily/20251128_b8.mp3
12-01 06:14:40.053 30442 30543 D DownloadRequestCreat: Requesting download of url https://feeds.wdjh.org/podcasts/the_conditional_release_program/20251128_stream.mp3
12-01 06:14:40.053 30442 30790 D UserPreferences: User data folder not writable or not set. Trying default.
12-01 06:14:40.055 30442 30790 D DownloadRequestCreat: Requesting download of url https://feeds.wdjh.org/podcasts/background_briefing/20251129_ph.mp3
12-01 06:14:40.068 30442 30800 D HttpDownloader: addHeader("Accept-Encoding", "identity")
12-01 06:14:40.078 30442 30536 D HttpDownloader: addHeader("Accept-Encoding", "identity")
12-01 06:14:40.087 30442 30543 D HttpDownloader: addHeader("Accept-Encoding", "identity")
12-01 06:14:40.087 30442 30800 D HttpDownloader: Response code is 404
12-01 06:14:40.087 30442 30800 D HttpDownloader: onFail() called with: reason = [ERROR_NOT_FOUND], reasonDetailed = [404]
12-01 06:14:40.089 30442 30800 E EpisodeDownloadWorker: Download failed
12-01 06:14:40.090 30442 30800 D EpisodeDownloadWorker: Worker for https://feeds.wdjh.org/podcasts/knowledge_fight/20251128_Nov15-2025.mp3 returned.
12-01 06:14:40.091 30442 30536 D HttpDownloader: Response code is 404
12-01 06:14:40.091 30442 30536 D HttpDownloader: onFail() called with: reason = [ERROR_NOT_FOUND], reasonDetailed = [404]
12-01 06:14:40.097 30442 30543 D HttpDownloader: Response code is 404
12-01 06:14:40.097 30442 30543 D HttpDownloader: onFail() called with: reason = [ERROR_NOT_FOUND], reasonDetailed = [404]
12-01 06:14:40.097 30442 30536 E EpisodeDownloadWorker: Download failed
12-01 06:14:40.098 30442 30536 D EpisodeDownloadWorker: Worker for https://feeds.wdjh.org/podcasts/mushroom_case_daily/20251128_b8.mp3 returned.
12-01 06:14:40.098 30442 30543 E EpisodeDownloadWorker: Download failed
12-01 06:14:40.100 30442 30543 D EpisodeDownloadWorker: Worker for https://feeds.wdjh.org/podcasts/the_conditional_release_program/20251128_stream.mp3 returned.
12-01 06:14:40.100 30442 30790 D HttpDownloader: addHeader("Accept-Encoding", "identity")
12-01 06:14:40.101 30442 30800 D DBReader: getFavoriteIDList() called
12-01 06:14:40.103 30442 30536 D DBReader: getFavoriteIDList() called
12-01 06:14:40.109 30442 30790 D HttpDownloader: Response code is 404
12-01 06:14:40.109 30442 30790 D HttpDownloader: onFail() called with: reason = [ERROR_NOT_FOUND], reasonDetailed = [404]
12-01 06:14:40.111 30442 30790 E EpisodeDownloadWorker: Download failed
12-01 06:14:40.113 30442 30790 D EpisodeDownloadWorker: Worker for https://feeds.wdjh.org/podcasts/background_briefing/20251129_ph.mp3 returned.
12-01 06:14:40.115 30442 30543 D DBReader: getFavoriteIDList() called
12-01 06:14:40.116 30442 30800 D DBReader: getQueueIDList() called
12-01 06:14:40.116 30442 30536 D DBReader: getQueueIDList() called
12-01 06:14:40.118 30442 30459 I WM-WorkerWrapper: Worker result FAILURE for Work [ id=863816cb-fc86-402f-b3f8-d14c78b0e018, tags={ episodeUrl:https://feeds.wdjh.org/podcasts/all_things_considered/20251127_20251127_atc_pope_leo_is_traveling_to_turkey_and_lebanon_on_the_first_foreign_trip_of_his_papacy.mp3, de.danoeh.antennapod.net.download.service.episode.EpisodeDownloadWorker, episodeDownload } ]
12-01 06:14:40.121 30442 30442 D ItemDescriptionFragment: Saving preferences
12-01 06:14:40.121 30442 30442 D ItemDescriptionFragment: Saving scroll position: 0
12-01 06:14:40.135 30442 30790 D DBReader: getFavoriteIDList() called
12-01 06:14:40.136 30442 30543 D DBReader: getQueueIDList() called
12-01 06:14:40.139 30442 30800 D DBReader: Extracting Feedlist
12-01 06:14:40.140 30442 30536 D DBReader: Extracting Feedlist
12-01 06:14:40.141 30442 30790 D DBReader: getQueueIDList() called
12-01 06:14:40.143 30442 30543 D DBReader: Extracting Feedlist
12-01 06:14:40.145 30442 30442 D MainActivity: onEvent(de.danoeh.antennapod.event.MessageEvent@8666c1d)
12-01 06:14:40.147 30442 30459 I WM-WorkerWrapper: Worker result FAILURE for Work [ id=879403ee-7b2e-462e-8f78-d76c6d3e8bee, tags={ de.danoeh.antennapod.net.download.service.episode.EpisodeDownloadWorker, episodeUrl:https://feeds.wdjh.org/podcasts/all_things_considered/20251127_20251127_atc_the_afghan_resettlement_effort_faces_a_defining_test_after_the_dc_shooting.mp3, episodeDownload } ]
12-01 06:14:40.147 30442 30442 D TextView: setTypeface with style : 0
12-01 06:14:40.150 30442 30442 D TextView: setTypeface with style : 0
12-01 06:14:40.154 30442 30800 D UserPreferences: User data folder not writable or not set. Trying default.
12-01 06:14:40.154 30442 30442 D MainActivity: onEvent(de.danoeh.antennapod.event.MessageEvent@68beeb6)
12-01 06:14:40.156 30442 30442 D TextView: setTypeface with style : 0
12-01 06:14:40.157 30442 30442 D TextView: setTypeface with style : 0
12-01 06:14:40.158 30442 30800 D DownloadRequestCreat: Requesting download of url https://feeds.wdjh.org/podcasts/the_steve_matthes_show_on_racerx/20251130_251129_wsx_pulpcasts.mp3
12-01 06:14:40.164 30442 30442 D ItemDescriptionFragment: Saving preferences
12-01 06:14:40.164 30442 30442 D ItemDescriptionFragment: Saving scroll position: 0
12-01 06:14:40.168 30442 30790 D DBReader: Extracting Feedlist
12-01 06:14:40.178 30442 30536 D UserPreferences: User data folder not writable or not set. Trying default.
12-01 06:14:40.182 30442 30536 D DownloadRequestCreat: Requesting download of url https://feeds.wdjh.org/podcasts/politics_now/20251129_n6.mp3
12-01 06:14:40.182 30442 30543 D UserPreferences: User data folder not writable or not set. Trying default.
12-01 06:14:40.186 30442 30543 D DownloadRequestCreat: Requesting download of url https://feeds.wdjh.org/podcasts/sbs_french__sbs_en_franais/20251129_20251129140016-french-5f122eb7-3ad2-4c02-bdd1-ef71284f277e.mp3
12-01 06:14:40.193 30442 30790 D UserPreferences: User data folder not writable or not set. Trying default.
12-01 06:14:40.196 30442 30800 D HttpDownloader: addHeader("Accept-Encoding", "identity")
12-01 06:14:40.197 30442 30790 D DownloadRequestCreat: Requesting download of url https://feeds.wdjh.org/podcasts/sbs_french__sbs_en_franais/20251129_20251129080514-french-20de8e09-e60d-483d-a5ae-543038947af9.mp3
12-01 06:14:40.209 30442 30536 D HttpDownloader: addHeader("Accept-Encoding", "identity")
12-01 06:14:40.219 30442 30543 D HttpDownloader: addHeader("Accept-Encoding", "identity")
12-01 06:14:40.231 30442 30790 D HttpDownloader: addHeader("Accept-Encoding", "identity")
12-01 06:14:40.258 30442 30442 D MainActivity: onEvent(de.danoeh.antennapod.event.MessageEvent@62d16a8)
12-01 06:14:40.261 30442 30442 D TextView: setTypeface with style : 0
12-01 06:14:40.264 30442 30442 D TextView: setTypeface with style : 0
12-01 06:14:40.277 30442 30800 D HttpDownloader: Response code is 404
12-01 06:14:40.277 30442 30800 D HttpDownloader: onFail() called with: reason = [ERROR_NOT_FOUND], reasonDetailed = [404]
12-01 06:14:40.279 30442 30800 E EpisodeDownloadWorker: Download failed
12-01 06:14:40.281 30442 30800 D EpisodeDownloadWorker: Worker for https://feeds.wdjh.org/podcasts/the_steve_matthes_show_on_racerx/20251130_251129_wsx_pulpcasts.mp3 returned.
12-01 06:14:40.284 30442 30536 D HttpDownloader: Response code is 404
12-01 06:14:40.284 30442 30536 D HttpDownloader: onFail() called with: reason = [ERROR_NOT_FOUND], reasonDetailed = [404]
12-01 06:14:40.287 30442 30790 D HttpDownloader: Response code is 404
12-01 06:14:40.287 30442 30790 D HttpDownloader: onFail() called with: reason = [ERROR_NOT_FOUND], reasonDetailed = [404]
12-01 06:14:40.289 30442 30790 E EpisodeDownloadWorker: Download failed
12-01 06:14:40.289 30442 30543 D HttpDownloader: Response code is 404
12-01 06:14:40.289 30442 30543 D HttpDownloader: onFail() called with: reason = [ERROR_NOT_FOUND], reasonDetailed = [404]
12-01 06:14:40.291 30442 30790 D EpisodeDownloadWorker: Worker for https://feeds.wdjh.org/podcasts/sbs_french__sbs_en_franais/20251129_20251129080514-french-20de8e09-e60d-483d-a5ae-543038947af9.mp3 returned.
12-01 06:14:40.291 30442 30536 E EpisodeDownloadWorker: Download failed
12-01 06:14:40.291 30442 30543 E EpisodeDownloadWorker: Download failed
12-01 06:14:40.292 30442 30536 D EpisodeDownloadWorker: Worker for https://feeds.wdjh.org/podcasts/politics_now/20251129_n6.mp3 returned.
12-01 06:14:40.294 30442 30543 D EpisodeDownloadWorker: Worker for https://feeds.wdjh.org/podcasts/sbs_french__sbs_en_franais/20251129_20251129140016-french-5f122eb7-3ad2-4c02-bdd1-ef71284f277e.mp3 returned.
12-01 06:14:40.309 30442 30800 D DBReader: getFavoriteIDList() called
12-01 06:14:40.314 30442 30790 D DBReader: getFavoriteIDList() called
12-01 06:14:40.316 30442 30536 D DBReader: getFavoriteIDList() called
12-01 06:14:40.324 30442 30442 D ViewRootImpl@fa41c15[MainActivity]: ViewPostImeInputStage processPointer 1
12-01 06:14:40.325 30442 30543 D DBReader: getFavoriteIDList() called
12-01 06:14:40.325 30442 30800 D DBReader: getQueueIDList() called
12-01 06:14:40.326 30442 30442 D ItemDescriptionFragment: Saving preferences
12-01 06:14:40.326 30442 30442 D ItemDescriptionFragment: Saving scroll position: 0
12-01 06:14:40.328 30442 30790 D DBReader: getQueueIDList() called
12-01 06:14:40.329 30442 30536 D DBReader: getQueueIDList() called
12-01 06:14:40.340 30442 30543 D DBReader: getQueueIDList() called
12-01 06:14:40.342 30442 30800 D DBReader: Extracting Feedlist
12-01 06:14:40.343 30442 30790 D DBReader: Extracting Feedlist
12-01 06:14:40.344 30442 30536 D DBReader: Extracting Feedlist
12-01 06:14:40.348 30442 30470 I WM-WorkerWrapper: Worker result FAILURE for Work [ id=96779ca6-1863-484e-a14f-846184796807, tags={ de.danoeh.antennapod.net.download.service.episode.EpisodeDownloadWorker, episodeUrl:https://feeds.wdjh.org/podcasts/sbs_french__sbs_en_franais/20251128_20251128075814-french-8656a917-6e99-460e-8e3d-5426b1ebf6b6.mp3, episodeDownload } ]
12-01 06:14:40.354 30442 30543 D DBReader: Extracting Feedlist
12-01 06:14:40.362 30442 30800 D UserPreferences: User data folder not writable or not set. Trying default.
12-01 06:14:40.364 30442 30790 D UserPreferences: User data folder not writable or not set. Trying default.
12-01 06:14:40.369 30442 30536 D UserPreferences: User data folder not writable or not set. Trying default.
12-01 06:14:40.370 30442 30543 D UserPreferences: User data folder not writable or not set. Trying default.
12-01 06:14:40.374 30442 30800 D DownloadRequestCreat: Requesting download of url https://feeds.wdjh.org/podcasts/the_racer_x_podcast_network/20251128_WeegeshowWednesdayAus_1.mp3
12-01 06:14:40.374 30442 30790 D DownloadRequestCreat: Requesting download of url https://feeds.wdjh.org/podcasts/boonta_vista/20251129_2220966239-boontavista-episode-424.mp3
12-01 06:14:40.376 30442 30536 D DownloadRequestCreat: Requesting download of url https://feeds.wdjh.org/podcasts/rc_plane_lab/20251128_EP199.mp3
12-01 06:14:40.377 30442 30543 D DownloadRequestCreat: Requesting download of url https://feeds.wdjh.org/podcasts/abc_rewind/20251129_06.mp3
12-01 06:14:40.391 30442 30800 D HttpDownloader: addHeader("Accept-Encoding", "identity")
12-01 06:14:40.397 30442 30790 D HttpDownloader: addHeader("Accept-Encoding", "identity")
12-01 06:14:40.404 30442 30442 D MainActivity: onEvent(de.danoeh.antennapod.event.MessageEvent@61f0eb5)
12-01 06:14:40.408 30442 30442 D TextView: setTypeface with style : 0
12-01 06:14:40.411 30442 30470 I WM-WorkerWrapper: Worker result FAILURE for Work [ id=d653d72c-4b65-449c-93c9-4ac3da9f7905, tags={ de.danoeh.antennapod.net.download.service.episode.EpisodeDownloadWorker, episodeUrl:https://feeds.wdjh.org/podcasts/abc_rewind/20251128_61.mp3, episodeDownload } ]
12-01 06:14:40.412 30442 30442 D TextView: setTypeface with style : 0
12-01 06:14:40.419 30442 30536 D HttpDownloader: addHeader("Accept-Encoding", "identity")
12-01 06:14:40.432 30442 30470 I WM-WorkerWrapper: Worker result FAILURE for Work [ id=2766feb7-6a7e-41f0-8eae-1e13c1b9479f, tags={ episodeUrl:https://feeds.wdjh.org/podcasts/abc_rewind/20251128_63.mp3, de.danoeh.antennapod.net.download.service.episode.EpisodeDownloadWorker, episodeDownload } ]
12-01 06:14:40.433 30442 30543 D HttpDownloader: addHeader("Accept-Encoding", "identity")
12-01 06:14:40.446 30442 30470 I WM-WorkerWrapper: Worker result FAILURE for Work [ id=a091a8de-1c0d-43e3-a706-db3bf08bc5fa, tags={ episodeUrl:https://feeds.wdjh.org/podcasts/sbs_french__sbs_en_franais/20251128_20251128082014-french-3218b267-e5d8-4373-9653-ed6f03af0dd5.mp3, de.danoeh.antennapod.net.download.service.episode.EpisodeDownloadWorker, episodeDownload } ]
12-01 06:14:40.456 30442 30442 D ItemDescriptionFragment: Saving preferences
12-01 06:14:40.456 30442 30442 D ItemDescriptionFragment: Saving scroll position: 0
12-01 06:14:40.462 30442 30800 D HttpDownloader: Response code is 404
12-01 06:14:40.462 30442 30800 D HttpDownloader: onFail() called with: reason = [ERROR_NOT_FOUND], reasonDetailed = [404]
12-01 06:14:40.464 30442 30800 E EpisodeDownloadWorker: Download failed
12-01 06:14:40.466 30442 30800 D EpisodeDownloadWorker: Worker for https://feeds.wdjh.org/podcasts/the_racer_x_podcast_network/20251128_WeegeshowWednesdayAus_1.mp3 returned.
12-01 06:14:40.473 30442 30442 D MainActivity: onEvent(de.danoeh.antennapod.event.MessageEvent@c016a87)
12-01 06:14:40.474 30442 30790 D HttpDownloader: Response code is 404
12-01 06:14:40.474 30442 30790 D HttpDownloader: onFail() called with: reason = [ERROR_NOT_FOUND], reasonDetailed = [404]
12-01 06:14:40.475 30442 30442 D TextView: setTypeface with style : 0
12-01 06:14:40.476 30442 30470 I WM-WorkerWrapper: Worker result FAILURE for Work [ id=5249e7a4-0b80-4b13-bb33-fdbaf01cece6, tags={ episodeUrl:https://feeds.wdjh.org/podcasts/knowledge_fight/20251128_Nov15-2025.mp3, de.danoeh.antennapod.net.download.service.episode.EpisodeDownloadWorker, episodeDownload } ]
12-01 06:14:40.476 30442 30442 D TextView: setTypeface with style : 0
12-01 06:14:40.480 30442 30442 D MainActivity: onEvent(de.danoeh.antennapod.event.MessageEvent@17084aa)
12-01 06:14:40.481 30442 30442 D TextView: setTypeface with style : 0
12-01 06:14:40.481 30442 30790 E EpisodeDownloadWorker: Download failed
12-01 06:14:40.482 30442 30536 D HttpDownloader: Response code is 404
12-01 06:14:40.482 30442 30536 D HttpDownloader: onFail() called with: reason = [ERROR_NOT_FOUND], reasonDetailed = [404]
12-01 06:14:40.482 30442 30442 D TextView: setTypeface with style : 0
12-01 06:14:40.483 30442 30790 D EpisodeDownloadWorker: Worker for https://feeds.wdjh.org/podcasts/boonta_vista/20251129_2220966239-boontavista-episode-424.mp3 returned.
12-01 06:14:40.485 30442 30543 D HttpDownloader: Response code is 404
12-01 06:14:40.485 30442 30543 D HttpDownloader: onFail() called with: reason = [ERROR_NOT_FOUND], reasonDetailed = [404]
12-01 06:14:40.485 30442 30536 E EpisodeDownloadWorker: Download failed
12-01 06:14:40.488 30442 30536 D EpisodeDownloadWorker: Worker for https://feeds.wdjh.org/podcasts/rc_plane_lab/20251128_EP199.mp3 returned.
12-01 06:14:40.489 30442 30543 E EpisodeDownloadWorker: Download failed
12-01 06:14:40.492 30442 30800 D DBReader: getFavoriteIDList() called
12-01 06:14:40.494 30442 30790 D DBReader: getFavoriteIDList() called
12-01 06:14:40.494 30442 30543 D EpisodeDownloadWorker: Worker for https://feeds.wdjh.org/podcasts/abc_rewind/20251129_06.mp3 returned.
12-01 06:14:40.515 30442 30536 D DBReader: getFavoriteIDList() called
12-01 06:14:40.516 30442 30800 D DBReader: getQueueIDList() called
12-01 06:14:40.516 30442 30790 D DBReader: getQueueIDList() called
12-01 06:14:40.523 30442 30536 D DBReader: getQueueIDList() called
12-01 06:14:40.524 30442 30800 D DBReader: Extracting Feedlist
12-01 06:14:40.524 30442 30790 D DBReader: Extracting Feedlist
12-01 06:14:40.530 30442 30536 D DBReader: Extracting Feedlist
12-01 06:14:40.532 30442 30442 D ItemDescriptionFragment: Saving preferences
12-01 06:14:40.533 30442 30442 D ItemDescriptionFragment: Saving scroll position: 0
12-01 06:14:40.542 30442 30536 D UserPreferences: User data folder not writable or not set. Trying default.
12-01 06:14:40.543 30442 30800 D UserPreferences: User data folder not writable or not set. Trying default.
12-01 06:14:40.544 30442 30790 D UserPreferences: User data folder not writable or not set. Trying default.
12-01 06:14:40.547 30442 30536 D DownloadRequestCreat: Requesting download of url https://feeds.wdjh.org/podcasts/sbs_french__sbs_en_franais/20251130_20251130140019-french-e8af9bb9-bb18-4889-acc8-784690a32aa9.mp3
12-01 06:14:40.549 30442 30800 D DownloadRequestCreat: Requesting download of url https://feeds.wdjh.org/podcasts/all_in_the_mind/20251130_1u.mp3
12-01 06:14:40.551 30442 30790 D DownloadRequestCreat: Requesting download of url https://feeds.wdjh.org/podcasts/sbs_french__sbs_en_franais/20251130_20251130080108-french-2835b984-fba8-4c0b-ae17-ad98ca62e21b.mp3
12-01 06:14:40.565 30442 30536 D HttpDownloader: addHeader("Accept-Encoding", "identity")
12-01 06:14:40.580 30442 30800 D HttpDownloader: addHeader("Accept-Encoding", "identity")
12-01 06:14:40.585 30442 30790 D HttpDownloader: addHeader("Accept-Encoding", "identity")
12-01 06:14:40.653 30442 30536 D HttpDownloader: Response code is 404
12-01 06:14:40.653 30442 30536 D HttpDownloader: onFail() called with: reason = [ERROR_NOT_FOUND], reasonDetailed = [404]
12-01 06:14:40.654 30442 30536 E EpisodeDownloadWorker: Download failed
12-01 06:14:40.655 30442 30536 D EpisodeDownloadWorker: Worker for https://feeds.wdjh.org/podcasts/sbs_french__sbs_en_franais/20251130_20251130140019-french-e8af9bb9-bb18-4889-acc8-784690a32aa9.mp3 returned.
12-01 06:14:40.657 30442 30800 D HttpDownloader: Response code is 404
12-01 06:14:40.657 30442 30800 D HttpDownloader: onFail() called with: reason = [ERROR_NOT_FOUND], reasonDetailed = [404]
12-01 06:14:40.657 30442 30790 D HttpDownloader: Response code is 404
12-01 06:14:40.657 30442 30790 D HttpDownloader: onFail() called with: reason = [ERROR_NOT_FOUND], reasonDetailed = [404]
12-01 06:14:40.658 30442 30800 E EpisodeDownloadWorker: Download failed
12-01 06:14:40.658 30442 30790 E EpisodeDownloadWorker: Download failed
12-01 06:14:40.659 30442 30790 D EpisodeDownloadWorker: Worker for https://feeds.wdjh.org/podcasts/sbs_french__sbs_en_franais/20251130_20251130080108-french-2835b984-fba8-4c0b-ae17-ad98ca62e21b.mp3 returned.
12-01 06:14:40.662 30442 30800 D EpisodeDownloadWorker: Worker for https://feeds.wdjh.org/podcasts/all_in_the_mind/20251130_1u.mp3 returned.
12-01 06:14:40.717 30442 30442 D MainActivity: onEvent(de.danoeh.antennapod.event.MessageEvent@ca7ec49)
12-01 06:14:40.718 30442 30442 D TextView: setTypeface with style : 0
12-01 06:14:40.720 30442 30442 D TextView: setTypeface with style : 0
12-01 06:14:40.723 30442 30442 D MainActivity: onEvent(de.danoeh.antennapod.event.MessageEvent@b661614)
12-01 06:14:40.724 30442 30442 D TextView: setTypeface with style : 0
12-01 06:14:40.726 30442 30442 D TextView: setTypeface with style : 0
12-01 06:14:40.730 30442 30442 D ItemDescriptionFragment: Saving preferences
12-01 06:14:40.730 30442 30442 D ItemDescriptionFragment: Saving scroll position: 0
12-01 06:14:40.732 30442 30442 D AudioPlayerFragment: currentPosition 00:07:22
12-01 06:14:40.742 30442 30442 D MainActivity: onEvent(de.danoeh.antennapod.event.MessageEvent@57e607b)
12-01 06:14:40.743 30442 30442 D TextView: setTypeface with style : 0
12-01 06:14:40.744 30442 30442 D TextView: setTypeface with style : 0
12-01 06:14:40.748 30442 30442 D MainActivity: onEvent(de.danoeh.antennapod.event.MessageEvent@be246ae)
12-01 06:14:40.750 30442 30442 D TextView: setTypeface with style : 0
12-01 06:14:40.751 30442 30442 D TextView: setTypeface with style : 0
12-01 06:14:40.755 30442 30442 D ItemDescriptionFragment: Saving preferences
12-01 06:14:40.755 30442 30442 D ItemDescriptionFragment: Saving scroll position: 0
12-01 06:14:40.759 30442 30470 I WM-WorkerWrapper: Worker result FAILURE for Work [ id=4ffe65d5-ebcf-4803-a65d-35fa1c3c0d6f, tags={ episodeUrl:https://feeds.wdjh.org/podcasts/mushroom_case_daily/20251128_b8.mp3, de.danoeh.antennapod.net.download.service.episode.EpisodeDownloadWorker, episodeDownload } ]
12-01 06:14:40.761 30442 30442 D MainActivity: onEvent(de.danoeh.antennapod.event.MessageEvent@c494f9d)
12-01 06:14:40.768 30442 30442 D TextView: setTypeface with style : 0
12-01 06:14:40.770 30442 30442 D TextView: setTypeface with style : 0
12-01 06:14:40.774 30442 30442 D ItemDescriptionFragment: Saving preferences
12-01 06:14:40.774 30442 30442 D ItemDescriptionFragment: Saving scroll position: 0
12-01 06:14:40.780 30442 30442 D MainActivity: onEvent(de.danoeh.antennapod.event.MessageEvent@1568f8)
12-01 06:14:40.782 30442 30442 D TextView: setTypeface with style : 0
12-01 06:14:40.783 30442 30442 D TextView: setTypeface with style : 0
12-01 06:14:40.786 30442 30442 D MainActivity: onEvent(de.danoeh.antennapod.event.MessageEvent@d6f1e2f)
12-01 06:14:40.787 30442 30442 D TextView: setTypeface with style : 0
12-01 06:14:40.789 30442 30442 D TextView: setTypeface with style : 0
12-01 06:14:40.793 30442 30442 D ItemDescriptionFragment: Saving preferences
12-01 06:14:40.793 30442 30442 D ItemDescriptionFragment: Saving scroll position: 0
12-01 06:14:40.796 30442 30442 D MainActivity: onEvent(de.danoeh.antennapod.event.MessageEvent@535db72)
12-01 06:14:40.798 30442 30442 D TextView: setTypeface with style : 0
12-01 06:14:40.799 30442 30442 D TextView: setTypeface with style : 0
12-01 06:14:40.802 30442 30442 D MainActivity: onEvent(de.danoeh.antennapod.event.MessageEvent@b402cb1)
12-01 06:14:40.804 30442 30442 D TextView: setTypeface with style : 0
12-01 06:14:40.805 30442 30442 D TextView: setTypeface with style : 0
12-01 06:14:40.809 30442 30442 D ItemDescriptionFragment: Saving preferences
12-01 06:14:40.809 30442 30442 D ItemDescriptionFragment: Saving scroll position: 0
12-01 06:14:40.813 30442 30442 D MainActivity: onEvent(de.danoeh.antennapod.event.MessageEvent@b32a89c)
12-01 06:14:40.815 30442 30442 D TextView: setTypeface with style : 0
12-01 06:14:40.816 30442 30442 D TextView: setTypeface with style : 0
12-01 06:14:40.820 30442 30442 D MainActivity: onEvent(de.danoeh.antennapod.event.MessageEvent@e05f7a3)
12-01 06:14:40.821 30442 30442 D TextView: setTypeface with style : 0
12-01 06:14:40.823 30442 30442 D TextView: setTypeface with style : 0
12-01 06:14:40.827 30442 30442 D ItemDescriptionFragment: Saving preferences
12-01 06:14:40.827 30442 30442 D ItemDescriptionFragment: Saving scroll position: 0
12-01 06:14:40.831 30442 30442 D MainActivity: onEvent(de.danoeh.antennapod.event.MessageEvent@b7926f6)
12-01 06:14:40.833 30442 30442 D TextView: setTypeface with style : 0
12-01 06:14:40.834 30442 30442 D TextView: setTypeface with style : 0
12-01 06:14:40.841 30442 30442 D ItemDescriptionFragment: Saving preferences
12-01 06:14:40.841 30442 30442 D ItemDescriptionFragment: Saving scroll position: 0
12-01 06:14:40.842 30442 30470 I WM-WorkerWrapper: Worker result FAILURE for Work [ id=35b43366-d478-48ec-9369-579e7798238f, tags={ de.danoeh.antennapod.net.download.service.episode.EpisodeDownloadWorker, episodeUrl:https://feeds.wdjh.org/podcasts/the_conditional_release_program/20251128_stream.mp3, episodeDownload } ]
12-01 06:14:40.856 30442 30442 D ItemDescriptionFragment: Saving preferences
12-01 06:14:40.856 30442 30442 D ItemDescriptionFragment: Saving scroll position: 0
12-01 06:14:40.874 30442 30442 D ItemDescriptionFragment: Saving preferences
12-01 06:14:40.874 30442 30442 D ItemDescriptionFragment: Saving scroll position: 0
12-01 06:14:40.889 30442 30442 D ItemDescriptionFragment: Saving preferences
12-01 06:14:40.889 30442 30442 D ItemDescriptionFragment: Saving scroll position: 0
