12-01 06:16:14.034 30442 30459 I WM-WorkerWrapper: Worker result FAILURE for Work [ id=a96bf6fe-05e4-4f9f-9b7f-0c8c2d96a479, tags={ episodeUrl:https://feeds.wdjh.org/podcasts/rc_plane_lab/20251128_EP199.mp3, de.danoeh.antennapod.net.download.service.episode.EpisodeDownloadWorker, episodeDownload } ]
12-01 06:16:14.052 30442 30459 I WM-WorkerWrapper: Worker result FAILURE for Work [ id=5b89f953-592d-49f7-8e08-fbb51ca7303c, tags={ episodeUrl:https://feeds.wdjh.org/podcasts/abc_rewind/20251129_06.mp3, de.danoeh.antennapod.net.download.service.episode.EpisodeDownloadWorker, episodeDownload } ]
12-01 06:16:14.058 30442 30459 I WM-WorkerWrapper: Worker result FAILURE for Work [ id=357ef1a5-553d-4399-902c-e41a989b967d, tags={ episodeUrl:https://feeds.wdjh.org/podcasts/all_in_the_mind/20251130_1u.mp3, de.danoeh.antennapod.net.download.service.episode.EpisodeDownloadWorker, episodeDownload } ]
12-01 06:16:14.067 30442 30459 I WM-WorkerWrapper: Worker result FAILURE for Work [ id=978eade0-ea45-4f64-8d36-7ed91f27595b, tags={ episodeUrl:https://feeds.wdjh.org/podcasts/sbs_french__sbs_en_franais/20251130_20251130080108-french-2835b984-fba8-4c0b-ae17-ad98ca62e21b.mp3, de.danoeh.antennapod.net.download.service.episode.EpisodeDownloadWorker, episodeDownload } ]
12-01 06:16:14.086 30442 30459 I WM-WorkerWrapper: Worker result FAILURE for Work [ id=42b26e65-4da6-42c2-8aa8-371ec82a0d5b, tags={ de.danoeh.antennapod.net.download.service.episode.EpisodeDownloadWorker, episodeUrl:https://feeds.wdjh.org/podcasts/sbs_french__sbs_en_franais/20251130_20251130140019-french-e8af9bb9-bb18-4889-acc8-784690a32aa9.mp3, episodeDownload } ]
12-01 06:16:14.100 30442 30459 I WM-WorkerWrapper: Worker result FAILURE for Work [ id=4da4ad72-f917-4e38-a609-b00e3bb75e36, tags={ de.danoeh.antennapod.net.download.service.episode.EpisodeDownloadWorker, episodeUrl:https://feeds.wdjh.org/podcasts/unravel/20251127_9v.mp3, episodeDownload } ]
12-01 06:16:14.344 30442 30442 D ConnectivityManager: unregisterNetworkCallback; CallingUid : 10275, CallingPid : 30442
12-01 06:16:14.350 30442 30497 E ConnectivityManager.CallbackHandler: callback not found for RELEASED message
12-01 06:16:14.370 30442 30442 D ViewRootImpl@fa41c15[MainActivity]: ViewPostImeInputStage processPointer 0
12-01 06:16:14.387 30442 30453 I art : Background sticky concurrent mark sweep GC freed 109149(6MB) AllocSpace objects, 0(0B) LOS objects, 8% free, 64MB/71MB, paused 15.484ms total 64.701ms
12-01 06:16:14.644 30442 30442 D AudioPlayerFragment: currentPosition 00:08:56
12-01 06:16:14.710 30442 30442 D ViewRootImpl@fa41c15[MainActivity]: ViewPostImeInputStage processPointer 1
12-01 06:16:15.568 30442 30442 D ViewRootImpl@fa41c15[MainActivity]: ViewPostImeInputStage processPointer 0
12-01 06:16:15.644 30442 30442 D AudioPlayerFragment: currentPosition 00:08:57
12-01 06:16:15.803 30442 30442 D ViewRootImpl@fa41c15[MainActivity]: ViewPostImeInputStage processPointer 1
12-01 06:16:16.391 30442 30442 D ViewRootImpl@fa41c15[MainActivity]: ViewPostImeInputStage processPointer 0
12-01 06:16:16.496 30442 30442 D ViewRootImpl@fa41c15[MainActivity]: ViewPostImeInputStage processPointer 1
12-01 06:16:16.517 30442 30442 D TextView: setTypeface with style : 0
12-01 06:16:16.534 30442 30442 D TextView: setTypeface with style : 0
12-01 06:16:16.535 30442 30442 D TextView: setTypeface with style : 0
12-01 06:16:16.538 30442 30442 D TextView: setTypeface with style : 0
12-01 06:16:16.539 30442 30442 D TextView: setTypeface with style : 0
12-01 06:16:16.539 30442 30442 D TextView: setTypeface with style : 0
12-01 06:16:16.541 30442 30442 D TextView: setTypeface with style : 0
12-01 06:16:16.542 30442 30442 D TextView: setTypeface with style : 0
12-01 06:16:16.543 30442 30442 D TextView: setTypeface with style : 0
12-01 06:16:16.544 30442 30442 D TextView: setTypeface with style : 0
12-01 06:16:16.556 30442 30442 D TextView: setTypeface with style : 0
12-01 06:16:16.563 30442 30442 D TextView: setTypeface with style : 0
12-01 06:16:16.564 30442 30442 D TextView: setTypeface with style : 0
12-01 06:16:16.575 30442 31923 D DBReader: getFeed() called with: feedId = [19]
12-01 06:16:16.578 30442 30442 D TextView: setTypeface with style : 0
12-01 06:16:16.579 30442 31923 D DBReader: getFeedItemList() called with: feed = [de.danoeh.antennapod.model.feed.Feed@32]
12-01 06:16:16.581 30442 30442 D TextView: setTypeface with style : 0
12-01 06:16:16.583 30442 30442 D TextView: setTypeface with style : 0
12-01 06:16:16.586 30442 30442 D TextView: setTypeface with style : 0
12-01 06:16:16.587 30442 31923 D DBReader: getFavoriteIDList() called
12-01 06:16:16.589 30442 31923 D DBReader: getQueueIDList() called
12-01 06:16:16.589 30442 30442 D TextView: setTypeface with style : 0
12-01 06:16:16.592 30442 30442 D TextView: setTypeface with style : 0
12-01 06:16:16.599 30442 30442 D TextView: setTypeface with style : 0
12-01 06:16:16.622 30442 30442 D ItemDescriptionFragment: Saving preferences
12-01 06:16:16.622 30442 30442 D ItemDescriptionFragment: Saving scroll position: 0
12-01 06:16:16.644 30442 30442 D TextView: setTypeface with style : 0
12-01 06:16:16.646 30442 30442 D TextView: setTypeface with style : 0
12-01 06:16:16.648 30442 30442 D TextView: setTypeface with style : 0
12-01 06:16:16.650 30442 30442 D TextView: setTypeface with style : 0
12-01 06:16:16.653 30442 30442 D TextView: setTypeface with style : 0
12-01 06:16:16.655 30442 30442 D TextView: setTypeface with style : 0
12-01 06:16:16.657 30442 30442 D TextView: setTypeface with style : 0
12-01 06:16:16.659 30442 30442 D TextView: setTypeface with style : 0
12-01 06:16:16.661 30442 30442 D ItemDescriptionFragment: Saving preferences
12-01 06:16:16.661 30442 30442 D ItemDescriptionFragment: Saving scroll position: 0
12-01 06:16:16.697 30442 30442 D AudioPlayerFragment: currentPosition 00:08:58
12-01 06:16:16.908 30442 30576 D skia : Encode PNG Singlethread : 88749 us, width=540, height=330
12-01 06:16:17.647 30442 30442 D AudioPlayerFragment: currentPosition 00:08:59
12-01 06:16:17.775 30442 30442 D PlaybackService: Saving current position to 539926
12-01 06:16:18.644 30442 30442 D AudioPlayerFragment: currentPosition 00:09:00
12-01 06:16:19.644 30442 30442 D AudioPlayerFragment: currentPosition 00:09:01
12-01 06:16:20.644 30442 30442 D AudioPlayerFragment: currentPosition 00:09:02
12-01 06:16:21.644 30442 30442 D AudioPlayerFragment: currentPosition 00:09:03
12-01 06:16:22.645 30442 30442 D AudioPlayerFragment: currentPosition 00:09:04
12-01 06:16:22.771 30442 30442 D PlaybackService: Saving current position to 544923
12-01 06:16:22.975 30442 30442 D ViewRootImpl@fa41c15[MainActivity]: ViewPostImeInputStage processPointer 0
12-01 06:16:23.536 30442 30442 D ViewRootImpl@fa41c15[MainActivity]: ViewPostImeInputStage processPointer 1
12-01 06:16:23.644 30442 30442 D AudioPlayerFragment: currentPosition 00:09:05
12-01 06:16:24.645 30442 30442 D AudioPlayerFragment: currentPosition 00:09:06
12-01 06:16:25.646 30442 30442 D AudioPlayerFragment: currentPosition 00:09:07
12-01 06:16:26.052 30442 30442 D ViewRootImpl@fa41c15[MainActivity]: ViewPostImeInputStage processPointer 0
12-01 06:16:26.266 30442 30442 D ViewRootImpl@fa41c15[MainActivity]: ViewPostImeInputStage processPointer 1
12-01 06:16:26.644 30442 30442 D AudioPlayerFragment: currentPosition 00:09:08
12-01 06:16:27.646 30442 30442 D AudioPlayerFragment: currentPosition 00:09:09
12-01 06:16:27.772 30442 30442 D PlaybackService: Saving current position to 549926
12-01 06:16:28.645 30442 30442 D AudioPlayerFragment: currentPosition 00:09:10
12-01 06:16:29.646 30442 30442 D AudioPlayerFragment: currentPosition 00:09:11
12-01 06:16:30.646 30442 30442 D AudioPlayerFragment: currentPosition 00:09:12
12-01 06:16:31.645 30442 30442 D AudioPlayerFragment: currentPosition 00:09:13
12-01 06:16:32.059 30442 30442 D ViewRootImpl@fa41c15[MainActivity]: ViewPostImeInputStage processPointer 0
12-01 06:16:32.305 30442 30442 D TextView: setTypeface with style : 0
12-01 06:16:32.305 30442 30442 D TextView: setTypeface with style : 0
12-01 06:16:32.503 30442 30442 D ViewRootImpl@fa41c15[MainActivity]: ViewPostImeInputStage processPointer 1
12-01 06:16:32.653 30442 30442 D AudioPlayerFragment: currentPosition 00:09:14
12-01 06:16:32.772 30442 30442 D PlaybackService: Saving current position to 554927
12-01 06:16:33.644 30442 30442 D AudioPlayerFragment: currentPosition 00:09:15
12-01 06:16:33.671 30442 30442 D ViewRootImpl@fa41c15[MainActivity]: ViewPostImeInputStage processPointer 0
12-01 06:16:34.123 30442 30442 D ViewRootImpl@fa41c15[MainActivity]: ViewPostImeInputStage processPointer 1
12-01 06:16:34.644 30442 30442 D AudioPlayerFragment: currentPosition 00:09:16
12-01 06:16:35.645 30442 30442 D AudioPlayerFragment: currentPosition 00:09:17
12-01 06:16:36.644 30442 30442 D AudioPlayerFragment: currentPosition 00:09:18
12-01 06:16:37.645 30442 30442 D AudioPlayerFragment: currentPosition 00:09:19
12-01 06:16:37.772 30442 30442 D PlaybackService: Saving current position to 559934
12-01 06:16:38.646 30442 30442 D AudioPlayerFragment: currentPosition 00:09:20
12-01 06:16:39.645 30442 30442 D AudioPlayerFragment: currentPosition 00:09:21
12-01 06:16:40.228 30442 30442 D ViewRootImpl@fa41c15[MainActivity]: ViewPostImeInputStage processPointer 0
12-01 06:16:40.313 30442 30442 D ViewRootImpl@fa41c15[MainActivity]: ViewPostImeInputStage processPointer 1
12-01 06:16:40.364 30442 30459 D ConnectivityManager: requestNetwork; CallingUid : 10275, CallingPid : 30442
12-01 06:16:40.472 30442 30459 I WM-Processor: Moving WorkSpec (0c95bd19-87aa-4ec4-8325-046e4c624cd5) to the foreground
12-01 06:16:40.488 30442 30442 I WM-SystemFgDispatcher: Started foreground service Intent { act=ACTION_START_FOREGROUND cmp=de.danoeh.antennapod/androidx.work.impl.foreground.SystemForegroundService launchParam=MultiScreenLaunchParams { mDisplayId=0 mFlags=0 } (has extras) }
12-01 06:16:40.497 30442 30543 D DBReader: getFavoriteIDList() called
12-01 06:16:40.500 30442 30543 D DBReader: getQueueIDList() called
12-01 06:16:40.502 30442 30543 D DBReader: Extracting Feedlist
12-01 06:16:40.515 30442 30543 D UserPreferences: User data folder not writable or not set. Trying default.
12-01 06:16:40.523 30442 30543 D DownloadRequestCreat: Requesting download of url https://feeds.wdjh.org/podcasts/full_story/20251127_27-20897-FS_HANSON.mp3
12-01 06:16:40.540 30442 30543 D HttpDownloader: addHeader("Accept-Encoding", "identity")
12-01 06:16:40.553 30442 30543 D HttpDownloader: Response code is 404
12-01 06:16:40.553 30442 30543 D HttpDownloader: onFail() called with: reason = [ERROR_NOT_FOUND], reasonDetailed = [404]
12-01 06:16:40.558 30442 30543 E EpisodeDownloadWorker: Download failed
12-01 06:16:40.560 30442 30543 D EpisodeDownloadWorker: Worker for https://feeds.wdjh.org/podcasts/full_story/20251127_27-20897-FS_HANSON.mp3 returned.
12-01 06:16:40.564 30442 30470 I WM-WorkerWrapper: Worker result FAILURE for Work [ id=0c95bd19-87aa-4ec4-8325-046e4c624cd5, tags={ episodeUrl:https://feeds.wdjh.org/podcasts/full_story/20251127_27-20897-FS_HANSON.mp3, de.danoeh.antennapod.net.download.service.episode.EpisodeDownloadWorker, episodeDownload } ]
12-01 06:16:40.603 30442 30442 D MainActivity: onEvent(de.danoeh.antennapod.event.MessageEvent@a1ed9cd)
12-01 06:16:40.605 30442 30442 D TextView: setTypeface with style : 0
12-01 06:16:40.608 30442 30442 D TextView: setTypeface with style : 0
12-01 06:16:40.613 30442 30442 I WM-SystemFgDispatcher: Stopping foreground service
12-01 06:16:40.618 30442 30442 D ConnectivityManager: unregisterNetworkCallback; CallingUid : 10275, CallingPid : 30442
12-01 06:16:40.623 30442 30497 E ConnectivityManager.CallbackHandler: callback not found for RELEASED message
12-01 06:16:40.634 30442 30442 D ItemDescriptionFragment: Saving preferences
12-01 06:16:40.634 30442 30442 D ItemDescriptionFragment: Saving scroll position: 0
12-01 06:16:40.652 30442 30442 D ItemDescriptionFragment: Saving preferences
12-01 06:16:40.652 30442 30442 D ItemDescriptionFragment: Saving scroll position: 0
12-01 06:16:40.654 30442 30442 D AudioPlayerFragment: currentPosition 00:09:22
12-01 06:16:41.645 30442 30442 D AudioPlayerFragment: currentPosition 00:09:23
12-01 06:16:42.645 30442 30442 D AudioPlayerFragment: currentPosition 00:09:24
12-01 06:16:42.772 30442 30442 D PlaybackService: Saving current position to 564934
12-01 06:16:42.998 30442 30442 D ViewRootImpl@fa41c15[MainActivity]: ViewPostImeInputStage processPointer 0
12-01 06:16:43.115 30442 30442 D ViewRootImpl@fa41c15[MainActivity]: ViewPostImeInputStage processPointer 1
12-01 06:16:43.217 30442 30442 D MainActivity: handleNavIntent()
12-01 06:16:43.233 30442 30442 D TextView: setTypeface with style : 0
12-01 06:16:43.233 30442 30442 D TextView: setTypeface with style : 0
12-01 06:16:43.246 30442 30442 D AbsListView: Get MotionRecognitionManager
12-01 06:16:43.252 30442 30442 D TextView: setTypeface with style : 0
12-01 06:16:43.257 30442 30442 D TextView: setTypeface with style : 0
12-01 06:16:43.259 30442 30442 D TextView: setTypeface with style : 0
12-01 06:16:43.260 30442 30442 D TextView: setTypeface with style : 0
12-01 06:16:43.262 30442 30442 D TextView: setTypeface with style : 0
12-01 06:16:43.302 30442 30442 D ViewRootImpl@c42002[MainActivity]: ThreadedRenderer.create() translucent=true
12-01 06:16:43.308 30442 30442 D InputTransport: Input channel constructed: fd=195
12-01 06:16:43.308 30442 30442 D ViewRootImpl@c42002[MainActivity]: setView = DecorView@8ce6d13[MainActivity] touchMode=true
12-01 06:16:43.309 30442 31924 D DBReader: getDownloadLog() called
12-01 06:16:43.309 30442 30442 D MainActivity: handleNavIntent()
12-01 06:16:43.317 30442 30442 D ViewRootImpl@c42002[MainActivity]: dispatchAttachedToWindow
12-01 06:16:43.341 30442 30442 D ViewRootImpl@c42002[MainActivity]: Relayout returned: oldFrame=[0,0][0,0] newFrame=[0,0][1080,1920] result=0x27 surface={isValid=true 501088079872} surfaceGenerationChanged=true
12-01 06:16:43.342 30442 30442 D ViewRootImpl@c42002[MainActivity]: mHardwareRenderer.initialize() mSurface={isValid=true 501088079872} hwInitialized=true
12-01 06:16:43.344 30442 32730 D DBReader: Extracting Feedlist
12-01 06:16:43.364 30442 30480 D mali_winsys: EGLint new_window_surface(egl_winsys_display*, void*, EGLSurface, EGLConfig, egl_winsys_surface**, egl_color_buffer_format*, EGLBoolean) returns 0x3000, [1272x2112]-format:1
12-01 06:16:43.370 30442 30442 D ViewRootImpl@c42002[MainActivity]: MSG_WINDOW_FOCUS_CHANGED 1
12-01 06:16:43.371 30442 30442 D ViewRootImpl@c42002[MainActivity]: mHardwareRenderer.initializeIfNeeded()#2 mSurface={isValid=true 501088079872}
12-01 06:16:43.371 30442 30442 V InputMethodManager: Starting input: tba=android.view.inputmethod.EditorInfo@6462d nm : de.danoeh.antennapod ic=null
12-01 06:16:43.371 30442 30442 I InputMethodManager: [IMM] startInputInner - mService.startInputOrWindowGainedFocus
12-01 06:16:43.381 30442 30442 D InputTransport: Input channel constructed: fd=213
12-01 06:16:43.381 30442 30442 D InputTransport: Input channel destroyed: fd=201
12-01 06:16:43.426 30442 30442 D ViewRootImpl@c42002[MainActivity]: MSG_RESIZED_REPORT: ci=Rect(0, 72 - 0, 0) vi=Rect(0, 72 - 0, 0) or=1
12-01 06:16:43.430 30442 30442 D TextView: setTypeface with style : 0
12-01 06:16:43.431 30442 30442 D TextView: setTypeface with style : 0
12-01 06:16:43.432 30442 30442 D TextView: setTypeface with style : 0
12-01 06:16:43.432 30442 30442 D TextView: setTypeface with style : 0
12-01 06:16:43.466 30442 30442 D TextView: setTypeface with style : 0
12-01 06:16:43.467 30442 30442 D TextView: setTypeface with style : 0
12-01 06:16:43.468 30442 30442 D TextView: setTypeface with style : 0
12-01 06:16:43.469 30442 30442 D TextView: setTypeface with style : 0
12-01 06:16:43.473 30442 30442 D TextView: setTypeface with style : 0
12-01 06:16:43.474 30442 30442 D TextView: setTypeface with style : 0
12-01 06:16:43.475 30442 30442 D TextView: setTypeface with style : 0
12-01 06:16:43.476 30442 30442 D TextView: setTypeface with style : 0
12-01 06:16:43.481 30442 30442 D TextView: setTypeface with style : 0
12-01 06:16:43.482 30442 30442 D TextView: setTypeface with style : 0
12-01 06:16:43.482 30442 30442 D TextView: setTypeface with style : 0
12-01 06:16:43.483 30442 30442 D TextView: setTypeface with style : 0
12-01 06:16:43.486 30442 30442 D TextView: setTypeface with style : 0
12-01 06:16:43.487 30442 30442 D TextView: setTypeface with style : 0
12-01 06:16:43.488 30442 30442 D TextView: setTypeface with style : 0
12-01 06:16:43.489 30442 30442 D TextView: setTypeface with style : 0
12-01 06:16:43.491 30442 30442 D AbsListView: onsize change
12-01 06:16:43.573 30442 30442 D ViewRootImpl@fa41c15[MainActivity]: MSG_WINDOW_FOCUS_CHANGED 0
12-01 06:16:43.644 30442 30442 D AudioPlayerFragment: currentPosition 00:09:25
12-01 06:16:44.644 30442 30442 D AudioPlayerFragment: currentPosition 00:09:26
12-01 06:16:45.645 30442 30442 D AudioPlayerFragment: currentPosition 00:09:27
12-01 06:16:46.125 30442 30442 D ViewRootImpl@c42002[MainActivity]: ViewPostImeInputStage processKey 0
12-01 06:16:46.152 30442 30442 D ViewRootImpl@c42002[MainActivity]: ViewPostImeInputStage processKey 1
12-01 06:16:46.163 30442 30442 D ViewRootImpl@c42002[MainActivity]: mHardwareRenderer.destroy()#4
12-01 06:16:46.163 30442 30442 D ViewRootImpl@c42002[MainActivity]: dispatchDetachedFromWindow
12-01 06:16:46.176 30442 30442 D InputTransport: Input channel destroyed: fd=195
12-01 06:16:46.176 30442 30442 W InputEventReceiver: Attempted to finish an input event but the input event receiver has already been disposed.
12-01 06:16:46.177 30442 30442 D ViewRootImpl@fa41c15[MainActivity]: MSG_WINDOW_FOCUS_CHANGED 1
12-01 06:16:46.177 30442 30442 D ViewRootImpl@fa41c15[MainActivity]: mHardwareRenderer.initializeIfNeeded()#2 mSurface={isValid=true 501233177088}
12-01 06:16:46.183 30442 30442 V InputMethodManager: Starting input: tba=android.view.inputmethod.EditorInfo@fe65f0d nm : de.danoeh.antennapod ic=null
12-01 06:16:46.183 30442 30442 I InputMethodManager: [IMM] startInputInner - mService.startInputOrWindowGainedFocus
12-01 06:16:46.185 30442 30442 D InputTransport: Input channel constructed: fd=195
12-01 06:16:46.186 30442 30442 D InputTransport: Input channel destroyed: fd=213
12-01 06:16:46.186 30442 30442 E ViewRootImpl: sendUserActionEvent() mView == null
12-01 06:16:46.645 30442 30442 D AudioPlayerFragment: currentPosition 00:09:28
12-01 06:16:47.644 30442 30442 D AudioPlayerFragment: currentPosition 00:09:29
12-01 06:16:47.773 30442 30442 D PlaybackService: Saving current position to 569933
12-01 06:16:48.646 30442 30442 D AudioPlayerFragment: currentPosition 00:09:30
12-01 06:16:49.646 30442 30442 D AudioPlayerFragment: currentPosition 00:09:31
12-01 06:16:50.036 30442 30442 D ViewRootImpl@fa41c15[MainActivity]: ViewPostImeInputStage processPointer 0
12-01 06:16:50.644 30442 30442 D AudioPlayerFragment: currentPosition 00:09:32
12-01 06:16:50.675 30442 30442 D ViewRootImpl@fa41c15[MainActivity]: ViewPostImeInputStage processPointer 1
12-01 06:16:51.645 30442 30442 D AudioPlayerFragment: currentPosition 00:09:33
12-01 06:16:51.715 30442 30442 D ViewRootImpl@fa41c15[MainActivity]: ViewPostImeInputStage processPointer 0
12-01 06:16:52.247 30442 30442 D ViewRootImpl@fa41c15[MainActivity]: ViewPostImeInputStage processPointer 1
12-01 06:16:52.644 30442 30442 D AudioPlayerFragment: currentPosition 00:09:34
12-01 06:16:52.773 30442 30442 D PlaybackService: Saving current position to 574929
12-01 06:16:53.646 30442 30442 D AudioPlayerFragment: currentPosition 00:09:35
12-01 06:16:54.517 30442 30442 D ViewRootImpl@fa41c15[MainActivity]: ViewPostImeInputStage processPointer 0
12-01 06:16:54.650 30442 30442 D AudioPlayerFragment: currentPosition 00:09:36
12-01 06:16:54.865 30442 30442 D ViewRootImpl@fa41c15[MainActivity]: ViewPostImeInputStage processPointer 1
12-01 06:16:55.644 30442 30442 D AudioPlayerFragment: currentPosition 00:09:37
12-01 06:16:56.644 30442 30442 D AudioPlayerFragment: currentPosition 00:09:38
12-01 06:16:57.646 30442 30442 D AudioPlayerFragment: currentPosition 00:09:39
12-01 06:16:57.773 30442 30442 D PlaybackService: Saving current position to 579928
12-01 06:16:58.560 30442 30442 D ViewRootImpl@fa41c15[MainActivity]: ViewPostImeInputStage processPointer 0
12-01 06:16:58.644 30442 30442 D AudioPlayerFragment: currentPosition 00:09:40
12-01 06:16:58.788 30442 30442 D ViewRootImpl@fa41c15[MainActivity]: ViewPostImeInputStage processPointer 1
12-01 06:16:59.645 30442 30442 D AudioPlayerFragment: currentPosition 00:09:41
12-01 06:17:00.644 30442 30442 D AudioPlayerFragment: currentPosition 00:09:42
12-01 06:17:01.644 30442 30442 D AudioPlayerFragment: currentPosition 00:09:43
12-01 06:17:01.844 30442 30442 D ViewRootImpl@fa41c15[MainActivity]: MSG_WINDOW_FOCUS_CHANGED 0
12-01 06:17:02.328 30442 30442 D ViewRootImpl@fa41c15[MainActivity]: mHardwareRenderer.destroy()#1
12-01 06:17:02.335 30442 30442 D ViewRootImpl@fa41c15[MainActivity]: Relayout returned: oldFrame=[0,0][1080,1920] newFrame=[0,0][1080,1920] result=0x5 surface={isValid=false 0} surfaceGenerationChanged=true
12-01 06:17:02.347 30442 30442 D InputTransport: Input channel destroyed: fd=195
12-01 06:17:02.644 30442 30442 D AudioPlayerFragment: currentPosition 00:09:44
12-01 06:17:02.683 30442 30442 D PlaybackController: Releasing PlaybackController
12-01 06:17:02.701 30442 30442 D PlaybackController: Releasing PlaybackController
12-01 06:17:02.706 30442 30442 D PlaybackController: Releasing PlaybackController
12-01 06:17:02.711 30442 30442 D PlaybackController: Releasing PlaybackController
12-01 06:17:02.735 30442 30442 D ViewRootImpl@fa41c15[MainActivity]: Relayout returned: oldFrame=[0,0][1080,1920] newFrame=[0,0][1080,1920] result=0x5 surface={isValid=false 0} surfaceGenerationChanged=false
12-01 06:17:02.774 30442 30442 D PlaybackService: Saving current position to 584928
12-01 06:17:07.774 30442 30442 D PlaybackService: Saving current position to 589926
12-01 06:17:12.774 30442 30442 D PlaybackService: Saving current position to 594935
12-01 06:17:17.775 30442 30442 D PlaybackService: Saving current position to 599930
12-01 06:17:22.775 30442 30442 D PlaybackService: Saving current position to 604930
12-01 06:17:27.776 30442 30442 D PlaybackService: Saving current position to 609932
12-01 06:17:32.776 30442 30442 D PlaybackService: Saving current position to 614933
12-01 06:17:37.776 30442 30442 D PlaybackService: Saving current position to 619929
12-01 06:17:42.777 30442 30442 D PlaybackService: Saving current position to 624938
12-01 06:17:47.780 30442 30442 D PlaybackService: Saving current position to 629935
12-01 06:17:52.780 30442 30442 D PlaybackService: Saving current position to 634935
12-01 06:17:57.780 30442 30442 D PlaybackService: Saving current position to 639936
12-01 06:18:02.781 30442 30442 D PlaybackService: Saving current position to 644935
12-01 06:18:07.781 30442 30442 D PlaybackService: Saving current position to 649937
12-01 06:18:10.365 30442 30442 I ExoPlayerImpl: Release d22da3e [AndroidXMedia3/1.1.1] [noblelte, SM-N920I, samsung, 24] [media3.common, media3.exoplayer, media3.decoder, media3.database, media3.datasource, media3.extractor]
12-01 06:18:10.372 30442 27535 I ACodec : [OMX.SEC.mp3.dec] signalFlush
12-01 06:18:10.374 30442 27535 I ACodec : [OMX.SEC.mp3.dec] ExecutingState flushing now (codec owns 0/10 input, 0/5 output).
12-01 06:18:10.388 30442 27535 I ACodec : [OMX.SEC.mp3.dec] Now Flushing
12-01 06:18:10.388 30442 27535 I ACodec : [OMX.SEC.mp3.dec] FlushingState onOMXEvent(0,1,0)
12-01 06:18:10.388 30442 27535 I ACodec : [OMX.SEC.mp3.dec] FlushingState onOMXEvent(0,1,1)
12-01 06:18:10.389 30442 27535 I ACodec : [OMX.SEC.mp3.dec] Now Executing
12-01 06:18:10.394 30442 27535 I ACodec : [OMX.SEC.mp3.dec] Now Executing->Idle
12-01 06:18:10.431 30442 27535 I ACodec : [OMX.SEC.mp3.dec] Now Idle->Loaded
12-01 06:18:10.431 30442 27535 I ACodec : [OMX.SEC.mp3.dec] Now Loaded
12-01 06:18:10.447 30442 27535 I ACodec : [OMX.SEC.mp3.dec] Now uninitialized
12-01 06:18:10.457 30442 27535 I ACodec : [] Now kWhatShutdownCompleted event : 8445
12-01 06:18:10.457 30442 27535 I MediaCodec: Codec shutdown complete
12-01 06:18:10.570 30442 30442 I ExoPlayerImpl: Init edd8b0b [AndroidXMedia3/1.1.1] [noblelte, SM-N920I, samsung, 24]
12-01 06:18:10.621 30442 30442 D PlaybackService: getNextInQueue()
12-01 06:18:10.621 30442 30442 D DBReader: getNextInQueue() called with: itemId = [591]
12-01 06:18:10.627 30442 30442 D DBReader: getFavoriteIDList() called
12-01 06:18:10.630 30442 30442 D DBReader: getQueueIDList() called
12-01 06:18:10.633 30442 30442 D DBReader: Extracting Feedlist
12-01 06:18:10.673 30442 30442 D PlaybackService: Playback ended
12-01 06:18:10.675 30442 30442 I ExoPlayerImpl: Release edd8b0b [AndroidXMedia3/1.1.1] [noblelte, SM-N920I, samsung, 24] [media3.common, media3.exoplayer, media3.decoder, media3.database, media3.datasource, media3.extractor]
12-01 06:18:10.681 30442 30442 I ExoPlayerImpl: Init 14a5083 [AndroidXMedia3/1.1.1] [noblelte, SM-N920I, samsung, 24]
12-01 06:18:10.704 30442 30442 D PlaybackSvcMediaPlayer: LocalPSMP: Setting player status to INITIALIZING
12-01 06:18:10.704 30442 30442 D PlaybackServiceTaskMgr: Cancelled PositionSaver
12-01 06:18:10.704 30442 30442 D PlaybackServiceTaskMgr: Cancelled WidgetUpdater
12-01 06:18:10.704 30442 30442 D PlaybackService: Saving current position to 0
12-01 06:18:10.724 30442 30442 D PlaybackService: reloadUI callback reached
12-01 06:18:10.724 30442 30442 D PlaybackService: setupNotification
12-01 06:18:10.725 30442 519 D DBReader: getFeed() called with: feedId = [19]
12-01 06:18:10.727 30442 519 D DBReader: getFeedItemList() called with: feed = [de.danoeh.antennapod.model.feed.Feed@32]
12-01 06:18:10.732 30442 519 D DBReader: getFavoriteIDList() called
12-01 06:18:10.733 30442 519 D DBReader: getQueueIDList() called
12-01 06:18:10.759 30442 530 D PlaybackService: Loading notification icon
12-01 06:18:10.766 30442 30442 D LclPlaybackSvcMPlayer: Playback speed was set to 1.0
12-01 06:18:10.767 30442 30442 D ExoPlayerWrapper: setDataSource: https://feeds.wdjh.org/podcasts/all_things_considered/20251127_20251127_atc_pope_leo_is_traveling_to_turkey_and_lebanon_on_the_first_foreign_trip_of_his_papacy.mp3
12-01 06:18:10.768 30442 30442 D PlaybackSvcMediaPlayer: LocalPSMP: Setting player status to INITIALIZED
12-01 06:18:10.770 30442 30442 D PlaybackPreferences: Writing playback preferences
12-01 06:18:10.770 30442 30442 D PlaybackService: setupNotification
12-01 06:18:10.774 30442 530 E PlaybackSrvNotification: Media icon loader was interrupted
12-01 06:18:10.807 30442 536 D PlaybackService: Loading notification icon
12-01 06:18:10.843 30442 519 D DBReader: getFeed() called with: feedId = [19]
12-01 06:18:10.843 30442 30442 D PlaybackSvcMediaPlayer: LocalPSMP: Setting player status to PREPARING
12-01 06:18:10.844 30442 519 D DBReader: getFeedItemList() called with: feed = [de.danoeh.antennapod.model.feed.Feed@32]
12-01 06:18:10.848 30442 519 D DBReader: getFavoriteIDList() called
12-01 06:18:10.849 30442 519 D DBReader: getQueueIDList() called
12-01 06:18:10.873 30442 519 D DBReader: getFeed() called with: feedId = [19]
12-01 06:18:10.874 30442 30442 D LclPlaybackSvcMPlayer: Resource prepared
12-01 06:18:10.874 30442 30442 D PlaybackSvcMediaPlayer: LocalPSMP: Setting player status to PREPARED
12-01 06:18:10.876 30442 519 D DBReader: getFeedItemList() called with: feed = [de.danoeh.antennapod.model.feed.Feed@32]
12-01 06:18:10.891 30442 519 D DBReader: getFavoriteIDList() called
12-01 06:18:10.893 30442 519 D DBReader: getQueueIDList() called
12-01 06:18:10.900 30442 539 I System.out: (HTTPLog)-Static: isSBSettingEnabled false
12-01 06:18:10.901 30442 539 I System.out: (HTTPLog)-Static: isSBSettingEnabled false
12-01 06:18:10.918 30442 30442 D PlaybackPreferences: Writing playback preferences
12-01 06:18:10.936 30442 543 D DBReader: getFeed() called with: feedId = [19]
12-01 06:18:10.939 30442 543 D DBReader: getFeedItemList() called with: feed = [de.danoeh.antennapod.model.feed.Feed@32]
12-01 06:18:10.942 30442 30442 D AudioManager: requestAudioFocus status : 1
12-01 06:18:10.942 30442 30442 D LclPlaybackSvcMPlayer: Audiofocus successfully requested
12-01 06:18:10.942 30442 30442 D LclPlaybackSvcMPlayer: Resuming/Starting playback
12-01 06:18:10.952 30442 30442 D LclPlaybackSvcMPlayer: Playback speed was set to 1.0
12-01 06:18:10.952 30442 30442 D LclPlaybackSvcMPlayer: Media player volume was set to 1.0 1.0
12-01 06:18:10.952 30442 543 D DBReader: getFavoriteIDList() called
12-01 06:18:10.953 30442 30442 D PlaybackSvcMediaPlayer: LocalPSMP: Setting player status to PLAYING
12-01 06:18:10.953 30442 30442 D PlaybackServiceTaskMgr: Started WidgetUpdater
12-01 06:18:10.953 30442 30442 D PlaybackServiceTaskMgr: Started PositionSaver
12-01 06:18:10.954 30442 543 D DBReader: getQueueIDList() called
12-01 06:18:10.954 30442 30442 D PlaybackService: Saving current position to 0
12-01 06:18:10.955 30442 30442 D PlaybackService: setupNotification
12-01 06:18:10.987 30442 30442 D PlaybackService: Setting up position observer
12-01 06:18:10.998 30442 30442 D PlaybackSrvState: startForeground
12-01 06:18:11.008 30442 543 D DBReader: getQueue() called
12-01 06:18:11.019 30442 30442 D PlaybackService: onPostPlayback(): media=Here to Help: Thanksgiving Edition
12-01 06:18:11.047 30442 545 D DBReader: getFeed() called with: feedId = [19]
12-01 06:18:11.048 30442 543 D DBReader: getFavoriteIDList() called
12-01 06:18:11.059 30442 543 D DBReader: getQueueIDList() called
12-01 06:18:11.059 30442 545 D DBReader: getFeedItemList() called with: feed = [de.danoeh.antennapod.model.feed.Feed@32]
12-01 06:18:11.068 30442 543 D DBReader: Extracting Feedlist
12-01 06:18:11.071 30442 519 E ChapterUtils: Unable to load ID3 chapters: Expected I and got <
12-01 06:18:11.078 30442 545 D DBReader: getFavoriteIDList() called
12-01 06:18:11.078 30442 30442 D PlaybackService: OnGetRoot: clientPackageName=com.android.bluetooth; clientUid=1002 ; rootHints=null
12-01 06:18:11.080 30442 30442 D PlaybackService: OnLoadChildren: parentMediaId=AntennaPod
12-01 06:18:11.177 30442 30796 D DBReader: getQueue() called
12-01 06:18:11.188 30442 545 D DBReader: getQueueIDList() called
12-01 06:18:11.206 30442 519 D VorbisCommentReader: Vorbis parser: Invalid page header
12-01 06:18:11.214 30442 543 D DBReader: Extracting Feedlist
12-01 06:18:11.237 30442 545 D DBReader: getFeed() called with: feedId = [19]
12-01 06:18:11.240 30442 30796 D DBReader: getFavoriteIDList() called
12-01 06:18:11.252 30442 547 D DBReader: Extracting Feedlist
12-01 06:18:11.252 30442 545 D DBReader: getFeedItemList() called with: feed = [de.danoeh.antennapod.model.feed.Feed@32]
12-01 06:18:11.268 30442 30796 D DBReader: getQueueIDList() called
12-01 06:18:11.281 30442 545 D DBReader: getFavoriteIDList() called
12-01 06:18:11.288 30442 30453 I art : Background partial concurrent mark sweep GC freed 115046(5MB) AllocSpace objects, 107(10MB) LOS objects, 20% free, 61MB/77MB, paused 1.597ms total 381.535ms
12-01 06:18:11.289 30442 30796 D DBReader: Extracting Feedlist
12-01 06:18:11.289 30442 545 D DBReader: getQueueIDList() called
12-01 06:18:11.291 30442 30450 W SQLiteConnectionPool: A SQLiteConnection object for database '+data+user+0+de_danoeh_antennapod+databases+exoplayer_internal_db' was leaked! Please fix your application to end transactions in progress properly and to close the database when it is no longer needed.
12-01 06:18:11.299 30442 30796 D DBReader: getFeedItem() called with: itemId = [591]
12-01 06:18:11.300 30442 30796 D DBReader: getFavoriteIDList() called
12-01 06:18:11.300 30442 30796 D DBReader: getQueueIDList() called
12-01 06:18:11.301 30442 30796 D DBReader: Extracting Feedlist
12-01 06:18:11.302 30442 30450 W SQLiteConnectionPool: A SQLiteConnection object for database '+data+user+0+de_danoeh_antennapod+databases+exoplayer_internal_db' was leaked! Please fix your application to end transactions in progress properly and to close the database when it is no longer needed.
12-01 06:18:11.312 30442 30442 D TextView: setTypeface with style : 0
12-01 06:18:11.314 30442 30442 D TextView: setTypeface with style : 0
12-01 06:18:11.316 30442 30442 D TextView: setTypeface with style : 0
12-01 06:18:11.318 30442 30442 D TextView: setTypeface with style : 0
12-01 06:18:11.320 30442 30442 D TextView: setTypeface with style : 0
12-01 06:18:11.321 30442 30442 D TextView: setTypeface with style : 0
12-01 06:18:11.323 30442 30442 D TextView: setTypeface with style : 0
12-01 06:18:11.328 30442 519 D M4AChapterReader: ERROR: Not an M4A file
12-01 06:18:11.328 30442 519 D ChapterMerger: Merging chapters
12-01 06:18:11.328 30442 519 D ChapterMerger: Merging chapters
12-01 06:18:11.334 30442 30442 D NavDrawerFragment: onQueueChanged(de.danoeh.antennapod.event.QueueEvent@91ca2af)
12-01 06:18:11.337 30442 547 D DBReader: Extracting Feedlist
12-01 06:18:11.338 30442 543 D DBReader: getFeed() called with: feedId = [19]
12-01 06:18:11.338 30442 30796 D AutoDownloadManager: autodownloadUndownloadedItems
12-01 06:18:11.338 30442 30796 D DBWriter: Adding item to playback history
12-01 06:18:11.339 30442 543 D DBReader: getFeedItemList() called with: feed = [de.danoeh.antennapod.model.feed.Feed@32]
12-01 06:18:11.339 30442 30442 D ItemlistFragment: onEventMainThread() called with: event = [de.danoeh.antennapod.event.FeedItemEvent@8364d66]
12-01 06:18:11.342 30442 30537 D DownloadAlgorithm: Performing auto-dl of undownloaded episodes
12-01 06:18:11.342 30442 30537 D DBReader: getRecentlyPublishedEpisodes() called with: offset=0, limit=2147483647
12-01 06:18:11.348 30442 30537 D DBReader: getFavoriteIDList() called
12-01 06:18:11.348 30442 543 D DBReader: getFavoriteIDList() called
12-01 06:18:11.350 30442 30537 D DBReader: getQueueIDList() called
12-01 06:18:11.351 30442 543 D DBReader: getQueueIDList() called
12-01 06:18:11.353 30442 30537 D DBReader: Extracting Feedlist
12-01 06:18:11.354 30442 539 I System.out: (HTTPLog)-Static: isSBSettingEnabled false
12-01 06:18:11.354 30442 539 I System.out: (HTTPLog)-Static: isSBSettingEnabled false
12-01 06:18:11.362 30442 30442 D TextView: setTypeface with style : 0
12-01 06:18:11.362 30442 30537 D DBReader: getQueue() called
12-01 06:18:11.364 30442 30442 D TextView: setTypeface with style : 0
12-01 06:18:11.366 30442 30537 D DBReader: getFavoriteIDList() called
12-01 06:18:11.366 30442 30442 D TextView: setTypeface with style : 0
12-01 06:18:11.366 30442 30537 D DBReader: getQueueIDList() called
12-01 06:18:11.367 30442 30537 D DBReader: Extracting Feedlist
12-01 06:18:11.368 30442 30442 D TextView: setTypeface with style : 0
12-01 06:18:11.369 30442 30442 D TextView: setTypeface with style : 0
12-01 06:18:11.371 30442 30442 D TextView: setTypeface with style : 0
12-01 06:18:11.373 30442 30442 D TextView: setTypeface with style : 0
12-01 06:18:11.393 30442 30537 I APNullCleanupAlgorithm: performCleanup: Not removing anything
12-01 06:18:11.393 30442 30537 D DownloadAlgorithm: Enqueueing 25 items for download
12-01 06:18:11.422 30442 30498 D ConnectivityManager: requestNetwork; CallingUid : 10275, CallingPid : 30442
12-01 06:18:12.183 30442 30800 D DBReader: getFavoriteIDList() called
12-01 06:18:12.184 30442 30800 D DBReader: getQueueIDList() called
12-01 06:18:12.184 30442 30800 D DBReader: Extracting Feedlist
12-01 06:18:12.189 30442 30790 D DBReader: getFavoriteIDList() called
12-01 06:18:12.189 30442 30790 D DBReader: getQueueIDList() called
12-01 06:18:12.189 30442 30800 D UserPreferences: User data folder not writable or not set. Trying default.
12-01 06:18:12.190 30442 30790 D DBReader: Extracting Feedlist
12-01 06:18:12.193 30442 30536 D DBReader: getFavoriteIDList() called
12-01 06:18:12.193 30442 30536 D DBReader: getQueueIDList() called
12-01 06:18:12.194 30442 30536 D DBReader: Extracting Feedlist
12-01 06:18:12.194 30442 30800 D DownloadRequestCreat: Requesting download of url https://feeds.wdjh.org/podcasts/abc_news_daily/20251128_89.mp3
12-01 06:18:12.194 30442 30790 D UserPreferences: User data folder not writable or not set. Trying default.
12-01 06:18:12.198 30442 30543 D DBReader: getFavoriteIDList() called
12-01 06:18:12.198 30442 30790 D DownloadRequestCreat: Requesting download of url https://feeds.wdjh.org/podcasts/full_story/20251127_27-20897-FS_HANSON.mp3
12-01 06:18:12.201 30442 30536 D UserPreferences: User data folder not writable or not set. Trying default.
12-01 06:18:12.203 30442 30536 D DownloadRequestCreat: Requesting download of url https://feeds.wdjh.org/podcasts/all_things_considered/20251127_20251127_atc_pope_leo_is_traveling_to_turkey_and_lebanon_on_the_first_foreign_trip_of_his_papacy.mp3
12-01 06:18:12.204 30442 30543 D DBReader: getQueueIDList() called
12-01 06:18:12.206 30442 30800 D HttpDownloader: addHeader("Accept-Encoding", "identity")
12-01 06:18:12.211 30442 30790 D HttpDownloader: addHeader("Accept-Encoding", "identity")
12-01 06:18:12.216 30442 30543 D DBReader: Extracting Feedlist
12-01 06:18:12.218 30442 30536 D HttpDownloader: addHeader("Accept-Encoding", "identity")
12-01 06:18:12.223 30442 30543 D UserPreferences: User data folder not writable or not set. Trying default.
12-01 06:18:12.225 30442 30543 D DownloadRequestCreat: Requesting download of url https://feeds.wdjh.org/podcasts/all_things_considered/20251127_20251127_atc_there_s_reason_to_be_optimistic_about_the_the_movies_coming_this_holiday_season.mp3
12-01 06:18:12.229 30442 30800 D HttpDownloader: Response code is 404
12-01 06:18:12.229 30442 30800 D HttpDownloader: onFail() called with: reason = [ERROR_NOT_FOUND], reasonDetailed = [404]
12-01 06:18:12.230 30442 30800 E EpisodeDownloadWorker: Download failed
12-01 06:18:12.236 30442 30800 D EpisodeDownloadWorker: Worker for https://feeds.wdjh.org/podcasts/abc_news_daily/20251128_89.mp3 returned.
12-01 06:18:12.250 30442 30800 D DBReader: getFavoriteIDList() called
12-01 06:18:12.250 30442 30543 D HttpDownloader: addHeader("Accept-Encoding", "identity")
12-01 06:18:12.260 30442 30536 D HttpDownloader: Response code is 404
12-01 06:18:12.261 30442 30790 D HttpDownloader: Response code is 404
12-01 06:18:12.261 30442 30536 D HttpDownloader: onFail() called with: reason = [ERROR_NOT_FOUND], reasonDetailed = [404]
12-01 06:18:12.261 30442 30790 D HttpDownloader: onFail() called with: reason = [ERROR_NOT_FOUND], reasonDetailed = [404]
12-01 06:18:12.262 30442 30800 D DBReader: getQueueIDList() called
12-01 06:18:12.263 30442 30800 D DBReader: Extracting Feedlist
12-01 06:18:12.263 30442 30536 E EpisodeDownloadWorker: Download failed
12-01 06:18:12.265 30442 30790 E EpisodeDownloadWorker: Download failed
12-01 06:18:12.268 30442 30543 D HttpDownloader: Response code is 404
12-01 06:18:12.268 30442 30543 D HttpDownloader: onFail() called with: reason = [ERROR_NOT_FOUND], reasonDetailed = [404]
12-01 06:18:12.269 30442 30543 E EpisodeDownloadWorker: Download failed
12-01 06:18:12.270 30442 30536 D EpisodeDownloadWorker: Worker for https://feeds.wdjh.org/podcasts/all_things_considered/20251127_20251127_atc_pope_leo_is_traveling_to_turkey_and_lebanon_on_the_first_foreign_trip_of_his_papacy.mp3 returned.
12-01 06:18:12.273 30442 30800 D UserPreferences: User data folder not writable or not set. Trying default.
12-01 06:18:12.276 30442 30790 D EpisodeDownloadWorker: Worker for https://feeds.wdjh.org/podcasts/full_story/20251127_27-20897-FS_HANSON.mp3 returned.
12-01 06:18:12.280 30442 30800 D DownloadRequestCreat: Requesting download of url https://feeds.wdjh.org/podcasts/all_things_considered/20251127_20251127_atc_the_afghan_resettlement_effort_faces_a_defining_test_after_the_dc_shooting.mp3
12-01 06:18:12.282 30442 30543 D EpisodeDownloadWorker: Worker for https://feeds.wdjh.org/podcasts/all_things_considered/20251127_20251127_atc_there_s_reason_to_be_optimistic_about_the_the_movies_coming_this_holiday_season.mp3 returned.
12-01 06:18:12.297 30442 30536 D DBReader: getFavoriteIDList() called
12-01 06:18:12.301 30442 30790 D DBReader: getFavoriteIDList() called
12-01 06:18:12.308 30442 30543 D DBReader: getFavoriteIDList() called
12-01 06:18:12.309 30442 30536 D DBReader: getQueueIDList() called
12-01 06:18:12.309 30442 30790 D DBReader: getQueueIDList() called
12-01 06:18:12.323 30442 30543 D DBReader: getQueueIDList() called
12-01 06:18:12.324 30442 30536 D DBReader: Extracting Feedlist
12-01 06:18:12.329 30442 30790 D DBReader: Extracting Feedlist
12-01 06:18:12.329 30442 30543 D DBReader: Extracting Feedlist
12-01 06:18:12.331 30442 30800 D HttpDownloader: addHeader("Accept-Encoding", "identity")
12-01 06:18:12.334 30442 30536 D UserPreferences: User data folder not writable or not set. Trying default.
12-01 06:18:12.334 30442 30790 D UserPreferences: User data folder not writable or not set. Trying default.
12-01 06:18:12.337 30442 30536 D DownloadRequestCreat: Requesting download of url https://feeds.wdjh.org/podcasts/sbs_french__sbs_en_franais/20251128_20251128082014-french-3218b267-e5d8-4373-9653-ed6f03af0dd5.mp3
12-01 06:18:12.338 30442 30459 I WM-WorkerWrapper: Worker result FAILURE for Work [ id=9625d55a-e0a8-409e-9403-f80fb72297f4, tags={ de.danoeh.antennapod.net.download.service.episode.EpisodeDownloadWorker, episodeUrl:https://feeds.wdjh.org/podcasts/abc_news_daily/20251128_89.mp3, episodeDownload } ]
12-01 06:18:12.341 30442 30790 D DownloadRequestCreat: Requesting download of url https://feeds.wdjh.org/podcasts/sbs_french__sbs_en_franais/20251128_20251128075814-french-8656a917-6e99-460e-8e3d-5426b1ebf6b6.mp3
12-01 06:18:12.344 30442 30543 D UserPreferences: User data folder not writable or not set. Trying default.
12-01 06:18:12.346 30442 30543 D DownloadRequestCreat: Requesting download of url https://feeds.wdjh.org/podcasts/abc_rewind/20251128_63.mp3
12-01 06:18:12.359 30442 30536 D HttpDownloader: addHeader("Accept-Encoding", "identity")
12-01 06:18:12.368 30442 30790 D HttpDownloader: addHeader("Accept-Encoding", "identity")
12-01 06:18:12.377 30442 30543 D HttpDownloader: addHeader("Accept-Encoding", "identity")
12-01 06:18:12.389 30442 30459 I WM-WorkerWrapper: Worker result FAILURE for Work [ id=168fcde1-adc0-483e-adaf-1b9c22e9d90e, tags={ episodeUrl:https://feeds.wdjh.org/podcasts/all_things_considered/20251127_20251127_atc_pope_leo_is_traveling_to_turkey_and_lebanon_on_the_first_foreign_trip_of_his_papacy.mp3, de.danoeh.antennapod.net.download.service.episode.EpisodeDownloadWorker, episodeDownload } ]
12-01 06:18:12.419 30442 30800 D HttpDownloader: Response code is 404
12-01 06:18:12.419 30442 30800 D HttpDownloader: onFail() called with: reason = [ERROR_NOT_FOUND], reasonDetailed = [404]
12-01 06:18:12.421 30442 30800 E EpisodeDownloadWorker: Download failed
12-01 06:18:12.425 30442 30800 D EpisodeDownloadWorker: Worker for https://feeds.wdjh.org/podcasts/all_things_considered/20251127_20251127_atc_the_afghan_resettlement_effort_faces_a_defining_test_after_the_dc_shooting.mp3 returned.
12-01 06:18:12.428 30442 30543 D HttpDownloader: Response code is 404
12-01 06:18:12.428 30442 30543 D HttpDownloader: onFail() called with: reason = [ERROR_NOT_FOUND], reasonDetailed = [404]
12-01 06:18:12.429 30442 30543 E EpisodeDownloadWorker: Download failed
12-01 06:18:12.430 30442 30790 D HttpDownloader: Response code is 404
12-01 06:18:12.430 30442 30790 D HttpDownloader: onFail() called with: reason = [ERROR_NOT_FOUND], reasonDetailed = [404]
12-01 06:18:12.436 30442 30543 D EpisodeDownloadWorker: Worker for https://feeds.wdjh.org/podcasts/abc_rewind/20251128_63.mp3 returned.
12-01 06:18:12.436 30442 30536 D HttpDownloader: Response code is 404
12-01 06:18:12.436 30442 30536 D HttpDownloader: onFail() called with: reason = [ERROR_NOT_FOUND], reasonDetailed = [404]
12-01 06:18:12.436 30442 30790 E EpisodeDownloadWorker: Download failed
12-01 06:18:12.437 30442 30536 E EpisodeDownloadWorker: Download failed
12-01 06:18:12.439 30442 30790 D EpisodeDownloadWorker: Worker for https://feeds.wdjh.org/podcasts/sbs_french__sbs_en_franais/20251128_20251128075814-french-8656a917-6e99-460e-8e3d-5426b1ebf6b6.mp3 returned.
12-01 06:18:12.442 30442 30536 D EpisodeDownloadWorker: Worker for https://feeds.wdjh.org/podcasts/sbs_french__sbs_en_franais/20251128_20251128082014-french-3218b267-e5d8-4373-9653-ed6f03af0dd5.mp3 returned.
12-01 06:18:12.446 30442 30459 I WM-WorkerWrapper: Worker result FAILURE for Work [ id=f5fee9e2-2275-491c-8ffa-b26bdbfa8a16, tags={ episodeUrl:https://feeds.wdjh.org/podcasts/full_story/20251127_27-20897-FS_HANSON.mp3, de.danoeh.antennapod.net.download.service.episode.EpisodeDownloadWorker, episodeDownload } ]
12-01 06:18:12.469 30442 30800 D DBReader: getFavoriteIDList() called
12-01 06:18:12.470 30442 30543 D DBReader: getFavoriteIDList() called
12-01 06:18:12.471 30442 30790 D DBReader: getFavoriteIDList() called
12-01 06:18:12.484 30442 30536 D DBReader: getFavoriteIDList() called
12-01 06:18:12.484 30442 30800 D DBReader: getQueueIDList() called
12-01 06:18:12.491 30442 30543 D DBReader: getQueueIDList() called
12-01 06:18:12.491 30442 30790 D DBReader: getQueueIDList() called
12-01 06:18:12.492 30442 30536 D DBReader: getQueueIDList() called
12-01 06:18:12.498 30442 30459 I WM-WorkerWrapper: Worker result FAILURE for Work [ id=50daf402-24f7-46df-ac97-dbdcbdeab5b2, tags={ de.danoeh.antennapod.net.download.service.episode.EpisodeDownloadWorker, episodeUrl:https://feeds.wdjh.org/podcasts/all_things_considered/20251127_20251127_atc_there_s_reason_to_be_optimistic_about_the_the_movies_coming_this_holiday_season.mp3, episodeDownload } ]
12-01 06:18:12.498 30442 30800 D DBReader: Extracting Feedlist
12-01 06:18:12.498 30442 30543 D DBReader: Extracting Feedlist
12-01 06:18:12.499 30442 30790 D DBReader: Extracting Feedlist
12-01 06:18:12.502 30442 30536 D DBReader: Extracting Feedlist
12-01 06:18:12.510 30442 30800 D UserPreferences: User data folder not writable or not set. Trying default.
12-01 06:18:12.513 30442 30790 D UserPreferences: User data folder not writable or not set. Trying default.
12-01 06:18:12.518 30442 30800 D DownloadRequestCreat: Requesting download of url https://feeds.wdjh.org/podcasts/abc_rewind/20251128_61.mp3
12-01 06:18:12.520 30442 30543 D UserPreferences: User data folder not writable or not set. Trying default.
12-01 06:18:12.524 30442 30790 D DownloadRequestCreat: Requesting download of url https://feeds.wdjh.org/podcasts/the_conditional_release_program/20251128_stream.mp3
12-01 06:18:12.526 30442 30543 D DownloadRequestCreat: Requesting download of url https://feeds.wdjh.org/podcasts/knowledge_fight/20251128_Nov15-2025.mp3
12-01 06:18:12.529 30442 30536 D UserPreferences: User data folder not writable or not set. Trying default.
12-01 06:18:12.533 30442 30536 D DownloadRequestCreat: Requesting download of url https://feeds.wdjh.org/podcasts/mushroom_case_daily/20251128_b8.mp3
12-01 06:18:12.534 30442 30790 D HttpDownloader: addHeader("Accept-Encoding", "identity")
12-01 06:18:12.542 30442 30543 D HttpDownloader: addHeader("Accept-Encoding", "identity")
12-01 06:18:12.547 30442 30800 D HttpDownloader: addHeader("Accept-Encoding", "identity")
12-01 06:18:12.550 30442 30459 I WM-WorkerWrapper: Worker result FAILURE for Work [ id=3db67cd4-21bf-417d-b1c6-71c55501f07d, tags={ de.danoeh.antennapod.net.download.service.episode.EpisodeDownloadWorker, episodeUrl:https://feeds.wdjh.org/podcasts/all_things_considered/20251127_20251127_atc_the_afghan_resettlement_effort_faces_a_defining_test_after_the_dc_shooting.mp3, episodeDownload } ]
12-01 06:18:12.559 30442 30536 D HttpDownloader: addHeader("Accept-Encoding", "identity")
12-01 06:18:12.566 30442 30459 I WM-WorkerWrapper: Worker result FAILURE for Work [ id=3404c2cc-8dee-4d07-b6b4-c721109469df, tags={ episodeUrl:https://feeds.wdjh.org/podcasts/abc_rewind/20251128_63.mp3, de.danoeh.antennapod.net.download.service.episode.EpisodeDownloadWorker, episodeDownload } ]
12-01 06:18:12.604 30442 30790 D HttpDownloader: Response code is 404
12-01 06:18:12.604 30442 30790 D HttpDownloader: onFail() called with: reason = [ERROR_NOT_FOUND], reasonDetailed = [404]
12-01 06:18:12.605 30442 30790 E EpisodeDownloadWorker: Download failed
12-01 06:18:12.608 30442 30800 D HttpDownloader: Response code is 404
12-01 06:18:12.608 30442 30800 D HttpDownloader: onFail() called with: reason = [ERROR_NOT_FOUND], reasonDetailed = [404]
12-01 06:18:12.609 30442 30790 D EpisodeDownloadWorker: Worker for https://feeds.wdjh.org/podcasts/the_conditional_release_program/20251128_stream.mp3 returned.
12-01 06:18:12.613 30442 30459 I WM-WorkerWrapper: Worker result FAILURE for Work [ id=69b451ad-f3a3-49ff-a4ce-a1f3afea7bf8, tags={ de.danoeh.antennapod.net.download.service.episode.EpisodeDownloadWorker, episodeUrl:https://feeds.wdjh.org/podcasts/sbs_french__sbs_en_franais/20251128_20251128075814-french-8656a917-6e99-460e-8e3d-5426b1ebf6b6.mp3, episodeDownload } ]
12-01 06:18:12.616 30442 30536 D HttpDownloader: Response code is 404
12-01 06:18:12.616 30442 30536 D HttpDownloader: onFail() called with: reason = [ERROR_NOT_FOUND], reasonDetailed = [404]
12-01 06:18:12.617 30442 30800 E EpisodeDownloadWorker: Download failed
12-01 06:18:12.617 30442 30536 E EpisodeDownloadWorker: Download failed
12-01 06:18:12.618 30442 30543 D HttpDownloader: Response code is 404
12-01 06:18:12.618 30442 30543 D HttpDownloader: onFail() called with: reason = [ERROR_NOT_FOUND], reasonDetailed = [404]
12-01 06:18:12.621 30442 30800 D EpisodeDownloadWorker: Worker for https://feeds.wdjh.org/podcasts/abc_rewind/20251128_61.mp3 returned.
12-01 06:18:12.623 30442 30543 E EpisodeDownloadWorker: Download failed
12-01 06:18:12.624 30442 30536 D EpisodeDownloadWorker: Worker for https://feeds.wdjh.org/podcasts/mushroom_case_daily/20251128_b8.mp3 returned.
