12-01 06:20:32.545 30442 519 I OpmlReader: Title not found, using text
12-01 06:20:32.545 30442 519 I OpmlReader: Title not found, using text
12-01 06:20:32.545 30442 519 I OpmlReader: Title not found, using text
12-01 06:20:32.545 30442 519 I OpmlReader: Title not found, using text
12-01 06:20:32.545 30442 519 I OpmlReader: Title not found, using text
12-01 06:20:32.545 30442 519 I OpmlReader: Title not found, using text
12-01 06:20:32.545 30442 519 I OpmlReader: Title not found, using text
12-01 06:20:32.545 30442 519 I OpmlReader: Title not found, using text
12-01 06:20:32.545 30442 519 I OpmlReader: Title not found, using text
12-01 06:20:32.545 30442 519 I OpmlReader: Title not found, using text
12-01 06:20:32.545 30442 519 I OpmlReader: Title not found, using text
12-01 06:20:32.545 30442 519 I OpmlReader: Title not found, using text
12-01 06:20:32.545 30442 519 I OpmlReader: Title not found, using text
12-01 06:20:32.545 30442 519 I OpmlReader: Title not found, using text
12-01 06:20:32.545 30442 519 I OpmlReader: Title not found, using text
12-01 06:20:32.545 30442 519 I OpmlReader: Title not found, using text
12-01 06:20:32.545 30442 519 I OpmlReader: Title not found, using text
12-01 06:20:32.545 30442 519 I OpmlReader: Title not found, using text
12-01 06:20:32.545 30442 519 I OpmlReader: Title not found, using text
12-01 06:20:32.545 30442 519 I OpmlReader: Title not found, using text
12-01 06:20:32.545 30442 519 I OpmlReader: Title not found, using text
12-01 06:20:32.545 30442 519 I OpmlReader: Title not found, using text
12-01 06:20:32.545 30442 519 I OpmlReader: Title not found, using text
12-01 06:20:32.546 30442 519 I OpmlReader: Title not found, using text
12-01 06:20:32.546 30442 519 I OpmlReader: Title not found, using text
12-01 06:20:32.546 30442 519 I OpmlReader: Title not found, using text
12-01 06:20:32.546 30442 519 I OpmlReader: Title not found, using text
12-01 06:20:32.546 30442 519 I OpmlReader: Title not found, using text
12-01 06:20:32.546 30442 519 I OpmlReader: Title not found, using text
12-01 06:20:32.546 30442 519 I OpmlReader: Title not found, using text
12-01 06:20:32.546 30442 519 I OpmlReader: Title not found, using text
12-01 06:20:32.546 30442 519 I OpmlReader: Title not found, using text
12-01 06:20:32.546 30442 519 I OpmlReader: Title not found, using text
12-01 06:20:32.546 30442 519 I OpmlReader: Title not found, using text
12-01 06:20:32.557 30442 30442 D ViewRootImpl@2c40644[OpmlImportActivity]: Relayout returned: oldFrame=[0,0][0,0] newFrame=[0,0][1080,1920] result=0x27 surface={isValid=true 501348941312} surfaceGenerationChanged=true
12-01 06:20:32.557 30442 30442 D ViewRootImpl@2c40644[OpmlImportActivity]: mHardwareRenderer.initialize() mSurface={isValid=true 501348941312} hwInitialized=true
12-01 06:20:32.574 30442 30480 D mali_winsys: EGLint new_window_surface(egl_winsys_display*, void*, EGLSurface, EGLConfig, egl_winsys_surface**, egl_color_buffer_format*, EGLBoolean) returns 0x3000, [1080x1920]-format:1
12-01 06:20:32.574 30442 30442 D AbsListView: onsize change
12-01 06:20:32.614 30442 30442 D TextView: setTypeface with style : 0
12-01 06:20:32.616 30442 30442 D TextView: setTypeface with style : 0
12-01 06:20:32.623 30442 30442 D OpmlImportBaseActivity: Parsing was successful
12-01 06:20:32.623 30442 30442 D ViewRootImpl@2c40644[OpmlImportActivity]: MSG_RESIZED_REPORT: ci=Rect(0, 72 - 0, 0) vi=Rect(0, 72 - 0, 0) or=1
12-01 06:20:32.623 30442 30442 D ViewRootImpl@2c40644[OpmlImportActivity]: MSG_WINDOW_FOCUS_CHANGED 1
12-01 06:20:32.623 30442 30442 D ViewRootImpl@2c40644[OpmlImportActivity]: mHardwareRenderer.initializeIfNeeded()#2 mSurface={isValid=true 501348941312}
12-01 06:20:32.625 30442 30442 V InputMethodManager: Starting input: tba=android.view.inputmethod.EditorInfo@449a5b nm : de.danoeh.antennapod ic=null
12-01 06:20:32.625 30442 30442 I InputMethodManager: [IMM] startInputInner - mService.startInputOrWindowGainedFocus
12-01 06:20:32.626 30442 30442 D InputTransport: Input channel constructed: fd=216
12-01 06:20:32.652 30442 30442 D TextView: setTypeface with style : 0
12-01 06:20:32.669 30442 30442 D TextView: setTypeface with style : 0
12-01 06:20:32.674 30442 30442 D TextView: setTypeface with style : 0
12-01 06:20:32.679 30442 30442 D TextView: setTypeface with style : 0
12-01 06:20:32.684 30442 30442 D TextView: setTypeface with style : 0
12-01 06:20:32.690 30442 30442 D TextView: setTypeface with style : 0
12-01 06:20:32.695 30442 30442 D TextView: setTypeface with style : 0
12-01 06:20:32.700 30442 30442 D TextView: setTypeface with style : 0
12-01 06:20:32.706 30442 30442 D TextView: setTypeface with style : 0
12-01 06:20:32.711 30442 30442 D TextView: setTypeface with style : 0
12-01 06:20:32.726 30442 30442 D ShownotesWebView: Page finished
12-01 06:20:32.739 30442 30442 D ViewRootImpl@fa41c15[MainActivity]: mHardwareRenderer.destroy()#1
12-01 06:20:32.743 30442 30442 D ViewRootImpl@fa41c15[MainActivity]: Relayout returned: oldFrame=[0,0][1080,1920] newFrame=[0,0][1080,1920] result=0x5 surface={isValid=false 0} surfaceGenerationChanged=true
12-01 06:20:32.776 30442 30442 D ItemDescriptionFragment: Restoring from preferences
12-01 06:20:32.776 30442 30442 D ItemDescriptionFragment: Restored scroll Position: 0
12-01 06:20:33.078 30442 30442 D PlaybackController: Releasing PlaybackController
12-01 06:20:33.088 30442 30442 D PlaybackController: Releasing PlaybackController
12-01 06:20:33.091 30442 30442 D PlaybackController: Releasing PlaybackController
12-01 06:20:33.095 30442 30442 D PlaybackController: Releasing PlaybackController
12-01 06:20:33.123 30442 30442 D ViewRootImpl@fa41c15[MainActivity]: Relayout returned: oldFrame=[0,0][1080,1920] newFrame=[0,0][1080,1920] result=0x1 surface={isValid=false 0} surfaceGenerationChanged=false
12-01 06:20:34.794 30442 30442 D ViewRootImpl@2c40644[OpmlImportActivity]: ViewPostImeInputStage processPointer 0
12-01 06:20:34.887 30442 30442 D ViewRootImpl@2c40644[OpmlImportActivity]: ViewPostImeInputStage processPointer 1
12-01 06:20:34.896 30442 30442 D AbsListView: onTouchUp() mTouchMode : 0
12-01 06:20:36.830 30442 30442 D ViewRootImpl@2c40644[OpmlImportActivity]: ViewPostImeInputStage processPointer 0
12-01 06:20:36.937 30442 30442 D ViewRootImpl@2c40644[OpmlImportActivity]: ViewPostImeInputStage processPointer 1
12-01 06:20:36.947 30442 543 D DBReader: Extracting Feedlist
12-01 06:20:36.954 30442 543 D FeedDbWriter: Found no existing Feed with title Moms Behind Moto. Adding as new one.
12-01 06:20:36.955 30442 30796 D de.danoeh.antennapod.storage.database.PodDBAdapter@f5e76c0: Inserting new Feed into db
12-01 06:20:36.999 30442 543 D DBReader: getFeed() called with: feedId = [47]
12-01 06:20:37.001 30442 543 D DBReader: getFeedItemList() called with: feed = [de.danoeh.antennapod.model.feed.Feed@4e]
12-01 06:20:37.004 30442 543 D DBReader: getFavoriteIDList() called
12-01 06:20:37.005 30442 543 D DBReader: getQueueIDList() called
12-01 06:20:37.019 30442 545 D DBReader: Extracting Feedlist
12-01 06:20:37.057 30442 30442 D ViewRootImpl@2c40644[OpmlImportActivity]: MSG_WINDOW_FOCUS_CHANGED 0
12-01 06:20:37.061 30442 30442 D MainActivity: handleNavIntent()
12-01 06:20:37.068 30442 30442 D PlaybackController: Trying to connect to service
12-01 06:20:37.071 30442 30442 D PlaybackController: Result for service binding: true
12-01 06:20:37.074 30442 519 D DBReader: getFavoriteIDList() called
12-01 06:20:37.074 30442 519 D DBReader: getQueueIDList() called
12-01 06:20:37.075 30442 519 D DBReader: Extracting Feedlist
12-01 06:20:37.081 30442 30498 D ConnectivityManager: requestNetwork; CallingUid : 10275, CallingPid : 30442
12-01 06:20:37.084 30442 30442 D PlaybackController: Trying to connect to service
12-01 06:20:37.088 30442 30442 D PlaybackController: Result for service binding: true
12-01 06:20:37.088 30442 30442 D ExternalPlayerFragment: Loading media info
12-01 06:20:37.088 30442 30442 D ExternalPlayerFragment: Loading media info
12-01 06:20:37.092 30442 545 D DBReader: getFavoriteIDList() called
12-01 06:20:37.093 30442 545 D DBReader: getQueueIDList() called
12-01 06:20:37.095 30442 545 D DBReader: Extracting Feedlist
12-01 06:20:37.096 30442 30442 D PlaybackController: Trying to connect to service
12-01 06:20:37.099 30442 30442 D PlaybackController: Result for service binding: true
12-01 06:20:37.102 30442 519 D DBReader: getFavoriteIDList() called
12-01 06:20:37.103 30442 519 D DBReader: getQueueIDList() called
12-01 06:20:37.104 30442 519 D DBReader: Extracting Feedlist
12-01 06:20:37.109 30442 30442 D PlaybackController: Trying to connect to service
12-01 06:20:37.114 30442 30442 D PlaybackController: Result for service binding: true
12-01 06:20:37.114 30442 30442 D ItemDescriptionFragment: load()
12-01 06:20:37.115 30442 30442 D ItemDescriptionFragment: load()
12-01 06:20:37.118 30442 30442 D MainActivity: handleNavIntent()
12-01 06:20:37.118 30442 547 D DBReader: getFavoriteIDList() called
12-01 06:20:37.121 30442 545 D DBReader: Extracting Feedlist
12-01 06:20:37.124 30442 519 D DBReader: Extracting Feedlist
12-01 06:20:37.125 30442 547 D DBReader: getQueueIDList() called
12-01 06:20:37.131 30442 547 D DBReader: Extracting Feedlist
12-01 06:20:37.151 30442 30442 D ViewRootImpl@fa41c15[MainActivity]: Relayout returned: oldFrame=[0,0][1080,1920] newFrame=[0,0][1080,1920] result=0x7 surface={isValid=true 501233155584} surfaceGenerationChanged=true
12-01 06:20:37.151 30442 30442 D ViewRootImpl@fa41c15[MainActivity]: mHardwareRenderer.initialize() mSurface={isValid=true 501233155584} hwInitialized=true
12-01 06:20:37.157 30442 547 D DBReader: loadDescriptionOfFeedItem() called with: item = [FeedItem [id=592, title=Pope Leo is traveling to Turkey and Lebanon on the first foreign trip of his papacy, feedId=6, pubDate=Fri Nov 28 08:05:13 GMT+11:00 2025]]
12-01 06:20:37.158 30442 30480 D mali_winsys: EGLint new_window_surface(egl_winsys_display*, void*, EGLSurface, EGLConfig, egl_winsys_surface**, egl_color_buffer_format*, EGLBoolean) returns 0x3000, [1080x1920]-format:1
12-01 06:20:37.159 30442 547 D Timeline: Recognized 0 timecodes
12-01 06:20:37.160 30442 30442 D PlaybackController: Querying service info
12-01 06:20:37.160 30442 30442 D PlaybackController: status: PAUSED
12-01 06:20:37.161 30442 30442 D PlaybackController: Connection to Service established
12-01 06:20:37.165 30442 30442 D PlaybackController: Querying service info
12-01 06:20:37.165 30442 30442 D PlaybackController: status: PAUSED
12-01 06:20:37.165 30442 30442 D ExternalPlayerFragment: Loading media info
12-01 06:20:37.165 30442 30442 D PlaybackController: Connection to Service established
12-01 06:20:37.165 30442 30442 D PlaybackController: Querying service info
12-01 06:20:37.165 30442 30442 D PlaybackController: status: PAUSED
12-01 06:20:37.165 30442 30442 D PlaybackController: Connection to Service established
12-01 06:20:37.165 30442 30442 D PlaybackController: Querying service info
12-01 06:20:37.165 30442 30442 D PlaybackController: status: PAUSED
12-01 06:20:37.165 30442 30442 D ItemDescriptionFragment: load()
12-01 06:20:37.165 30442 30442 D PlaybackController: Connection to Service established
12-01 06:20:37.166 30442 547 D DBReader: loadDescriptionOfFeedItem() called with: item = [FeedItem [id=592, title=Pope Leo is traveling to Turkey and Lebanon on the first foreign trip of his papacy, feedId=6, pubDate=Fri Nov 28 08:05:13 GMT+11:00 2025]]
12-01 06:20:37.197 30442 547 D Timeline: Recognized 0 timecodes
12-01 06:20:37.210 30442 30453 I art : Background sticky concurrent mark sweep GC freed 186634(10MB) AllocSpace objects, 15(1116KB) LOS objects, 11% free, 74MB/84MB, paused 5.479ms total 102.803ms
12-01 06:20:37.216 30442 30442 D ViewRootImpl@fa41c15[MainActivity]: MSG_WINDOW_FOCUS_CHANGED 1
12-01 06:20:37.216 30442 30442 D ViewRootImpl@fa41c15[MainActivity]: mHardwareRenderer.initializeIfNeeded()#2 mSurface={isValid=true 501233155584}
12-01 06:20:37.217 30442 30442 D SEM_CLIP_SemClipboardManager: isCocktailBarDisplayed : false
12-01 06:20:37.219 30442 30442 V InputMethodManager: Starting input: tba=android.view.inputmethod.EditorInfo@32819fe nm : de.danoeh.antennapod ic=null
12-01 06:20:37.219 30442 30442 I InputMethodManager: [IMM] startInputInner - mService.startInputOrWindowGainedFocus
12-01 06:20:37.229 30442 30442 D InputTransport: Input channel constructed: fd=107
12-01 06:20:37.229 30442 30442 D InputTransport: Input channel destroyed: fd=216
12-01 06:20:37.229 30442 30442 D AudioPlayerFragment: currentPosition 00:00:00
12-01 06:20:37.231 30442 30442 D ItemDescriptionFragment: Saving preferences
12-01 06:20:37.231 30442 30442 D ItemDescriptionFragment: Saving scroll position: 0
12-01 06:20:37.255 30442 30442 D ItemDescriptionFragment: Webview loaded
12-01 06:20:37.259 30442 30496 I WM-Processor: Moving WorkSpec (21f9a3b7-0de3-4487-9427-1dc6248331e5) to the foreground
12-01 06:20:37.270 30442 30480 D OpenGLRenderer: endAllActiveAnimators on 0x74efb98000 (RippleDrawable) with handle 0x7503eac900
12-01 06:20:37.270 30442 30442 D ViewRootImpl@2c40644[OpmlImportActivity]: mHardwareRenderer.destroy()#1
12-01 06:20:37.273 30442 30442 D ViewRootImpl@2c40644[OpmlImportActivity]: Relayout returned: oldFrame=[0,0][1080,1920] newFrame=[0,0][1080,1920] result=0x5 surface={isValid=false 0} surfaceGenerationChanged=true
12-01 06:20:37.281 30442 30442 I WM-SystemFgDispatcher: Started foreground service Intent { act=ACTION_START_FOREGROUND cmp=de.danoeh.antennapod/androidx.work.impl.foreground.SystemForegroundService launchParam=MultiScreenLaunchParams { mDisplayId=0 mFlags=0 } (has extras) }
12-01 06:20:37.285 30442 30536 D DBReader: Extracting Feedlist
12-01 06:20:37.304 30442 30442 D ShownotesWebView: Page finished
12-01 06:20:37.306 30442 963 D UserPreferences: User data folder not writable or not set. Trying default.
12-01 06:20:37.309 30442 965 D UserPreferences: User data folder not writable or not set. Trying default.
12-01 06:20:37.310 30442 964 D UserPreferences: User data folder not writable or not set. Trying default.
12-01 06:20:37.312 30442 963 D DownloadRequestCreat: Requesting download of url https://feeds.wdjh.org/podcasts/if_youre_listening.rss
12-01 06:20:37.313 30442 963 D HttpDownloader: addHeader("If-Modified-Since", "Sun, 30 Nov 2025 05:49:02 GMT")
12-01 06:20:37.324 30442 966 D UserPreferences: User data folder not writable or not set. Trying default.
12-01 06:20:37.325 30442 965 D DownloadRequestCreat: Requesting download of url https://feeds.wdjh.org/podcasts/adventures_in_hellwqrld.rss
12-01 06:20:37.325 30442 965 D HttpDownloader: addHeader("If-Modified-Since", "Sun, 30 Nov 2025 07:05:13 GMT")
12-01 06:20:37.327 30442 964 D DownloadRequestCreat: Requesting download of url https://feeds.wdjh.org/podcasts/trace.rss
12-01 06:20:37.328 30442 964 D HttpDownloader: addHeader("If-Modified-Since", "Sun, 30 Nov 2025 05:26:03 GMT")
12-01 06:20:37.329 30442 963 D HttpDownloader: Response code is 200
12-01 06:20:37.330 30442 963 D HttpDownloader: Getting size of download
12-01 06:20:37.330 30442 963 D HttpDownloader: Size is 98516
12-01 06:20:37.330 30442 963 D UserPreferences: User data folder not writable or not set. Trying default.
12-01 06:20:37.332 30442 963 D HttpDownloader: Free space is 6040096768
12-01 06:20:37.332 30442 963 D HttpDownloader: Starting download
12-01 06:20:37.334 30442 966 D DownloadRequestCreat: Requesting download of url https://feeds.wdjh.org/podcasts/friendlyjordies_podcast.rss
12-01 06:20:37.334 30442 966 D HttpDownloader: addHeader("If-Modified-Since", "Sun, 30 Nov 2025 12:38:06 GMT")
12-01 06:20:37.354 30442 30442 D ItemDescriptionFragment: Restoring from preferences
12-01 06:20:37.354 30442 30442 D ItemDescriptionFragment: Restored scroll Position: 0
12-01 06:20:37.354 30442 963 D HttpDownloader: Download was successful
12-01 06:20:37.354 30442 966 D HttpDownloader: Response code is 304
12-01 06:20:37.354 30442 966 D HttpDownloader: Feed 'https://feeds.wdjh.org/podcasts/friendlyjordies_podcast.rss' not modified since last update, Download canceled
12-01 06:20:37.354 30442 966 D HttpDownloader: Download was cancelled
12-01 06:20:37.355 30442 965 D HttpDownloader: Response code is 304
12-01 06:20:37.355 30442 965 D HttpDownloader: Feed 'https://feeds.wdjh.org/podcasts/adventures_in_hellwqrld.rss' not modified since last update, Download canceled
12-01 06:20:37.355 30442 965 D HttpDownloader: Download was cancelled
12-01 06:20:37.355 30442 963 D TypeGetter: Recognized type RSS 2.0
12-01 06:20:37.356 30442 963 D SyndHandler: Recognized Atom namespace
12-01 06:20:37.356 30442 963 D SyndHandler: Recognized ITunes namespace
12-01 06:20:37.357 30442 964 D HttpDownloader: Response code is 304
12-01 06:20:37.357 30442 964 D HttpDownloader: Feed 'https://feeds.wdjh.org/podcasts/trace.rss' not modified since last update, Download canceled
12-01 06:20:37.357 30442 964 D HttpDownloader: Download was cancelled
12-01 06:20:37.359 30442 966 D UserPreferences: User data folder not writable or not set. Trying default.
12-01 06:20:37.362 30442 966 D DownloadRequestCreat: Requesting download of url https://feeds.wdjh.org/podcasts/the_racer_x_podcast_network.rss
12-01 06:20:37.363 30442 966 D HttpDownloader: addHeader("If-Modified-Since", "Sun, 30 Nov 2025 05:25:32 GMT")
12-01 06:20:37.365 30442 965 D UserPreferences: User data folder not writable or not set. Trying default.
12-01 06:20:37.369 30442 965 D DownloadRequestCreat: Requesting download of url https://feeds.wdjh.org/podcasts/gypsy_tales.rss
12-01 06:20:37.370 30442 965 D HttpDownloader: addHeader("If-Modified-Since", "Sun, 30 Nov 2025 19:11:32 GMT")
12-01 06:20:37.373 30442 966 D HttpDownloader: Response code is 304
12-01 06:20:37.373 30442 966 D HttpDownloader: Feed 'https://feeds.wdjh.org/podcasts/the_racer_x_podcast_network.rss' not modified since last update, Download canceled
12-01 06:20:37.373 30442 966 D HttpDownloader: Download was cancelled
12-01 06:20:37.375 30442 964 D UserPreferences: User data folder not writable or not set. Trying default.
12-01 06:20:37.376 30442 965 D HttpDownloader: Response code is 304
12-01 06:20:37.376 30442 965 D HttpDownloader: Feed 'https://feeds.wdjh.org/podcasts/gypsy_tales.rss' not modified since last update, Download canceled
12-01 06:20:37.376 30442 965 D HttpDownloader: Download was cancelled
12-01 06:20:37.380 30442 964 D DownloadRequestCreat: Requesting download of url https://www.abc.net.au/feeds/9863562/podcast.xml
12-01 06:20:37.386 30442 966 D UserPreferences: User data folder not writable or not set. Trying default.
12-01 06:20:37.388 30442 966 D DownloadRequestCreat: Requesting download of url https://feeds.wdjh.org/podcasts/sbs_french__sbs_en_franais.rss
12-01 06:20:37.389 30442 966 D HttpDownloader: addHeader("If-Modified-Since", "Sun, 30 Nov 2025 05:23:50 GMT")
12-01 06:20:37.392 30442 965 D UserPreferences: User data folder not writable or not set. Trying default.
12-01 06:20:37.394 30442 966 D HttpDownloader: Response code is 304
12-01 06:20:37.394 30442 966 D HttpDownloader: Feed 'https://feeds.wdjh.org/podcasts/sbs_french__sbs_en_franais.rss' not modified since last update, Download canceled
12-01 06:20:37.394 30442 966 D HttpDownloader: Download was cancelled
12-01 06:20:37.396 30442 965 D DownloadRequestCreat: Requesting download of url https://feeds.wdjh.org/podcasts/abc_news_daily.rss
12-01 06:20:37.397 30442 965 D HttpDownloader: addHeader("If-Modified-Since", "Sun, 30 Nov 2025 05:51:47 GMT")
12-01 06:20:37.401 30442 966 D UserPreferences: User data folder not writable or not set. Trying default.
12-01 06:20:37.402 30442 965 D HttpDownloader: Response code is 304
12-01 06:20:37.402 30442 965 D HttpDownloader: Feed 'https://feeds.wdjh.org/podcasts/abc_news_daily.rss' not modified since last update, Download canceled
12-01 06:20:37.402 30442 965 D HttpDownloader: Download was cancelled
12-01 06:20:37.403 30442 966 D DownloadRequestCreat: Requesting download of url https://feeds.wdjh.org/podcasts/conspiracy_commission.rss
12-01 06:20:37.404 30442 966 D HttpDownloader: addHeader("If-Modified-Since", "Sun, 30 Nov 2025 11:36:01 GMT")
12-01 06:20:37.410 30442 964 D HttpDownloader: Response code is 200
12-01 06:20:37.411 30442 964 D HttpDownloader: Getting size of download
12-01 06:20:37.411 30442 964 D HttpDownloader: Size is -1
12-01 06:20:37.411 30442 964 D UserPreferences: User data folder not writable or not set. Trying default.
12-01 06:20:37.411 30442 965 D UserPreferences: User data folder not writable or not set. Trying default.
12-01 06:20:37.411 30442 966 D HttpDownloader: Response code is 304
12-01 06:20:37.411 30442 966 D HttpDownloader: Feed 'https://feeds.wdjh.org/podcasts/conspiracy_commission.rss' not modified since last update, Download canceled
12-01 06:20:37.411 30442 966 D HttpDownloader: Download was cancelled
12-01 06:20:37.416 30442 966 D UserPreferences: User data folder not writable or not set. Trying default.
12-01 06:20:37.417 30442 964 D HttpDownloader: Free space is 6039994368
12-01 06:20:37.417 30442 964 D HttpDownloader: Starting download
12-01 06:20:37.418 30442 964 D HttpDownloader: Download was successful
12-01 06:20:37.419 30442 965 D DownloadRequestCreat: Requesting download of url https://feeds.wdjh.org/podcasts/marianna_in_conspiracyland.rss
12-01 06:20:37.419 30442 965 D HttpDownloader: addHeader("If-Modified-Since", "Sun, 30 Nov 2025 05:22:50 GMT")
12-01 06:20:37.421 30442 964 D TypeGetter: Recognized type RSS 2.0
12-01 06:20:37.422 30442 964 D SyndHandler: Recognized ITunes namespace
12-01 06:20:37.422 30442 964 D SyndHandler: Recognized Atom namespace
12-01 06:20:37.424 30442 966 D DownloadRequestCreat: Requesting download of url https://feeds.wdjh.org/podcasts/the_steve_matthes_show_on_racerx.rss
12-01 06:20:37.424 30442 963 D FeedParserTask: If You're Listening (Mod) parsed
12-01 06:20:37.424 30442 966 D HttpDownloader: addHeader("If-Modified-Since", "Sun, 30 Nov 2025 05:25:45 GMT")
12-01 06:20:37.425 30442 963 D FeedParserTask: Deletion of file '/storage/emulated/0/Android/data/de.danoeh.antennapod/files/cache/feed-If Youre Listening Mod14' successful
12-01 06:20:37.425 30442 963 D DBReader: getFeed() called with: feedId = [14]
12-01 06:20:37.426 30442 965 D HttpDownloader: Response code is 304
12-01 06:20:37.426 30442 965 D HttpDownloader: Feed 'https://feeds.wdjh.org/podcasts/marianna_in_conspiracyland.rss' not modified since last update, Download canceled
12-01 06:20:37.426 30442 965 D HttpDownloader: Download was cancelled
12-01 06:20:37.430 30442 965 D UserPreferences: User data folder not writable or not set. Trying default.
12-01 06:20:37.431 30442 966 D HttpDownloader: Response code is 304
12-01 06:20:37.431 30442 966 D HttpDownloader: Feed 'https://feeds.wdjh.org/podcasts/the_steve_matthes_show_on_racerx.rss' not modified since last update, Download canceled
12-01 06:20:37.431 30442 966 D HttpDownloader: Download was cancelled
12-01 06:20:37.433 30442 965 D DownloadRequestCreat: Requesting download of url https://feeds.wdjh.org/podcasts/the_dirt_unit.rss
12-01 06:20:37.437 30442 963 D DBReader: getFeedItemList() called with: feed = [de.danoeh.antennapod.model.feed.Feed@2d]
12-01 06:20:37.438 30442 966 D UserPreferences: User data folder not writable or not set. Trying default.
12-01 06:20:37.439 30442 963 D DBReader: getFavoriteIDList() called
12-01 06:20:37.440 30442 963 D DBReader: getQueueIDList() called
12-01 06:20:37.440 30442 966 D DownloadRequestCreat: Requesting download of url https://momsbehindmoto.podbean.com/feed.xml
12-01 06:20:37.440 30442 963 D FeedDbWriter: Feed with title If You're Listening (Mod) already exists. Syncing new with existing one.
12-01 06:20:37.441 30442 963 D FeedDbWriter: Found new item: The balloon that started the US Air Force
12-01 06:20:37.441 30442 963 D FeedDbWriter: Found new item: What happens if Trump takes over the Federal Reserve?
12-01 06:20:37.441 30442 963 D FeedDbWriter: Found new item: The time the US Navy teamed up with the Mafia
12-01 06:20:37.441 30442 963 D FeedDbWriter: Found new item: Weighing up Ozempic
12-01 06:20:37.441 30442 963 D FeedDbWriter: Found new item: The Montana Mountain King and a conspiracy to clone
12-01 06:20:37.441 30442 963 D FeedDbWriter: Found new item: How dodgy data sent China's economy off course
12-01 06:20:37.441 30442 963 D FeedDbWriter: Found new item: Florida Man Invades Venezuela
12-01 06:20:37.441 30442 963 D FeedDbWriter: Found new item: Why Trump is blowing up boats off Venezuela
12-01 06:20:37.442 30442 963 D FeedDbWriter: Found new item: This can't be good for our brains
12-01 06:20:37.449 30442 965 D HttpDownloader: Response code is 200
12-01 06:20:37.450 30442 965 D HttpDownloader: Getting size of download
12-01 06:20:37.450 30442 965 D HttpDownloader: Size is 19008
12-01 06:20:37.450 30442 965 D UserPreferences: User data folder not writable or not set. Trying default.
12-01 06:20:37.452 30442 965 D HttpDownloader: Free space is 6040068096
12-01 06:20:37.452 30442 965 D HttpDownloader: Starting download
12-01 06:20:37.457 30442 965 D HttpDownloader: Download was successful
12-01 06:20:37.458 30442 965 D TypeGetter: Recognized type RSS 2.0
12-01 06:20:37.459 30442 965 D SyndHandler: Recognized Atom namespace
12-01 06:20:37.459 30442 965 D SyndHandler: Recognized DublinCore namespace
12-01 06:20:37.459 30442 965 D SyndHandler: Recognized ITunes namespace
12-01 06:20:37.474 30442 964 D FeedParserTask: Media Watch parsed
12-01 06:20:37.475 30442 964 D FeedParserTask: Deletion of file '/storage/emulated/0/Android/data/de.danoeh.antennapod/files/cache/feed-Media Watch45' successful
12-01 06:20:37.483 30442 965 D FeedParserTask: The Dirt Unit (Mod) parsed
12-01 06:20:37.484 30442 965 D FeedParserTask: Deletion of file '/storage/emulated/0/Android/data/de.danoeh.antennapod/files/cache/feed-The Dirt Unit Mod26' successful
12-01 06:20:37.500 30442 30796 D de.danoeh.antennapod.storage.database.PodDBAdapter@f5e76c0: Updating existing Feed in db
12-01 06:20:37.518 30442 963 D DBReader: getFeedDownloadLog() called with: feed = [14]
12-01 06:20:37.518 30442 964 D DBReader: getFeed() called with: feedId = [45]
12-01 06:20:37.521 30442 545 D DBReader: Extracting Feedlist
12-01 06:20:37.524 30442 543 D DBReader: Extracting Feedlist
12-01 06:20:37.525 30442 964 D DBReader: getFeedItemList() called with: feed = [de.danoeh.antennapod.model.feed.Feed@4c]
12-01 06:20:37.526 30442 963 D UserPreferences: User data folder not writable or not set. Trying default.
12-01 06:20:37.528 30442 963 D DownloadRequestCreat: Requesting download of url https://feeds.wdjh.org/podcasts/qaa_podcast.rss
12-01 06:20:37.529 30442 963 D HttpDownloader: addHeader("If-Modified-Since", "Sun, 30 Nov 2025 05:23:33 GMT")
12-01 06:20:37.537 30442 964 D DBReader: getFavoriteIDList() called
12-01 06:20:37.537 30442 963 D HttpDownloader: Response code is 304
12-01 06:20:37.538 30442 963 D HttpDownloader: Feed 'https://feeds.wdjh.org/podcasts/qaa_podcast.rss' not modified since last update, Download canceled
12-01 06:20:37.538 30442 963 D HttpDownloader: Download was cancelled
12-01 06:20:37.539 30442 964 D DBReader: getQueueIDList() called
12-01 06:20:37.540 30442 964 D FeedDbWriter: Feed with title Media Watch already exists. Syncing new with existing one.
12-01 06:20:37.541 30442 963 D UserPreferences: User data folder not writable or not set. Trying default.
12-01 06:20:37.543 30442 30796 D de.danoeh.antennapod.storage.database.PodDBAdapter@f5e76c0: Updating existing Feed in db
12-01 06:20:37.544 30442 963 D DownloadRequestCreat: Requesting download of url https://feeds.wdjh.org/podcasts/the_shot_podcast.rss
12-01 06:20:37.545 30442 963 D HttpDownloader: addHeader("If-Modified-Since", "Sun, 30 Nov 2025 05:25:38 GMT")
12-01 06:20:37.556 30442 963 D HttpDownloader: Response code is 304
12-01 06:20:37.556 30442 963 D HttpDownloader: Feed 'https://feeds.wdjh.org/podcasts/the_shot_podcast.rss' not modified since last update, Download canceled
12-01 06:20:37.556 30442 963 D HttpDownloader: Download was cancelled
12-01 06:20:37.559 30442 964 D DBReader: getFeedDownloadLog() called with: feed = [45]
12-01 06:20:37.559 30442 965 D DBReader: getFeed() called with: feedId = [26]
12-01 06:20:37.564 30442 519 D DBReader: Extracting Feedlist
12-01 06:20:37.565 30442 547 D DBReader: Extracting Feedlist
12-01 06:20:37.565 30442 965 D DBReader: getFeedItemList() called with: feed = [de.danoeh.antennapod.model.feed.Feed@39]
12-01 06:20:37.569 30442 963 D UserPreferences: User data folder not writable or not set. Trying default.
12-01 06:20:37.570 30442 963 D DownloadRequestCreat: Requesting download of url https://feeds.wdjh.org/podcasts/the_podcasters_guide_to_the_conspiracy.rss
12-01 06:20:37.571 30442 963 D HttpDownloader: addHeader("If-Modified-Since", "Sun, 30 Nov 2025 05:25:09 GMT")
12-01 06:20:37.572 30442 965 D DBReader: getFavoriteIDList() called
12-01 06:20:37.573 30442 964 D UserPreferences: User data folder not writable or not set. Trying default.
12-01 06:20:37.575 30442 964 D DownloadRequestCreat: Requesting download of url https://feeds.wdjh.org/podcasts/the_good_liars_tell_the_truth.rss
12-01 06:20:37.575 30442 964 D HttpDownloader: addHeader("If-Modified-Since", "Sun, 30 Nov 2025 05:24:46 GMT")
12-01 06:20:37.578 30442 963 D HttpDownloader: Response code is 304
12-01 06:20:37.578 30442 963 D HttpDownloader: Feed 'https://feeds.wdjh.org/podcasts/the_podcasters_guide_to_the_conspiracy.rss' not modified since last update, Download canceled
12-01 06:20:37.578 30442 963 D HttpDownloader: Download was cancelled
12-01 06:20:37.582 30442 965 D DBReader: getQueueIDList() called
12-01 06:20:37.582 30442 964 D HttpDownloader: Response code is 304
12-01 06:20:37.582 30442 964 D HttpDownloader: Feed 'https://feeds.wdjh.org/podcasts/the_good_liars_tell_the_truth.rss' not modified since last update, Download canceled
12-01 06:20:37.582 30442 964 D HttpDownloader: Download was cancelled
12-01 06:20:37.584 30442 965 D FeedDbWriter: Feed with title The Dirt Unit (Mod) already exists. Syncing new with existing one.
12-01 06:20:37.588 30442 963 D UserPreferences: User data folder not writable or not set. Trying default.
12-01 06:20:37.589 30442 30796 D de.danoeh.antennapod.storage.database.PodDBAdapter@f5e76c0: Updating existing Feed in db
12-01 06:20:37.590 30442 963 D DownloadRequestCreat: Requesting download of url https://feeds.wdjh.org/podcasts/the_hard_enduro_channel.rss
12-01 06:20:37.591 30442 963 D HttpDownloader: addHeader("If-Modified-Since", "Sun, 30 Nov 2025 05:24:50 GMT")
12-01 06:20:37.592 30442 964 D UserPreferences: User data folder not writable or not set. Trying default.
12-01 06:20:37.596 30442 964 D DownloadRequestCreat: Requesting download of url https://feeds.wdjh.org/podcasts/expanse.rss
12-01 06:20:37.596 30442 964 D HttpDownloader: addHeader("If-Modified-Since", "Sun, 30 Nov 2025 11:57:37 GMT")
12-01 06:20:37.599 30442 963 D HttpDownloader: Response code is 304
12-01 06:20:37.600 30442 963 D HttpDownloader: Feed 'https://feeds.wdjh.org/podcasts/the_hard_enduro_channel.rss' not modified since last update, Download canceled
12-01 06:20:37.600 30442 963 D HttpDownloader: Download was cancelled
12-01 06:20:37.604 30442 963 D UserPreferences: User data folder not writable or not set. Trying default.
12-01 06:20:37.604 30442 964 D HttpDownloader: Response code is 304
12-01 06:20:37.604 30442 964 D HttpDownloader: Feed 'https://feeds.wdjh.org/podcasts/expanse.rss' not modified since last update, Download canceled
12-01 06:20:37.604 30442 964 D HttpDownloader: Download was cancelled
12-01 06:20:37.607 30442 963 D DownloadRequestCreat: Requesting download of url https://feeds.wdjh.org/podcasts/front_end_chatter.rss
12-01 06:20:37.607 30442 963 D HttpDownloader: addHeader("If-Modified-Since", "Sun, 30 Nov 2025 14:18:55 GMT")
12-01 06:20:37.608 30442 965 D DBReader: getFeedDownloadLog() called with: feed = [26]
12-01 06:20:37.609 30442 964 D UserPreferences: User data folder not writable or not set. Trying default.
12-01 06:20:37.612 30442 964 D DownloadRequestCreat: Requesting download of url https://feeds.wdjh.org/podcasts/full_story.rss
12-01 06:20:37.613 30442 964 D HttpDownloader: addHeader("If-Modified-Since", "Sun, 30 Nov 2025 14:21:00 GMT")
12-01 06:20:37.613 30442 963 D HttpDownloader: Response code is 304
12-01 06:20:37.613 30442 963 D HttpDownloader: Feed 'https://feeds.wdjh.org/podcasts/front_end_chatter.rss' not modified since last update, Download canceled
12-01 06:20:37.613 30442 963 D HttpDownloader: Download was cancelled
12-01 06:20:37.616 30442 543 D DBReader: Extracting Feedlist
12-01 06:20:37.617 30442 965 D UserPreferences: User data folder not writable or not set. Trying default.
12-01 06:20:37.619 30442 964 D HttpDownloader: Response code is 304
12-01 06:20:37.619 30442 964 D HttpDownloader: Feed 'https://feeds.wdjh.org/podcasts/full_story.rss' not modified since last update, Download canceled
12-01 06:20:37.619 30442 964 D HttpDownloader: Download was cancelled
12-01 06:20:37.619 30442 545 D DBReader: Extracting Feedlist
12-01 06:20:37.621 30442 965 D DownloadRequestCreat: Requesting download of url https://feeds.wdjh.org/podcasts/politics_now.rss
12-01 06:20:37.622 30442 965 D HttpDownloader: addHeader("If-Modified-Since", "Sun, 30 Nov 2025 05:23:12 GMT")
12-01 06:20:37.622 30442 963 D UserPreferences: User data folder not writable or not set. Trying default.
12-01 06:20:37.624 30442 963 D DownloadRequestCreat: Requesting download of url https://feeds.wdjh.org/podcasts/guardian_australia_reads.rss
12-01 06:20:37.624 30442 963 D HttpDownloader: addHeader("If-Modified-Since", "Sun, 30 Nov 2025 14:36:06 GMT")
12-01 06:20:37.627 30442 964 D UserPreferences: User data folder not writable or not set. Trying default.
12-01 06:20:37.632 30442 965 D HttpDownloader: Response code is 304
12-01 06:20:37.632 30442 965 D HttpDownloader: Feed 'https://feeds.wdjh.org/podcasts/politics_now.rss' not modified since last update, Download canceled
12-01 06:20:37.632 30442 965 D HttpDownloader: Download was cancelled
12-01 06:20:37.632 30442 964 D DownloadRequestCreat: Requesting download of url https://feeds.wdjh.org/podcasts/some_dare_call_it_conspiracy.rss
12-01 06:20:37.633 30442 964 D HttpDownloader: addHeader("If-Modified-Since", "Sun, 30 Nov 2025 05:24:13 GMT")
12-01 06:20:37.636 30442 963 D HttpDownloader: Response code is 304
12-01 06:20:37.636 30442 963 D HttpDownloader: Feed 'https://feeds.wdjh.org/podcasts/guardian_australia_reads.rss' not modified since last update, Download canceled
12-01 06:20:37.636 30442 963 D HttpDownloader: Download was cancelled
12-01 06:20:37.640 30442 965 W NotificationManager: notify: id corrupted: sent 2131362420, got back 0
12-01 06:20:37.640 30442 965 D UserPreferences: User data folder not writable or not set. Trying default.
12-01 06:20:37.642 30442 965 D DownloadRequestCreat: Requesting download of url https://feeds.wdjh.org/podcasts/mushroom_case_daily.rss
12-01 06:20:37.642 30442 965 D HttpDownloader: addHeader("If-Modified-Since", "Sun, 30 Nov 2025 05:23:03 GMT")
12-01 06:20:37.643 30442 964 D HttpDownloader: Response code is 304
12-01 06:20:37.643 30442 964 D HttpDownloader: Feed 'https://feeds.wdjh.org/podcasts/some_dare_call_it_conspiracy.rss' not modified since last update, Download canceled
12-01 06:20:37.643 30442 964 D HttpDownloader: Download was cancelled
12-01 06:20:37.645 30442 963 W NotificationManager: notify: id corrupted: sent 2131362420, got back 0
12-01 06:20:37.645 30442 963 D UserPreferences: User data folder not writable or not set. Trying default.
12-01 06:20:37.647 30442 963 D DownloadRequestCreat: Requesting download of url https://feeds.wdjh.org/podcasts/all_things_considered.rss
12-01 06:20:37.647 30442 963 D HttpDownloader: addHeader("If-Modified-Since", "Sun, 30 Nov 2025 07:26:40 GMT")
12-01 06:20:37.651 30442 964 W NotificationManager: notify: id corrupted: sent 2131362420, got back 0
12-01 06:20:37.651 30442 964 D UserPreferences: User data folder not writable or not set. Trying default.
12-01 06:20:37.653 30442 964 D DownloadRequestCreat: Requesting download of url https://feeds.wdjh.org/podcasts/the_pulpmxcom_show.rss
12-01 06:20:37.653 30442 964 D HttpDownloader: addHeader("If-Modified-Since", "Sun, 30 Nov 2025 05:25:15 GMT")
12-01 06:20:37.653 30442 963 D HttpDownloader: Response code is 304
12-01 06:20:37.653 30442 963 D HttpDownloader: Feed 'https://feeds.wdjh.org/podcasts/all_things_considered.rss' not modified since last update, Download canceled
12-01 06:20:37.653 30442 963 D HttpDownloader: Download was cancelled
12-01 06:20:37.655 30442 965 D HttpDownloader: Response code is 304
12-01 06:20:37.655 30442 965 D HttpDownloader: Feed 'https://feeds.wdjh.org/podcasts/mushroom_case_daily.rss' not modified since last update, Download canceled
12-01 06:20:37.655 30442 965 D HttpDownloader: Download was cancelled
12-01 06:20:37.656 30442 963 W NotificationManager: notify: id corrupted: sent 2131362420, got back 0
12-01 06:20:37.657 30442 963 D UserPreferences: User data folder not writable or not set. Trying default.
12-01 06:20:37.659 30442 963 D DownloadRequestCreat: Requesting download of url https://feeds.wdjh.org/podcasts/knowledge_fight.rss
12-01 06:20:37.660 30442 963 D HttpDownloader: addHeader("If-Modified-Since", "Sun, 30 Nov 2025 05:22:38 GMT")
12-01 06:20:37.660 30442 965 D UserPreferences: User data folder not writable or not set. Trying default.
12-01 06:20:37.661 30442 964 D HttpDownloader: Response code is 304
12-01 06:20:37.661 30442 964 D HttpDownloader: Feed 'https://feeds.wdjh.org/podcasts/the_pulpmxcom_show.rss' not modified since last update, Download canceled
12-01 06:20:37.661 30442 964 D HttpDownloader: Download was cancelled
12-01 06:20:37.663 30442 30442 D ViewRootImpl@2c40644[OpmlImportActivity]: mHardwareRenderer.destroy()#4
12-01 06:20:37.663 30442 30442 D ViewRootImpl@2c40644[OpmlImportActivity]: dispatchDetachedFromWindow
12-01 06:20:37.664 30442 964 W NotificationManager: notify: id corrupted: sent 2131362420, got back 0
12-01 06:20:37.665 30442 964 D UserPreferences: User data folder not writable or not set. Trying default.
12-01 06:20:37.665 30442 963 D HttpDownloader: Response code is 304
12-01 06:20:37.665 30442 963 D HttpDownloader: Feed 'https://feeds.wdjh.org/podcasts/knowledge_fight.rss' not modified since last update, Download canceled
12-01 06:20:37.665 30442 963 D HttpDownloader: Download was cancelled
12-01 06:20:37.666 30442 965 D DownloadRequestCreat: Requesting download of url https://feeds.wdjh.org/podcasts/the_dollop_with_dave_anthony_and_gareth_reynolds.rss
12-01 06:20:37.666 30442 965 D HttpDownloader: addHeader("If-Modified-Since", "Sun, 30 Nov 2025 05:24:41 GMT")
12-01 06:20:37.668 30442 964 D DownloadRequestCreat: Requesting download of url https://feeds.wdjh.org/podcasts/all_in_the_mind.rss
12-01 06:20:37.669 30442 964 D HttpDownloader: addHeader("If-Modified-Since", "Sun, 30 Nov 2025 07:22:30 GMT")
12-01 06:20:37.669 30442 30442 D InputTransport: Input channel destroyed: fd=185
12-01 06:20:37.669 30442 963 W NotificationManager: notify: id corrupted: sent 2131362420, got back 0
12-01 06:20:37.669 30442 963 D UserPreferences: User data folder not writable or not set. Trying default.
12-01 06:20:37.671 30442 963 D DownloadRequestCreat: Requesting download of url https://feeds.wdjh.org/podcasts/no_one_saw_it_coming.rss
12-01 06:20:37.672 30442 963 D HttpDownloader: addHeader("If-Modified-Since", "Sun, 30 Nov 2025 05:23:08 GMT")
12-01 06:20:37.673 30442 965 D HttpDownloader: Response code is 304
12-01 06:20:37.673 30442 965 D HttpDownloader: Feed 'https://feeds.wdjh.org/podcasts/the_dollop_with_dave_anthony_and_gareth_reynolds.rss' not modified since last update, Download canceled
12-01 06:20:37.673 30442 965 D HttpDownloader: Download was cancelled
12-01 06:20:37.675 30442 964 D HttpDownloader: Response code is 304
12-01 06:20:37.676 30442 964 D HttpDownloader: Feed 'https://feeds.wdjh.org/podcasts/all_in_the_mind.rss' not modified since last update, Download canceled
12-01 06:20:37.676 30442 964 D HttpDownloader: Download was cancelled
12-01 06:20:37.676 30442 965 W NotificationManager: notify: id corrupted: sent 2131362420, got back 0
12-01 06:20:37.676 30442 965 D UserPreferences: User data folder not writable or not set. Trying default.
12-01 06:20:37.677 30442 965 D DownloadRequestCreat: Requesting download of url https://feeds.wdjh.org/podcasts/torq_moto.rss
12-01 06:20:37.678 30442 965 D HttpDownloader: addHeader("If-Modified-Since", "Sun, 30 Nov 2025 05:24:23 GMT")
12-01 06:20:37.680 30442 963 D HttpDownloader: Response code is 304
12-01 06:20:37.680 30442 963 D HttpDownloader: Feed 'https://feeds.wdjh.org/podcasts/no_one_saw_it_coming.rss' not modified since last update, Download canceled
12-01 06:20:37.680 30442 963 D HttpDownloader: Download was cancelled
12-01 06:20:37.681 30442 964 W NotificationManager: notify: id corrupted: sent 2131362420, got back 0
12-01 06:20:37.681 30442 964 D UserPreferences: User data folder not writable or not set. Trying default.
12-01 06:20:37.683 30442 965 D HttpDownloader: Response code is 304
12-01 06:20:37.683 30442 965 D HttpDownloader: Feed 'https://feeds.wdjh.org/podcasts/torq_moto.rss' not modified since last update, Download canceled
12-01 06:20:37.683 30442 965 D HttpDownloader: Download was cancelled
12-01 06:20:37.683 30442 964 D DownloadRequestCreat: Requesting download of url https://feeds.wdjh.org/podcasts/serial.rss
12-01 06:20:37.683 30442 964 D HttpDownloader: addHeader("If-Modified-Since", "Sun, 30 Nov 2025 05:24:07 GMT")
12-01 06:20:37.685 30442 963 W NotificationManager: notify: id corrupted: sent 2131362420, got back 0
12-01 06:20:37.685 30442 963 D UserPreferences: User data folder not writable or not set. Trying default.
12-01 06:20:37.688 30442 963 D DownloadRequestCreat: Requesting download of url https://feeds.wdjh.org/podcasts/unravel.rss
12-01 06:20:37.688 30442 963 D HttpDownloader: addHeader("If-Modified-Since", "Sun, 30 Nov 2025 05:26:16 GMT")
12-01 06:20:37.689 30442 965 W NotificationManager: notify: id corrupted: sent 2131362420, got back 0
12-01 06:20:37.689 30442 965 D UserPreferences: User data folder not writable or not set. Trying default.
12-01 06:20:37.690 30442 964 D HttpDownloader: Response code is 304
12-01 06:20:37.690 30442 964 D HttpDownloader: Feed 'https://feeds.wdjh.org/podcasts/serial.rss' not modified since last update, Download canceled
12-01 06:20:37.690 30442 964 D HttpDownloader: Download was cancelled
12-01 06:20:37.691 30442 965 D DownloadRequestCreat: Requesting download of url https://feeds.wdjh.org/podcasts/we_went_fast.rss
12-01 06:20:37.691 30442 965 D HttpDownloader: addHeader("If-Modified-Since", "Sun, 30 Nov 2025 05:26:20 GMT")
12-01 06:20:37.693 30442 963 D HttpDownloader: Response code is 304
12-01 06:20:37.693 30442 963 D HttpDownloader: Feed 'https://feeds.wdjh.org/podcasts/unravel.rss' not modified since last update, Download canceled
12-01 06:20:37.693 30442 963 D HttpDownloader: Download was cancelled
12-01 06:20:37.695 30442 964 W NotificationManager: notify: id corrupted: sent 2131362420, got back 0
12-01 06:20:37.695 30442 964 D UserPreferences: User data folder not writable or not set. Trying default.
12-01 06:20:37.696 30442 965 D HttpDownloader: Response code is 304
12-01 06:20:37.696 30442 965 D HttpDownloader: Feed 'https://feeds.wdjh.org/podcasts/we_went_fast.rss' not modified since last update, Download canceled
12-01 06:20:37.696 30442 965 D HttpDownloader: Download was cancelled
12-01 06:20:37.698 30442 964 D DownloadRequestCreat: Requesting download of url https://feeds.wdjh.org/podcasts/tinfoil_tales.rss
12-01 06:20:37.698 30442 964 D HttpDownloader: addHeader("If-Modified-Since", "Sun, 30 Nov 2025 05:24:19 GMT")
12-01 06:20:37.701 30442 963 W NotificationManager: notify: id corrupted: sent 2131362420, got back 0
12-01 06:20:37.701 30442 963 D UserPreferences: User data folder not writable or not set. Trying default.
12-01 06:20:37.703 30442 964 D HttpDownloader: Response code is 304
12-01 06:20:37.703 30442 964 D HttpDownloader: Feed 'https://feeds.wdjh.org/podcasts/tinfoil_tales.rss' not modified since last update, Download canceled
12-01 06:20:37.703 30442 964 D HttpDownloader: Download was cancelled
12-01 06:20:37.703 30442 963 D DownloadRequestCreat: Requesting download of url https://feeds.wdjh.org/podcasts/this_week.rss
12-01 06:20:37.703 30442 963 D HttpDownloader: addHeader("If-Modified-Since", "Sun, 30 Nov 2025 05:25:54 GMT")
12-01 06:20:37.705 30442 965 W NotificationManager: notify: id corrupted: sent 2131362420, got back 0
12-01 06:20:37.705 30442 965 D UserPreferences: User data folder not writable or not set. Trying default.
12-01 06:20:37.706 30442 965 D DownloadRequestCreat: Requesting download of url https://feeds.wdjh.org/podcasts/title_24.rss
12-01 06:20:37.707 30442 965 D HttpDownloader: addHeader("If-Modified-Since", "Sun, 30 Nov 2025 05:25:59 GMT")
12-01 06:20:37.708 30442 964 W NotificationManager: notify: id corrupted: sent 2131362420, got back 0
12-01 06:20:37.708 30442 964 D UserPreferences: User data folder not writable or not set. Trying default.
12-01 06:20:37.708 30442 963 D HttpDownloader: Response code is 304
12-01 06:20:37.708 30442 963 D HttpDownloader: Feed 'https://feeds.wdjh.org/podcasts/this_week.rss' not modified since last update, Download canceled
12-01 06:20:37.708 30442 963 D HttpDownloader: Download was cancelled
12-01 06:20:37.710 30442 964 D DownloadRequestCreat: Requesting download of url https://feeds.wdjh.org/podcasts/things_fell_apart.rss
12-01 06:20:37.710 30442 964 D HttpDownloader: addHeader("If-Modified-Since", "Sun, 30 Nov 2025 05:25:49 GMT")
12-01 06:20:37.712 30442 965 D HttpDownloader: Response code is 304
12-01 06:20:37.712 30442 965 D HttpDownloader: Feed 'https://feeds.wdjh.org/podcasts/title_24.rss' not modified since last update, Download canceled
12-01 06:20:37.712 30442 965 D HttpDownloader: Download was cancelled
12-01 06:20:37.712 30442 963 D UserPreferences: User data folder not writable or not set. Trying default.
12-01 06:20:37.714 30442 963 D DownloadRequestCreat: Requesting download of url https://feeds.wdjh.org/podcasts/rc_plane_lab.rss
12-01 06:20:37.714 30442 965 W NotificationManager: notify: id corrupted: sent 2131362420, got back 0
12-01 06:20:37.714 30442 965 D UserPreferences: User data folder not writable or not set. Trying default.
12-01 06:20:37.715 30442 963 D HttpDownloader: addHeader("If-Modified-Since", "Sun, 30 Nov 2025 05:23:38 GMT")
12-01 06:20:37.715 30442 964 D HttpDownloader: Response code is 304
12-01 06:20:37.715 30442 964 D HttpDownloader: Feed 'https://feeds.wdjh.org/podcasts/things_fell_apart.rss' not modified since last update, Download canceled
12-01 06:20:37.715 30442 964 D HttpDownloader: Download was cancelled
12-01 06:20:37.717 30442 965 D DownloadRequestCreat: Requesting download of url https://feeds.wdjh.org/podcasts/background_briefing.rss
12-01 06:20:37.717 30442 965 D HttpDownloader: addHeader("If-Modified-Since", "Sun, 30 Nov 2025 07:54:32 GMT")
12-01 06:20:37.718 30442 964 W NotificationManager: notify: id corrupted: sent 2131362420, got back 0
12-01 06:20:37.718 30442 964 D UserPreferences: User data folder not writable or not set. Trying default.
12-01 06:20:37.719 30442 963 D HttpDownloader: Response code is 304
12-01 06:20:37.719 30442 963 D HttpDownloader: Feed 'https://feeds.wdjh.org/podcasts/rc_plane_lab.rss' not modified since last update, Download canceled
12-01 06:20:37.719 30442 963 D HttpDownloader: Download was cancelled
12-01 06:20:37.721 30442 964 D DownloadRequestCreat: Requesting download of url https://feeds.wdjh.org/podcasts/boonta_vista.rss
12-01 06:20:37.721 30442 964 D HttpDownloader: addHeader("If-Modified-Since", "Sun, 30 Nov 2025 09:10:17 GMT")
12-01 06:20:37.723 30442 963 W NotificationManager: notify: id corrupted: sent 2131362420, got back 0
12-01 06:20:37.723 30442 963 D UserPreferences: User data folder not writable or not set. Trying default.
12-01 06:20:37.723 30442 965 D HttpDownloader: Response code is 304
12-01 06:20:37.723 30442 965 D HttpDownloader: Feed 'https://feeds.wdjh.org/podcasts/background_briefing.rss' not modified since last update, Download canceled
12-01 06:20:37.723 30442 965 D HttpDownloader: Download was cancelled
12-01 06:20:37.725 30442 963 D DownloadRequestCreat: Requesting download of url https://feeds.wdjh.org/podcasts/the_conditional_release_program.rss
12-01 06:20:37.725 30442 965 W NotificationManager: notify: id corrupted: sent 2131362420, got back 0
12-01 06:20:37.725 30442 963 D HttpDownloader: addHeader("If-Modified-Since", "Sun, 30 Nov 2025 05:24:35 GMT")
12-01 06:20:37.725 30442 965 D UserPreferences: User data folder not writable or not set. Trying default.
12-01 06:20:37.727 30442 964 D HttpDownloader: Response code is 304
12-01 06:20:37.727 30442 964 D HttpDownloader: Feed 'https://feeds.wdjh.org/podcasts/boonta_vista.rss' not modified since last update, Download canceled
12-01 06:20:37.727 30442 964 D HttpDownloader: Download was cancelled
12-01 06:20:37.727 30442 965 D DownloadRequestCreat: Requesting download of url https://feeds.wdjh.org/podcasts/the_moto_academy.rss
12-01 06:20:37.728 30442 965 D HttpDownloader: addHeader("If-Modified-Since", "Sun, 30 Nov 2025 05:25:03 GMT")
12-01 06:20:37.730 30442 963 D HttpDownloader: Response code is 304
12-01 06:20:37.731 30442 963 D HttpDownloader: Feed 'https://feeds.wdjh.org/podcasts/the_conditional_release_program.rss' not modified since last update, Download canceled
12-01 06:20:37.731 30442 963 D HttpDownloader: Download was cancelled
12-01 06:20:37.731 30442 964 W NotificationManager: notify: id corrupted: sent 2131362420, got back 0
12-01 06:20:37.731 30442 964 D UserPreferences: User data folder not writable or not set. Trying default.
