12-01 06:14:50.551 30442 30537 D DBReader: getFavoriteIDList() called
12-01 06:14:50.553 30442 30537 D DBReader: getQueueIDList() called
12-01 06:14:50.553 30442 30537 D DBReader: Extracting Feedlist
12-01 06:14:50.560 30442 30537 D DBReader: getQueue() called
12-01 06:14:50.569 30442 30537 D DBReader: getFavoriteIDList() called
12-01 06:14:50.570 30442 30537 D DBReader: getQueueIDList() called
12-01 06:14:50.571 30442 30537 D DBReader: Extracting Feedlist
12-01 06:14:50.613 30442 30537 I APNullCleanupAlgorithm: performCleanup: Not removing anything
12-01 06:14:50.613 30442 30537 D DownloadAlgorithm: Enqueueing 24 items for download
12-01 06:14:50.644 30442 30442 D AudioPlayerFragment: currentPosition 00:07:32
12-01 06:14:50.649 30442 30470 D ConnectivityManager: requestNetwork; CallingUid : 10275, CallingPid : 30442
12-01 06:14:51.682 30442 30442 D AudioPlayerFragment: currentPosition 00:07:33
12-01 06:14:52.012 30442 30453 I art : Background sticky concurrent mark sweep GC freed 234373(13MB) AllocSpace objects, 0(0B) LOS objects, 18% free, 58MB/71MB, paused 10.758ms total 98.657ms
12-01 06:14:52.019 30442 30543 D DBReader: getFavoriteIDList() called
12-01 06:14:52.029 30442 30543 D DBReader: getQueueIDList() called
12-01 06:14:52.031 30442 30543 D DBReader: Extracting Feedlist
12-01 06:14:52.053 30442 30543 D UserPreferences: User data folder not writable or not set. Trying default.
12-01 06:14:52.054 30442 30536 D DBReader: getFavoriteIDList() called
12-01 06:14:52.057 30442 30536 D DBReader: getQueueIDList() called
12-01 06:14:52.058 30442 30543 D DownloadRequestCreat: Requesting download of url https://feeds.wdjh.org/podcasts/abc_news_daily/20251128_89.mp3
12-01 06:14:52.059 30442 30536 D DBReader: Extracting Feedlist
12-01 06:14:52.072 30442 30536 D UserPreferences: User data folder not writable or not set. Trying default.
12-01 06:14:52.076 30442 30536 D DownloadRequestCreat: Requesting download of url https://feeds.wdjh.org/podcasts/full_story/20251127_27-20897-FS_HANSON.mp3
12-01 06:14:52.185 30442 30543 D HttpDownloader: addHeader("Accept-Encoding", "identity")
12-01 06:14:52.190 30442 30790 D DBReader: getFavoriteIDList() called
12-01 06:14:52.195 30442 30800 D DBReader: getFavoriteIDList() called
12-01 06:14:52.211 30442 30543 D HttpDownloader: Response code is 404
12-01 06:14:52.211 30442 30543 D HttpDownloader: onFail() called with: reason = [ERROR_NOT_FOUND], reasonDetailed = [404]
12-01 06:14:52.213 30442 30543 E EpisodeDownloadWorker: Download failed
12-01 06:14:52.214 30442 30442 D MainActivity: onEvent(de.danoeh.antennapod.event.MessageEvent@f7ad149)
12-01 06:14:52.216 30442 30543 D EpisodeDownloadWorker: Worker for https://feeds.wdjh.org/podcasts/abc_news_daily/20251128_89.mp3 returned.
12-01 06:14:52.219 30442 30442 D TextView: setTypeface with style : 0
12-01 06:14:52.223 30442 30442 D TextView: setTypeface with style : 0
12-01 06:14:52.247 30442 30442 D ItemDescriptionFragment: Saving preferences
12-01 06:14:52.248 30442 30442 D ItemDescriptionFragment: Saving scroll position: 0
12-01 06:14:52.262 30442 30442 D ItemDescriptionFragment: Saving preferences
12-01 06:14:52.263 30442 30442 D ItemDescriptionFragment: Saving scroll position: 0
12-01 06:14:52.305 30442 30800 D DBReader: getQueueIDList() called
12-01 06:14:52.305 30442 30790 D DBReader: getQueueIDList() called
12-01 06:14:52.307 30442 30536 D HttpDownloader: addHeader("Accept-Encoding", "identity")
12-01 06:14:52.314 30442 30800 D DBReader: Extracting Feedlist
12-01 06:14:52.317 30442 30543 D DBReader: getFavoriteIDList() called
12-01 06:14:52.327 30442 30536 D HttpDownloader: Response code is 404
12-01 06:14:52.328 30442 30536 D HttpDownloader: onFail() called with: reason = [ERROR_NOT_FOUND], reasonDetailed = [404]
12-01 06:14:52.332 30442 30536 E EpisodeDownloadWorker: Download failed
12-01 06:14:52.333 30442 30442 D MainActivity: onEvent(de.danoeh.antennapod.event.MessageEvent@35b5d7b)
12-01 06:14:52.339 30442 30442 D TextView: setTypeface with style : 0
12-01 06:14:52.340 30442 30536 D EpisodeDownloadWorker: Worker for https://feeds.wdjh.org/podcasts/full_story/20251127_27-20897-FS_HANSON.mp3 returned.
12-01 06:14:52.345 30442 30442 D TextView: setTypeface with style : 0
12-01 06:14:52.349 30442 30790 D DBReader: Extracting Feedlist
12-01 06:14:52.356 30442 30543 D DBReader: getQueueIDList() called
12-01 06:14:52.359 30442 30536 D DBReader: getFavoriteIDList() called
12-01 06:14:52.366 30442 30800 D UserPreferences: User data folder not writable or not set. Trying default.
12-01 06:14:52.371 30442 30800 D DownloadRequestCreat: Requesting download of url https://feeds.wdjh.org/podcasts/all_things_considered/20251127_20251127_atc_there_s_reason_to_be_optimistic_about_the_the_movies_coming_this_holiday_season.mp3
12-01 06:14:52.373 30442 30790 D UserPreferences: User data folder not writable or not set. Trying default.
12-01 06:14:52.378 30442 30790 D DownloadRequestCreat: Requesting download of url https://feeds.wdjh.org/podcasts/all_things_considered/20251127_20251127_atc_pope_leo_is_traveling_to_turkey_and_lebanon_on_the_first_foreign_trip_of_his_papacy.mp3
12-01 06:14:52.384 30442 30543 D DBReader: Extracting Feedlist
12-01 06:14:52.384 30442 30536 D DBReader: getQueueIDList() called
12-01 06:14:52.400 30442 30800 D HttpDownloader: addHeader("Accept-Encoding", "identity")
12-01 06:14:52.404 30442 30536 D DBReader: Extracting Feedlist
12-01 06:14:52.405 30442 30790 D HttpDownloader: addHeader("Accept-Encoding", "identity")
12-01 06:14:52.416 30442 30543 D UserPreferences: User data folder not writable or not set. Trying default.
12-01 06:14:52.420 30442 30543 D DownloadRequestCreat: Requesting download of url https://feeds.wdjh.org/podcasts/all_things_considered/20251127_20251127_atc_the_afghan_resettlement_effort_faces_a_defining_test_after_the_dc_shooting.mp3
12-01 06:14:52.422 30442 30536 D UserPreferences: User data folder not writable or not set. Trying default.
12-01 06:14:52.423 30442 30800 D HttpDownloader: Response code is 404
12-01 06:14:52.423 30442 30800 D HttpDownloader: onFail() called with: reason = [ERROR_NOT_FOUND], reasonDetailed = [404]
12-01 06:14:52.424 30442 30790 D HttpDownloader: Response code is 404
12-01 06:14:52.424 30442 30790 D HttpDownloader: onFail() called with: reason = [ERROR_NOT_FOUND], reasonDetailed = [404]
12-01 06:14:52.427 30442 30536 D DownloadRequestCreat: Requesting download of url https://feeds.wdjh.org/podcasts/sbs_french__sbs_en_franais/20251128_20251128082014-french-3218b267-e5d8-4373-9653-ed6f03af0dd5.mp3
12-01 06:14:52.428 30442 30800 E EpisodeDownloadWorker: Download failed
12-01 06:14:52.431 30442 30790 E EpisodeDownloadWorker: Download failed
12-01 06:14:52.433 30442 30790 D EpisodeDownloadWorker: Worker for https://feeds.wdjh.org/podcasts/all_things_considered/20251127_20251127_atc_pope_leo_is_traveling_to_turkey_and_lebanon_on_the_first_foreign_trip_of_his_papacy.mp3 returned.
12-01 06:14:52.434 30442 30442 D MainActivity: onEvent(de.danoeh.antennapod.event.MessageEvent@fad0ce3)
12-01 06:14:52.434 30442 30800 D EpisodeDownloadWorker: Worker for https://feeds.wdjh.org/podcasts/all_things_considered/20251127_20251127_atc_there_s_reason_to_be_optimistic_about_the_the_movies_coming_this_holiday_season.mp3 returned.
12-01 06:14:52.437 30442 30442 D TextView: setTypeface with style : 0
12-01 06:14:52.441 30442 30442 D TextView: setTypeface with style : 0
12-01 06:14:52.453 30442 30442 D MainActivity: onEvent(de.danoeh.antennapod.event.MessageEvent@56fcc37)
12-01 06:14:52.457 30442 30442 D TextView: setTypeface with style : 0
12-01 06:14:52.461 30442 30442 D TextView: setTypeface with style : 0
12-01 06:14:52.466 30442 30790 D DBReader: getFavoriteIDList() called
12-01 06:14:52.469 30442 30800 D DBReader: getFavoriteIDList() called
12-01 06:14:52.481 30442 30790 D DBReader: getQueueIDList() called
12-01 06:14:52.481 30442 30800 D DBReader: getQueueIDList() called
12-01 06:14:52.495 30442 30790 D DBReader: Extracting Feedlist
12-01 06:14:52.496 30442 30800 D DBReader: Extracting Feedlist
12-01 06:14:52.499 30442 30543 D HttpDownloader: addHeader("Accept-Encoding", "identity")
12-01 06:14:52.508 30442 30790 D UserPreferences: User data folder not writable or not set. Trying default.
12-01 06:14:52.512 30442 30498 I WM-WorkerWrapper: Worker result FAILURE for Work [ id=75f55656-4671-448e-8099-f881f71601d4, tags={ de.danoeh.antennapod.net.download.service.episode.EpisodeDownloadWorker, episodeUrl:https://feeds.wdjh.org/podcasts/abc_news_daily/20251128_89.mp3, episodeDownload } ]
12-01 06:14:52.515 30442 30543 D HttpDownloader: Response code is 404
12-01 06:14:52.515 30442 30543 D HttpDownloader: onFail() called with: reason = [ERROR_NOT_FOUND], reasonDetailed = [404]
12-01 06:14:52.516 30442 30790 D DownloadRequestCreat: Requesting download of url https://feeds.wdjh.org/podcasts/sbs_french__sbs_en_franais/20251128_20251128075814-french-8656a917-6e99-460e-8e3d-5426b1ebf6b6.mp3
12-01 06:14:52.519 30442 30543 E EpisodeDownloadWorker: Download failed
12-01 06:14:52.521 30442 30800 D UserPreferences: User data folder not writable or not set. Trying default.
12-01 06:14:52.521 30442 30543 D EpisodeDownloadWorker: Worker for https://feeds.wdjh.org/podcasts/all_things_considered/20251127_20251127_atc_the_afghan_resettlement_effort_faces_a_defining_test_after_the_dc_shooting.mp3 returned.
12-01 06:14:52.521 30442 30442 D MainActivity: onEvent(de.danoeh.antennapod.event.MessageEvent@186d7e6)
12-01 06:14:52.522 30442 30536 D HttpDownloader: addHeader("Accept-Encoding", "identity")
12-01 06:14:52.523 30442 30442 D TextView: setTypeface with style : 0
12-01 06:14:52.525 30442 30442 D TextView: setTypeface with style : 0
12-01 06:14:52.526 30442 30800 D DownloadRequestCreat: Requesting download of url https://feeds.wdjh.org/podcasts/abc_rewind/20251128_63.mp3
12-01 06:14:52.528 30442 30498 I WM-WorkerWrapper: Worker result FAILURE for Work [ id=7abcc72f-b35a-47c5-a862-95cba8b17f48, tags={ episodeUrl:https://feeds.wdjh.org/podcasts/full_story/20251127_27-20897-FS_HANSON.mp3, de.danoeh.antennapod.net.download.service.episode.EpisodeDownloadWorker, episodeDownload } ]
12-01 06:14:52.545 30442 30536 D HttpDownloader: Response code is 404
12-01 06:14:52.545 30442 30536 D HttpDownloader: onFail() called with: reason = [ERROR_NOT_FOUND], reasonDetailed = [404]
12-01 06:14:52.548 30442 30536 E EpisodeDownloadWorker: Download failed
12-01 06:14:52.550 30442 30536 D EpisodeDownloadWorker: Worker for https://feeds.wdjh.org/podcasts/sbs_french__sbs_en_franais/20251128_20251128082014-french-3218b267-e5d8-4373-9653-ed6f03af0dd5.mp3 returned.
12-01 06:14:52.592 30442 30790 D HttpDownloader: addHeader("Accept-Encoding", "identity")
12-01 06:14:52.594 30442 30543 D DBReader: getFavoriteIDList() called
12-01 06:14:52.607 30442 30790 D HttpDownloader: Response code is 404
12-01 06:14:52.607 30442 30790 D HttpDownloader: onFail() called with: reason = [ERROR_NOT_FOUND], reasonDetailed = [404]
12-01 06:14:52.612 30442 30790 E EpisodeDownloadWorker: Download failed
12-01 06:14:52.614 30442 30790 D EpisodeDownloadWorker: Worker for https://feeds.wdjh.org/podcasts/sbs_french__sbs_en_franais/20251128_20251128075814-french-8656a917-6e99-460e-8e3d-5426b1ebf6b6.mp3 returned.
12-01 06:14:52.671 30442 30442 D MainActivity: onEvent(de.danoeh.antennapod.event.MessageEvent@a0b1735)
12-01 06:14:52.677 30442 30442 D TextView: setTypeface with style : 0
12-01 06:14:52.683 30442 30442 D TextView: setTypeface with style : 0
12-01 06:14:52.690 30442 30442 D AudioPlayerFragment: currentPosition 00:07:34
12-01 06:14:52.711 30442 30442 D ItemDescriptionFragment: Saving preferences
12-01 06:14:52.711 30442 30442 D ItemDescriptionFragment: Saving scroll position: 0
12-01 06:14:52.724 30442 30536 D DBReader: getFavoriteIDList() called
12-01 06:14:52.741 30442 30543 D DBReader: getQueueIDList() called
12-01 06:14:52.746 30442 30790 D DBReader: getFavoriteIDList() called
12-01 06:14:52.749 30442 30498 I WM-WorkerWrapper: Worker result FAILURE for Work [ id=c893e514-1f11-432a-85b8-2530795b67d8, tags={ episodeUrl:https://feeds.wdjh.org/podcasts/all_things_considered/20251127_20251127_atc_pope_leo_is_traveling_to_turkey_and_lebanon_on_the_first_foreign_trip_of_his_papacy.mp3, de.danoeh.antennapod.net.download.service.episode.EpisodeDownloadWorker, episodeDownload } ]
12-01 06:14:52.760 30442 30536 D DBReader: getQueueIDList() called
12-01 06:14:52.763 30442 30543 D DBReader: Extracting Feedlist
12-01 06:14:52.763 30442 30800 D HttpDownloader: addHeader("Accept-Encoding", "identity")
12-01 06:14:52.764 30442 30790 D DBReader: getQueueIDList() called
12-01 06:14:52.765 30442 30536 D DBReader: Extracting Feedlist
12-01 06:14:52.777 30442 30800 D HttpDownloader: Response code is 404
12-01 06:14:52.777 30442 30800 D HttpDownloader: onFail() called with: reason = [ERROR_NOT_FOUND], reasonDetailed = [404]
12-01 06:14:52.784 30442 30800 E EpisodeDownloadWorker: Download failed
12-01 06:14:52.787 30442 30800 D EpisodeDownloadWorker: Worker for https://feeds.wdjh.org/podcasts/abc_rewind/20251128_63.mp3 returned.
12-01 06:14:52.787 30442 30790 D DBReader: Extracting Feedlist
12-01 06:14:52.788 30442 30543 D UserPreferences: User data folder not writable or not set. Trying default.
12-01 06:14:52.792 30442 30543 D DownloadRequestCreat: Requesting download of url https://feeds.wdjh.org/podcasts/abc_rewind/20251128_61.mp3
12-01 06:14:52.797 30442 30536 D UserPreferences: User data folder not writable or not set. Trying default.
12-01 06:14:52.802 30442 30536 D DownloadRequestCreat: Requesting download of url https://feeds.wdjh.org/podcasts/knowledge_fight/20251128_Nov15-2025.mp3
12-01 06:14:52.827 30442 30442 D MainActivity: onEvent(de.danoeh.antennapod.event.MessageEvent@a6f2b2b)
12-01 06:14:52.830 30442 30442 D TextView: setTypeface with style : 0
12-01 06:14:52.832 30442 30442 D TextView: setTypeface with style : 0
12-01 06:14:52.841 30442 30442 D ItemDescriptionFragment: Saving preferences
12-01 06:14:52.841 30442 30442 D ItemDescriptionFragment: Saving scroll position: 0
12-01 06:14:52.845 30442 30442 D PlaybackService: Saving current position to 455005
12-01 06:14:52.856 30442 30442 D MainActivity: onEvent(de.danoeh.antennapod.event.MessageEvent@4185415)
12-01 06:14:52.859 30442 30442 D TextView: setTypeface with style : 0
12-01 06:14:52.861 30442 30442 D TextView: setTypeface with style : 0
12-01 06:14:52.865 30442 30442 D ItemDescriptionFragment: Saving preferences
12-01 06:14:52.865 30442 30442 D ItemDescriptionFragment: Saving scroll position: 0
12-01 06:14:52.868 30442 30498 I WM-WorkerWrapper: Worker result FAILURE for Work [ id=2d62301e-3f28-4de5-a70a-62f5dab734a5, tags={ de.danoeh.antennapod.net.download.service.episode.EpisodeDownloadWorker, episodeUrl:https://feeds.wdjh.org/podcasts/all_things_considered/20251127_20251127_atc_there_s_reason_to_be_optimistic_about_the_the_movies_coming_this_holiday_season.mp3, episodeDownload } ]
12-01 06:14:52.952 30442 30442 D ItemDescriptionFragment: Saving preferences
12-01 06:14:52.952 30442 30442 D ItemDescriptionFragment: Saving scroll position: 0
12-01 06:14:53.023 30442 30496 I WM-WorkerWrapper: Worker result FAILURE for Work [ id=6cf1c215-921b-48bc-8298-5ecb1d3a6e71, tags={ de.danoeh.antennapod.net.download.service.episode.EpisodeDownloadWorker, episodeUrl:https://feeds.wdjh.org/podcasts/all_things_considered/20251127_20251127_atc_the_afghan_resettlement_effort_faces_a_defining_test_after_the_dc_shooting.mp3, episodeDownload } ]
12-01 06:14:53.025 30442 30800 D DBReader: getFavoriteIDList() called
12-01 06:14:53.030 30442 30800 D DBReader: getQueueIDList() called
12-01 06:14:53.032 30442 30800 D DBReader: Extracting Feedlist
12-01 06:14:53.038 30442 30790 D UserPreferences: User data folder not writable or not set. Trying default.
12-01 06:14:53.044 30442 30442 D ItemDescriptionFragment: Saving preferences
12-01 06:14:53.044 30442 30442 D ItemDescriptionFragment: Saving scroll position: 0
12-01 06:14:53.045 30442 30790 D DownloadRequestCreat: Requesting download of url https://feeds.wdjh.org/podcasts/the_conditional_release_program/20251128_stream.mp3
12-01 06:14:53.048 30442 30800 D UserPreferences: User data folder not writable or not set. Trying default.
12-01 06:14:53.052 30442 30800 D DownloadRequestCreat: Requesting download of url https://feeds.wdjh.org/podcasts/mushroom_case_daily/20251128_b8.mp3
12-01 06:14:53.104 30442 30442 D ItemDescriptionFragment: Saving preferences
12-01 06:14:53.104 30442 30442 D ItemDescriptionFragment: Saving scroll position: 0
12-01 06:14:53.123 30442 30496 I WM-WorkerWrapper: Worker result FAILURE for Work [ id=5b89da14-43ec-4b02-b76c-80c127735a29, tags={ episodeUrl:https://feeds.wdjh.org/podcasts/sbs_french__sbs_en_franais/20251128_20251128082014-french-3218b267-e5d8-4373-9653-ed6f03af0dd5.mp3, de.danoeh.antennapod.net.download.service.episode.EpisodeDownloadWorker, episodeDownload } ]
12-01 06:14:53.151 30442 30543 D HttpDownloader: addHeader("Accept-Encoding", "identity")
12-01 06:14:53.170 30442 30536 D HttpDownloader: addHeader("Accept-Encoding", "identity")
12-01 06:14:53.182 30442 30543 D HttpDownloader: Response code is 404
12-01 06:14:53.182 30442 30543 D HttpDownloader: onFail() called with: reason = [ERROR_NOT_FOUND], reasonDetailed = [404]
12-01 06:14:53.188 30442 30536 D HttpDownloader: Response code is 404
12-01 06:14:53.188 30442 30536 D HttpDownloader: onFail() called with: reason = [ERROR_NOT_FOUND], reasonDetailed = [404]
12-01 06:14:53.190 30442 30790 D HttpDownloader: addHeader("Accept-Encoding", "identity")
12-01 06:14:53.191 30442 30543 E EpisodeDownloadWorker: Download failed
12-01 06:14:53.191 30442 30536 E EpisodeDownloadWorker: Download failed
12-01 06:14:53.194 30442 30536 D EpisodeDownloadWorker: Worker for https://feeds.wdjh.org/podcasts/knowledge_fight/20251128_Nov15-2025.mp3 returned.
12-01 06:14:53.196 30442 30543 D EpisodeDownloadWorker: Worker for https://feeds.wdjh.org/podcasts/abc_rewind/20251128_61.mp3 returned.
12-01 06:14:53.201 30442 30536 D DBReader: getFavoriteIDList() called
12-01 06:14:53.204 30442 30543 D DBReader: getFavoriteIDList() called
12-01 06:14:53.209 30442 30790 D HttpDownloader: Response code is 404
12-01 06:14:53.209 30442 30790 D HttpDownloader: onFail() called with: reason = [ERROR_NOT_FOUND], reasonDetailed = [404]
12-01 06:14:53.211 30442 30790 E EpisodeDownloadWorker: Download failed
12-01 06:14:53.218 30442 30790 D EpisodeDownloadWorker: Worker for https://feeds.wdjh.org/podcasts/the_conditional_release_program/20251128_stream.mp3 returned.
12-01 06:14:53.226 30442 30442 D MainActivity: onEvent(de.danoeh.antennapod.event.MessageEvent@9607a39)
12-01 06:14:53.230 30442 30442 D TextView: setTypeface with style : 0
12-01 06:14:53.234 30442 30442 D TextView: setTypeface with style : 0
12-01 06:14:53.236 30442 30536 D DBReader: getQueueIDList() called
12-01 06:14:53.237 30442 30543 D DBReader: getQueueIDList() called
12-01 06:14:53.239 30442 30800 D HttpDownloader: addHeader("Accept-Encoding", "identity")
12-01 06:14:53.242 30442 30790 D DBReader: getFavoriteIDList() called
12-01 06:14:53.242 30442 30536 D DBReader: Extracting Feedlist
12-01 06:14:53.242 30442 30543 D DBReader: Extracting Feedlist
12-01 06:14:53.247 30442 30442 D MainActivity: onEvent(de.danoeh.antennapod.event.MessageEvent@61156c4)
12-01 06:14:53.251 30442 30442 D TextView: setTypeface with style : 0
12-01 06:14:53.252 30442 30800 D HttpDownloader: Response code is 404
12-01 06:14:53.252 30442 30800 D HttpDownloader: onFail() called with: reason = [ERROR_NOT_FOUND], reasonDetailed = [404]
12-01 06:14:53.254 30442 30790 D DBReader: getQueueIDList() called
12-01 06:14:53.255 30442 30442 D TextView: setTypeface with style : 0
12-01 06:14:53.255 30442 30800 E EpisodeDownloadWorker: Download failed
12-01 06:14:53.260 30442 30800 D EpisodeDownloadWorker: Worker for https://feeds.wdjh.org/podcasts/mushroom_case_daily/20251128_b8.mp3 returned.
12-01 06:14:53.265 30442 30543 D UserPreferences: User data folder not writable or not set. Trying default.
12-01 06:14:53.267 30442 30442 D MainActivity: onEvent(de.danoeh.antennapod.event.MessageEvent@c4f2048)
12-01 06:14:53.269 30442 30442 D TextView: setTypeface with style : 0
12-01 06:14:53.269 30442 30543 D DownloadRequestCreat: Requesting download of url https://feeds.wdjh.org/podcasts/the_steve_matthes_show_on_racerx/20251130_251129_wsx_pulpcasts.mp3
12-01 06:14:53.272 30442 30536 D UserPreferences: User data folder not writable or not set. Trying default.
12-01 06:14:53.272 30442 30442 D TextView: setTypeface with style : 0
12-01 06:14:53.275 30442 30536 D DownloadRequestCreat: Requesting download of url https://feeds.wdjh.org/podcasts/background_briefing/20251129_ph.mp3
12-01 06:14:53.276 30442 30442 D MainActivity: onEvent(de.danoeh.antennapod.event.MessageEvent@4aa5bbf)
12-01 06:14:53.277 30442 30442 D TextView: setTypeface with style : 0
12-01 06:14:53.278 30442 30442 D TextView: setTypeface with style : 0
12-01 06:14:53.291 30442 30790 D DBReader: Extracting Feedlist
12-01 06:14:53.293 30442 30800 D DBReader: getFavoriteIDList() called
12-01 06:14:53.306 30442 30800 D DBReader: getQueueIDList() called
12-01 06:14:53.312 30442 30790 D UserPreferences: User data folder not writable or not set. Trying default.
12-01 06:14:53.313 30442 30800 D DBReader: Extracting Feedlist
12-01 06:14:53.316 30442 30496 I WM-WorkerWrapper: Worker result FAILURE for Work [ id=d83c3ae6-02a4-49ad-9099-e909f7701466, tags={ de.danoeh.antennapod.net.download.service.episode.EpisodeDownloadWorker, episodeUrl:https://feeds.wdjh.org/podcasts/sbs_french__sbs_en_franais/20251128_20251128075814-french-8656a917-6e99-460e-8e3d-5426b1ebf6b6.mp3, episodeDownload } ]
12-01 06:14:53.319 30442 30790 D DownloadRequestCreat: Requesting download of url https://feeds.wdjh.org/podcasts/politics_now/20251129_n6.mp3
12-01 06:14:53.323 30442 30800 D UserPreferences: User data folder not writable or not set. Trying default.
12-01 06:14:53.326 30442 30800 D DownloadRequestCreat: Requesting download of url https://feeds.wdjh.org/podcasts/sbs_french__sbs_en_franais/20251129_20251129140016-french-5f122eb7-3ad2-4c02-bdd1-ef71284f277e.mp3
12-01 06:14:53.332 30442 30543 D HttpDownloader: addHeader("Accept-Encoding", "identity")
12-01 06:14:53.338 30442 30536 D HttpDownloader: addHeader("Accept-Encoding", "identity")
12-01 06:14:53.344 30442 30543 D HttpDownloader: Response code is 404
12-01 06:14:53.344 30442 30543 D HttpDownloader: onFail() called with: reason = [ERROR_NOT_FOUND], reasonDetailed = [404]
12-01 06:14:53.348 30442 30543 E EpisodeDownloadWorker: Download failed
12-01 06:14:53.349 30442 30790 D HttpDownloader: addHeader("Accept-Encoding", "identity")
12-01 06:14:53.351 30442 30543 D EpisodeDownloadWorker: Worker for https://feeds.wdjh.org/podcasts/the_steve_matthes_show_on_racerx/20251130_251129_wsx_pulpcasts.mp3 returned.
12-01 06:14:53.351 30442 30442 D MainActivity: onEvent(de.danoeh.antennapod.event.MessageEvent@c7bea89)
12-01 06:14:53.354 30442 30536 D HttpDownloader: Response code is 404
12-01 06:14:53.354 30442 30536 D HttpDownloader: onFail() called with: reason = [ERROR_NOT_FOUND], reasonDetailed = [404]
12-01 06:14:53.354 30442 30442 D TextView: setTypeface with style : 0
12-01 06:14:53.356 30442 30536 E EpisodeDownloadWorker: Download failed
12-01 06:14:53.357 30442 30442 D TextView: setTypeface with style : 0
12-01 06:14:53.357 30442 30536 D EpisodeDownloadWorker: Worker for https://feeds.wdjh.org/podcasts/background_briefing/20251129_ph.mp3 returned.
12-01 06:14:53.364 30442 30790 D HttpDownloader: Response code is 404
12-01 06:14:53.364 30442 30790 D HttpDownloader: onFail() called with: reason = [ERROR_NOT_FOUND], reasonDetailed = [404]
12-01 06:14:53.366 30442 30442 D MainActivity: onEvent(de.danoeh.antennapod.event.MessageEvent@acd0154)
12-01 06:14:53.367 30442 30790 E EpisodeDownloadWorker: Download failed
12-01 06:14:53.369 30442 30790 D EpisodeDownloadWorker: Worker for https://feeds.wdjh.org/podcasts/politics_now/20251129_n6.mp3 returned.
12-01 06:14:53.370 30442 30442 D TextView: setTypeface with style : 0
12-01 06:14:53.372 30442 30442 D TextView: setTypeface with style : 0
12-01 06:14:53.380 30442 30442 D MainActivity: onEvent(de.danoeh.antennapod.event.MessageEvent@ee5c5d8)
12-01 06:14:53.381 30442 30442 D TextView: setTypeface with style : 0
12-01 06:14:53.382 30442 30442 D TextView: setTypeface with style : 0
12-01 06:14:53.387 30442 30800 D HttpDownloader: addHeader("Accept-Encoding", "identity")
12-01 06:14:53.388 30442 30543 D DBReader: getFavoriteIDList() called
12-01 06:14:53.393 30442 30536 D DBReader: getFavoriteIDList() called
12-01 06:14:53.401 30442 30800 D HttpDownloader: Response code is 404
12-01 06:14:53.401 30442 30800 D HttpDownloader: onFail() called with: reason = [ERROR_NOT_FOUND], reasonDetailed = [404]
12-01 06:14:53.406 30442 30800 E EpisodeDownloadWorker: Download failed
12-01 06:14:53.407 30442 30442 D MainActivity: onEvent(de.danoeh.antennapod.event.MessageEvent@d91ab25)
12-01 06:14:53.408 30442 30442 D TextView: setTypeface with style : 0
12-01 06:14:53.409 30442 30800 D EpisodeDownloadWorker: Worker for https://feeds.wdjh.org/podcasts/sbs_french__sbs_en_franais/20251129_20251129140016-french-5f122eb7-3ad2-4c02-bdd1-ef71284f277e.mp3 returned.
12-01 06:14:53.409 30442 30498 I WM-WorkerWrapper: Worker result FAILURE for Work [ id=85d8e409-2d4a-4b99-beb5-5791380264c4, tags={ episodeUrl:https://feeds.wdjh.org/podcasts/abc_rewind/20251128_63.mp3, de.danoeh.antennapod.net.download.service.episode.EpisodeDownloadWorker, episodeDownload } ]
12-01 06:14:53.410 30442 30442 D TextView: setTypeface with style : 0
12-01 06:14:53.416 30442 30543 D DBReader: getQueueIDList() called
12-01 06:14:53.420 30442 30790 D DBReader: getFavoriteIDList() called
12-01 06:14:53.422 30442 30536 D DBReader: getQueueIDList() called
12-01 06:14:53.438 30442 30800 D DBReader: getFavoriteIDList() called
12-01 06:14:53.439 30442 30543 D DBReader: Extracting Feedlist
12-01 06:14:53.441 30442 30536 D DBReader: Extracting Feedlist
12-01 06:14:53.442 30442 30800 D DBReader: getQueueIDList() called
12-01 06:14:53.452 30442 30790 D DBReader: getQueueIDList() called
12-01 06:14:53.455 30442 30543 D UserPreferences: User data folder not writable or not set. Trying default.
12-01 06:14:53.460 30442 30543 D DownloadRequestCreat: Requesting download of url https://feeds.wdjh.org/podcasts/sbs_french__sbs_en_franais/20251129_20251129080514-french-20de8e09-e60d-483d-a5ae-543038947af9.mp3
12-01 06:14:53.461 30442 30800 D DBReader: Extracting Feedlist
12-01 06:14:53.467 30442 30790 D DBReader: Extracting Feedlist
12-01 06:14:53.469 30442 30536 D UserPreferences: User data folder not writable or not set. Trying default.
12-01 06:14:53.476 30442 30536 D DownloadRequestCreat: Requesting download of url https://feeds.wdjh.org/podcasts/the_racer_x_podcast_network/20251128_WeegeshowWednesdayAus_1.mp3
12-01 06:14:53.501 30442 30800 D UserPreferences: User data folder not writable or not set. Trying default.
12-01 06:14:53.504 30442 30790 D UserPreferences: User data folder not writable or not set. Trying default.
12-01 06:14:53.506 30442 30543 D HttpDownloader: addHeader("Accept-Encoding", "identity")
12-01 06:14:53.510 30442 30800 D DownloadRequestCreat: Requesting download of url https://feeds.wdjh.org/podcasts/rc_plane_lab/20251128_EP199.mp3
12-01 06:14:53.518 30442 30536 D HttpDownloader: addHeader("Accept-Encoding", "identity")
12-01 06:14:53.521 30442 30442 D ItemDescriptionFragment: Saving preferences
12-01 06:14:53.521 30442 30442 D ItemDescriptionFragment: Saving scroll position: 0
12-01 06:14:53.523 30442 30790 D DownloadRequestCreat: Requesting download of url https://feeds.wdjh.org/podcasts/boonta_vista/20251129_2220966239-boontavista-episode-424.mp3
12-01 06:14:53.524 30442 30543 D HttpDownloader: Response code is 404
12-01 06:14:53.524 30442 30543 D HttpDownloader: onFail() called with: reason = [ERROR_NOT_FOUND], reasonDetailed = [404]
12-01 06:14:53.525 30442 30800 D HttpDownloader: addHeader("Accept-Encoding", "identity")
12-01 06:14:53.527 30442 30543 E EpisodeDownloadWorker: Download failed
12-01 06:14:53.529 30442 30442 D ItemDescriptionFragment: Saving preferences
12-01 06:14:53.529 30442 30442 D ItemDescriptionFragment: Saving scroll position: 0
12-01 06:14:53.529 30442 30543 D EpisodeDownloadWorker: Worker for https://feeds.wdjh.org/podcasts/sbs_french__sbs_en_franais/20251129_20251129080514-french-20de8e09-e60d-483d-a5ae-543038947af9.mp3 returned.
12-01 06:14:53.531 30442 30442 D MainActivity: onEvent(de.danoeh.antennapod.event.MessageEvent@8a0f0aa)
12-01 06:14:53.533 30442 30442 D TextView: setTypeface with style : 0
12-01 06:14:53.535 30442 30442 D TextView: setTypeface with style : 0
12-01 06:14:53.539 30442 30536 D HttpDownloader: Response code is 404
12-01 06:14:53.539 30442 30536 D HttpDownloader: onFail() called with: reason = [ERROR_NOT_FOUND], reasonDetailed = [404]
12-01 06:14:53.542 30442 30442 D ViewRootImpl@fa41c15[MainActivity]: ViewPostImeInputStage processPointer 0
12-01 06:14:53.545 30442 30800 D HttpDownloader: Response code is 404
12-01 06:14:53.545 30442 30800 D HttpDownloader: onFail() called with: reason = [ERROR_NOT_FOUND], reasonDetailed = [404]
12-01 06:14:53.548 30442 30536 E EpisodeDownloadWorker: Download failed
12-01 06:14:53.549 30442 30536 D EpisodeDownloadWorker: Worker for https://feeds.wdjh.org/podcasts/the_racer_x_podcast_network/20251128_WeegeshowWednesdayAus_1.mp3 returned.
12-01 06:14:53.553 30442 30800 E EpisodeDownloadWorker: Download failed
12-01 06:14:53.556 30442 30442 D MainActivity: onEvent(de.danoeh.antennapod.event.MessageEvent@ee3c849)
12-01 06:14:53.557 30442 30800 D EpisodeDownloadWorker: Worker for https://feeds.wdjh.org/podcasts/rc_plane_lab/20251128_EP199.mp3 returned.
12-01 06:14:53.559 30442 30442 D TextView: setTypeface with style : 0
12-01 06:14:53.560 30442 30790 D HttpDownloader: addHeader("Accept-Encoding", "identity")
12-01 06:14:53.561 30442 30442 D TextView: setTypeface with style : 0
12-01 06:14:53.569 30442 30536 D DBReader: getFavoriteIDList() called
12-01 06:14:53.574 30442 30800 D DBReader: getFavoriteIDList() called
12-01 06:14:53.574 30442 30543 D DBReader: getFavoriteIDList() called
12-01 06:14:53.577 30442 30442 D MainActivity: onEvent(de.danoeh.antennapod.event.MessageEvent@5018b2)
12-01 06:14:53.580 30442 30442 D TextView: setTypeface with style : 0
12-01 06:14:53.581 30442 30790 D HttpDownloader: Response code is 404
12-01 06:14:53.581 30442 30790 D HttpDownloader: onFail() called with: reason = [ERROR_NOT_FOUND], reasonDetailed = [404]
12-01 06:14:53.582 30442 30442 D TextView: setTypeface with style : 0
12-01 06:14:53.583 30442 30790 E EpisodeDownloadWorker: Download failed
12-01 06:14:53.591 30442 30790 D EpisodeDownloadWorker: Worker for https://feeds.wdjh.org/podcasts/boonta_vista/20251129_2220966239-boontavista-episode-424.mp3 returned.
12-01 06:14:53.600 30442 30543 D DBReader: getQueueIDList() called
12-01 06:14:53.600 30442 30800 D DBReader: getQueueIDList() called
12-01 06:14:53.601 30442 30536 D DBReader: getQueueIDList() called
12-01 06:14:53.605 30442 30442 D MainActivity: onEvent(de.danoeh.antennapod.event.MessageEvent@918ded6)
12-01 06:14:53.608 30442 30470 I WM-WorkerWrapper: Worker result FAILURE for Work [ id=f7900f2a-1bee-4979-8786-7383a5830f5a, tags={ episodeUrl:https://feeds.wdjh.org/podcasts/knowledge_fight/20251128_Nov15-2025.mp3, de.danoeh.antennapod.net.download.service.episode.EpisodeDownloadWorker, episodeDownload } ]
12-01 06:14:53.608 30442 30442 D TextView: setTypeface with style : 0
12-01 06:14:53.611 30442 30442 D TextView: setTypeface with style : 0
12-01 06:14:53.620 30442 30790 D DBReader: getFavoriteIDList() called
12-01 06:14:53.622 30442 30800 D DBReader: Extracting Feedlist
12-01 06:14:53.623 30442 30543 D DBReader: Extracting Feedlist
12-01 06:14:53.623 30442 30536 D DBReader: Extracting Feedlist
12-01 06:14:53.623 30442 30790 D DBReader: getQueueIDList() called
12-01 06:14:53.626 30442 30470 I WM-WorkerWrapper: Worker result FAILURE for Work [ id=c82e877f-a4b3-4aaa-86bb-d05d0422ea4d, tags={ de.danoeh.antennapod.net.download.service.episode.EpisodeDownloadWorker, episodeUrl:https://feeds.wdjh.org/podcasts/abc_rewind/20251128_61.mp3, episodeDownload } ]
12-01 06:14:53.647 30442 30790 D DBReader: Extracting Feedlist
12-01 06:14:53.651 30442 30543 D UserPreferences: User data folder not writable or not set. Trying default.
12-01 06:14:53.653 30442 30800 D UserPreferences: User data folder not writable or not set. Trying default.
12-01 06:14:53.654 30442 30536 D UserPreferences: User data folder not writable or not set. Trying default.
12-01 06:14:53.654 30442 30543 D DownloadRequestCreat: Requesting download of url https://feeds.wdjh.org/podcasts/abc_rewind/20251129_06.mp3
12-01 06:14:53.655 30442 30790 D UserPreferences: User data folder not writable or not set. Trying default.
12-01 06:14:53.655 30442 30800 D DownloadRequestCreat: Requesting download of url https://feeds.wdjh.org/podcasts/sbs_french__sbs_en_franais/20251130_20251130080108-french-2835b984-fba8-4c0b-ae17-ad98ca62e21b.mp3
12-01 06:14:53.656 30442 30536 D DownloadRequestCreat: Requesting download of url https://feeds.wdjh.org/podcasts/all_in_the_mind/20251130_1u.mp3
12-01 06:14:53.657 30442 30790 D DownloadRequestCreat: Requesting download of url https://feeds.wdjh.org/podcasts/sbs_french__sbs_en_franais/20251130_20251130140019-french-e8af9bb9-bb18-4889-acc8-784690a32aa9.mp3
12-01 06:14:53.672 30442 30543 D HttpDownloader: addHeader("Accept-Encoding", "identity")
12-01 06:14:53.684 30442 30800 D HttpDownloader: addHeader("Accept-Encoding", "identity")
12-01 06:14:53.688 30442 30442 D AudioPlayerFragment: currentPosition 00:07:35
12-01 06:14:53.689 30442 30543 D HttpDownloader: Response code is 404
12-01 06:14:53.689 30442 30543 D HttpDownloader: onFail() called with: reason = [ERROR_NOT_FOUND], reasonDetailed = [404]
12-01 06:14:53.693 30442 30543 E EpisodeDownloadWorker: Download failed
12-01 06:14:53.693 30442 30536 D HttpDownloader: addHeader("Accept-Encoding", "identity")
12-01 06:14:53.695 30442 30543 D EpisodeDownloadWorker: Worker for https://feeds.wdjh.org/podcasts/abc_rewind/20251129_06.mp3 returned.
12-01 06:14:53.701 30442 30800 D HttpDownloader: Response code is 404
12-01 06:14:53.701 30442 30800 D HttpDownloader: onFail() called with: reason = [ERROR_NOT_FOUND], reasonDetailed = [404]
12-01 06:14:53.703 30442 30800 E EpisodeDownloadWorker: Download failed
12-01 06:14:53.705 30442 30800 D EpisodeDownloadWorker: Worker for https://feeds.wdjh.org/podcasts/sbs_french__sbs_en_franais/20251130_20251130080108-french-2835b984-fba8-4c0b-ae17-ad98ca62e21b.mp3 returned.
12-01 06:14:53.709 30442 30536 D HttpDownloader: Response code is 404
12-01 06:14:53.709 30442 30442 D MainActivity: onEvent(de.danoeh.antennapod.event.MessageEvent@471d812)
12-01 06:14:53.709 30442 30536 D HttpDownloader: onFail() called with: reason = [ERROR_NOT_FOUND], reasonDetailed = [404]
12-01 06:14:53.710 30442 30442 D TextView: setTypeface with style : 0
12-01 06:14:53.711 30442 30442 D TextView: setTypeface with style : 0
12-01 06:14:53.713 30442 30536 E EpisodeDownloadWorker: Download failed
12-01 06:14:53.714 30442 30442 D MainActivity: onEvent(de.danoeh.antennapod.event.MessageEvent@931cdd1)
12-01 06:14:53.715 30442 30536 D EpisodeDownloadWorker: Worker for https://feeds.wdjh.org/podcasts/all_in_the_mind/20251130_1u.mp3 returned.
12-01 06:14:53.716 30442 30442 D TextView: setTypeface with style : 0
12-01 06:14:53.718 30442 30442 D TextView: setTypeface with style : 0
12-01 06:14:53.719 30442 30790 D HttpDownloader: addHeader("Accept-Encoding", "identity")
12-01 06:14:53.724 30442 30442 D MainActivity: onEvent(de.danoeh.antennapod.event.MessageEvent@c2ae83c)
12-01 06:14:53.725 30442 30442 D TextView: setTypeface with style : 0
12-01 06:14:53.726 30442 30442 D TextView: setTypeface with style : 0
12-01 06:14:53.748 30442 30790 D HttpDownloader: Response code is 404
12-01 06:14:53.748 30442 30790 D HttpDownloader: onFail() called with: reason = [ERROR_NOT_FOUND], reasonDetailed = [404]
12-01 06:14:53.752 30442 30790 E EpisodeDownloadWorker: Download failed
12-01 06:14:53.753 30442 30442 D MainActivity: onEvent(de.danoeh.antennapod.event.MessageEvent@615e8be)
12-01 06:14:53.755 30442 30442 D TextView: setTypeface with style : 0
12-01 06:14:53.760 30442 30790 D EpisodeDownloadWorker: Worker for https://feeds.wdjh.org/podcasts/sbs_french__sbs_en_franais/20251130_20251130140019-french-e8af9bb9-bb18-4889-acc8-784690a32aa9.mp3 returned.
12-01 06:14:53.763 30442 30442 D TextView: setTypeface with style : 0
12-01 06:14:53.771 30442 30470 I WM-WorkerWrapper: Worker result FAILURE for Work [ id=006b3ff5-e83e-400f-8ad5-ce2e6c694917, tags={ de.danoeh.antennapod.net.download.service.episode.EpisodeDownloadWorker, episodeUrl:https://feeds.wdjh.org/podcasts/the_conditional_release_program/20251128_stream.mp3, episodeDownload } ]
12-01 06:14:53.791 30442 30470 I WM-WorkerWrapper: Worker result FAILURE for Work [ id=b1b08a93-985f-4a3b-9513-f0cfa0c2431e, tags={ episodeUrl:https://feeds.wdjh.org/podcasts/mushroom_case_daily/20251128_b8.mp3, de.danoeh.antennapod.net.download.service.episode.EpisodeDownloadWorker, episodeDownload } ]
12-01 06:14:53.903 30442 30496 I WM-WorkerWrapper: Worker result FAILURE for Work [ id=1365ca0a-ebbb-49fa-98e5-eb77c2a11a18, tags={ de.danoeh.antennapod.net.download.service.episode.EpisodeDownloadWorker, episodeUrl:https://feeds.wdjh.org/podcasts/the_steve_matthes_show_on_racerx/20251130_251129_wsx_pulpcasts.mp3, episodeDownload } ]
12-01 06:14:53.910 30442 30442 D ItemDescriptionFragment: Saving preferences
12-01 06:14:53.910 30442 30442 D ItemDescriptionFragment: Saving scroll position: 0
12-01 06:14:53.924 30442 30496 I WM-WorkerWrapper: Worker result FAILURE for Work [ id=f73ec651-c1b3-47bd-83bc-1470b3171792, tags={ de.danoeh.antennapod.net.download.service.episode.EpisodeDownloadWorker, episodeUrl:https://feeds.wdjh.org/podcasts/background_briefing/20251129_ph.mp3, episodeDownload } ]
12-01 06:14:53.937 30442 30442 D ItemDescriptionFragment: Saving preferences
12-01 06:14:53.937 30442 30442 D ItemDescriptionFragment: Saving scroll position: 0
12-01 06:14:53.949 30442 30459 I WM-WorkerWrapper: Worker result FAILURE for Work [ id=19631c28-cb48-46a7-8e9f-964379465c6c, tags={ episodeUrl:https://feeds.wdjh.org/podcasts/politics_now/20251129_n6.mp3, de.danoeh.antennapod.net.download.service.episode.EpisodeDownloadWorker, episodeDownload } ]
12-01 06:14:54.052 30442 30496 I WM-WorkerWrapper: Worker result FAILURE for Work [ id=9045b06a-4684-4d84-b90d-a89b7336b41d, tags={ de.danoeh.antennapod.net.download.service.episode.EpisodeDownloadWorker, episodeUrl:https://feeds.wdjh.org/podcasts/sbs_french__sbs_en_franais/20251129_20251129140016-french-5f122eb7-3ad2-4c02-bdd1-ef71284f277e.mp3, episodeDownload } ]
12-01 06:14:54.162 30442 30442 D ViewRootImpl@fa41c15[MainActivity]: ViewPostImeInputStage processPointer 1
12-01 06:14:54.236 30442 30459 I WM-WorkerWrapper: Worker result FAILURE for Work [ id=e18c3807-5fd8-49cc-8f2b-c9ef3666961f, tags={ de.danoeh.antennapod.net.download.service.episode.EpisodeDownloadWorker, episodeUrl:https://feeds.wdjh.org/podcasts/sbs_french__sbs_en_franais/20251129_20251129080514-french-20de8e09-e60d-483d-a5ae-543038947af9.mp3, episodeDownload } ]
12-01 06:14:54.329 30442 30498 I WM-WorkerWrapper: Worker result FAILURE for Work [ id=1102a5db-f9c5-41cf-8d71-28d350ad315c, tags={ episodeUrl:https://feeds.wdjh.org/podcasts/the_racer_x_podcast_network/20251128_WeegeshowWednesdayAus_1.mp3, de.danoeh.antennapod.net.download.service.episode.EpisodeDownloadWorker, episodeDownload } ]
12-01 06:14:54.386 30442 30498 I WM-WorkerWrapper: Worker result FAILURE for Work [ id=89abc164-0837-43d6-993d-4046bb6f13e9, tags={ episodeUrl:https://feeds.wdjh.org/podcasts/rc_plane_lab/20251128_EP199.mp3, de.danoeh.antennapod.net.download.service.episode.EpisodeDownloadWorker, episodeDownload } ]
12-01 06:14:54.425 30442 30498 I WM-WorkerWrapper: Worker result FAILURE for Work [ id=7bc95db9-2fe2-4bd3-a212-a48dde190591, tags={ de.danoeh.antennapod.net.download.service.episode.EpisodeDownloadWorker, episodeUrl:https://feeds.wdjh.org/podcasts/boonta_vista/20251129_2220966239-boontavista-episode-424.mp3, episodeDownload } ]
12-01 06:14:54.481 30442 30498 I WM-WorkerWrapper: Worker result FAILURE for Work [ id=b604bec3-af49-435f-8412-adcbb3120fd2, tags={ episodeUrl:https://feeds.wdjh.org/podcasts/abc_rewind/20251129_06.mp3, de.danoeh.antennapod.net.download.service.episode.EpisodeDownloadWorker, episodeDownload } ]
12-01 06:14:54.486 30442 30498 I WM-WorkerWrapper: Worker result FAILURE for Work [ id=d08b1a84-b578-485b-889a-beb190f16123, tags={ episodeUrl:https://feeds.wdjh.org/podcasts/sbs_french__sbs_en_franais/20251130_20251130080108-french-2835b984-fba8-4c0b-ae17-ad98ca62e21b.mp3, de.danoeh.antennapod.net.download.service.episode.EpisodeDownloadWorker, episodeDownload } ]
12-01 06:14:54.495 30442 30498 I WM-WorkerWrapper: Worker result FAILURE for Work [ id=5e472600-c774-4b02-9a5d-f48ea929565a, tags={ episodeUrl:https://feeds.wdjh.org/podcasts/all_in_the_mind/20251130_1u.mp3, de.danoeh.antennapod.net.download.service.episode.EpisodeDownloadWorker, episodeDownload } ]
12-01 06:14:54.535 30442 30498 I WM-WorkerWrapper: Worker result FAILURE for Work [ id=19740e66-b77f-4328-83fb-6ba3264933ec, tags={ de.danoeh.antennapod.net.download.service.episode.EpisodeDownloadWorker, episodeUrl:https://feeds.wdjh.org/podcasts/sbs_french__sbs_en_franais/20251130_20251130140019-french-e8af9bb9-bb18-4889-acc8-784690a32aa9.mp3, episodeDownload } ]
12-01 06:14:54.644 30442 30442 D AudioPlayerFragment: currentPosition 00:07:36
12-01 06:14:54.767 30442 30442 D ConnectivityManager: unregisterNetworkCallback; CallingUid : 10275, CallingPid : 30442
12-01 06:14:54.771 30442 30497 E ConnectivityManager.CallbackHandler: callback not found for RELEASED message
12-01 06:14:55.645 30442 30442 D AudioPlayerFragment: currentPosition 00:07:37
12-01 06:14:56.645 30442 30442 D AudioPlayerFragment: currentPosition 00:07:38
12-01 06:14:57.646 30442 30442 D AudioPlayerFragment: currentPosition 00:07:39
12-01 06:14:57.727 30442 30442 D PlaybackService: Saving current position to 459889
12-01 06:14:57.784 30442 30442 D ViewRootImpl@fa41c15[MainActivity]: ViewPostImeInputStage processPointer 0
12-01 06:14:58.205 30442 30442 D ViewRootImpl@fa41c15[MainActivity]: ViewPostImeInputStage processPointer 1
12-01 06:14:58.355 30442 30796 D DBReader: getQueue() called
12-01 06:14:58.363 30442 30796 D DBReader: getFavoriteIDList() called
12-01 06:14:58.364 30442 30796 D DBReader: getQueueIDList() called
12-01 06:14:58.366 30442 30796 D DBReader: Extracting Feedlist
12-01 06:14:58.384 30442 30796 D DBReader: getFavoriteIDList() called
12-01 06:14:58.385 30442 30796 D DBReader: getQueueIDList() called
12-01 06:14:58.386 30442 30796 D DBReader: Extracting Feedlist
12-01 06:14:58.409 30442 30796 D AutoDownloadManager: autodownloadUndownloadedItems
12-01 06:14:58.409 30442 30442 D NavDrawerFragment: onQueueChanged(de.danoeh.antennapod.event.QueueEvent@5d23391)
12-01 06:14:58.409 30442 30442 D EpisodesListFragment: onEventMainThread() called with: event = [de.danoeh.antennapod.event.FeedItemEvent@dda76f7]
12-01 06:14:58.412 30442 30537 D DownloadAlgorithm: Performing auto-dl of undownloaded episodes
12-01 06:14:58.412 30442 30537 D DBReader: getRecentlyPublishedEpisodes() called with: offset=0, limit=2147483647
12-01 06:14:58.413 30442 31924 D DBReader: Extracting Feedlist
12-01 06:14:58.415 30442 30537 D DBReader: getFavoriteIDList() called
12-01 06:14:58.416 30442 30537 D DBReader: getQueueIDList() called
12-01 06:14:58.417 30442 30537 D DBReader: Extracting Feedlist
12-01 06:14:58.430 30442 30537 D DBReader: getQueue() called
12-01 06:14:58.435 30442 30537 D DBReader: getFavoriteIDList() called
12-01 06:14:58.438 30442 30537 D DBReader: getQueueIDList() called
12-01 06:14:58.439 30442 30537 D DBReader: Extracting Feedlist
12-01 06:14:58.479 30442 30537 I APNullCleanupAlgorithm: performCleanup: Not removing anything
12-01 06:14:58.479 30442 30537 D DownloadAlgorithm: Enqueueing 24 items for download
12-01 06:14:58.519 30442 30459 D ConnectivityManager: requestNetwork; CallingUid : 10275, CallingPid : 30442
12-01 06:14:58.644 30442 30442 D AudioPlayerFragment: currentPosition 00:07:40
12-01 06:14:59.100 30442 30442 D ViewRootImpl@fa41c15[MainActivity]: ViewPostImeInputStage processPointer 0
12-01 06:14:59.498 30442 30442 D ViewRootImpl@fa41c15[MainActivity]: ViewPostImeInputStage processPointer 1
12-01 06:14:59.643 30442 30796 D DBReader: getQueue() called
12-01 06:14:59.645 30442 30442 D AudioPlayerFragment: currentPosition 00:07:41
12-01 06:14:59.646 30442 30796 D DBReader: getFavoriteIDList() called
12-01 06:14:59.647 30442 30796 D DBReader: getQueueIDList() called
12-01 06:14:59.648 30442 30796 D DBReader: Extracting Feedlist
12-01 06:14:59.654 30442 30796 D DBReader: getFavoriteIDList() called
12-01 06:14:59.655 30442 30796 D DBReader: getQueueIDList() called
12-01 06:14:59.656 30442 30796 D DBReader: Extracting Feedlist
12-01 06:14:59.659 30442 30543 D DBReader: getFavoriteIDList() called
12-01 06:14:59.662 30442 30800 D DBReader: getFavoriteIDList() called
12-01 06:14:59.664 30442 30543 D DBReader: getQueueIDList() called
12-01 06:14:59.668 30442 30800 D DBReader: getQueueIDList() called
12-01 06:14:59.679 30442 30796 D AutoDownloadManager: autodownloadUndownloadedItems
12-01 06:14:59.679 30442 30442 D NavDrawerFragment: onQueueChanged(de.danoeh.antennapod.event.QueueEvent@2def98b)
12-01 06:14:59.679 30442 30442 D EpisodesListFragment: onEventMainThread() called with: event = [de.danoeh.antennapod.event.FeedItemEvent@3640e81]
12-01 06:14:59.681 30442 30790 D DBReader: getFavoriteIDList() called
12-01 06:14:59.683 30442 30536 D DBReader: getFavoriteIDList() called
12-01 06:14:59.683 30442 30537 D DownloadAlgorithm: Performing auto-dl of undownloaded episodes
12-01 06:14:59.684 30442 30543 D DBReader: Extracting Feedlist
12-01 06:14:59.684 30442 30537 D DBReader: getRecentlyPublishedEpisodes() called with: offset=0, limit=2147483647
12-01 06:14:59.685 30442 30800 D DBReader: Extracting Feedlist
12-01 06:14:59.686 30442 30790 D DBReader: getQueueIDList() called
12-01 06:14:59.686 30442 30536 D DBReader: getQueueIDList() called
12-01 06:14:59.689 30442 31923 D DBReader: Extracting Feedlist
12-01 06:14:59.689 30442 30537 D DBReader: getFavoriteIDList() called
12-01 06:14:59.693 30442 30536 D DBReader: Extracting Feedlist
12-01 06:14:59.696 30442 30790 D DBReader: Extracting Feedlist
12-01 06:14:59.696 30442 30537 D DBReader: getQueueIDList() called
12-01 06:14:59.700 30442 30800 D UserPreferences: User data folder not writable or not set. Trying default.
12-01 06:14:59.700 30442 30543 D UserPreferences: User data folder not writable or not set. Trying default.
12-01 06:14:59.703 30442 30543 D DownloadRequestCreat: Requesting download of url https://feeds.wdjh.org/podcasts/abc_news_daily/20251128_89.mp3
12-01 06:14:59.707 30442 30536 D UserPreferences: User data folder not writable or not set. Trying default.
12-01 06:14:59.709 30442 30536 D DownloadRequestCreat: Requesting download of url https://feeds.wdjh.org/podcasts/all_things_considered/20251127_20251127_atc_pope_leo_is_traveling_to_turkey_and_lebanon_on_the_first_foreign_trip_of_his_papacy.mp3
12-01 06:14:59.709 30442 30800 D DownloadRequestCreat: Requesting download of url https://feeds.wdjh.org/podcasts/full_story/20251127_27-20897-FS_HANSON.mp3
12-01 06:14:59.710 30442 30537 D DBReader: Extracting Feedlist
12-01 06:14:59.713 30442 30790 D UserPreferences: User data folder not writable or not set. Trying default.
12-01 06:14:59.715 30442 30790 D DownloadRequestCreat: Requesting download of url https://feeds.wdjh.org/podcasts/all_things_considered/20251127_20251127_atc_there_s_reason_to_be_optimistic_about_the_the_movies_coming_this_holiday_season.mp3
12-01 06:14:59.722 30442 30543 D HttpDownloader: addHeader("Accept-Encoding", "identity")
12-01 06:14:59.732 30442 30537 D DBReader: getQueue() called
12-01 06:14:59.736 30442 30543 D HttpDownloader: Response code is 404
12-01 06:14:59.736 30442 30543 D HttpDownloader: onFail() called with: reason = [ERROR_NOT_FOUND], reasonDetailed = [404]
12-01 06:14:59.742 30442 30543 E EpisodeDownloadWorker: Download failed
12-01 06:14:59.742 30442 30442 D MainActivity: onEvent(de.danoeh.antennapod.event.MessageEvent@24c99f1)
12-01 06:14:59.743 30442 30543 D EpisodeDownloadWorker: Worker for https://feeds.wdjh.org/podcasts/abc_news_daily/20251128_89.mp3 returned.
12-01 06:14:59.744 30442 30442 D TextView: setTypeface with style : 0
12-01 06:14:59.746 30442 30442 D TextView: setTypeface with style : 0
12-01 06:14:59.762 30442 30442 D ItemDescriptionFragment: Saving preferences
12-01 06:14:59.762 30442 30442 D ItemDescriptionFragment: Saving scroll position: 0
12-01 06:14:59.777 30442 30442 D ItemDescriptionFragment: Saving preferences
12-01 06:14:59.777 30442 30442 D ItemDescriptionFragment: Saving scroll position: 0
12-01 06:14:59.782 30442 30536 D HttpDownloader: addHeader("Accept-Encoding", "identity")
12-01 06:14:59.786 30442 30537 D DBReader: getFavoriteIDList() called
12-01 06:14:59.791 30442 30536 D HttpDownloader: Response code is 404
12-01 06:14:59.791 30442 30536 D HttpDownloader: onFail() called with: reason = [ERROR_NOT_FOUND], reasonDetailed = [404]
12-01 06:14:59.792 30442 30536 E EpisodeDownloadWorker: Download failed
12-01 06:14:59.793 30442 30536 D EpisodeDownloadWorker: Worker for https://feeds.wdjh.org/podcasts/all_things_considered/20251127_20251127_atc_pope_leo_is_traveling_to_turkey_and_lebanon_on_the_first_foreign_trip_of_his_papacy.mp3 returned.
